CREATE TABLE `ps_mptoolspro_cache` (
  `id` int(11) NOT NULL,
  `cache_id` varchar(100) NOT NULL,
  `data` longtext NOT NULL,
  `ttl` int(11) NOT NULL
) ENGINE=MyISAM DEFAULT CHARSET=latin1;

--
-- Volcado de datos para la tabla `ps_mptoolspro_cache`
--

INSERT INTO `ps_mptoolspro_cache` (`id`, `cache_id`, `data`, `ttl`) VALUES
(32735, '1035734f30f6b56422fceb13522ae649', '{\"access_token\":\"APP_USR-1022810007255548-120116-8a002da3eb2353ef807c998a51adb381-1003174339\",\"token_type\":\"Bearer\",\"expires_in\":21600,\"scope\":\"offline_access payments read write\",\"user_id\":1003174339,\"live_mode\":true}', 1669932592),
(32736, 'tkme_87eae9e2e8d08a0b887484a9b0504c93', '{\"id\":1003174339,\"nickname\":\"ARCAVISIONSAARCAVISIONSA\",\"registration_date\":\"2021-10-19T10:00:06.000-04:00\",\"first_name\":\"ARCA VISION SA\",\"last_name\":\"ARCA VISION SA\",\"gender\":\"\",\"country_id\":\"AR\",\"email\":\"digital@opticabrera.com.ar\",\"identification\":{\"number\":\"30716456478\",\"type\":\"CUIT\"},\"address\":{\"address\":null,\"city\":null,\"state\":null,\"zip_code\":null},\"phone\":{\"area_code\":null,\"extension\":\"\",\"number\":null,\"verified\":false},\"alternative_phone\":{\"area_code\":\"\",\"extension\":\"\",\"number\":\"\"},\"user_type\":\"normal\",\"tags\":[\"normal\",\"messages_as_seller\"],\"logo\":null,\"points\":0,\"site_id\":\"MLA\",\"permalink\":\"http:\\/\\/perfil.mercadolibre.com.ar\\/ARCAVISIONSAARCAVISIONSA\",\"seller_experience\":\"ADVANCED\",\"bill_data\":{\"accept_credit_note\":null},\"seller_reputation\":{\"level_id\":null,\"power_seller_status\":null,\"transactions\":{\"canceled\":0,\"completed\":0,\"period\":\"historic\",\"ratings\":{\"negative\":0,\"neutral\":0,\"positive\":0},\"total\":0},\"metrics\":{\"sales\":{\"period\":\"365 days\",\"completed\":0},\"claims\":{\"period\":\"365 days\",\"rate\":0,\"value\":0},\"delayed_handling_time\":{\"period\":\"365 days\",\"rate\":0,\"value\":0},\"cancellations\":{\"period\":\"365 days\",\"rate\":0,\"value\":0}}},\"buyer_reputation\":{\"canceled_transactions\":0,\"tags\":[],\"transactions\":{\"canceled\":{\"paid\":null,\"total\":null},\"completed\":null,\"not_yet_rated\":{\"paid\":null,\"total\":null,\"units\":null},\"period\":\"historic\",\"total\":null,\"unrated\":{\"paid\":null,\"total\":null}}},\"status\":{\"billing\":{\"allow\":false,\"codes\":[\"phone_pending\",\"address_pending\",\"address_empty_state\",\"address_empty_city\"]},\"buy\":{\"allow\":false,\"codes\":[\"phone_pending\",\"address_empty_state\"],\"immediate_payment\":{\"reasons\":[],\"required\":false}},\"confirmed_email\":true,\"shopping_cart\":{\"buy\":\"allowed\",\"sell\":\"allowed\"},\"immediate_payment\":false,\"list\":{\"allow\":false,\"codes\":[\"phone_pending\",\"address_pending\",\"address_empty_state\",\"address_empty_city\"],\"immediate_payment\":{\"reasons\":[],\"required\":false}},\"mercadoenvios\":\"not_accepted\",\"mercadopago_account_type\":\"personal\",\"mercadopago_tc_accepted\":true,\"required_action\":null,\"sell\":{\"allow\":true,\"codes\":[],\"immediate_payment\":{\"reasons\":[],\"required\":false}},\"site_status\":\"active\",\"user_type\":\"simple_registration\"},\"secure_email\":\"aarcavi.2tg7j1c@mail.mercadolibre.com\",\"company\":{\"brand_name\":\"ARCA VISION SA\",\"city_tax_id\":\"\",\"corporate_name\":\"ARCA VISION SA\",\"identification\":\"30716456478\",\"state_tax_id\":\"\",\"cust_type_id\":\"BU\",\"soft_descriptor\":null},\"credit\":{\"consumed\":0,\"credit_level_id\":\"MLA5\",\"rank\":\"newbie\"},\"pwd_generation_status\":\"none\",\"context\":{\"device\":\"web-desktop\",\"flow\":\"company\",\"source\":\"mercadopago\"},\"registration_identifiers\":[]}', 1669932592),
(32737, 'mp_me_ebe79ca958de3707a608bece54c76c71', '{\"id\":1003174339,\"nickname\":\"ARCAVISIONSAARCAVISIONSA\",\"registration_date\":\"2021-10-19T10:00:06.000-04:00\",\"first_name\":\"ARCA VISION SA\",\"last_name\":\"ARCA VISION SA\",\"gender\":\"\",\"country_id\":\"AR\",\"email\":\"digital@opticabrera.com.ar\",\"identification\":{\"number\":\"30716456478\",\"type\":\"CUIT\"},\"address\":{\"address\":null,\"city\":null,\"state\":null,\"zip_code\":null},\"phone\":{\"area_code\":null,\"extension\":\"\",\"number\":null,\"verified\":false},\"alternative_phone\":{\"area_code\":\"\",\"extension\":\"\",\"number\":\"\"},\"user_type\":\"normal\",\"tags\":[\"normal\",\"messages_as_seller\"],\"logo\":null,\"points\":0,\"site_id\":\"MLA\",\"permalink\":\"http:\\/\\/perfil.mercadolibre.com.ar\\/ARCAVISIONSAARCAVISIONSA\",\"seller_experience\":\"ADVANCED\",\"bill_data\":{\"accept_credit_note\":null},\"seller_reputation\":{\"level_id\":null,\"power_seller_status\":null,\"transactions\":{\"canceled\":0,\"completed\":0,\"period\":\"historic\",\"ratings\":{\"negative\":0,\"neutral\":0,\"positive\":0},\"total\":0},\"metrics\":{\"sales\":{\"period\":\"365 days\",\"completed\":0},\"claims\":{\"period\":\"365 days\",\"rate\":0,\"value\":0},\"delayed_handling_time\":{\"period\":\"365 days\",\"rate\":0,\"value\":0},\"cancellations\":{\"period\":\"365 days\",\"rate\":0,\"value\":0}}},\"buyer_reputation\":{\"canceled_transactions\":0,\"tags\":[],\"transactions\":{\"canceled\":{\"paid\":null,\"total\":null},\"completed\":null,\"not_yet_rated\":{\"paid\":null,\"total\":null,\"units\":null},\"period\":\"historic\",\"total\":null,\"unrated\":{\"paid\":null,\"total\":null}}},\"status\":{\"billing\":{\"allow\":false,\"codes\":[\"phone_pending\",\"address_pending\",\"address_empty_state\",\"address_empty_city\"]},\"buy\":{\"allow\":false,\"codes\":[\"phone_pending\",\"address_empty_state\"],\"immediate_payment\":{\"reasons\":[],\"required\":false}},\"confirmed_email\":true,\"shopping_cart\":{\"buy\":\"allowed\",\"sell\":\"allowed\"},\"immediate_payment\":false,\"list\":{\"allow\":false,\"codes\":[\"phone_pending\",\"address_pending\",\"address_empty_state\",\"address_empty_city\"],\"immediate_payment\":{\"reasons\":[],\"required\":false}},\"mercadoenvios\":\"not_accepted\",\"mercadopago_account_type\":\"personal\",\"mercadopago_tc_accepted\":true,\"required_action\":null,\"sell\":{\"allow\":true,\"codes\":[],\"immediate_payment\":{\"reasons\":[],\"required\":false}},\"site_status\":\"active\",\"user_type\":\"simple_registration\"},\"secure_email\":\"aarcavi.2tg7j1c@mail.mercadolibre.com\",\"company\":{\"brand_name\":\"ARCA VISION SA\",\"city_tax_id\":\"\",\"corporate_name\":\"ARCA VISION SA\",\"identification\":\"30716456478\",\"state_tax_id\":\"\",\"cust_type_id\":\"BU\",\"soft_descriptor\":null},\"credit\":{\"consumed\":0,\"credit_level_id\":\"MLA5\",\"rank\":\"newbie\"},\"pwd_generation_status\":\"none\",\"context\":{\"device\":\"web-desktop\",\"flow\":\"company\",\"source\":\"mercadopago\"},\"registration_identifiers\":[]}', 1669932592);

-- --------------------------------------------------------

--
-- Estructura de tabla para la tabla `ps_mptoolspro_porders`
--

CREATE TABLE `ps_mptoolspro_porders` (
  `id` int(11) NOT NULL,
  `id_cart` int(11) NOT NULL,
  `id_order` int(11) NOT NULL,
  `id_shop` int(11) NOT NULL,
  `ohash` varchar(64) NOT NULL,
  `status` int(11) NOT NULL,
  `preapproval_id` varchar(128) NOT NULL
) ENGINE=MyISAM DEFAULT CHARSET=latin1;

-- --------------------------------------------------------

--
-- Estructura de tabla para la tabla `ps_mptoolspro_preapprovals`
--

CREATE TABLE `ps_mptoolspro_preapprovals` (
  `id` int(11) NOT NULL,
  `id_cart_base` int(11) NOT NULL,
  `id_shop` int(11) NOT NULL,
  `status` varchar(32) NOT NULL,
  `preapproval_id` varchar(128) NOT NULL,
  `products` longtext DEFAULT NULL,
  `next_payment` datetime NOT NULL,
  `end_payment` datetime NOT NULL,
  `last_check` bigint(20) NOT NULL DEFAULT 0
) ENGINE=MyISAM DEFAULT CHARSET=latin1;

-- --------------------------------------------------------

--
-- Estructura de tabla para la tabla `ps_mptoolspro_refunds`
--

CREATE TABLE `ps_mptoolspro_refunds` (
  `id` int(11) NOT NULL,
  `id_order` int(11) NOT NULL,
  `mp_op_id` varchar(100) NOT NULL,
  `date_create` datetime NOT NULL,
  `response` text NOT NULL
) ENGINE=MyISAM DEFAULT CHARSET=latin1;

-- --------------------------------------------------------

--
-- Estructura de tabla para la tabla `ps_mptoolspro_sproducts`
--

CREATE TABLE `ps_mptoolspro_sproducts` (
  `id` int(11) NOT NULL,
  `id_suscription_pack` int(11) NOT NULL,
  `id_product` int(11) NOT NULL,
  `id_product_attribute` int(11) DEFAULT NULL,
  `is_cover` tinyint(1) NOT NULL DEFAULT 1,
  `qty_first_time` int(11) NOT NULL,
  `qty_recurring_payment` int(11) NOT NULL,
  `free_product_first_time` tinyint(1) NOT NULL DEFAULT 0,
  `free_product_recurring_payment` tinyint(1) NOT NULL DEFAULT 0
) ENGINE=MyISAM DEFAULT CHARSET=latin1;

-- --------------------------------------------------------

--
-- Estructura de tabla para la tabla `ps_mptoolspro_suscription_packs`
--

CREATE TABLE `ps_mptoolspro_suscription_packs` (
  `id` int(11) NOT NULL,
  `id_shop` int(11) NOT NULL,
  `name` varchar(100) NOT NULL,
  `description` longtext NOT NULL,
  `free_shipping_first_time` tinyint(1) NOT NULL DEFAULT 0,
  `free_shipping_recurring_payment` tinyint(1) NOT NULL DEFAULT 0,
  `is_public` tinyint(1) NOT NULL DEFAULT 1,
  `date_add` datetime NOT NULL,
  `date_upd` datetime NOT NULL
) ENGINE=MyISAM DEFAULT CHARSET=latin1;

-- --------------------------------------------------------

--
-- Estructura de tabla para la tabla `ps_oasl_identity`
--

CREATE TABLE `ps_oasl_identity` (
  `id_oasl_identity` int(10) UNSIGNED NOT NULL,
  `id_oasl_user` int(10) UNSIGNED NOT NULL,
  `identity_token` varchar(48) NOT NULL,
  `identity_provider` varchar(64) NOT NULL,
  `num_logins` int(10) UNSIGNED NOT NULL,
  `date_add` datetime NOT NULL,
  `date_upd` datetime NOT NULL
) ENGINE=MyISAM DEFAULT CHARSET=latin1;

--
-- Volcado de datos para la tabla `ps_oasl_identity`
--

INSERT INTO `ps_oasl_identity` (`id_oasl_identity`, `id_oasl_user`, `identity_token`, `identity_provider`, `num_logins`, `date_add`, `date_upd`) VALUES
(1, 1, 'c9d4df69-243d-41d4-8c61-32cf9a768912', 'Facebook', 2, '2020-06-15 19:36:10', '2020-06-15 19:36:10');

-- --------------------------------------------------------

--
-- Estructura de tabla para la tabla `ps_oasl_user`
--

CREATE TABLE `ps_oasl_user` (
  `id_oasl_user` int(10) UNSIGNED NOT NULL,
  `id_customer` int(10) UNSIGNED NOT NULL,
  `user_token` varchar(48) NOT NULL,
  `date_add` datetime NOT NULL
) ENGINE=MyISAM DEFAULT CHARSET=latin1;

--
-- Volcado de datos para la tabla `ps_oasl_user`
--

INSERT INTO `ps_oasl_user` (`id_oasl_user`, `id_customer`, `user_token`, `date_add`) VALUES
(1, 1, 'c6519c8e-ed7a-4f91-8d28-c7396a0940a8', '2020-06-15 19:36:10');

-- --------------------------------------------------------

--
-- Estructura de tabla para la tabla `ps_operating_system`
--

CREATE TABLE `ps_operating_system` (
  `id_operating_system` int(10) UNSIGNED NOT NULL,
  `name` varchar(64) DEFAULT NULL
) ENGINE=InnoDB DEFAULT CHARSET=utf8;

--
-- Volcado de datos para la tabla `ps_operating_system`
--

INSERT INTO `ps_operating_system` (`id_operating_system`, `name`) VALUES
(1, 'Windows XP'),
(2, 'Windows Vista'),
(3, 'Windows 7'),
(4, 'Windows 8'),
(5, 'Windows 8.1'),
(6, 'Windows 10'),
(7, 'MacOsX'),
(8, 'Linux'),
(9, 'Android');

-- --------------------------------------------------------

--
-- Estructura de tabla para la tabla `ps_orders`
--

CREATE TABLE `ps_orders` (
  `id_order` int(10) UNSIGNED NOT NULL,
  `reference` varchar(9) DEFAULT NULL,
  `id_shop_group` int(11) UNSIGNED NOT NULL DEFAULT 1,
  `id_shop` int(11) UNSIGNED NOT NULL DEFAULT 1,
  `id_carrier` int(10) UNSIGNED NOT NULL,
  `id_lang` int(10) UNSIGNED NOT NULL,
  `id_customer` int(10) UNSIGNED NOT NULL,
  `id_cart` int(10) UNSIGNED NOT NULL,
  `id_currency` int(10) UNSIGNED NOT NULL,
  `id_address_delivery` int(10) UNSIGNED NOT NULL,
  `id_address_invoice` int(10) UNSIGNED NOT NULL,
  `current_state` int(10) UNSIGNED NOT NULL,
  `secure_key` varchar(32) NOT NULL DEFAULT '-1',
  `payment` varchar(255) NOT NULL,
  `conversion_rate` decimal(13,6) NOT NULL DEFAULT 1.000000,
  `module` varchar(255) DEFAULT NULL,
  `recyclable` tinyint(1) UNSIGNED NOT NULL DEFAULT 0,
  `gift` tinyint(1) UNSIGNED NOT NULL DEFAULT 0,
  `gift_message` text DEFAULT NULL,
  `mobile_theme` tinyint(1) NOT NULL DEFAULT 0,
  `shipping_number` varchar(64) DEFAULT NULL,
  `total_discounts` decimal(20,6) NOT NULL DEFAULT 0.000000,
  `total_discounts_tax_incl` decimal(20,6) NOT NULL DEFAULT 0.000000,
  `total_discounts_tax_excl` decimal(20,6) NOT NULL DEFAULT 0.000000,
  `total_paid` decimal(20,6) NOT NULL DEFAULT 0.000000,
  `total_paid_tax_incl` decimal(20,6) NOT NULL DEFAULT 0.000000,
  `total_paid_tax_excl` decimal(20,6) NOT NULL DEFAULT 0.000000,
  `total_paid_real` decimal(20,6) NOT NULL DEFAULT 0.000000,
  `total_products` decimal(20,6) NOT NULL DEFAULT 0.000000,
  `total_products_wt` decimal(20,6) NOT NULL DEFAULT 0.000000,
  `total_shipping` decimal(20,6) NOT NULL DEFAULT 0.000000,
  `total_shipping_tax_incl` decimal(20,6) NOT NULL DEFAULT 0.000000,
  `total_shipping_tax_excl` decimal(20,6) NOT NULL DEFAULT 0.000000,
  `carrier_tax_rate` decimal(10,3) NOT NULL DEFAULT 0.000,
  `total_wrapping` decimal(20,6) NOT NULL DEFAULT 0.000000,
  `total_wrapping_tax_incl` decimal(20,6) NOT NULL DEFAULT 0.000000,
  `total_wrapping_tax_excl` decimal(20,6) NOT NULL DEFAULT 0.000000,
  `round_mode` tinyint(1) NOT NULL DEFAULT 2,
  `round_type` tinyint(1) NOT NULL DEFAULT 1,
  `invoice_number` int(10) UNSIGNED NOT NULL DEFAULT 0,
  `delivery_number` int(10) UNSIGNED NOT NULL DEFAULT 0,
  `invoice_date` datetime NOT NULL,
  `delivery_date` datetime NOT NULL,
  `valid` int(1) UNSIGNED NOT NULL DEFAULT 0,
  `date_add` datetime NOT NULL,
  `date_upd` datetime NOT NULL
) ENGINE=InnoDB DEFAULT CHARSET=utf8;

--
-- Volcado de datos para la tabla `ps_orders`
--

INSERT INTO `ps_orders` (`id_order`, `reference`, `id_shop_group`, `id_shop`, `id_carrier`, `id_lang`, `id_customer`, `id_cart`, `id_currency`, `id_address_delivery`, `id_address_invoice`, `current_state`, `secure_key`, `payment`, `conversion_rate`, `module`, `recyclable`, `gift`, `gift_message`, `mobile_theme`, `shipping_number`, `total_discounts`, `total_discounts_tax_incl`, `total_discounts_tax_excl`, `total_paid`, `total_paid_tax_incl`, `total_paid_tax_excl`, `total_paid_real`, `total_products`, `total_products_wt`, `total_shipping`, `total_shipping_tax_incl`, `total_shipping_tax_excl`, `carrier_tax_rate`, `total_wrapping`, `total_wrapping_tax_incl`, `total_wrapping_tax_excl`, `round_mode`, `round_type`, `invoice_number`, `delivery_number`, `invoice_date`, `delivery_date`, `valid`, `date_add`, `date_upd`) VALUES
(1, 'DYEPXJGKY', 1, 1, 0, 1, 2, 18, 1, 7, 7, 15, '5909400f8b2408cf989cfd531fc68e08', 'MercadoPago Tools Pro', '1.000000', 'mptoolspro', 0, 0, '', 0, '', '0.000000', '0.000000', '0.000000', '1700.000000', '1700.000000', '1700.000000', '0.000000', '1700.000000', '1700.000000', '0.000000', '0.000000', '0.000000', '0.000', '0.000000', '0.000000', '0.000000', 2, 2, 0, 0, '0000-00-00 00:00:00', '0000-00-00 00:00:00', 0, '2020-05-20 21:56:22', '2020-05-20 21:56:22'),
(2, 'AACBPNUJS', 1, 1, 4, 1, 1, 15, 1, 10, 10, 6, 'f5e6cc95fd7785ce7b2dc2a8e83b8dbc', 'MercadoPago Tools Pro', '1.000000', 'mptoolspro', 0, 0, '', 0, '', '0.000000', '0.000000', '0.000000', '349.990000', '349.990000', '349.990000', '0.000000', '0.000000', '0.000000', '349.990000', '349.990000', '349.990000', '0.000', '0.000000', '0.000000', '0.000000', 2, 2, 0, 0, '0000-00-00 00:00:00', '0000-00-00 00:00:00', 0, '2020-05-21 10:27:45', '2022-01-03 14:22:04'),
(3, 'OSWXQNYZT', 1, 1, 9, 1, 2, 21, 1, 7, 7, 4, '5909400f8b2408cf989cfd531fc68e08', 'MercadoPago Argentina Pro', '1.000000', 'mpar', 0, 0, '', 0, '', '0.000000', '0.000000', '0.000000', '610.000000', '610.000000', '610.000000', '610.000000', '610.000000', '610.000000', '0.000000', '0.000000', '0.000000', '0.000', '0.000000', '0.000000', '0.000000', 2, 2, 1, 1, '2020-05-21 12:38:23', '2020-05-21 12:38:23', 1, '2020-05-21 12:30:52', '2020-05-21 12:38:23'),
(4, 'BZKIEYXAW', 1, 1, 9, 1, 2, 22, 1, 7, 7, 6, '5909400f8b2408cf989cfd531fc68e08', 'Pagos por transferencia bancaria', '1.000000', 'ps_wirepayment', 0, 0, '', 0, '', '0.000000', '0.000000', '0.000000', '2310.000000', '2310.000000', '2310.000000', '2310.000000', '2310.000000', '2310.000000', '0.000000', '0.000000', '0.000000', '0.000', '0.000000', '0.000000', '0.000000', 2, 2, 4, 3, '2020-06-25 19:57:31', '2020-06-25 20:58:26', 0, '2020-05-21 18:08:18', '2020-06-25 23:43:26'),
(5, 'SUCUOMUKA', 1, 1, 20, 1, 2, 32, 1, 13, 13, 10, '5909400f8b2408cf989cfd531fc68e08', 'Pagos por transferencia bancaria', '1.000000', 'ps_wirepayment', 0, 0, '', 0, '', '0.000000', '0.000000', '0.000000', '0.000000', '0.000000', '0.000000', '0.000000', '0.000000', '0.000000', '0.000000', '0.000000', '0.000000', '0.000', '0.000000', '0.000000', '0.000000', 2, 2, 0, 0, '0000-00-00 00:00:00', '0000-00-00 00:00:00', 0, '2020-06-02 00:20:12', '2022-01-03 14:22:31'),
(6, 'QOYCYMIUV', 1, 1, 23, 1, 7, 38, 1, 15, 15, 10, '2ddeb26374597137b78421c16715eac7', 'Pagos por transferencia bancaria', '1.000000', 'ps_wirepayment', 0, 0, '', 0, '', '0.000000', '0.000000', '0.000000', '0.000000', '0.000000', '0.000000', '0.000000', '0.000000', '0.000000', '0.000000', '0.000000', '0.000000', '0.000', '0.000000', '0.000000', '0.000000', 2, 2, 0, 0, '0000-00-00 00:00:00', '0000-00-00 00:00:00', 0, '2020-06-11 15:41:29', '2022-01-03 14:22:42'),
(7, 'VGNKYUVXX', 1, 1, 23, 1, 1, 20, 1, 17, 17, 10, 'f5e6cc95fd7785ce7b2dc2a8e83b8dbc', 'Pagos por transferencia bancaria', '1.000000', 'ps_wirepayment', 0, 0, '', 0, '', '0.000000', '0.000000', '0.000000', '0.000000', '0.000000', '0.000000', '0.000000', '0.000000', '0.000000', '0.000000', '0.000000', '0.000000', '0.000', '0.000000', '0.000000', '0.000000', 2, 2, 0, 0, '0000-00-00 00:00:00', '0000-00-00 00:00:00', 0, '2020-06-15 18:06:08', '2022-01-03 14:22:58'),
(8, 'COEUDTXLI', 1, 1, 23, 1, 1, 42, 1, 18, 18, 10, 'f5e6cc95fd7785ce7b2dc2a8e83b8dbc', 'Pagos por transferencia bancaria', '1.000000', 'ps_wirepayment', 0, 0, '', 0, '', '0.000000', '0.000000', '0.000000', '0.000000', '0.000000', '0.000000', '0.000000', '0.000000', '0.000000', '0.000000', '0.000000', '0.000000', '0.000', '0.000000', '0.000000', '0.000000', 2, 2, 0, 0, '0000-00-00 00:00:00', '0000-00-00 00:00:00', 0, '2020-06-15 19:37:04', '2022-01-03 14:23:25'),
(9, 'FVCTVJWYS', 1, 1, 33, 1, 8, 34, 1, 20, 20, 6, 'ffde5312a8ff327dbed0a1840d28920b', 'Pagos por transferencia bancaria', '1.000000', 'ps_wirepayment', 0, 0, '', 0, '', '0.000000', '0.000000', '0.000000', '417.450000', '417.450000', '345.000000', '0.000000', '0.000000', '0.000000', '417.450000', '417.450000', '345.000000', '21.000', '0.000000', '0.000000', '0.000000', 2, 2, 0, 0, '0000-00-00 00:00:00', '0000-00-00 00:00:00', 0, '2020-06-16 12:38:40', '2022-01-03 14:23:34'),
(10, 'KVAJYHBUS', 1, 1, 33, 1, 11, 49, 1, 21, 21, 6, '15a595ae1b4a1a0afd8538badf59c8b9', 'Pagos por transferencia bancaria', '1.000000', 'ps_wirepayment', 0, 0, '', 0, '', '0.000000', '0.000000', '0.000000', '995.990000', '995.990000', '823.130000', '0.000000', '504.130000', '610.000000', '385.990000', '385.990000', '319.000000', '21.000', '0.000000', '0.000000', '0.000000', 2, 2, 0, 0, '0000-00-00 00:00:00', '0000-00-00 00:00:00', 0, '2020-06-16 17:06:52', '2020-06-16 19:09:50'),
(11, 'INOLHVVGD', 1, 1, 39, 1, 14, 69, 1, 23, 23, 5, '0952f0564662e3082d7f8ad7f3546751', 'MercadoPago Tools Pro', '1.000000', 'mptoolspro', 0, 0, '', 0, '', '0.000000', '0.000000', '0.000000', '6815.140000', '6815.140000', '5632.340000', '6815.140000', '5338.840000', '6460.000000', '355.140000', '355.140000', '293.500000', '21.000', '0.000000', '0.000000', '0.000000', 2, 2, 2, 2, '2020-06-23 10:46:55', '2020-07-06 14:31:56', 1, '2020-06-23 10:46:55', '2020-07-06 14:31:56'),
(12, 'PXOXBWYWR', 1, 1, 39, 1, 16, 73, 1, 24, 24, 5, 'e289c24b84346b186db61bf94bb157db', 'MercadoPago Tools Pro', '1.000000', 'mptoolspro', 0, 0, '', 0, '', '0.000000', '0.000000', '0.000000', '10030.140000', '10030.140000', '8289.370000', '10030.140000', '7995.870000', '9675.000000', '355.140000', '355.140000', '293.500000', '21.000', '0.000000', '0.000000', '0.000000', 2, 2, 3, 4, '2020-06-25 15:46:48', '2020-07-27 16:40:30', 1, '2020-06-25 15:46:47', '2020-07-27 16:40:30'),
(13, 'VWYKNHNPY', 1, 1, 39, 1, 18, 89, 1, 26, 26, 5, '7c01790cc203d6e864085d364242c3ee', 'MercadoPago Tools Pro', '1.000000', 'mptoolspro', 0, 0, '', 0, '', '0.000000', '0.000000', '0.000000', '1775.140000', '1775.140000', '1467.050000', '1775.140000', '1173.550000', '1420.000000', '355.140000', '355.140000', '293.500000', '21.000', '0.000000', '0.000000', '0.000000', 2, 2, 5, 5, '2020-07-05 01:30:55', '2020-07-27 16:40:08', 1, '2020-07-05 01:30:53', '2020-07-27 16:40:08'),
(14, 'KAQEDWGOV', 1, 1, 39, 1, 21, 109, 1, 28, 28, 6, 'b1ba9e0300d39acb37431d5e81b294a0', 'MercadoPago Tools Pro', '1.000000', 'mptoolspro', 0, 0, '', 0, '', '0.000000', '0.000000', '0.000000', '2255.850000', '2255.850000', '1864.330000', '2255.850000', '1619.830000', '1960.000000', '295.850000', '295.850000', '244.500000', '21.000', '0.000000', '0.000000', '0.000000', 2, 2, 6, 0, '2020-07-18 16:00:09', '0000-00-00 00:00:00', 0, '2020-07-18 16:00:09', '2020-07-27 16:38:46'),
(15, 'NXUACWLHQ', 1, 1, 39, 1, 22, 112, 1, 30, 30, 2, '7c5f734cb214759dd3350d79d69f8067', 'MercadoPago Tools Pro', '1.000000', 'mptoolspro', 0, 0, '', 0, '', '0.000000', '0.000000', '0.000000', '6898.840000', '6898.840000', '5701.520000', '6898.840000', '5438.020000', '6580.000000', '318.840000', '318.840000', '263.500000', '21.000', '0.000000', '0.000000', '0.000000', 2, 2, 7, 0, '2020-07-29 20:05:15', '0000-00-00 00:00:00', 1, '2020-07-29 20:05:14', '2020-07-29 20:05:15'),
(16, 'IKQJGNELG', 1, 1, 39, 1, 1, 123, 1, 19, 19, 10, 'f5e6cc95fd7785ce7b2dc2a8e83b8dbc', 'Pagos por transferencia bancaria', '1.000000', 'ps_wirepayment', 0, 0, '', 0, '', '0.000000', '0.000000', '0.000000', '0.000000', '0.000000', '0.000000', '0.000000', '0.000000', '0.000000', '0.000000', '0.000000', '0.000000', '21.000', '0.000000', '0.000000', '0.000000', 2, 2, 0, 0, '0000-00-00 00:00:00', '0000-00-00 00:00:00', 0, '2020-08-18 18:51:30', '2022-01-03 14:23:59'),
(17, 'HXRIBROCI', 1, 1, 39, 1, 27, 133, 1, 34, 34, 2, '24eb9ef473af4cb561fd7088e849faf7', 'MercadoPago Tools Pro', '1.000000', 'mptoolspro', 0, 0, '', 0, '', '0.000000', '0.000000', '0.000000', '6924.850000', '6924.850000', '5723.020000', '6924.850000', '5438.020000', '6580.000000', '344.850000', '344.850000', '285.000000', '21.000', '0.000000', '0.000000', '0.000000', 2, 2, 8, 0, '2020-08-22 18:30:48', '0000-00-00 00:00:00', 1, '2020-08-22 18:28:30', '2020-08-22 18:30:48'),
(18, 'QSFXCLBKR', 1, 1, 39, 1, 28, 137, 1, 35, 35, 2, '453b266845ff5e8f51f9f128d58c754c', 'MercadoPago Tools Pro', '1.000000', 'mptoolspro', 0, 0, '', 0, '', '0.000000', '0.000000', '0.000000', '3284.850000', '3284.850000', '2714.750000', '3284.850000', '2429.750000', '2940.000000', '344.850000', '344.850000', '285.000000', '21.000', '0.000000', '0.000000', '0.000000', 2, 2, 9, 0, '2020-08-25 12:36:12', '0000-00-00 00:00:00', 1, '2020-08-25 12:36:12', '2020-08-25 12:36:12'),
(19, 'JQTIXWOYP', 1, 1, 39, 1, 2, 139, 1, 13, 13, 10, '5909400f8b2408cf989cfd531fc68e08', 'Pagos por transferencia bancaria', '1.000000', 'ps_wirepayment', 0, 0, '', 0, '', '0.000000', '0.000000', '0.000000', '0.000000', '0.000000', '0.000000', '0.000000', '0.000000', '0.000000', '0.000000', '0.000000', '0.000000', '21.000', '0.000000', '0.000000', '0.000000', 2, 2, 0, 0, '0000-00-00 00:00:00', '0000-00-00 00:00:00', 0, '2020-08-31 19:43:05', '2022-01-03 14:24:19'),
(20, 'XRCCMVMRI', 1, 1, 39, 1, 2, 147, 1, 13, 13, 10, '5909400f8b2408cf989cfd531fc68e08', 'Pagos por transferencia bancaria', '1.000000', 'ps_wirepayment', 0, 0, '', 0, '', '0.000000', '0.000000', '0.000000', '0.000000', '0.000000', '0.000000', '0.000000', '0.000000', '0.000000', '0.000000', '0.000000', '0.000000', '21.000', '0.000000', '0.000000', '0.000000', 2, 2, 0, 0, '0000-00-00 00:00:00', '0000-00-00 00:00:00', 0, '2020-08-31 19:55:43', '2022-01-03 14:24:38'),
(21, 'UGPIQMRAF', 1, 1, 39, 1, 30, 149, 1, 36, 36, 10, '9d058561793263eb75419b7789a2596d', 'Pagos por transferencia bancaria', '1.000000', 'ps_wirepayment', 0, 0, '', 0, '', '0.000000', '0.000000', '0.000000', '295.850000', '295.850000', '244.500000', '0.000000', '0.000000', '0.000000', '295.850000', '295.850000', '244.500000', '21.000', '0.000000', '0.000000', '0.000000', 2, 2, 0, 0, '0000-00-00 00:00:00', '0000-00-00 00:00:00', 0, '2020-09-01 00:54:48', '2022-01-03 14:24:49'),
(22, 'KYDRIVMHO', 1, 1, 39, 1, 2, 146, 1, 13, 13, 10, '5909400f8b2408cf989cfd531fc68e08', 'Pagos por transferencia bancaria', '1.000000', 'ps_wirepayment', 0, 0, '', 0, '', '0.000000', '0.000000', '0.000000', '2443.840000', '2443.840000', '2019.700000', '0.000000', '1756.200000', '2125.000000', '318.840000', '318.840000', '263.500000', '21.000', '0.000000', '0.000000', '0.000000', 2, 2, 0, 0, '0000-00-00 00:00:00', '0000-00-00 00:00:00', 0, '2020-09-01 19:10:02', '2020-09-01 19:10:03'),
(23, 'ULMWCHTLF', 1, 1, 39, 1, 2, 150, 1, 13, 13, 10, '5909400f8b2408cf989cfd531fc68e08', 'Pagos por transferencia bancaria', '1.000000', 'ps_wirepayment', 0, 0, '', 0, '', '0.000000', '0.000000', '0.000000', '2771.040000', '2771.040000', '2290.120000', '0.000000', '2066.120000', '2500.000000', '271.040000', '271.040000', '224.000000', '21.000', '0.000000', '0.000000', '0.000000', 2, 2, 0, 0, '0000-00-00 00:00:00', '0000-00-00 00:00:00', 0, '2020-09-01 19:12:00', '2020-09-01 19:12:00'),
(24, 'SXVVWGSEZ', 1, 1, 39, 1, 2, 151, 1, 13, 13, 10, '5909400f8b2408cf989cfd531fc68e08', 'Pagos por transferencia bancaria', '1.000000', 'ps_wirepayment', 0, 0, '', 0, '', '0.000000', '0.000000', '0.000000', '2771.040000', '2771.040000', '2290.120000', '0.000000', '2066.120000', '2500.000000', '271.040000', '271.040000', '224.000000', '21.000', '0.000000', '0.000000', '0.000000', 2, 2, 0, 0, '0000-00-00 00:00:00', '0000-00-00 00:00:00', 0, '2020-09-01 19:13:58', '2020-09-01 19:13:59'),
(25, 'XKURWTRCG', 1, 1, 39, 1, 2, 152, 1, 13, 13, 10, '5909400f8b2408cf989cfd531fc68e08', 'Pagos por transferencia bancaria', '1.000000', 'ps_wirepayment', 0, 0, '', 0, '', '0.000000', '0.000000', '0.000000', '2443.840000', '2443.840000', '2019.700000', '0.000000', '1756.200000', '2125.000000', '318.840000', '318.840000', '263.500000', '21.000', '0.000000', '0.000000', '0.000000', 2, 2, 0, 0, '0000-00-00 00:00:00', '0000-00-00 00:00:00', 0, '2020-09-01 19:18:38', '2020-09-01 19:18:38'),
(26, 'THBRKAPNW', 1, 1, 39, 1, 2, 153, 1, 13, 13, 10, '5909400f8b2408cf989cfd531fc68e08', 'Pagos por transferencia bancaria', '1.000000', 'ps_wirepayment', 0, 0, '', 0, '', '0.000000', '0.000000', '0.000000', '2443.840000', '2443.840000', '2019.700000', '0.000000', '1756.200000', '2125.000000', '318.840000', '318.840000', '263.500000', '21.000', '0.000000', '0.000000', '0.000000', 2, 2, 0, 0, '0000-00-00 00:00:00', '0000-00-00 00:00:00', 0, '2020-09-01 19:21:41', '2020-09-01 19:21:42'),
(27, 'KNRILVJMS', 1, 1, 39, 1, 2, 154, 1, 13, 13, 10, '5909400f8b2408cf989cfd531fc68e08', 'Pagos por transferencia bancaria', '1.000000', 'ps_wirepayment', 0, 0, '', 0, '', '0.000000', '0.000000', '0.000000', '2443.840000', '2443.840000', '2019.700000', '0.000000', '1756.200000', '2125.000000', '318.840000', '318.840000', '263.500000', '21.000', '0.000000', '0.000000', '0.000000', 2, 2, 0, 0, '0000-00-00 00:00:00', '0000-00-00 00:00:00', 0, '2020-09-01 19:23:03', '2020-09-01 19:23:03'),
(28, 'SGARTSPCY', 1, 1, 39, 1, 2, 155, 1, 13, 13, 10, '5909400f8b2408cf989cfd531fc68e08', 'Pagos por transferencia bancaria', '1.000000', 'ps_wirepayment', 0, 0, '', 0, '', '0.000000', '0.000000', '0.000000', '2771.040000', '2771.040000', '2290.120000', '0.000000', '2066.120000', '2500.000000', '271.040000', '271.040000', '224.000000', '21.000', '0.000000', '0.000000', '0.000000', 2, 2, 0, 0, '0000-00-00 00:00:00', '0000-00-00 00:00:00', 0, '2020-09-01 19:27:30', '2020-09-01 19:27:30'),
(29, 'DXIWBTTIV', 1, 1, 39, 1, 31, 157, 1, 39, 39, 10, '5b7fe7eb2a79c846f18d7a67116f876e', 'Pagos por transferencia bancaria', '1.000000', 'ps_wirepayment', 0, 0, '', 0, '', '0.000000', '0.000000', '0.000000', '2796.450000', '2796.450000', '2311.120000', '0.000000', '2066.120000', '2500.000000', '296.450000', '296.450000', '245.000000', '21.000', '0.000000', '0.000000', '0.000000', 2, 2, 0, 0, '0000-00-00 00:00:00', '0000-00-00 00:00:00', 0, '2020-09-02 04:55:58', '2020-09-02 04:55:59'),
(30, 'FTHXMGVNT', 1, 1, 39, 1, 2, 158, 1, 13, 13, 10, '5909400f8b2408cf989cfd531fc68e08', 'Pagos por transferencia bancaria', '1.000000', 'ps_wirepayment', 0, 0, '', 0, '', '0.000000', '0.000000', '0.000000', '2771.040000', '2771.040000', '2290.120000', '0.000000', '2066.120000', '2500.000000', '271.040000', '271.040000', '224.000000', '21.000', '0.000000', '0.000000', '0.000000', 2, 2, 0, 0, '0000-00-00 00:00:00', '0000-00-00 00:00:00', 0, '2020-09-02 05:39:58', '2020-09-02 05:39:58'),
(31, 'PAPATNCJE', 1, 1, 39, 1, 31, 160, 1, 39, 39, 10, '5b7fe7eb2a79c846f18d7a67116f876e', 'Pagos por transferencia bancaria', '1.000000', 'ps_wirepayment', 0, 0, '', 0, '', '0.000000', '0.000000', '0.000000', '2796.450000', '2796.450000', '2311.120000', '0.000000', '2066.120000', '2500.000000', '296.450000', '296.450000', '245.000000', '21.000', '0.000000', '0.000000', '0.000000', 2, 2, 0, 0, '0000-00-00 00:00:00', '0000-00-00 00:00:00', 0, '2020-09-03 06:17:11', '2020-09-03 06:17:12'),
(32, 'VITWVRHPL', 1, 1, 39, 1, 2, 162, 1, 13, 13, 10, '5909400f8b2408cf989cfd531fc68e08', 'Pagos por transferencia bancaria', '1.000000', 'ps_wirepayment', 0, 0, '', 0, '', '0.000000', '0.000000', '0.000000', '2771.040000', '2771.040000', '2290.120000', '0.000000', '2066.120000', '2500.000000', '271.040000', '271.040000', '224.000000', '21.000', '0.000000', '0.000000', '0.000000', 2, 2, 0, 0, '0000-00-00 00:00:00', '0000-00-00 00:00:00', 0, '2020-09-07 20:02:36', '2020-09-07 20:02:37'),
(33, 'AGWXHMKIT', 1, 1, 39, 1, 2, 163, 1, 13, 13, 10, '5909400f8b2408cf989cfd531fc68e08', 'Pagos por transferencia bancaria', '1.000000', 'ps_wirepayment', 0, 0, '', 0, '', '0.000000', '0.000000', '0.000000', '7771.040000', '7771.040000', '6422.350000', '0.000000', '6198.350000', '7500.000000', '271.040000', '271.040000', '224.000000', '21.000', '0.000000', '0.000000', '0.000000', 2, 2, 0, 0, '0000-00-00 00:00:00', '0000-00-00 00:00:00', 0, '2020-09-07 20:30:48', '2020-09-07 20:30:50'),
(34, 'INUMYDHVR', 1, 1, 39, 1, 2, 164, 1, 13, 13, 10, '5909400f8b2408cf989cfd531fc68e08', 'Pagos por transferencia bancaria', '1.000000', 'ps_wirepayment', 0, 0, '', 0, '', '0.000000', '0.000000', '0.000000', '5271.040000', '5271.040000', '4356.230000', '0.000000', '4132.230000', '5000.000000', '271.040000', '271.040000', '224.000000', '21.000', '0.000000', '0.000000', '0.000000', 2, 2, 0, 0, '0000-00-00 00:00:00', '0000-00-00 00:00:00', 0, '2020-09-08 09:44:58', '2020-09-08 09:44:59'),
(35, 'MIUVCXVVM', 1, 1, 39, 1, 2, 166, 1, 13, 13, 10, '5909400f8b2408cf989cfd531fc68e08', 'Pagos por transferencia bancaria', '1.000000', 'ps_wirepayment', 0, 0, '', 0, '', '0.000000', '0.000000', '0.000000', '5271.040000', '5271.040000', '4356.230000', '0.000000', '4132.230000', '5000.000000', '271.040000', '271.040000', '224.000000', '21.000', '0.000000', '0.000000', '0.000000', 2, 2, 0, 0, '0000-00-00 00:00:00', '0000-00-00 00:00:00', 0, '2020-09-08 10:24:51', '2020-09-08 10:24:51'),
(36, 'NKZOFSMRF', 1, 1, 39, 1, 34, 175, 1, 41, 41, 2, 'bf52b8cca5e192bb7aca123cef60aa6b', 'MercadoPago Tools Pro', '1.000000', 'mptoolspro', 0, 0, '', 0, '', '0.000000', '0.000000', '0.000000', '1765.850000', '1765.850000', '1459.380000', '1765.850000', '1214.880000', '1470.000000', '295.850000', '295.850000', '244.500000', '21.000', '0.000000', '0.000000', '0.000000', 2, 2, 10, 0, '2020-09-24 19:21:57', '0000-00-00 00:00:00', 1, '2020-09-24 19:21:56', '2020-09-24 19:21:57'),
(37, 'KYFCQZSET', 1, 1, 39, 1, 35, 176, 1, 42, 42, 8, 'c52215c2b21b90c3e45fa009a166035d', 'MercadoPago Tools Pro', '1.000000', 'mptoolspro', 0, 0, '', 0, '', '0.000000', '0.000000', '0.000000', '271.040000', '271.040000', '224.000000', '0.000000', '0.000000', '0.000000', '271.040000', '271.040000', '224.000000', '21.000', '0.000000', '0.000000', '0.000000', 2, 2, 0, 0, '0000-00-00 00:00:00', '0000-00-00 00:00:00', 0, '2020-09-27 15:01:51', '2022-01-03 14:21:46'),
(38, 'BUQTWVRVP', 1, 1, 40, 1, 2, 208, 1, 13, 13, 6, '5909400f8b2408cf989cfd531fc68e08', 'Pagos por transferencia bancaria', '1.000000', 'ps_wirepayment', 0, 0, '', 0, '', '0.000000', '0.000000', '0.000000', '0.000000', '0.000000', '0.000000', '0.000000', '0.000000', '0.000000', '0.000000', '0.000000', '0.000000', '21.000', '0.000000', '0.000000', '0.000000', 2, 2, 0, 0, '0000-00-00 00:00:00', '0000-00-00 00:00:00', 0, '2020-10-22 10:50:34', '2022-01-03 14:21:30'),
(39, 'NXSISUHIN', 1, 1, 40, 1, 39, 213, 1, 45, 45, 8, 'a33411b48ef13bf27baf162faeb08739', 'MercadoPago Tools Pro', '1.000000', 'mptoolspro', 0, 0, '', 0, '', '0.000000', '0.000000', '0.000000', '0.000000', '0.000000', '0.000000', '0.000000', '0.000000', '0.000000', '0.000000', '0.000000', '0.000000', '21.000', '0.000000', '0.000000', '0.000000', 2, 2, 0, 0, '0000-00-00 00:00:00', '0000-00-00 00:00:00', 0, '2020-10-26 00:26:22', '2022-01-03 14:21:19'),
(40, 'FZVNQSJFW', 1, 1, 40, 1, 40, 214, 1, 46, 46, 8, 'f434d8366080ee6d17089653925b80e2', 'MercadoPago Tools Pro', '1.000000', 'mptoolspro', 0, 0, '', 0, '', '0.000000', '0.000000', '0.000000', '0.000000', '0.000000', '0.000000', '0.000000', '0.000000', '0.000000', '0.000000', '0.000000', '0.000000', '21.000', '0.000000', '0.000000', '0.000000', 2, 2, 0, 0, '0000-00-00 00:00:00', '0000-00-00 00:00:00', 0, '2020-10-27 13:29:31', '2022-01-03 14:20:42'),
(41, 'QJKDAQRZQ', 1, 1, 40, 1, 41, 215, 1, 47, 47, 2, '3de8b10b4c02459caa8238971245e926', 'MercadoPago Tools Pro', '1.000000', 'mptoolspro', 0, 0, '', 0, '', '0.000000', '0.000000', '0.000000', '1470.000000', '1470.000000', '1214.880000', '1470.000000', '1214.880000', '1470.000000', '0.000000', '0.000000', '0.000000', '21.000', '0.000000', '0.000000', '0.000000', 2, 2, 11, 0, '2020-10-27 18:34:41', '0000-00-00 00:00:00', 1, '2020-10-27 18:34:41', '2020-10-27 18:34:41'),
(42, 'GGGNGDYZE', 1, 1, 40, 1, 2, 220, 1, 13, 13, 10, '5909400f8b2408cf989cfd531fc68e08', 'Pagos por transferencia bancaria', '1.000000', 'ps_wirepayment', 0, 0, '', 0, '', '0.000000', '0.000000', '0.000000', '4330.000000', '4330.000000', '3578.510000', '0.000000', '3578.510000', '4330.000000', '0.000000', '0.000000', '0.000000', '21.000', '0.000000', '0.000000', '0.000000', 2, 2, 0, 0, '0000-00-00 00:00:00', '0000-00-00 00:00:00', 0, '2020-10-28 13:02:45', '2020-10-28 13:02:45'),
(43, 'FUVTDMSHJ', 1, 1, 40, 1, 44, 219, 1, 48, 48, 2, '7883c873226fbfd4401d1021db8003e0', 'MercadoPago Tools Pro', '1.000000', 'mptoolspro', 0, 0, '', 0, '', '0.000000', '0.000000', '0.000000', '1470.000000', '1470.000000', '1214.880000', '1470.000000', '1214.880000', '1470.000000', '0.000000', '0.000000', '0.000000', '21.000', '0.000000', '0.000000', '0.000000', 2, 2, 12, 0, '2020-10-28 15:05:35', '0000-00-00 00:00:00', 1, '2020-10-28 15:05:35', '2020-10-28 15:05:35'),
(44, 'GBLUIWXHA', 1, 1, 40, 1, 46, 230, 1, 49, 49, 2, '9266ecb8b1b667b05d8d6b025210e690', 'MercadoPago Tools Pro', '1.000000', 'mptoolspro', 0, 0, '', 0, '', '0.000000', '0.000000', '0.000000', '1040.000000', '1040.000000', '859.500000', '1040.000000', '859.500000', '1040.000000', '0.000000', '0.000000', '0.000000', '21.000', '0.000000', '0.000000', '0.000000', 2, 2, 13, 0, '2020-11-02 14:25:10', '0000-00-00 00:00:00', 1, '2020-11-02 14:25:10', '2020-11-02 14:25:10'),
(45, 'MSVXREPDH', 1, 1, 40, 1, 48, 243, 1, 51, 51, 10, '6c4a6ee60d65e863d470ae074f3a5166', 'Pagos por transferencia bancaria', '1.000000', 'ps_wirepayment', 0, 0, '', 0, '', '0.000000', '0.000000', '0.000000', '10550.000000', '10550.000000', '8719.000000', '0.000000', '8719.000000', '10550.000000', '0.000000', '0.000000', '0.000000', '21.000', '0.000000', '0.000000', '0.000000', 2, 2, 0, 0, '0000-00-00 00:00:00', '0000-00-00 00:00:00', 0, '2020-11-13 12:47:43', '2020-11-13 12:47:46'),
(46, 'CSSEELJXU', 1, 1, 40, 1, 47, 239, 1, 50, 50, 2, '924bc6ae4f2219e79460c267ba5700f8', 'MercadoPago Tools Pro', '1.000000', 'mptoolspro', 0, 0, '', 0, '', '0.000000', '0.000000', '0.000000', '5970.000000', '5970.000000', '4933.880000', '5970.000000', '4933.880000', '5970.000000', '0.000000', '0.000000', '0.000000', '21.000', '0.000000', '0.000000', '0.000000', 2, 2, 14, 0, '2020-11-16 15:06:14', '0000-00-00 00:00:00', 1, '2020-11-16 15:06:13', '2020-11-16 15:06:14'),
(47, 'RNDKTSZUI', 1, 1, 40, 1, 52, 271, 1, 56, 56, 10, '097f08ba83cd0ca44c5ad87f08b6bdba', 'Pagos por transferencia bancaria', '1.000000', 'ps_wirepayment', 0, 0, '', 0, '', '0.000000', '0.000000', '0.000000', '8070.000000', '8070.000000', '6669.420000', '0.000000', '6669.420000', '8070.000000', '0.000000', '0.000000', '0.000000', '21.000', '0.000000', '0.000000', '0.000000', 2, 2, 0, 0, '0000-00-00 00:00:00', '0000-00-00 00:00:00', 0, '2020-11-30 22:49:34', '2020-11-30 22:49:35'),
(48, 'WOXIOKQAE', 1, 1, 40, 1, 56, 277, 1, 59, 59, 10, '06a645edf0e44e449bf11985a31d8152', 'Pagos por transferencia bancaria', '1.000000', 'ps_wirepayment', 0, 0, '', 0, '', '0.000000', '0.000000', '0.000000', '8070.000000', '8070.000000', '6669.420000', '0.000000', '6669.420000', '8070.000000', '0.000000', '0.000000', '0.000000', '21.000', '0.000000', '0.000000', '0.000000', 2, 2, 0, 0, '0000-00-00 00:00:00', '0000-00-00 00:00:00', 0, '2020-12-02 08:47:27', '2020-12-02 08:47:28'),
(49, 'VBKPJYQIY', 1, 1, 40, 1, 58, 285, 1, 61, 61, 10, 'e69d8a9f9896fc3fd43f6097530e652c', 'Pagos por transferencia bancaria', '1.000000', 'ps_wirepayment', 0, 0, '', 0, '', '0.000000', '0.000000', '0.000000', '2500.000000', '2500.000000', '2066.120000', '0.000000', '2066.120000', '2500.000000', '0.000000', '0.000000', '0.000000', '21.000', '0.000000', '0.000000', '0.000000', 2, 2, 0, 0, '0000-00-00 00:00:00', '0000-00-00 00:00:00', 0, '2020-12-03 14:08:27', '2020-12-03 14:08:28'),
(50, 'UJZNPYTQH', 1, 1, 40, 1, 60, 291, 1, 63, 63, 2, '19795fda5a0f068740062d36e045f05a', 'MercadoPago Tools Pro', '1.000000', 'mptoolspro', 0, 0, '', 0, '', '0.000000', '0.000000', '0.000000', '2500.000000', '2500.000000', '2066.120000', '2500.000000', '2066.120000', '2500.000000', '0.000000', '0.000000', '0.000000', '21.000', '0.000000', '0.000000', '0.000000', 2, 2, 15, 0, '2020-12-04 13:01:08', '0000-00-00 00:00:00', 1, '2020-12-04 13:01:07', '2020-12-04 13:01:08'),
(51, 'ZMVIYNYPY', 1, 1, 40, 1, 61, 269, 1, 64, 64, 2, '29a4d63962844577a659610161650c77', 'MercadoPago Tools Pro', '1.000000', 'mptoolspro', 0, 0, '', 0, '', '0.000000', '0.000000', '0.000000', '5357.000000', '5357.000000', '4427.270000', '5357.000000', '4427.270000', '5357.000000', '0.000000', '0.000000', '0.000000', '21.000', '0.000000', '0.000000', '0.000000', 2, 2, 16, 0, '2020-12-12 13:15:59', '0000-00-00 00:00:00', 1, '2020-12-10 13:51:42', '2020-12-12 13:16:00'),
(52, 'ICDOJNCVQ', 1, 1, 40, 1, 62, 308, 1, 65, 65, 2, 'cefb44b3af07a2d1811d4bc0a1076c83', 'MercadoPago Tools Pro', '1.000000', 'mptoolspro', 0, 0, '', 0, '', '0.000000', '0.000000', '0.000000', '5000.000000', '5000.000000', '4132.230000', '5000.000000', '4132.230000', '5000.000000', '0.000000', '0.000000', '0.000000', '21.000', '0.000000', '0.000000', '0.000000', 2, 2, 17, 0, '2020-12-21 10:48:57', '0000-00-00 00:00:00', 1, '2020-12-21 10:48:56', '2020-12-21 10:48:57'),
(53, 'PBWZKRIOY', 1, 1, 40, 1, 71, 337, 1, 74, 74, 2, 'a6f3be7c0232544e922ffa8bb28a1df4', 'MercadoPago Tools Pro', '1.000000', 'mptoolspro', 0, 0, '', 0, '', '0.000000', '0.000000', '0.000000', '2690.000000', '2690.000000', '2223.140000', '2690.000000', '2223.140000', '2690.000000', '0.000000', '0.000000', '0.000000', '21.000', '0.000000', '0.000000', '0.000000', 2, 2, 18, 0, '2021-01-12 17:59:50', '0000-00-00 00:00:00', 1, '2021-01-12 17:59:49', '2021-01-12 17:59:50'),
(54, 'DMFLOCSPQ', 1, 1, 40, 1, 75, 346, 1, 77, 77, 2, '1f32a7442dbed29f615cf06310279259', 'MercadoPago Tools Pro', '1.000000', 'mptoolspro', 0, 0, '', 0, '', '0.000000', '0.000000', '0.000000', '4030.000000', '4030.000000', '3330.580000', '4030.000000', '3330.580000', '4030.000000', '0.000000', '0.000000', '0.000000', '21.000', '0.000000', '0.000000', '0.000000', 2, 2, 19, 0, '2021-01-18 21:14:30', '0000-00-00 00:00:00', 1, '2021-01-18 21:14:29', '2021-01-18 21:14:30'),
(55, 'ARHRSBRVM', 1, 1, 40, 1, 79, 355, 1, 79, 79, 2, '97247fe1bf8eb053f203507aafa2739a', 'MercadoPago Tools Pro', '1.000000', 'mptoolspro', 0, 0, '', 0, '', '0.000000', '0.000000', '0.000000', '4030.000000', '4030.000000', '3330.580000', '4030.000000', '3330.580000', '4030.000000', '0.000000', '0.000000', '0.000000', '21.000', '0.000000', '0.000000', '0.000000', 2, 2, 20, 0, '2021-01-25 17:32:57', '0000-00-00 00:00:00', 1, '2021-01-25 17:32:56', '2021-01-25 17:32:57'),
(56, 'KCDDOEWRC', 1, 1, 40, 1, 80, 362, 1, 80, 80, 2, 'a207365626504e3427d176eaf239ca99', 'MercadoPago Tools Pro', '1.000000', 'mptoolspro', 0, 0, '', 0, '', '0.000000', '0.000000', '0.000000', '4440.000000', '4440.000000', '3669.420000', '4440.000000', '3669.420000', '4440.000000', '0.000000', '0.000000', '0.000000', '21.000', '0.000000', '0.000000', '0.000000', 2, 2, 21, 0, '2021-02-01 21:31:24', '0000-00-00 00:00:00', 1, '2021-02-01 21:31:23', '2021-02-01 21:31:24'),
(57, 'VKDUVRDOB', 1, 1, 40, 1, 83, 369, 1, 83, 83, 5, '901d2daeb72ab10998b005e292e642bc', 'Pagos por transferencia bancaria', '1.000000', 'ps_wirepayment', 0, 0, '', 0, '', '0.000000', '0.000000', '0.000000', '2350.000000', '2350.000000', '1942.150000', '2350.000000', '1942.150000', '2350.000000', '0.000000', '0.000000', '0.000000', '21.000', '0.000000', '0.000000', '0.000000', 2, 2, 27, 11, '2021-03-15 10:57:19', '2021-03-15 10:57:19', 1, '2021-02-15 17:18:13', '2021-03-15 10:57:19'),
(58, 'UHIAUMAPQ', 1, 1, 40, 1, 86, 378, 1, 86, 86, 5, '523f99eb84068413c8dce8edf8c14330', 'MercadoPago Tools Pro', '1.000000', 'mptoolspro', 0, 0, '', 0, '', '0.000000', '0.000000', '0.000000', '7350.000000', '7350.000000', '6074.380000', '7350.000000', '6074.380000', '7350.000000', '0.000000', '0.000000', '0.000000', '21.000', '0.000000', '0.000000', '0.000000', 2, 2, 22, 10, '2021-02-25 18:19:21', '2021-03-15 10:57:13', 1, '2021-02-25 18:19:19', '2021-03-15 10:57:13'),
(59, 'NKRVVKLZG', 1, 1, 40, 1, 84, 370, 1, 84, 84, 5, '7178228cdf1e2a1b5580c61867c71c49', 'MercadoPago Tools Pro', '1.000000', 'mptoolspro', 0, 0, '', 0, '', '0.000000', '0.000000', '0.000000', '4030.000000', '4030.000000', '3330.580000', '0.000000', '3330.580000', '4030.000000', '0.000000', '0.000000', '0.000000', '21.000', '0.000000', '0.000000', '0.000000', 2, 2, 26, 9, '2021-03-12 17:17:40', '2021-03-25 10:04:08', 1, '2021-03-10 16:14:32', '2021-03-25 10:04:08'),
(60, 'JSUPRUENE', 1, 1, 40, 1, 88, 390, 1, 87, 87, 5, 'ec1d390e413829e1b6b02299ebb49a8d', 'MercadoPago Tools Pro', '1.000000', 'mptoolspro', 0, 0, '', 0, '', '0.000000', '0.000000', '0.000000', '8370.000000', '8370.000000', '6917.360000', '8370.000000', '6917.360000', '8370.000000', '0.000000', '0.000000', '0.000000', '21.000', '0.000000', '0.000000', '0.000000', 2, 2, 23, 6, '2021-03-11 15:45:30', '2021-03-25 10:03:10', 1, '2021-03-11 14:42:02', '2021-03-25 10:03:10'),
(61, 'TOFDNTEWC', 1, 1, 40, 1, 89, 391, 1, 88, 88, 5, 'a5d33a99d3dac92f6036bee8e78f7e1b', 'MercadoPago Tools Pro', '1.000000', 'mptoolspro', 0, 0, '', 0, '', '0.000000', '0.000000', '0.000000', '3130.000000', '3130.000000', '2586.780000', '3130.000000', '2586.780000', '3130.000000', '0.000000', '0.000000', '0.000000', '21.000', '0.000000', '0.000000', '0.000000', 2, 2, 24, 8, '2021-03-11 16:36:18', '2021-03-22 10:56:01', 1, '2021-03-11 16:36:17', '2021-03-22 10:56:01'),
(62, 'COSQFDFHL', 1, 1, 40, 1, 90, 396, 1, 89, 89, 5, 'dce25ec19a2aa53c6513959ceaa8b549', 'MercadoPago Tools Pro', '1.000000', 'mptoolspro', 0, 0, '', 0, '', '0.000000', '0.000000', '0.000000', '2790.000000', '2790.000000', '2305.790000', '2790.000000', '2305.790000', '2790.000000', '0.000000', '0.000000', '0.000000', '21.000', '0.000000', '0.000000', '0.000000', 2, 2, 25, 7, '2021-03-11 21:28:21', '2021-03-25 10:04:36', 1, '2021-03-11 21:28:21', '2021-03-25 10:04:36'),
(63, 'VLTTALIAR', 1, 1, 40, 1, 91, 403, 1, 90, 90, 5, 'dbec2b3685418059c23800118213f5fc', 'MercadoPago Tools Pro', '1.000000', 'mptoolspro', 0, 0, '', 0, '', '0.000000', '0.000000', '0.000000', '8370.000000', '8370.000000', '6917.360000', '8370.000000', '6917.360000', '8370.000000', '0.000000', '0.000000', '0.000000', '21.000', '0.000000', '0.000000', '0.000000', 2, 2, 28, 12, '2021-03-19 13:13:20', '2021-03-29 14:00:53', 1, '2021-03-19 13:13:19', '2021-03-29 14:00:53'),
(64, 'OHPBEULUX', 1, 1, 40, 1, 92, 408, 1, 91, 91, 5, '8b860ee96d8e1f06f1dbff1565b29819', 'MercadoPago Tools Pro', '1.000000', 'mptoolspro', 0, 0, '', 0, '', '0.000000', '0.000000', '0.000000', '6900.000000', '6900.000000', '5702.480000', '6900.000000', '5702.480000', '6900.000000', '0.000000', '0.000000', '0.000000', '21.000', '0.000000', '0.000000', '0.000000', 2, 2, 29, 13, '2021-03-25 14:56:37', '2021-04-05 14:36:54', 1, '2021-03-25 14:56:36', '2021-04-05 14:36:54'),
(65, 'CBNSTUVXP', 1, 1, 40, 1, 94, 412, 1, 93, 93, 5, 'b7e61db40f598b2464c07a2cd60ad9f0', 'MercadoPago Tools Pro', '1.000000', 'mptoolspro', 0, 0, '', 0, '', '0.000000', '0.000000', '0.000000', '2750.000000', '2750.000000', '2272.730000', '2750.000000', '2272.730000', '2750.000000', '0.000000', '0.000000', '0.000000', '21.000', '0.000000', '0.000000', '0.000000', 2, 2, 30, 14, '2021-03-26 08:48:29', '2021-04-09 14:01:37', 1, '2021-03-26 08:48:29', '2021-04-09 14:01:37'),
(66, 'IAAQDWMFD', 1, 1, 40, 1, 100, 442, 1, 98, 98, 5, '33741ba8f153726cc9d27d814bceeac6', 'MercadoPago Tools Pro', '1.000000', 'mptoolspro', 0, 0, '', 0, '', '0.000000', '0.000000', '0.000000', '5500.000000', '5500.000000', '4545.450000', '5500.000000', '4545.450000', '5500.000000', '0.000000', '0.000000', '0.000000', '21.000', '0.000000', '0.000000', '0.000000', 2, 2, 31, 15, '2021-05-04 15:30:56', '2021-05-18 10:30:23', 1, '2021-05-04 15:30:55', '2021-05-18 10:30:23'),
(67, 'YNGXNYXGY', 1, 1, 40, 1, 102, 448, 1, 101, 99, 5, 'f64640b61ea423193cf23645ff0e4518', 'MercadoPago Tools Pro', '1.000000', 'mptoolspro', 0, 0, '', 0, '', '0.000000', '0.000000', '0.000000', '2750.000000', '2750.000000', '2272.730000', '2750.000000', '2272.730000', '2750.000000', '0.000000', '0.000000', '0.000000', '21.000', '0.000000', '0.000000', '0.000000', 2, 2, 32, 16, '2021-05-10 12:35:59', '2021-05-18 10:30:30', 1, '2021-05-10 12:35:58', '2021-05-18 10:30:30'),
(68, 'NXAPCLDVS', 1, 1, 40, 1, 109, 471, 1, 104, 104, 5, '931b74139a4169d4ed802edbbe85a99c', 'MercadoPago Tools Pro', '1.000000', 'mptoolspro', 0, 0, '', 0, '', '0.000000', '0.000000', '0.000000', '3460.000000', '3460.000000', '2859.500000', '3460.000000', '2859.500000', '3460.000000', '0.000000', '0.000000', '0.000000', '21.000', '0.000000', '0.000000', '0.000000', 2, 2, 33, 17, '2021-05-29 23:43:41', '2021-06-10 09:33:14', 1, '2021-05-29 23:43:39', '2021-06-10 09:33:14'),
(69, 'KXWPAXPPJ', 1, 1, 40, 1, 116, 497, 1, 107, 107, 5, '59c1074aa4a1ff80b6b9129deededc13', 'Pagos por transferencia bancaria', '1.000000', 'ps_wirepayment', 0, 0, '', 0, '', '0.000000', '0.000000', '0.000000', '4370.000000', '4370.000000', '3611.570000', '4370.000000', '3611.570000', '4370.000000', '0.000000', '0.000000', '0.000000', '21.000', '0.000000', '0.000000', '0.000000', 2, 2, 34, 18, '2021-07-15 10:24:24', '2021-07-26 14:44:10', 1, '2021-07-09 20:44:27', '2021-07-26 14:44:11'),
(70, 'BFQDBUPTT', 1, 1, 40, 1, 120, 521, 1, 110, 110, 5, 'e3777d92365b3d04c02317883091b245', 'MercadoPago Tools Pro', '1.000000', 'mptoolspro', 0, 0, '', 0, '', '0.000000', '0.000000', '0.000000', '10650.000000', '10650.000000', '8801.650000', '10650.000000', '8801.650000', '10650.000000', '0.000000', '0.000000', '0.000000', '21.000', '0.000000', '0.000000', '0.000000', 2, 2, 35, 19, '2021-07-28 21:06:08', '2021-08-20 11:22:37', 1, '2021-07-28 21:06:07', '2021-08-20 11:22:37'),
(71, 'IIIIEKJAF', 1, 1, 40, 1, 118, 519, 1, 109, 109, 5, '44d437f69dceb3258b921267cb306117', 'Pagos por transferencia bancaria', '1.000000', 'ps_wirepayment', 0, 0, '', 0, '', '0.000000', '0.000000', '0.000000', '4910.000000', '4910.000000', '4057.850000', '4910.000000', '4057.850000', '4910.000000', '0.000000', '0.000000', '0.000000', '21.000', '0.000000', '0.000000', '0.000000', 2, 2, 37, 20, '2021-08-09 12:44:54', '2021-08-20 11:22:45', 1, '2021-08-05 02:27:14', '2021-08-20 11:22:45'),
(72, 'JDIOGORJL', 1, 1, 40, 1, 121, 529, 1, 111, 111, 5, 'ac6f5ad22450fab36c3a02ee89b0a217', 'MercadoPago Tools Pro', '1.000000', 'mptoolspro', 0, 0, '', 0, '', '0.000000', '0.000000', '0.000000', '4000.000000', '4000.000000', '3305.790000', '4000.000000', '3305.790000', '4000.000000', '0.000000', '0.000000', '0.000000', '21.000', '0.000000', '0.000000', '0.000000', 2, 2, 36, 21, '2021-08-07 17:28:41', '2021-08-24 08:17:13', 1, '2021-08-07 17:28:39', '2021-08-24 08:17:13'),
(73, 'ZDTHURQFL', 1, 1, 40, 1, 124, 544, 1, 112, 112, 5, '504f38ba391055ead4acd3c411a96d09', 'MercadoPago Tools Pro', '1.000000', 'mptoolspro', 0, 0, '', 0, '', '0.000000', '0.000000', '0.000000', '4570.000000', '4570.000000', '3776.860000', '4570.000000', '3776.860000', '4570.000000', '0.000000', '0.000000', '0.000000', '21.000', '0.000000', '0.000000', '0.000000', 2, 2, 38, 22, '2021-08-28 14:33:02', '2021-09-08 09:08:22', 1, '2021-08-28 14:33:02', '2021-09-08 09:08:22'),
(74, 'FMQRQHNGU', 1, 1, 40, 1, 130, 569, 1, 116, 116, 6, 'f18dd9bf6ad7126e54c0b0d6791f2f5f', 'MercadoPago Tools Pro', '1.000000', 'mptoolspro', 0, 0, '', 0, '', '0.000000', '0.000000', '0.000000', '17498.000000', '17498.000000', '14461.160000', '17498.000000', '14461.160000', '17498.000000', '0.000000', '0.000000', '0.000000', '21.000', '0.000000', '0.000000', '0.000000', 2, 2, 39, 23, '2021-09-27 20:23:46', '2021-10-05 11:24:12', 0, '2021-09-27 20:23:45', '2021-10-05 16:03:15'),
(75, 'JHJBAUIUN', 1, 1, 40, 1, 131, 567, 1, 117, 117, 6, '78a4bf3b5bf5893fb24030f1083f8166', 'Pagos por transferencia bancaria', '1.000000', 'ps_wirepayment', 0, 0, '', 0, '', '0.000000', '0.000000', '0.000000', '0.000000', '0.000000', '0.000000', '0.000000', '0.000000', '0.000000', '0.000000', '0.000000', '0.000000', '21.000', '0.000000', '0.000000', '0.000000', 2, 2, 0, 0, '0000-00-00 00:00:00', '0000-00-00 00:00:00', 0, '2021-09-28 11:25:16', '2022-01-03 14:19:27'),
(76, 'MGZAGJRZK', 1, 1, 40, 1, 134, 578, 1, 119, 119, 10, '9bfbb54779b18fb06b802c3a0be27dc9', 'Pagos por transferencia bancaria', '1.000000', 'ps_wirepayment', 0, 0, '', 0, '', '0.000000', '0.000000', '0.000000', '7200.000000', '7200.000000', '5950.410000', '0.000000', '5950.410000', '7200.000000', '0.000000', '0.000000', '0.000000', '21.000', '0.000000', '0.000000', '0.000000', 2, 2, 0, 0, '0000-00-00 00:00:00', '0000-00-00 00:00:00', 0, '2021-10-04 01:58:20', '2021-10-04 01:58:22'),
(77, 'EPJEFHSJJ', 1, 1, 40, 1, 135, 584, 1, 120, 120, 5, 'e7bd38f9b536b76ed488e849292394da', 'MercadoPago Tools Pro', '1.000000', 'mptoolspro', 0, 0, '', 0, '', '0.000000', '0.000000', '0.000000', '3550.000000', '3550.000000', '2933.880000', '3550.000000', '2933.880000', '3550.000000', '0.000000', '0.000000', '0.000000', '21.000', '0.000000', '0.000000', '0.000000', 2, 2, 40, 24, '2021-10-06 15:11:02', '2021-10-25 09:11:39', 1, '2021-10-06 15:11:02', '2021-10-25 09:11:39'),
(78, 'TXEXTLNSY', 1, 1, 40, 1, 138, 588, 1, 122, 122, 10, '494e5085485b290f01a5867548e3dc61', 'Pagos por transferencia bancaria', '1.000000', 'ps_wirepayment', 0, 0, '', 0, '', '0.000000', '0.000000', '0.000000', '3990.000000', '3990.000000', '3297.520000', '0.000000', '3297.520000', '3990.000000', '0.000000', '0.000000', '0.000000', '21.000', '0.000000', '0.000000', '0.000000', 2, 2, 0, 0, '0000-00-00 00:00:00', '0000-00-00 00:00:00', 0, '2021-10-13 11:55:07', '2021-10-13 11:55:08'),
(79, 'AAFQQSUGZ', 1, 1, 40, 1, 139, 602, 1, 123, 123, 5, '02ac8f736d8c95bc45f163a877a62468', 'MercadoPago Tools Pro', '1.000000', 'mptoolspro', 0, 0, '', 0, '', '0.000000', '0.000000', '0.000000', '8890.000000', '8890.000000', '7347.110000', '8890.000000', '7347.110000', '8890.000000', '0.000000', '0.000000', '0.000000', '21.000', '0.000000', '0.000000', '0.000000', 2, 2, 41, 25, '2021-10-22 14:59:26', '2021-12-23 09:57:37', 1, '2021-10-22 14:59:26', '2021-12-23 09:57:37'),
(80, 'ETYBFFHMS', 1, 1, 40, 1, 141, 606, 1, 124, 124, 2, 'e6ab68f8d35d72ee7cb1026b5b33fb6d', 'MercadoPago Tools Pro', '1.000000', 'mptoolspro', 0, 0, '', 0, '', '0.000000', '0.000000', '0.000000', '0.000000', '0.000000', '0.000000', '3990.000000', '0.000000', '0.000000', '0.000000', '0.000000', '0.000000', '21.000', '0.000000', '0.000000', '0.000000', 2, 2, 42, 0, '2021-10-25 11:15:43', '0000-00-00 00:00:00', 1, '2021-10-25 11:15:42', '2021-12-23 09:57:53'),
(81, 'ITFHAHIUE', 1, 1, 40, 1, 138, 619, 1, 122, 122, 10, '494e5085485b290f01a5867548e3dc61', 'Pagos por transferencia bancaria', '1.000000', 'ps_wirepayment', 0, 0, '', 0, '', '0.000000', '0.000000', '0.000000', '4190.000000', '4190.000000', '3462.810000', '0.000000', '3462.810000', '4190.000000', '0.000000', '0.000000', '0.000000', '21.000', '0.000000', '0.000000', '0.000000', 2, 2, 0, 0, '0000-00-00 00:00:00', '0000-00-00 00:00:00', 0, '2021-11-03 11:26:53', '2021-11-03 11:26:53'),
(82, 'VSTJWNIAL', 1, 1, 40, 1, 145, 626, 1, 126, 126, 5, '96fba89176497e7e25108bb3d5c6451c', 'MercadoPago Tools Pro', '1.000000', 'mptoolspro', 0, 0, '', 0, '', '0.000000', '0.000000', '0.000000', '4370.000000', '4370.000000', '3611.570000', '4370.000000', '3611.570000', '4370.000000', '0.000000', '0.000000', '0.000000', '21.000', '0.000000', '0.000000', '0.000000', 2, 2, 43, 26, '2021-11-06 17:32:36', '2021-12-23 09:57:28', 1, '2021-11-06 17:32:35', '2021-12-23 09:57:28'),
(83, 'MSQNBSHIT', 1, 1, 40, 1, 146, 629, 1, 127, 127, 6, '51436e3075322e6c79b35cfac00234af', 'Pagos por transferencia bancaria', '1.000000', 'ps_wirepayment', 0, 0, '', 0, '', '0.000000', '0.000000', '0.000000', '0.000000', '0.000000', '0.000000', '0.000000', '0.000000', '0.000000', '0.000000', '0.000000', '0.000000', '21.000', '0.000000', '0.000000', '0.000000', 2, 2, 0, 0, '0000-00-00 00:00:00', '0000-00-00 00:00:00', 0, '2021-11-09 11:51:15', '2022-01-03 14:19:01'),
(84, 'GZMPPTDJE', 1, 1, 40, 1, 147, 624, 1, 128, 128, 5, '83115b7060ae7649c772583c10315c7d', 'Pagos por transferencia bancaria', '1.000000', 'ps_wirepayment', 0, 0, '', 0, '', '0.000000', '0.000000', '0.000000', '7540.000000', '7540.000000', '6231.410000', '7540.000000', '6231.410000', '7540.000000', '0.000000', '0.000000', '0.000000', '21.000', '0.000000', '0.000000', '0.000000', 2, 2, 44, 27, '2021-11-09 13:31:49', '2021-12-23 09:57:19', 1, '2021-11-09 12:58:57', '2021-12-23 09:57:19'),
(85, 'VIQERACKO', 1, 1, 40, 1, 138, 623, 1, 122, 122, 10, '494e5085485b290f01a5867548e3dc61', 'Pagos por transferencia bancaria', '1.000000', 'ps_wirepayment', 0, 0, '', 0, '', '0.000000', '0.000000', '0.000000', '13980.000000', '13980.000000', '11553.720000', '0.000000', '11553.720000', '13980.000000', '0.000000', '0.000000', '0.000000', '21.000', '0.000000', '0.000000', '0.000000', 2, 2, 0, 0, '0000-00-00 00:00:00', '0000-00-00 00:00:00', 0, '2021-11-15 08:28:57', '2021-11-15 08:28:59'),
(86, 'KOHJBCBGM', 1, 1, 40, 1, 141, 631, 1, 124, 124, 6, 'e6ab68f8d35d72ee7cb1026b5b33fb6d', 'Pagos por transferencia bancaria', '1.000000', 'ps_wirepayment', 0, 0, '', 0, '', '0.000000', '0.000000', '0.000000', '0.000000', '0.000000', '0.000000', '0.000000', '0.000000', '0.000000', '0.000000', '0.000000', '0.000000', '21.000', '0.000000', '0.000000', '0.000000', 2, 2, 0, 0, '0000-00-00 00:00:00', '0000-00-00 00:00:00', 0, '2021-11-19 12:28:30', '2021-11-26 15:42:20'),
(87, 'JYINAEMOE', 1, 1, 40, 1, 150, 646, 1, 132, 132, 5, 'c8035b0426dcbda23729d70f1d8cf802', 'MercadoPago Tools Pro', '1.000000', 'mptoolspro', 0, 0, '', 0, '', '0.000000', '0.000000', '0.000000', '6060.000000', '6060.000000', '5008.260000', '6060.000000', '5008.260000', '6060.000000', '0.000000', '0.000000', '0.000000', '21.000', '0.000000', '0.000000', '0.000000', 2, 2, 45, 28, '2021-11-24 12:30:41', '2021-12-16 13:24:34', 1, '2021-11-24 12:30:41', '2021-12-16 13:24:34'),
(88, 'RKAUUZDTO', 1, 1, 40, 1, 151, 647, 1, 133, 133, 5, '341967568fde2167601bf6c6b7b47def', 'MercadoPago Tools Pro', '1.000000', 'mptoolspro', 0, 0, '', 0, '', '0.000000', '0.000000', '0.000000', '7220.000000', '7220.000000', '5966.940000', '7220.000000', '5966.940000', '7220.000000', '0.000000', '0.000000', '0.000000', '21.000', '0.000000', '0.000000', '0.000000', 2, 2, 46, 29, '2021-11-26 22:37:01', '2021-12-16 13:24:47', 1, '2021-11-26 22:36:59', '2021-12-16 13:24:47'),
(89, 'RHTLVMCCL', 1, 1, 40, 1, 153, 652, 1, 136, 136, 5, 'ca1e51d56391907759f9b6daf21fc67f', 'MercadoPago Tools Pro', '1.000000', 'mptoolspro', 0, 0, '', 0, '', '0.000000', '0.000000', '0.000000', '6460.000000', '6460.000000', '5338.840000', '6460.000000', '5338.840000', '6460.000000', '0.000000', '0.000000', '0.000000', '21.000', '0.000000', '0.000000', '0.000000', 2, 2, 47, 30, '2021-11-28 22:16:28', '2021-12-16 13:24:57', 1, '2021-11-28 22:16:27', '2021-12-16 13:24:57'),
(90, 'QOWTWMZUH', 1, 1, 40, 1, 156, 662, 1, 139, 139, 5, '316eff4bb11e72ef4004fb0cae0d9b96', 'MercadoPago Tools Pro', '1.000000', 'mptoolspro', 0, 0, '', 0, '', '0.000000', '0.000000', '0.000000', '6120.000000', '6120.000000', '5057.850000', '6120.000000', '5057.850000', '6120.000000', '0.000000', '0.000000', '0.000000', '21.000', '0.000000', '0.000000', '0.000000', 2, 2, 48, 31, '2021-12-13 17:39:20', '2021-12-21 15:01:00', 1, '2021-12-13 17:39:18', '2021-12-21 15:01:01'),
(91, 'ZUFKPCAXO', 1, 1, 40, 1, 157, 667, 1, 140, 140, 5, '42b121fad7f19b849e17e4475c360db7', 'MercadoPago Tools Pro', '1.000000', 'mptoolspro', 0, 0, '', 0, '', '0.000000', '0.000000', '0.000000', '8890.000000', '8890.000000', '7347.110000', '8890.000000', '7347.110000', '8890.000000', '0.000000', '0.000000', '0.000000', '21.000', '0.000000', '0.000000', '0.000000', 2, 2, 49, 32, '2021-12-14 11:58:38', '2021-12-23 09:55:50', 1, '2021-12-14 11:58:33', '2021-12-23 09:55:50'),
(92, 'SJDIAVFMP', 1, 1, 40, 1, 163, 695, 1, 144, 144, 5, 'ba5672e922d545591ebb26d782703fd8', 'MercadoPago Tools Pro', '1.000000', 'mptoolspro', 0, 0, '', 0, '', '0.000000', '0.000000', '0.000000', '6400.000000', '6400.000000', '5289.260000', '6400.000000', '5289.260000', '6400.000000', '0.000000', '0.000000', '0.000000', '21.000', '0.000000', '0.000000', '0.000000', 2, 2, 50, 33, '2021-12-31 10:48:15', '2022-01-21 12:47:19', 1, '2021-12-31 10:48:15', '2022-01-21 12:47:19'),
(93, 'XZENOJZNI', 1, 1, 40, 1, 165, 698, 1, 145, 145, 6, '2bcb6c238787f02ee1f0ba97472583da', 'MercadoPago Tools Pro', '1.000000', 'mptoolspro', 0, 0, '', 0, '', '0.000000', '0.000000', '0.000000', '0.000000', '0.000000', '0.000000', '0.000000', '0.000000', '0.000000', '0.000000', '0.000000', '0.000000', '21.000', '0.000000', '0.000000', '0.000000', 2, 2, 0, 0, '0000-00-00 00:00:00', '0000-00-00 00:00:00', 0, '2022-01-03 13:22:01', '2022-01-03 14:18:27'),
(94, 'MBUFEKZQV', 1, 1, 40, 1, 165, 699, 1, 145, 145, 5, '2bcb6c238787f02ee1f0ba97472583da', 'MercadoPago Tools Pro', '1.000000', 'mptoolspro', 0, 0, '', 0, '', '0.000000', '0.000000', '0.000000', '7300.000000', '7300.000000', '6033.060000', '7300.000000', '6033.060000', '7300.000000', '0.000000', '0.000000', '0.000000', '21.000', '0.000000', '0.000000', '0.000000', 2, 2, 51, 34, '2022-01-03 13:26:26', '2022-01-21 12:47:38', 1, '2022-01-03 13:26:26', '2022-01-21 12:47:38'),
(95, 'TTZGWWALP', 1, 1, 40, 1, 166, 694, 1, 146, 146, 6, '9f1249154a535b3d1b0440e14c133fbd', 'Pagos por transferencia bancaria', '1.000000', 'ps_wirepayment', 0, 0, '', 0, '', '0.000000', '0.000000', '0.000000', '0.000000', '0.000000', '0.000000', '0.000000', '0.000000', '0.000000', '0.000000', '0.000000', '0.000000', '21.000', '0.000000', '0.000000', '0.000000', 2, 2, 0, 0, '0000-00-00 00:00:00', '0000-00-00 00:00:00', 0, '2022-01-03 15:43:26', '2022-01-05 09:38:56'),
(96, 'FOWWKBIBL', 1, 1, 40, 1, 169, 727, 1, 148, 148, 5, '1853ca0263bc7f0111161b940493c75b', 'MercadoPago Tools Pro', '1.000000', 'mptoolspro', 0, 0, '', 0, '', '0.000000', '0.000000', '0.000000', '8000.000000', '8000.000000', '6611.570000', '8000.000000', '6611.570000', '8000.000000', '0.000000', '0.000000', '0.000000', '21.000', '0.000000', '0.000000', '0.000000', 2, 2, 52, 35, '2022-01-10 11:28:12', '2022-01-10 16:28:06', 1, '2022-01-10 11:28:12', '2022-01-10 16:28:06'),
(97, 'DCLBQWGHD', 1, 1, 40, 1, 170, 730, 1, 149, 149, 5, '6d2a183d2378895f2a311ad5a81651f5', 'MercadoPago Tools Pro', '1.000000', 'mptoolspro', 0, 0, '', 0, '', '0.000000', '0.000000', '0.000000', '5900.000000', '5900.000000', '4876.030000', '5900.000000', '4876.030000', '5900.000000', '0.000000', '0.000000', '0.000000', '21.000', '0.000000', '0.000000', '0.000000', 2, 2, 53, 36, '2022-01-11 12:15:28', '2022-01-21 12:50:51', 1, '2022-01-11 12:15:28', '2022-01-21 12:50:51'),
(98, 'ACRBJTGFS', 1, 1, 40, 1, 171, 737, 1, 151, 151, 5, '4d465196d025178222db093a33b52578', 'MercadoPago Tools Pro', '1.000000', 'mptoolspro', 0, 0, '', 0, '', '0.000000', '0.000000', '0.000000', '10800.000000', '10800.000000', '8925.620000', '10800.000000', '8925.620000', '10800.000000', '0.000000', '0.000000', '0.000000', '21.000', '0.000000', '0.000000', '0.000000', 2, 2, 54, 37, '2022-01-18 09:53:07', '2022-01-25 13:52:52', 1, '2022-01-18 09:53:07', '2022-01-25 13:52:52'),
(99, 'RQITTWZWD', 1, 1, 40, 1, 172, 743, 1, 152, 152, 6, '9da757be9786e3b819dd402710ce6510', 'MercadoPago Tools Pro', '1.000000', 'mptoolspro', 0, 0, '', 0, '', '0.000000', '0.000000', '0.000000', '0.000000', '0.000000', '0.000000', '0.000000', '0.000000', '0.000000', '0.000000', '0.000000', '0.000000', '21.000', '0.000000', '0.000000', '0.000000', 2, 2, 0, 0, '0000-00-00 00:00:00', '0000-00-00 00:00:00', 0, '2022-01-21 10:10:15', '2022-01-25 08:35:55'),
(100, 'ZLKTNFBEP', 1, 1, 40, 1, 173, 753, 1, 153, 153, 6, '35e2f212c0dd2d65b1322568b925f37d', 'Pagos por transferencia bancaria', '1.000000', 'ps_wirepayment', 0, 0, '', 0, '', '0.000000', '0.000000', '0.000000', '0.000000', '0.000000', '0.000000', '0.000000', '0.000000', '0.000000', '0.000000', '0.000000', '0.000000', '21.000', '0.000000', '0.000000', '0.000000', 2, 2, 0, 0, '0000-00-00 00:00:00', '0000-00-00 00:00:00', 0, '2022-02-01 15:59:19', '2022-02-07 08:46:41'),
(101, 'WOPKNQRQI', 1, 1, 40, 1, 173, 752, 1, 153, 153, 6, '35e2f212c0dd2d65b1322568b925f37d', 'Pagos por transferencia bancaria', '1.000000', 'ps_wirepayment', 0, 0, '', 0, '', '0.000000', '0.000000', '0.000000', '0.000000', '0.000000', '0.000000', '0.000000', '0.000000', '0.000000', '0.000000', '0.000000', '0.000000', '21.000', '0.000000', '0.000000', '0.000000', 2, 2, 0, 0, '0000-00-00 00:00:00', '0000-00-00 00:00:00', 0, '2022-02-01 15:59:24', '2022-02-03 09:33:20'),
(102, 'KOJVKSFZJ', 1, 1, 40, 1, 176, 771, 1, 155, 155, 5, 'c26c89922795cfc111f99feffbbf77a3', 'MercadoPago Tools Pro', '1.000000', 'mptoolspro', 0, 0, '', 0, '', '0.000000', '0.000000', '0.000000', '12600.000000', '12600.000000', '10413.220000', '12600.000000', '10413.220000', '12600.000000', '0.000000', '0.000000', '0.000000', '21.000', '0.000000', '0.000000', '0.000000', 2, 2, 55, 38, '2022-02-15 11:37:54', '2022-03-04 14:51:11', 1, '2022-02-15 11:37:54', '2022-03-04 14:51:11'),
(103, 'UKEXQRHWQ', 1, 1, 40, 1, 91, 780, 1, 90, 90, 5, 'dbec2b3685418059c23800118213f5fc', 'MercadoPago Tools Pro', '1.000000', 'mptoolspro', 0, 0, '', 0, '', '0.000000', '0.000000', '0.000000', '12600.000000', '12600.000000', '10413.220000', '12600.000000', '10413.220000', '12600.000000', '0.000000', '0.000000', '0.000000', '21.000', '0.000000', '0.000000', '0.000000', 2, 2, 56, 39, '2022-02-21 12:01:27', '2022-03-04 14:51:02', 1, '2022-02-21 12:01:26', '2022-03-04 14:51:02');
INSERT INTO `ps_orders` (`id_order`, `reference`, `id_shop_group`, `id_shop`, `id_carrier`, `id_lang`, `id_customer`, `id_cart`, `id_currency`, `id_address_delivery`, `id_address_invoice`, `current_state`, `secure_key`, `payment`, `conversion_rate`, `module`, `recyclable`, `gift`, `gift_message`, `mobile_theme`, `shipping_number`, `total_discounts`, `total_discounts_tax_incl`, `total_discounts_tax_excl`, `total_paid`, `total_paid_tax_incl`, `total_paid_tax_excl`, `total_paid_real`, `total_products`, `total_products_wt`, `total_shipping`, `total_shipping_tax_incl`, `total_shipping_tax_excl`, `carrier_tax_rate`, `total_wrapping`, `total_wrapping_tax_incl`, `total_wrapping_tax_excl`, `round_mode`, `round_type`, `invoice_number`, `delivery_number`, `invoice_date`, `delivery_date`, `valid`, `date_add`, `date_upd`) VALUES
(104, 'HKWUGWETT', 1, 1, 40, 1, 179, 781, 1, 158, 158, 5, '955c8eb71eaab1e60920f4474d1399f7', 'MercadoPago Tools Pro', '1.000000', 'mptoolspro', 0, 0, '', 0, '', '0.000000', '0.000000', '0.000000', '6600.000000', '6600.000000', '5454.550000', '6600.000000', '5454.550000', '6600.000000', '0.000000', '0.000000', '0.000000', '21.000', '0.000000', '0.000000', '0.000000', 2, 2, 57, 40, '2022-02-24 21:32:44', '2022-03-04 14:50:54', 1, '2022-02-24 21:32:44', '2022-03-04 14:50:54'),
(105, 'FNMXBHWWO', 1, 1, 40, 1, 181, 787, 1, 160, 160, 5, '5666686f8d669a6342c28a44ca957d35', 'MercadoPago Tools Pro', '1.000000', 'mptoolspro', 0, 0, '', 0, '', '0.000000', '0.000000', '0.000000', '9250.000000', '9250.000000', '7644.630000', '9250.000000', '7644.630000', '9250.000000', '0.000000', '0.000000', '0.000000', '21.000', '0.000000', '0.000000', '0.000000', 2, 2, 58, 41, '2022-03-03 19:05:18', '2022-03-09 09:45:34', 1, '2022-03-03 19:05:17', '2022-03-09 09:45:34'),
(106, 'IDPMFPPHY', 1, 1, 40, 1, 190, 833, 1, 167, 167, 5, '7f59afa08b3525a92465cfde336238c8', 'MercadoPago Tools Pro', '1.000000', 'mptoolspro', 0, 0, '', 0, '', '0.000000', '0.000000', '0.000000', '7750.000000', '7750.000000', '6404.960000', '7750.000000', '6404.960000', '7750.000000', '0.000000', '0.000000', '0.000000', '21.000', '0.000000', '0.000000', '0.000000', 2, 2, 59, 42, '2022-04-14 14:24:56', '2022-04-20 09:18:20', 1, '2022-04-14 14:24:55', '2022-04-20 09:18:20'),
(107, 'BQWVIOMWQ', 1, 1, 40, 1, 192, 836, 1, 169, 169, 6, '02fff03960e6b085767d5bf55876255a', 'MercadoPago Tools Pro', '1.000000', 'mptoolspro', 0, 0, '', 0, '', '0.000000', '0.000000', '0.000000', '0.000000', '0.000000', '0.000000', '0.000000', '0.000000', '0.000000', '0.000000', '0.000000', '0.000000', '21.000', '0.000000', '0.000000', '0.000000', 2, 2, 0, 0, '0000-00-00 00:00:00', '0000-00-00 00:00:00', 0, '2022-04-18 18:42:47', '2022-04-19 08:38:02'),
(108, 'MWACKEJSD', 1, 1, 40, 1, 192, 839, 1, 169, 169, 5, '02fff03960e6b085767d5bf55876255a', 'MercadoPago Tools Pro', '1.000000', 'mptoolspro', 0, 0, '', 0, '', '0.000000', '0.000000', '0.000000', '4050.000000', '4050.000000', '3347.110000', '4050.000000', '3347.110000', '4050.000000', '0.000000', '0.000000', '0.000000', '21.000', '0.000000', '0.000000', '0.000000', 2, 2, 60, 43, '2022-04-18 19:01:40', '2022-05-02 15:27:19', 1, '2022-04-18 19:01:40', '2022-05-02 15:27:19'),
(109, 'WLZQYHRQK', 1, 1, 40, 1, 194, 866, 1, 170, 170, 5, 'da855098f17080c419609191e6089e80', 'MercadoPago Tools Pro', '1.000000', 'mptoolspro', 0, 0, '', 0, '', '0.000000', '0.000000', '0.000000', '5080.000000', '5080.000000', '4198.350000', '5080.000000', '4198.350000', '5080.000000', '0.000000', '0.000000', '0.000000', '21.000', '0.000000', '0.000000', '0.000000', 2, 2, 61, 44, '2022-05-22 21:31:30', '2022-06-01 08:57:24', 1, '2022-05-22 21:31:30', '2022-06-01 08:57:24'),
(110, 'XVZNWIXCE', 1, 1, 40, 1, 197, 875, 1, 172, 172, 5, 'ba306e7aa980ef0dcd0fa9efe39aacb3', 'MercadoPago Tools Pro', '1.000000', 'mptoolspro', 0, 0, '', 0, '', '0.000000', '0.000000', '0.000000', '9850.000000', '9850.000000', '8140.500000', '9850.000000', '8140.500000', '9850.000000', '0.000000', '0.000000', '0.000000', '21.000', '0.000000', '0.000000', '0.000000', 2, 2, 62, 45, '2022-06-06 21:18:39', '2022-06-14 17:24:49', 1, '2022-06-06 21:18:38', '2022-06-14 17:24:49'),
(111, 'VCAGYCUYS', 1, 1, 40, 1, 120, 879, 1, 110, 110, 5, 'e3777d92365b3d04c02317883091b245', 'MercadoPago Tools Pro', '1.000000', 'mptoolspro', 0, 0, '', 0, '', '0.000000', '0.000000', '0.000000', '15240.000000', '15240.000000', '12595.040000', '15240.000000', '12595.040000', '15240.000000', '0.000000', '0.000000', '0.000000', '21.000', '0.000000', '0.000000', '0.000000', 2, 2, 63, 46, '2022-06-09 21:23:57', '2022-06-16 09:27:22', 1, '2022-06-09 21:23:57', '2022-06-16 09:27:22'),
(112, 'PTHYBLENQ', 1, 1, 40, 1, 199, 880, 1, 175, 175, 6, 'c67ebfc059c4d7f84262137c81ff70d5', 'MercadoPago Tools Pro', '1.000000', 'mptoolspro', 0, 0, '', 0, '', '0.000000', '0.000000', '0.000000', '0.000000', '0.000000', '0.000000', '0.000000', '0.000000', '0.000000', '0.000000', '0.000000', '0.000000', '21.000', '0.000000', '0.000000', '0.000000', 2, 2, 0, 0, '0000-00-00 00:00:00', '0000-00-00 00:00:00', 0, '2022-06-11 19:31:47', '2022-06-13 08:55:49'),
(113, 'XDMQDXCPD', 1, 1, 40, 1, 200, 893, 1, 176, 176, 5, '7bd6767a38eb648e697fbadde8364194', 'MercadoPago Tools Pro', '1.000000', 'mptoolspro', 0, 0, '', 0, '', '0.000000', '0.000000', '0.000000', '10050.000000', '10050.000000', '8305.790000', '10050.000000', '8305.790000', '10050.000000', '0.000000', '0.000000', '0.000000', '21.000', '0.000000', '0.000000', '0.000000', 2, 2, 64, 47, '2022-06-23 12:35:43', '2022-06-28 15:24:47', 1, '2022-06-23 12:35:43', '2022-06-28 15:24:47'),
(114, 'PZGAOYGMU', 1, 1, 40, 1, 201, 916, 1, 177, 177, 6, 'f959e8a866fa0e72a7ebdc6948e7a451', 'Pagos por transferencia bancaria', '1.000000', 'ps_wirepayment', 0, 0, '', 0, '', '0.000000', '0.000000', '0.000000', '12.100000', '12.100000', '10.000000', '0.000000', '10.000000', '12.100000', '0.000000', '0.000000', '0.000000', '21.000', '0.000000', '0.000000', '0.000000', 2, 2, 0, 0, '0000-00-00 00:00:00', '0000-00-00 00:00:00', 0, '2022-07-14 13:06:14', '2022-07-14 14:41:28'),
(115, 'MDADGOLAM', 1, 1, 40, 1, 202, 917, 1, 178, 178, 6, 'ae44762f91f2854a63059828f6291231', 'MercadoPago Tools Pro', '1.000000', 'mptoolspro', 0, 0, '', 0, '', '0.000000', '0.000000', '0.000000', '12.100000', '12.100000', '10.000000', '12.100000', '10.000000', '12.100000', '0.000000', '0.000000', '0.000000', '21.000', '0.000000', '0.000000', '0.000000', 2, 2, 65, 0, '2022-07-14 13:08:43', '0000-00-00 00:00:00', 0, '2022-07-14 13:08:43', '2022-07-14 14:41:13');

-- --------------------------------------------------------

--
-- Estructura de tabla para la tabla `ps_order_carrier`
--

CREATE TABLE `ps_order_carrier` (
  `id_order_carrier` int(11) NOT NULL,
  `id_order` int(11) UNSIGNED NOT NULL,
  `id_carrier` int(11) UNSIGNED NOT NULL,
  `id_order_invoice` int(11) UNSIGNED DEFAULT NULL,
  `weight` decimal(20,6) DEFAULT NULL,
  `shipping_cost_tax_excl` decimal(20,6) DEFAULT NULL,
  `shipping_cost_tax_incl` decimal(20,6) DEFAULT NULL,
  `tracking_number` varchar(64) DEFAULT NULL,
  `date_add` datetime NOT NULL
) ENGINE=InnoDB DEFAULT CHARSET=utf8;

--
-- Volcado de datos para la tabla `ps_order_carrier`
--

INSERT INTO `ps_order_carrier` (`id_order_carrier`, `id_order`, `id_carrier`, `id_order_invoice`, `weight`, `shipping_cost_tax_excl`, `shipping_cost_tax_incl`, `tracking_number`, `date_add`) VALUES
(1, 2, 4, 0, '0.000000', '349.990000', '349.990000', '', '2020-05-21 10:27:45'),
(2, 3, 9, 1, '0.000000', '0.000000', '0.000000', '', '2020-05-21 12:30:52'),
(3, 4, 9, 4, '0.000000', '0.000000', '0.000000', '', '2020-05-21 18:08:18'),
(4, 5, 20, 0, '0.000000', '0.000000', '0.000000', '', '2020-06-02 00:20:12'),
(5, 6, 23, 0, '0.000000', '0.000000', '0.000000', '', '2020-06-11 15:41:29'),
(6, 7, 23, 0, '0.000000', '0.000000', '0.000000', '', '2020-06-15 18:06:08'),
(7, 8, 23, 0, '0.000000', '0.000000', '0.000000', '', '2020-06-15 19:37:04'),
(8, 9, 33, 0, '0.000000', '345.000000', '417.450000', '', '2020-06-16 12:38:40'),
(9, 10, 33, 0, '0.500000', '319.000000', '385.990000', '', '2020-06-16 17:06:52'),
(10, 11, 39, 2, '1.000000', '293.500000', '355.140000', '', '2020-06-23 10:46:55'),
(11, 12, 39, 3, '1.500000', '293.500000', '355.140000', '', '2020-06-25 15:46:47'),
(12, 13, 39, 5, '1.000000', '293.500000', '355.140000', '', '2020-07-05 01:30:53'),
(13, 14, 39, 6, '0.250000', '244.500000', '295.850000', '', '2020-07-18 16:00:09'),
(14, 15, 39, 7, '0.750000', '263.500000', '318.840000', '', '2020-07-29 20:05:14'),
(15, 16, 39, 0, '0.000000', '0.000000', '0.000000', '', '2020-08-18 18:51:30'),
(16, 17, 39, 8, '0.500000', '285.000000', '344.850000', '', '2020-08-22 18:28:30'),
(17, 18, 39, 9, '0.500000', '285.000000', '344.850000', '', '2020-08-25 12:36:12'),
(18, 19, 39, 0, '0.000000', '0.000000', '0.000000', '', '2020-08-31 19:43:05'),
(19, 20, 39, 0, '0.000000', '0.000000', '0.000000', '', '2020-08-31 19:55:43'),
(20, 21, 39, 0, '0.000000', '244.500000', '295.850000', '', '2020-09-01 00:54:48'),
(21, 22, 39, 0, '0.500000', '263.500000', '318.840000', '', '2020-09-01 19:10:02'),
(22, 23, 39, 0, '0.000000', '224.000000', '271.040000', '', '2020-09-01 19:12:00'),
(23, 24, 39, 0, '0.000000', '224.000000', '271.040000', '', '2020-09-01 19:13:58'),
(24, 25, 39, 0, '0.500000', '263.500000', '318.840000', '', '2020-09-01 19:18:38'),
(25, 26, 39, 0, '0.500000', '263.500000', '318.840000', '', '2020-09-01 19:21:41'),
(26, 27, 39, 0, '0.500000', '263.500000', '318.840000', '', '2020-09-01 19:23:03'),
(27, 28, 39, 0, '0.000000', '224.000000', '271.040000', '', '2020-09-01 19:27:30'),
(28, 29, 39, 0, '0.000000', '245.000000', '296.450000', '', '2020-09-02 04:55:58'),
(29, 30, 39, 0, '0.000000', '224.000000', '271.040000', '', '2020-09-02 05:39:58'),
(30, 31, 39, 0, '0.000000', '245.000000', '296.450000', '', '2020-09-03 06:17:12'),
(31, 32, 39, 0, '0.000000', '224.000000', '271.040000', '', '2020-09-07 20:02:36'),
(32, 33, 39, 0, '0.000000', '224.000000', '271.040000', '', '2020-09-07 20:30:48'),
(33, 34, 39, 0, '0.000000', '224.000000', '271.040000', '', '2020-09-08 09:44:58'),
(34, 35, 39, 0, '0.000000', '224.000000', '271.040000', '', '2020-09-08 10:24:51'),
(35, 36, 39, 10, '0.250000', '244.500000', '295.850000', '', '2020-09-24 19:21:56'),
(36, 37, 39, 0, '0.000000', '224.000000', '271.040000', '', '2020-09-27 15:01:51'),
(37, 38, 40, 0, '0.000000', '0.000000', '0.000000', '', '2020-10-22 10:50:34'),
(38, 39, 40, 0, '0.000000', '0.000000', '0.000000', '', '2020-10-26 00:26:23'),
(39, 40, 40, 0, '0.000000', '0.000000', '0.000000', '', '2020-10-27 13:29:31'),
(40, 41, 40, 11, '0.250000', '0.000000', '0.000000', '', '2020-10-27 18:34:41'),
(41, 42, 40, 0, '0.400000', '0.000000', '0.000000', '', '2020-10-28 13:02:45'),
(42, 43, 40, 12, '0.250000', '0.000000', '0.000000', '', '2020-10-28 15:05:35'),
(43, 44, 40, 13, '1.000000', '0.000000', '0.000000', '', '2020-11-02 14:25:10'),
(44, 45, 40, 0, '1.750000', '0.000000', '0.000000', '', '2020-11-13 12:47:46'),
(45, 46, 40, 14, '0.400000', '0.000000', '0.000000', '', '2020-11-16 15:06:13'),
(46, 47, 40, 0, '0.250000', '0.000000', '0.000000', '', '2020-11-30 22:49:34'),
(47, 48, 40, 0, '0.250000', '0.000000', '0.000000', '', '2020-12-02 08:47:27'),
(48, 49, 40, 0, '0.250000', '0.000000', '0.000000', '', '2020-12-03 14:08:27'),
(49, 50, 40, 15, '0.250000', '0.000000', '0.000000', '', '2020-12-04 13:01:07'),
(50, 51, 40, 16, '1.000000', '0.000000', '0.000000', '', '2020-12-10 13:51:43'),
(51, 52, 40, 17, '0.500000', '0.000000', '0.000000', '', '2020-12-21 10:48:56'),
(52, 53, 40, 18, '0.750000', '0.000000', '0.000000', '', '2021-01-12 17:59:49'),
(53, 54, 40, 19, '0.400000', '0.000000', '0.000000', '', '2021-01-18 21:14:29'),
(54, 55, 40, 20, '0.400000', '0.000000', '0.000000', '', '2021-01-25 17:32:56'),
(55, 56, 40, 21, '0.750000', '0.000000', '0.000000', '', '2021-02-01 21:31:23'),
(56, 57, 40, 27, '0.250000', '0.000000', '0.000000', '', '2021-02-15 17:18:13'),
(57, 58, 40, 22, '0.400000', '0.000000', '0.000000', '', '2021-02-25 18:19:20'),
(58, 59, 40, 26, '0.400000', '0.000000', '0.000000', '', '2021-03-10 16:14:33'),
(59, 60, 40, 23, '0.250000', '0.000000', '0.000000', '', '2021-03-11 14:42:02'),
(60, 61, 40, 24, '0.400000', '0.000000', '0.000000', '', '2021-03-11 16:36:17'),
(61, 62, 40, 25, '0.250000', '0.000000', '0.000000', '', '2021-03-11 21:28:21'),
(62, 63, 40, 28, '0.250000', '0.000000', '0.000000', '', '2021-03-19 13:13:19'),
(63, 64, 40, 29, '0.400000', '0.000000', '0.000000', '', '2021-03-25 14:56:36'),
(64, 65, 40, 30, '0.250000', '0.000000', '0.000000', '', '2021-03-26 08:48:29'),
(65, 66, 40, 31, '0.500000', '0.000000', '0.000000', '', '2021-05-04 15:30:55'),
(66, 67, 40, 32, '0.250000', '0.000000', '0.000000', '', '2021-05-10 12:35:58'),
(67, 68, 40, 33, '0.400000', '0.000000', '0.000000', '', '2021-05-29 23:43:40'),
(68, 69, 40, 34, '0.400000', '0.000000', '0.000000', '', '2021-07-09 20:44:27'),
(69, 70, 40, 35, '0.250000', '0.000000', '0.000000', '', '2021-07-28 21:06:07'),
(70, 71, 40, 37, '0.400000', '0.000000', '0.000000', '', '2021-08-05 02:27:16'),
(71, 72, 40, 36, '0.400000', '0.000000', '0.000000', '', '2021-08-07 17:28:40'),
(72, 73, 40, 38, '0.400000', '0.000000', '0.000000', '', '2021-08-28 14:33:02'),
(73, 74, 40, 39, '0.500000', '0.000000', '0.000000', '', '2021-09-27 20:23:45'),
(74, 75, 40, 0, '0.000000', '0.000000', '0.000000', '', '2021-09-28 11:25:16'),
(75, 76, 40, 0, '0.400000', '0.000000', '0.000000', '', '2021-10-04 01:58:20'),
(76, 77, 40, 40, '0.250000', '0.000000', '0.000000', '', '2021-10-06 15:11:02'),
(77, 78, 40, 0, '0.250000', '0.000000', '0.000000', '', '2021-10-13 11:55:07'),
(78, 79, 40, 41, '0.400000', '0.000000', '0.000000', '', '2021-10-22 14:59:26'),
(79, 80, 40, 42, '0.000000', '0.000000', '0.000000', '', '2021-10-25 11:15:42'),
(80, 81, 40, 0, '0.250000', '0.000000', '0.000000', '', '2021-11-03 11:26:53'),
(81, 82, 40, 43, '0.400000', '0.000000', '0.000000', '', '2021-11-06 17:32:35'),
(82, 83, 40, 0, '0.000000', '0.000000', '0.000000', '', '2021-11-09 11:51:15'),
(83, 84, 40, 44, '0.400000', '0.000000', '0.000000', '', '2021-11-09 12:58:57'),
(84, 85, 40, 0, '0.750000', '0.000000', '0.000000', '', '2021-11-15 08:28:57'),
(85, 86, 40, 0, '0.000000', '0.000000', '0.000000', '', '2021-11-19 12:28:30'),
(86, 87, 40, 45, '0.400000', '0.000000', '0.000000', '', '2021-11-24 12:30:41'),
(87, 88, 40, 46, '0.400000', '0.000000', '0.000000', '', '2021-11-26 22:37:00'),
(88, 89, 40, 47, '0.400000', '0.000000', '0.000000', '', '2021-11-28 22:16:28'),
(89, 90, 40, 48, '0.400000', '0.000000', '0.000000', '', '2021-12-13 17:39:18'),
(90, 91, 40, 49, '0.400000', '0.000000', '0.000000', '', '2021-12-14 11:58:33'),
(91, 92, 40, 50, '0.400000', '0.000000', '0.000000', '', '2021-12-31 10:48:15'),
(92, 93, 40, 0, '0.000000', '0.000000', '0.000000', '', '2022-01-03 13:22:01'),
(93, 94, 40, 51, '0.400000', '0.000000', '0.000000', '', '2022-01-03 13:26:26'),
(94, 95, 40, 0, '0.000000', '0.000000', '0.000000', '', '2022-01-03 15:43:27'),
(95, 96, 40, 52, '0.000000', '0.000000', '0.000000', '', '2022-01-10 11:28:12'),
(96, 97, 40, 53, '0.400000', '0.000000', '0.000000', '', '2022-01-11 12:15:28'),
(97, 98, 40, 54, '0.400000', '0.000000', '0.000000', '', '2022-01-18 09:53:07'),
(98, 99, 40, 0, '0.000000', '0.000000', '0.000000', '', '2022-01-21 10:10:15'),
(99, 100, 40, 0, '0.000000', '0.000000', '0.000000', '', '2022-02-01 15:59:19'),
(100, 101, 40, 0, '0.000000', '0.000000', '0.000000', '', '2022-02-01 15:59:25'),
(101, 102, 40, 55, '0.250000', '0.000000', '0.000000', '', '2022-02-15 11:37:54'),
(102, 103, 40, 56, '0.250000', '0.000000', '0.000000', '', '2022-02-21 12:01:27'),
(103, 104, 40, 57, '0.400000', '0.000000', '0.000000', '', '2022-02-24 21:32:44'),
(104, 105, 40, 58, '0.400000', '0.000000', '0.000000', '', '2022-03-03 19:05:18'),
(105, 106, 40, 59, '0.400000', '0.000000', '0.000000', '', '2022-04-14 14:24:55'),
(106, 107, 40, 0, '0.000000', '0.000000', '0.000000', '', '2022-04-18 18:42:47'),
(107, 108, 40, 60, '0.400000', '0.000000', '0.000000', '', '2022-04-18 19:01:40'),
(108, 109, 40, 61, '0.250000', '0.000000', '0.000000', '', '2022-05-22 21:31:30'),
(109, 110, 40, 62, '0.400000', '0.000000', '0.000000', '', '2022-06-06 21:18:39'),
(110, 111, 40, 63, '0.250000', '0.000000', '0.000000', '', '2022-06-09 21:23:57'),
(111, 112, 40, 0, '0.000000', '0.000000', '0.000000', '', '2022-06-11 19:31:47'),
(112, 113, 40, 64, '0.750000', '0.000000', '0.000000', '', '2022-06-23 12:35:43'),
(113, 114, 40, 0, '2.500000', '0.000000', '0.000000', '', '2022-07-14 13:06:14'),
(114, 115, 40, 65, '2.500000', '0.000000', '0.000000', '', '2022-07-14 13:08:43');

-- --------------------------------------------------------

--
-- Estructura de tabla para la tabla `ps_order_cart_rule`
--

CREATE TABLE `ps_order_cart_rule` (
  `id_order_cart_rule` int(10) UNSIGNED NOT NULL,
  `id_order` int(10) UNSIGNED NOT NULL,
  `id_cart_rule` int(10) UNSIGNED NOT NULL,
  `id_order_invoice` int(10) UNSIGNED DEFAULT 0,
  `name` varchar(254) NOT NULL,
  `value` decimal(17,2) NOT NULL DEFAULT 0.00,
  `value_tax_excl` decimal(17,2) NOT NULL DEFAULT 0.00,
  `free_shipping` tinyint(1) NOT NULL DEFAULT 0
) ENGINE=InnoDB DEFAULT CHARSET=utf8;

-- --------------------------------------------------------

--
-- Estructura de tabla para la tabla `ps_order_detail`
--

CREATE TABLE `ps_order_detail` (
  `id_order_detail` int(10) UNSIGNED NOT NULL,
  `id_order` int(10) UNSIGNED NOT NULL,
  `id_order_invoice` int(11) DEFAULT NULL,
  `id_warehouse` int(10) UNSIGNED DEFAULT 0,
  `id_shop` int(11) UNSIGNED NOT NULL,
  `product_id` int(10) UNSIGNED NOT NULL,
  `product_attribute_id` int(10) UNSIGNED DEFAULT NULL,
  `id_customization` int(10) UNSIGNED DEFAULT 0,
  `product_name` varchar(255) NOT NULL,
  `product_quantity` int(10) UNSIGNED NOT NULL DEFAULT 0,
  `product_quantity_in_stock` int(10) NOT NULL DEFAULT 0,
  `product_quantity_refunded` int(10) UNSIGNED NOT NULL DEFAULT 0,
  `product_quantity_return` int(10) UNSIGNED NOT NULL DEFAULT 0,
  `product_quantity_reinjected` int(10) UNSIGNED NOT NULL DEFAULT 0,
  `product_price` decimal(20,6) NOT NULL DEFAULT 0.000000,
  `reduction_percent` decimal(10,2) NOT NULL DEFAULT 0.00,
  `reduction_amount` decimal(20,6) NOT NULL DEFAULT 0.000000,
  `reduction_amount_tax_incl` decimal(20,6) NOT NULL DEFAULT 0.000000,
  `reduction_amount_tax_excl` decimal(20,6) NOT NULL DEFAULT 0.000000,
  `group_reduction` decimal(10,2) NOT NULL DEFAULT 0.00,
  `product_quantity_discount` decimal(20,6) NOT NULL DEFAULT 0.000000,
  `product_ean13` varchar(13) DEFAULT NULL,
  `product_isbn` varchar(32) DEFAULT NULL,
  `product_upc` varchar(12) DEFAULT NULL,
  `product_reference` varchar(64) DEFAULT NULL,
  `product_supplier_reference` varchar(64) DEFAULT NULL,
  `product_weight` decimal(20,6) NOT NULL,
  `id_tax_rules_group` int(11) UNSIGNED DEFAULT 0,
  `tax_computation_method` tinyint(1) UNSIGNED NOT NULL DEFAULT 0,
  `tax_name` varchar(16) NOT NULL,
  `tax_rate` decimal(10,3) NOT NULL DEFAULT 0.000,
  `ecotax` decimal(21,6) NOT NULL DEFAULT 0.000000,
  `ecotax_tax_rate` decimal(5,3) NOT NULL DEFAULT 0.000,
  `discount_quantity_applied` tinyint(1) NOT NULL DEFAULT 0,
  `download_hash` varchar(255) DEFAULT NULL,
  `download_nb` int(10) UNSIGNED DEFAULT 0,
  `download_deadline` datetime DEFAULT NULL,
  `total_price_tax_incl` decimal(20,6) NOT NULL DEFAULT 0.000000,
  `total_price_tax_excl` decimal(20,6) NOT NULL DEFAULT 0.000000,
  `unit_price_tax_incl` decimal(20,6) NOT NULL DEFAULT 0.000000,
  `unit_price_tax_excl` decimal(20,6) NOT NULL DEFAULT 0.000000,
  `total_shipping_price_tax_incl` decimal(20,6) NOT NULL DEFAULT 0.000000,
  `total_shipping_price_tax_excl` decimal(20,6) NOT NULL DEFAULT 0.000000,
  `purchase_supplier_price` decimal(20,6) NOT NULL DEFAULT 0.000000,
  `original_product_price` decimal(20,6) NOT NULL DEFAULT 0.000000,
  `original_wholesale_price` decimal(20,6) NOT NULL DEFAULT 0.000000
) ENGINE=InnoDB DEFAULT CHARSET=utf8;

--
-- Volcado de datos para la tabla `ps_order_detail`
--

INSERT INTO `ps_order_detail` (`id_order_detail`, `id_order`, `id_order_invoice`, `id_warehouse`, `id_shop`, `product_id`, `product_attribute_id`, `id_customization`, `product_name`, `product_quantity`, `product_quantity_in_stock`, `product_quantity_refunded`, `product_quantity_return`, `product_quantity_reinjected`, `product_price`, `reduction_percent`, `reduction_amount`, `reduction_amount_tax_incl`, `reduction_amount_tax_excl`, `group_reduction`, `product_quantity_discount`, `product_ean13`, `product_isbn`, `product_upc`, `product_reference`, `product_supplier_reference`, `product_weight`, `id_tax_rules_group`, `tax_computation_method`, `tax_name`, `tax_rate`, `ecotax`, `ecotax_tax_rate`, `discount_quantity_applied`, `download_hash`, `download_nb`, `download_deadline`, `total_price_tax_incl`, `total_price_tax_excl`, `unit_price_tax_incl`, `unit_price_tax_excl`, `total_shipping_price_tax_incl`, `total_shipping_price_tax_excl`, `purchase_supplier_price`, `original_product_price`, `original_wholesale_price`) VALUES
(1, 1, 0, 0, 1, 1, 0, 0, 'Lentes de Contacto Air Optix Colors Color Azul.', 1, 1, 0, 0, 0, '1700.000000', '0.00', '0.000000', '0.000000', '0.000000', '0.00', '0.000000', '', '', '', 'AL0097', '', '0.000000', 0, 0, '', '0.000', '0.000000', '0.000', 0, '', 0, '0000-00-00 00:00:00', '1700.000000', '1700.000000', '1700.000000', '1700.000000', '0.000000', '0.000000', '0.000000', '1700.000000', '0.000000'),
(3, 3, 1, 0, 1, 17, 0, 0, 'AOSEPT PLUS 360ml Soluciones', 1, 1, 0, 0, 0, '610.000000', '0.00', '0.000000', '0.000000', '0.000000', '0.00', '0.000000', '', '', '', 'AL9002', '', '0.000000', 0, 0, '', '0.000', '0.000000', '0.000', 0, '', 0, '0000-00-00 00:00:00', '610.000000', '610.000000', '610.000000', '610.000000', '0.000000', '0.000000', '0.000000', '610.000000', '0.000000'),
(4, 4, 4, 0, 1, 17, 0, 0, 'AOSEPT PLUS 360ml Soluciones', 1, 0, 0, 0, 0, '610.000000', '0.00', '0.000000', '0.000000', '0.000000', '0.00', '0.000000', '', '', '', 'AL9002', '', '0.000000', 0, 0, '', '0.000', '0.000000', '0.000', 0, '', 0, '0000-00-00 00:00:00', '610.000000', '610.000000', '610.000000', '610.000000', '0.000000', '0.000000', '0.000000', '610.000000', '0.000000'),
(5, 4, 4, 0, 1, 2, 0, 0, 'Lentes de Contacto Air Optix Colors Color Verde.', 1, 1, 0, 0, 0, '1700.000000', '0.00', '0.000000', '0.000000', '0.000000', '0.00', '0.000000', '', '', '', 'AL0098', '', '0.000000', 0, 0, '', '0.000', '0.000000', '0.000', 0, '', 0, '0000-00-00 00:00:00', '1700.000000', '1700.000000', '1700.000000', '1700.000000', '0.000000', '0.000000', '0.000000', '1700.000000', '0.000000'),
(12, 10, 0, 0, 1, 17, 0, 0, 'Solución para Lentes de Contacto AOSEPT PLUS 360ml Soluciones', 1, 1, 0, 0, 0, '504.130000', '0.00', '0.000000', '0.000000', '0.000000', '0.00', '0.000000', '', '', '', 'AL9002', '', '0.500000', 1, 0, '', '0.000', '0.000000', '0.000', 0, '', 0, '0000-00-00 00:00:00', '610.000000', '504.130000', '609.997300', '504.130000', '0.000000', '0.000000', '0.000000', '504.130000', '0.000000'),
(13, 11, 2, 0, 1, 28, 0, 0, 'Lentes de Contacto ACUVUE® OASYS® PARA ASTIGMATISMO CON HYDRACLEAR® PLUS', 4, 4, 0, 0, 0, '2669.420000', '50.00', '0.000000', '0.000000', '0.000000', '0.00', '3231.210000', '', '', '', 'ACUVUEOA', '', '0.250000', 1, 0, '', '0.000', '0.000000', '0.000', 1, '', 0, '0000-00-00 00:00:00', '6460.000000', '5338.840000', '1614.999100', '1334.710000', '0.000000', '0.000000', '0.000000', '2669.420000', '0.000000'),
(14, 12, 3, 0, 1, 25, 6526, 0, 'Lentes de Contacto ACUVUE® OASYS® CON HYDRACLEAR® PLUS - Elija Graduación : -12.00', 6, 6, 0, 0, 0, '1776.859500', '25.00', '0.000000', '0.000000', '0.000000', '0.00', '0.000000', '', '', '', 'ACUVUEO', '', '0.250000', 1, 0, '', '0.000', '0.000000', '0.000', 1, '', 0, '0000-00-00 00:00:00', '9675.000000', '7995.870000', '1612.499996', '1332.644625', '0.000000', '0.000000', '0.000000', '1776.859500', '0.000000'),
(15, 13, 5, 0, 1, 17, 0, 0, 'Solución para Lentes de Contacto AOSEPT PLUS 360ml Soluciones', 2, 1, 0, 0, 0, '586.776900', '0.00', '0.000000', '0.000000', '0.000000', '0.00', '0.000000', '', '', '', 'AL9002', '', '0.500000', 1, 0, '', '0.000', '0.000000', '0.000', 0, '', 0, '0000-00-00 00:00:00', '1420.000000', '1173.550000', '710.000049', '586.776900', '0.000000', '0.000000', '0.000000', '586.776900', '0.000000'),
(16, 14, 6, 0, 1, 7, 0, 0, 'Lentes de Contacto FRESHLOOK COLORBLENDS Color Gris', 1, 1, 0, 0, 0, '1619.834700', '0.00', '0.000000', '0.000000', '0.000000', '0.00', '0.000000', '', '', '', 'AL2639', '', '0.250000', 1, 0, '', '0.000', '0.000000', '0.000', 0, '', 0, '0000-00-00 00:00:00', '1960.000000', '1619.830000', '1959.999987', '1619.834700', '0.000000', '0.000000', '0.000000', '1619.834700', '0.000000'),
(17, 15, 7, 0, 1, 137, 0, 7, 'PACK de Lentes de Contacto ACUVUE® OASYS® PARA ASTIGMATISMO CON HYDRACLEAR® PLUS', 1, 1, 0, 0, 0, '10876.033058', '0.00', '6580.000000', '6580.000000', '5438.020000', '0.00', '6581.210000', '', '', '', 'ACUVUEOAPACK', '', '0.750000', 1, 0, '', '0.000', '0.000000', '0.000', 0, '', 0, '0000-00-00 00:00:00', '6580.000000', '5438.020000', '6580.000000', '5438.016529', '0.000000', '0.000000', '0.000000', '10876.033058', '0.000000'),
(19, 17, 8, 0, 1, 28, 0, 0, 'Lentes de Contacto ACUVUE® OASYS® PARA ASTIGMATISMO CON HYDRACLEAR® PLUS', 2, 2, 0, 0, 0, '2917.355372', '0.00', '240.000000', '240.000000', '198.350000', '0.00', '0.000000', '', '', '', 'ACUVUEOA', '', '0.250000', 1, 0, '', '0.000', '0.000000', '0.000', 0, '', 0, '0000-00-00 00:00:00', '6580.000000', '5438.020000', '3290.000000', '2719.008265', '0.000000', '0.000000', '0.000000', '2917.355372', '0.000000'),
(20, 18, 9, 0, 1, 8, 0, 0, 'Lentes de Contacto FRESHLOOK COLORBLENDS Color Verde', 2, 2, 0, 0, 0, '1619.834700', '25.00', '0.000000', '0.000000', '0.000000', '0.00', '0.000000', '', '', '', 'AL2640', '', '0.250000', 1, 0, '', '0.000', '0.000000', '0.000', 0, '', 0, '0000-00-00 00:00:00', '2940.000000', '2429.750000', '1469.999990', '1214.876025', '0.000000', '0.000000', '0.000000', '1619.834700', '0.000000'),
(26, 22, 0, 0, 1, 153, 7995, 82, 'Demo 1 - ACUVUE1DM - Fórmula : Misma fórmula en los dos ojos - Graduación : -05.50 - Graduación : -05.50 - Graduación : -05.50 - Graduación : -05.50 - Graduación : -05.50 - Graduación : -05.50', 1, 1, 0, 0, 0, '2066.115702', '15.00', '0.000000', '0.000000', '0.000000', '0.00', '2126.210000', '', '', '', 'Demo 1', '', '0.500000', 1, 0, '', '0.000', '0.000000', '0.000', 0, '', 0, '0000-00-00 00:00:00', '2125.000000', '1756.200000', '2125.000000', '1756.198347', '0.000000', '0.000000', '0.000000', '2066.115702', '0.000000'),
(27, 23, 0, 0, 1, 156, 8002, 84, 'Demo 4 - ACUVUEOA - Fórmula : Misma fórmula en los dos ojos - Graduación : -03.75 - Graduación : -03.75 - Graduación : -03.75 - Graduación : -03.75 - Graduación : -03.75 - Graduación : -03.75 - Cilindro : -2.25 - Cilindro : -2.25 - Eje : 150', 1, 1, 0, 0, 0, '2066.115702', '0.00', '0.000000', '0.000000', '0.000000', '0.00', '0.000000', '', '', '', '1234', '', '0.000000', 1, 0, '', '0.000', '0.000000', '0.000', 0, '', 0, '0000-00-00 00:00:00', '2500.000000', '2066.120000', '2499.999999', '2066.115702', '0.000000', '0.000000', '0.000000', '2066.115702', '0.000000'),
(28, 24, 0, 0, 1, 156, 8002, 85, 'Demo 4 - ACUVUEOA - Fórmula : Misma fórmula en los dos ojos - Graduación : -04.00 - Graduación : -04.00 - Graduación : -04.00 - Graduación : -04.00 - Graduación : -04.00 - Graduación : -04.00 - Cilindro : -1.25 - Cilindro : -1.25 - Eje : 140', 1, 1, 0, 0, 0, '2066.115702', '0.00', '0.000000', '0.000000', '0.000000', '0.00', '0.000000', '', '', '', '1234', '', '0.000000', 1, 0, '', '0.000', '0.000000', '0.000', 0, '', 0, '0000-00-00 00:00:00', '2500.000000', '2066.120000', '2499.999999', '2066.115702', '0.000000', '0.000000', '0.000000', '2066.115702', '0.000000'),
(29, 25, 0, 0, 1, 153, 7995, 86, 'Demo 1 - ACUVUE1DM - Fórmula : Misma fórmula en los dos ojos', 1, 1, 0, 0, 0, '2066.115702', '15.00', '0.000000', '0.000000', '0.000000', '0.00', '2126.210000', '', '', '', 'Demo 1', '', '0.500000', 1, 0, '', '0.000', '0.000000', '0.000', 0, '', 0, '0000-00-00 00:00:00', '2125.000000', '1756.200000', '2125.000000', '1756.198347', '0.000000', '0.000000', '0.000000', '2066.115702', '0.000000'),
(30, 26, 0, 0, 1, 153, 7995, 88, 'Demo 1 - ACUVUE1DM - Fórmula : Misma fórmula en los dos ojos - Graduación : -11.00 - Graduación : -11.00 - Graduación : -11.00 - Graduación : -11.00 - Graduación : -11.00 - Graduación : -11.00', 1, 1, 0, 0, 0, '2066.115702', '15.00', '0.000000', '0.000000', '0.000000', '0.00', '2126.210000', '', '', '', 'Demo 1', '', '0.500000', 1, 0, '', '0.000', '0.000000', '0.000', 0, '', 0, '0000-00-00 00:00:00', '2125.000000', '1756.200000', '2125.000000', '1756.198347', '0.000000', '0.000000', '0.000000', '2066.115702', '0.000000'),
(31, 27, 0, 0, 1, 153, 7995, 90, 'Demo 1 - ACUVUE1DM - Fórmula : Misma fórmula en los dos ojos - Graduación : -05.00 - Graduación : -05.00 - Graduación : -05.00 - Graduación : -05.00 - Graduación : -05.00 - Graduación : -05.00', 1, 1, 0, 0, 0, '2066.115702', '15.00', '0.000000', '0.000000', '0.000000', '0.00', '2126.210000', '', '', '', 'Demo 1', '', '0.500000', 1, 0, '', '0.000', '0.000000', '0.000', 0, '', 0, '0000-00-00 00:00:00', '2125.000000', '1756.200000', '2125.000000', '1756.198347', '0.000000', '0.000000', '0.000000', '2066.115702', '0.000000'),
(32, 28, 0, 0, 1, 159, 8008, 92, 'Demo test - Fórmula : Misma fórmula en los dos ojos - Test : -10.50', 1, 1, 0, 0, 0, '2066.115702', '0.00', '0.000000', '0.000000', '0.000000', '0.00', '0.000000', '', '', '', '1234', '', '0.000000', 1, 0, '', '0.000', '0.000000', '0.000', 0, '', 0, '0000-00-00 00:00:00', '2500.000000', '2066.120000', '2499.999999', '2066.115702', '0.000000', '0.000000', '0.000000', '2066.115702', '0.000000'),
(33, 29, 0, 0, 1, 159, 8008, 94, 'Demo test - Fórmula : Misma fórmula en los dos ojos - Test : -12.00', 1, 1, 0, 0, 0, '2066.115702', '0.00', '0.000000', '0.000000', '0.000000', '0.00', '0.000000', '', '', '', '1234', '', '0.000000', 1, 0, '', '0.000', '0.000000', '0.000', 0, '', 0, '0000-00-00 00:00:00', '2500.000000', '2066.120000', '2499.999999', '2066.115702', '0.000000', '0.000000', '0.000000', '2066.115702', '0.000000'),
(34, 30, 0, 0, 1, 159, 8008, 95, 'Demo test - Fórmula : Misma fórmula en los dos ojos - Test : -11.00', 1, 1, 0, 0, 0, '2066.115702', '0.00', '0.000000', '0.000000', '0.000000', '0.00', '0.000000', '', '', '', '1234', '', '0.000000', 1, 0, '', '0.000', '0.000000', '0.000', 0, '', 0, '0000-00-00 00:00:00', '2500.000000', '2066.120000', '2499.999999', '2066.115702', '0.000000', '0.000000', '0.000000', '2066.115702', '0.000000'),
(35, 31, 0, 0, 1, 159, 8008, 96, 'Demo test - Fórmula : Misma fórmula en los dos ojos', 1, 1, 0, 0, 0, '2066.115702', '0.00', '0.000000', '0.000000', '0.000000', '0.00', '0.000000', '', '', '', '1234', '', '0.000000', 1, 0, '', '0.000', '0.000000', '0.000', 0, '', 0, '0000-00-00 00:00:00', '2500.000000', '2066.120000', '2499.999999', '2066.115702', '0.000000', '0.000000', '0.000000', '2066.115702', '0.000000'),
(36, 32, 0, 0, 1, 159, 8008, 101, 'Demo test - Fórmula : Misma fórmula en los dos ojos-Graduación: +06.00', 1, 1, 0, 0, 0, '2066.115702', '0.00', '0.000000', '0.000000', '0.000000', '0.00', '0.000000', '', '', '', '1234', '', '0.000000', 1, 0, '', '0.000', '0.000000', '0.000', 0, '', 0, '0000-00-00 00:00:00', '2499.999999', '2066.115702', '2499.999999', '2066.115702', '0.000000', '0.000000', '0.000000', '2066.115702', '0.000000'),
(37, 33, 0, 0, 1, 158, 8006, 105, 'Demo 6 - DACPMF - Fórmula : Misma fórmula en los dos ojos-Graduación: –06.50', 1, 1, 0, 0, 0, '2066.115702', '0.00', '0.000000', '0.000000', '0.000000', '0.00', '0.000000', '', '', '', '1234', '', '0.000000', 1, 0, '', '0.000', '0.000000', '0.000', 0, '', 0, '0000-00-00 00:00:00', '2499.999999', '2066.115702', '2499.999999', '2066.115702', '0.000000', '0.000000', '0.000000', '2066.115702', '0.000000'),
(38, 33, 0, 0, 1, 158, 8005, 106, 'Demo 6 - DACPMF - Fórmula : Diferente fórmula para cada ojo-Graduación ojo izquierdo: –08.00-Graduación ojo derecho: +05.25', 1, 1, 0, 0, 0, '4132.231404', '0.00', '0.000000', '0.000000', '0.000000', '0.00', '0.000000', '', '', '', '1234', '', '0.000000', 1, 0, '', '0.000', '0.000000', '0.000', 0, '', 0, '0000-00-00 00:00:00', '4999.999999', '4132.231404', '4999.999999', '4132.231404', '0.000000', '0.000000', '0.000000', '4132.231404', '0.000000'),
(39, 34, 0, 0, 1, 156, 8001, 109, 'Demo 4 - ACUVUEOA - Fórmula : Diferentes ambos ojos-Graduación ojo izquierdo: –7.50-Graduación ojo derecho: –8.00-Cilindro ojo izquierdo: –2.25-Cilindro ojo derecho: –2.25-Eje ojo izquierdo: 160-Eje ojo derecho: 150', 1, 1, 0, 0, 0, '4132.231404', '0.00', '0.000000', '0.000000', '0.000000', '0.00', '0.000000', '', '', '', '1234', '', '0.000000', 1, 0, '', '0.000', '0.000000', '0.000', 0, '', 0, '0000-00-00 00:00:00', '4999.999999', '4132.231404', '4999.999999', '4132.231404', '0.000000', '0.000000', '0.000000', '4132.231404', '0.000000'),
(40, 35, 0, 0, 1, 154, 7998, 0, 'Demo 2 - ACUVUE2 - ACUVUEO - OASYS1D - Fórmula : Diferentes ambos ojos-Graduación ojo izquierdo: –05.00-Graduación ojo derecho: –07.50', 1, 1, 0, 0, 0, '4132.231404', '0.00', '0.000000', '0.000000', '0.000000', '0.00', '0.000000', '', '', '', '1234', '', '0.000000', 1, 0, '', '0.000', '0.000000', '0.000', 0, '', 0, '0000-00-00 00:00:00', '4999.999999', '4132.231404', '4999.999999', '4132.231404', '0.000000', '0.000000', '0.000000', '4132.231404', '0.000000'),
(41, 36, 10, 0, 1, 8, 0, 0, 'Lentes de Contacto FRESHLOOK COLORBLENDS Color Verde', 1, 1, 0, 0, 0, '1619.834700', '25.00', '0.000000', '0.000000', '0.000000', '0.00', '1471.210000', '', '', '', 'AL2640', '', '0.250000', 1, 0, '', '0.000', '0.000000', '0.000', 0, '', 0, '0000-00-00 00:00:00', '1470.000000', '1214.880000', '1469.999990', '1214.876025', '0.000000', '0.000000', '0.000000', '1619.834700', '0.000000'),
(46, 41, 11, 0, 1, 15, 0, 0, 'Lentes de Contacto FRESHLOOK COLORBLENDS Color Gris Intenso', 1, 1, 0, 0, 0, '1619.834700', '25.00', '0.000000', '0.000000', '0.000000', '0.00', '1471.210000', '', '', '', 'AL2647', '', '0.250000', 1, 0, '', '0.000', '0.000000', '0.000', 0, '', 0, '0000-00-00 00:00:00', '1470.000000', '1214.880000', '1469.999990', '1214.876025', '0.000000', '0.000000', '0.000000', '1619.834700', '0.000000'),
(47, 42, 0, 0, 1, 35, 0, 0, 'Lentes de Sol RUSTY Vienet (LG/CH79)', 1, 1, 0, 0, 0, '3578.512400', '0.00', '0.000000', '0.000000', '0.000000', '0.00', '0.000000', '', '', '', 'RU0948', '', '0.400000', 1, 0, '', '0.000', '0.000000', '0.000', 0, '', 0, '0000-00-00 00:00:00', '4330.000000', '3578.510000', '4330.000004', '3578.512400', '0.000000', '0.000000', '0.000000', '3578.512400', '0.000000'),
(48, 43, 12, 0, 1, 7, 0, 0, 'Lentes de Contacto FRESHLOOK COLORBLENDS Color Gris', 1, 1, 0, 0, 0, '1619.834700', '25.00', '0.000000', '0.000000', '0.000000', '0.00', '1471.210000', '', '', '', 'AL2639', '', '0.250000', 1, 0, '', '0.000', '0.000000', '0.000', 0, '', 0, '0000-00-00 00:00:00', '1470.000000', '1214.880000', '1469.999990', '1214.876025', '0.000000', '0.000000', '0.000000', '1619.834700', '0.000000'),
(49, 44, 13, 0, 1, 18, 0, 0, 'Solución para Lentes de Contacto OPTI-FREE PureMoist 300ml Soluciones', 2, 0, 0, 0, 0, '429.752066', '0.00', '0.000000', '0.000000', '0.000000', '0.00', '0.000000', '', '', '', 'AL9003', '', '0.500000', 1, 0, '', '0.000', '0.000000', '0.000', 0, '', 0, '0000-00-00 00:00:00', '1040.000000', '859.500000', '520.000000', '429.752066', '0.000000', '0.000000', '0.000000', '429.752066', '0.000000'),
(50, 45, 0, 0, 1, 21, 0, 0, 'Solución para Lentes de Contacto OPTI-FREE Express 120ml Soluciones', 2, 0, 0, 0, 0, '280.991736', '0.00', '0.000000', '0.000000', '0.000000', '0.00', '0.000000', '', '', '', 'AL9006', '', '0.500000', 1, 0, '', '0.000', '0.000000', '0.000', 0, '', 0, '0000-00-00 00:00:00', '680.000000', '561.980000', '340.000001', '280.991736', '0.000000', '0.000000', '0.000000', '280.991736', '0.000000'),
(51, 45, 0, 0, 1, 137, 8023, 0, 'PACK de 4 Cajas de Lentes de Contacto ACUVUE® OASYS® PARA ASTIGMATISMO CON HYDRACLEAR® PLUS - Fórmula : Iguales ambos ojos-Poder: –3.75-Cilindro: +1.75-Eje: 30', 1, 1, 0, 0, 0, '10876.033058', '0.00', '3290.000000', '3290.000000', '2719.010000', '0.00', '9871.210000', '', '', '', 'ACUVUEOAPACK', '', '0.750000', 1, 0, '', '0.000', '0.000000', '0.000', 0, '', 0, '0000-00-00 00:00:00', '9870.000000', '8157.024794', '9870.000000', '8157.024794', '0.000000', '0.000000', '0.000000', '10876.033058', '0.000000'),
(52, 46, 14, 0, 1, 94, 0, 0, 'Lentes de sol TIFFANY (TIS 3270 - 6)', 1, 0, 0, 0, 0, '4933.884300', '0.00', '0.000000', '0.000000', '0.000000', '0.00', '0.000000', '', '', '', 'TI0048', '', '0.400000', 1, 0, '', '0.000', '0.000000', '0.000', 0, '', 0, '0000-00-00 00:00:00', '5970.000000', '4933.880000', '5970.000003', '4933.884300', '0.000000', '0.000000', '0.000000', '4933.884300', '0.000000'),
(53, 47, 0, 0, 1, 157, 8293, 0, 'PACK de 4 cajas de Lentes de Contacto ACUVUE® OASYS® CON HYDRACLEAR® PLUS - Fórmula : Iguales ambos ojos-DACPMF: –00.50-Poder ojo izquierdo: –00.50-Poder ojo derecho: –00.50', 1, 1, 0, 0, 0, '8892.561983', '25.00', '0.000000', '0.000000', '0.000000', '0.00', '8071.210000', '', '', '', 'ACUVUEOPACK', '', '0.250000', 1, 0, '', '0.000', '0.000000', '0.000', 0, '', 0, '0000-00-00 00:00:00', '8070.000000', '6669.421487', '8070.000000', '6669.421487', '0.000000', '0.000000', '0.000000', '8892.561983', '0.000000'),
(54, 48, 0, 0, 1, 157, 8294, 0, 'PACK de 4 cajas de Lentes de Contacto ACUVUE® OASYS® CON HYDRACLEAR® PLUS - Fórmula : Diferentes ambos ojos-Poder ojo izquierdo: –02.00-Poder ojo derecho: –01.75', 1, 1, 0, 0, 0, '8892.561983', '25.00', '0.000000', '0.000000', '0.000000', '0.00', '8071.210000', '', '', '', 'ACUVUEOPACK', '', '0.250000', 1, 0, '', '0.000', '0.000000', '0.000', 0, '', 0, '0000-00-00 00:00:00', '8070.000000', '6669.421487', '8070.000000', '6669.421487', '0.000000', '0.000000', '0.000000', '8892.561983', '0.000000'),
(55, 49, 0, 0, 1, 8, 0, 0, 'Lentes de Contacto FRESHLOOK COLORBLENDS Color Verde', 1, 1, 0, 0, 0, '2066.115702', '0.00', '0.000000', '0.000000', '0.000000', '0.00', '0.000000', '', '', '', 'AL2640', '', '0.250000', 1, 0, '', '0.000', '0.000000', '0.000', 0, '', 0, '0000-00-00 00:00:00', '2500.000000', '2066.120000', '2499.999999', '2066.115702', '0.000000', '0.000000', '0.000000', '2066.115702', '0.000000'),
(56, 50, 15, 0, 1, 8, 0, 0, 'Lentes de Contacto FRESHLOOK COLORBLENDS Color Verde', 1, 1, 0, 0, 0, '2066.115702', '0.00', '0.000000', '0.000000', '0.000000', '0.00', '0.000000', '', '', '', 'AL2640', '', '0.250000', 1, 0, '', '0.000', '0.000000', '0.000', 0, '', 0, '0000-00-00 00:00:00', '2500.000000', '2066.120000', '2499.999999', '2066.115702', '0.000000', '0.000000', '0.000000', '2066.115702', '0.000000'),
(57, 51, 16, 0, 1, 8, 0, 0, 'Lentes de Contacto FRESHLOOK COLORBLENDS Color Verde', 2, 2, 0, 0, 0, '2066.115702', '0.00', '0.000000', '0.000000', '0.000000', '0.00', '0.000000', '', '', '', 'AL2640', '', '0.250000', 1, 0, '', '0.000', '0.000000', '0.000', 0, '', 0, '0000-00-00 00:00:00', '5000.000000', '4132.230000', '2499.999999', '2066.115702', '0.000000', '0.000000', '0.000000', '2066.115702', '0.000000'),
(58, 51, 16, 0, 1, 145, 0, 0, 'Solución Multiuso Arlyt EXPRESS 120ml', 1, 1, 0, 0, 0, '347.107400', '15.00', '0.000000', '0.000000', '0.000000', '0.00', '358.210000', '', '', '', 'AR0006', '', '0.500000', 1, 0, '', '0.000', '0.000000', '0.000', 0, '', 0, '0000-00-00 00:00:00', '357.000000', '295.040000', '356.999961', '295.041290', '0.000000', '0.000000', '0.000000', '347.107400', '0.000000'),
(59, 52, 17, 0, 1, 8, 0, 0, 'Lentes de Contacto FRESHLOOK COLORBLENDS Color Verde', 2, 2, 0, 0, 0, '2066.115702', '0.00', '0.000000', '0.000000', '0.000000', '0.00', '0.000000', '', '', '', 'AL2640', '', '0.250000', 1, 0, '', '0.000', '0.000000', '0.000', 0, '', 0, '0000-00-00 00:00:00', '5000.000000', '4132.230000', '2499.999999', '2066.115702', '0.000000', '0.000000', '0.000000', '2066.115702', '0.000000'),
(60, 53, 18, 0, 1, 24, 8015, 0, 'Lentes de Contacto ACUVUE® 2 - Fórmula : Iguales ambos ojos-DACPMF: +01.00', 1, 1, 0, 0, 0, '1809.917355', '0.00', '0.000000', '0.000000', '0.000000', '0.00', '0.000000', '', '', '', 'ACUVUE2', '', '0.250000', 1, 0, '', '0.000', '0.000000', '0.000', 0, '', 0, '0000-00-00 00:00:00', '2190.000000', '1809.917355', '2190.000000', '1809.917355', '0.000000', '0.000000', '0.000000', '1809.917355', '0.000000'),
(61, 53, 18, 0, 1, 20, 0, 0, 'Solución para Lentes de Contacto OPTI-FREE Express 355ml Soluciones - DACPMF: +01.00-Poder ojo izquierdo: null-Poder ojo derecho: null', 1, 1, 0, 0, 0, '413.223140', '0.00', '0.000000', '0.000000', '0.000000', '0.00', '0.000000', '', '', '', 'AL9005', '', '0.500000', 1, 0, '', '0.000', '0.000000', '0.000', 0, '', 0, '0000-00-00 00:00:00', '499.999999', '413.223140', '499.999999', '413.223140', '0.000000', '0.000000', '0.000000', '413.223140', '0.000000'),
(62, 54, 19, 0, 1, 45, 0, 0, 'Lentes de Sol VULK Press (G/B10 POL)', 1, 1, 0, 0, 0, '3330.578500', '0.00', '0.000000', '0.000000', '0.000000', '0.00', '0.000000', '', '', '', 'VU1172', '', '0.400000', 1, 0, '', '0.000', '0.000000', '0.000', 0, '', 0, '0000-00-00 00:00:00', '4030.000000', '3330.580000', '4029.999985', '3330.578500', '0.000000', '0.000000', '0.000000', '3330.578500', '0.000000'),
(63, 55, 20, 0, 1, 45, 0, 0, 'Lentes de Sol VULK Press (G/B10 POL)', 1, 1, 0, 0, 0, '3330.578500', '0.00', '0.000000', '0.000000', '0.000000', '0.00', '0.000000', '', '', '', 'VU1172', '', '0.400000', 1, 0, '', '0.000', '0.000000', '0.000', 0, '', 0, '0000-00-00 00:00:00', '4030.000000', '3330.580000', '4029.999985', '3330.578500', '0.000000', '0.000000', '0.000000', '3330.578500', '0.000000'),
(64, 56, 21, 0, 1, 136, 8019, 0, 'PACK de 3 Cajas de Lentes de Contacto 1-DAY ACUVUE® MOIST - Fórmula : Iguales ambos ojos-Poder: –02.25', 1, 1, 0, 0, 0, '5504.132231', '33.33', '0.000000', '0.000000', '0.000000', '0.00', '4441.210000', '', '', '', 'ACUVUE1DMPACK', '', '0.750000', 1, 0, '', '0.000', '0.000000', '0.000', 0, '', 0, '0000-00-00 00:00:00', '4440.002220', '3669.423322', '4440.002220', '3669.423322', '0.000000', '0.000000', '0.000000', '5504.132231', '0.000000'),
(65, 57, 27, 0, 1, 24, 8015, 0, 'Lentes de Contacto ACUVUE® 2 - Fórmula : Iguales ambos ojos-DACPMF: +03.25', 1, 1, 0, 0, 0, '1942.148800', '0.00', '0.000000', '0.000000', '0.000000', '0.00', '0.000000', '', '', '', 'ACUVUE2', '', '0.250000', 1, 0, '', '0.000', '0.000000', '0.000', 0, '', 0, '0000-00-00 00:00:00', '2350.000048', '1942.148800', '2350.000048', '1942.148800', '0.000000', '0.000000', '0.000000', '1942.148800', '0.000000'),
(66, 58, 22, 0, 1, 108, 0, 0, 'Armazón TIFFANY (TIS 4461 - 4)', 1, 0, 0, 0, 0, '6074.380200', '0.00', '0.000000', '0.000000', '0.000000', '0.00', '0.000000', '', '', '', 'TIR145', '', '0.400000', 1, 0, '', '0.000', '0.000000', '0.000', 0, '', 0, '0000-00-00 00:00:00', '7350.000000', '6074.380000', '7350.000042', '6074.380200', '0.000000', '0.000000', '0.000000', '6074.380200', '0.000000'),
(67, 59, 26, 0, 1, 45, 0, 0, 'Lentes de Sol VULK Press (G/B10 POL)', 1, 1, 0, 0, 0, '3330.578500', '0.00', '0.000000', '0.000000', '0.000000', '0.00', '0.000000', '', '', '', 'VU1172', '', '0.400000', 1, 0, '', '0.000', '0.000000', '0.000', 0, '', 0, '0000-00-00 00:00:00', '4030.000000', '3330.580000', '4029.999985', '3330.578500', '0.000000', '0.000000', '0.000000', '3330.578500', '0.000000'),
(68, 60, 23, 0, 1, 157, 8293, 0, 'PACK de 4 cajas de Lentes de Contacto ACUVUE® OASYS® CON HYDRACLEAR® PLUS - Fórmula : Iguales ambos ojos-DACPMF: –05.50', 1, 1, 0, 0, 0, '9223.140500', '25.00', '0.000000', '0.000000', '0.000000', '0.00', '8371.210000', '', '', '', 'ACUVUEOPACK', '', '0.250000', 1, 0, '', '0.000', '0.000000', '0.000', 0, '', 0, '0000-00-00 00:00:00', '8370.000004', '6917.355375', '8370.000004', '6917.355375', '0.000000', '0.000000', '0.000000', '9223.140500', '0.000000'),
(69, 61, 24, 0, 1, 33, 0, 0, 'Lentes de Sol RUSTY Indian (SBLK/S10)', 1, 1, 0, 0, 0, '2586.776900', '0.00', '0.000000', '0.000000', '0.000000', '0.00', '0.000000', '', '', '', 'RU0482', '', '0.400000', 1, 0, '', '0.000', '0.000000', '0.000', 0, '', 0, '0000-00-00 00:00:00', '3130.000000', '2586.780000', '3130.000049', '2586.776900', '0.000000', '0.000000', '0.000000', '2586.776900', '0.000000'),
(70, 62, 25, 0, 1, 25, 8017, 0, 'Lentes de Contacto ACUVUE® OASYS® CON HYDRACLEAR® PLUS - Fórmula : Iguales ambos ojos-DACPMF: –04.00', 1, 1, 0, 0, 0, '2305.785100', '0.00', '0.000000', '0.000000', '0.000000', '0.00', '0.000000', '', '', '', 'ACUVUEO', '', '0.250000', 1, 0, '', '0.000', '0.000000', '0.000', 0, '', 0, '0000-00-00 00:00:00', '2789.999971', '2305.785100', '2789.999971', '2305.785100', '0.000000', '0.000000', '0.000000', '2305.785100', '0.000000'),
(71, 63, 28, 0, 1, 157, 8294, 0, 'PACK de 4 cajas de Lentes de Contacto ACUVUE® OASYS® CON HYDRACLEAR® PLUS - Fórmula : Diferentes ambos ojos-Poder ojo izquierdo: –02.00-Poder ojo derecho: –02.50', 1, 1, 0, 0, 0, '9223.140500', '25.00', '0.000000', '0.000000', '0.000000', '0.00', '8371.210000', '', '', '', 'ACUVUEOPACK', '', '0.250000', 1, 0, '', '0.000', '0.000000', '0.000', 0, '', 0, '0000-00-00 00:00:00', '8370.000004', '6917.355375', '8370.000004', '6917.355375', '0.000000', '0.000000', '0.000000', '9223.140500', '0.000000'),
(72, 64, 29, 0, 1, 100, 0, 0, 'Armazón TIFFANY (TIS 4447 - 2)', 1, 0, 0, 0, 0, '5702.479300', '0.00', '0.000000', '0.000000', '0.000000', '0.00', '0.000000', '', '', '', 'TIR121', '', '0.400000', 1, 0, '', '0.000', '0.000000', '0.000', 0, '', 0, '0000-00-00 00:00:00', '6900.000000', '5702.480000', '6899.999953', '5702.479300', '0.000000', '0.000000', '0.000000', '5702.479300', '0.000000'),
(73, 65, 30, 0, 1, 8, 0, 0, 'Lentes de Contacto FRESHLOOK COLORBLENDS Color Verde', 1, 1, 0, 0, 0, '2272.727273', '0.00', '0.000000', '0.000000', '0.000000', '0.00', '0.000000', '', '', '', 'AL2640', '', '0.250000', 1, 0, '', '0.000', '0.000000', '0.000', 0, '', 0, '0000-00-00 00:00:00', '2750.000000', '2272.730000', '2750.000000', '2272.727273', '0.000000', '0.000000', '0.000000', '2272.727273', '0.000000'),
(74, 66, 31, 0, 1, 8, 0, 0, 'Lentes de Contacto FRESHLOOK COLORBLENDS Color Verde', 2, 2, 0, 0, 0, '2272.727273', '0.00', '0.000000', '0.000000', '0.000000', '0.00', '0.000000', '', '', '', 'AL2640', '', '0.250000', 1, 0, '', '0.000', '0.000000', '0.000', 0, '', 0, '0000-00-00 00:00:00', '5500.000000', '4545.450000', '2750.000000', '2272.727273', '0.000000', '0.000000', '0.000000', '2272.727273', '0.000000'),
(75, 67, 32, 0, 1, 8, 0, 0, 'Lentes de Contacto FRESHLOOK COLORBLENDS Color Verde', 1, 1, 0, 0, 0, '2272.727273', '0.00', '0.000000', '0.000000', '0.000000', '0.00', '0.000000', '', '', '', 'AL2640', '', '0.250000', 1, 0, '', '0.000', '0.000000', '0.000', 0, '', 0, '0000-00-00 00:00:00', '2750.000000', '2272.730000', '2750.000000', '2272.727273', '0.000000', '0.000000', '0.000000', '2272.727273', '0.000000'),
(76, 68, 33, 0, 1, 43, 0, 0, 'Lentes de Sol VULK Ethereal (MBLK/REVO BLUE)', 1, 1, 0, 0, 0, '2859.504100', '0.00', '0.000000', '0.000000', '0.000000', '0.00', '0.000000', '', '', '', 'VU0219', '', '0.400000', 1, 0, '', '0.000', '0.000000', '0.000', 0, '', 0, '0000-00-00 00:00:00', '3460.000000', '2859.500000', '3459.999961', '2859.504100', '0.000000', '0.000000', '0.000000', '2859.504100', '0.000000'),
(77, 69, 34, 0, 1, 65, 0, 0, 'Lentes de Sol OSSIRA 6101 (Mod. 003)', 1, 1, 0, 0, 0, '3611.570200', '0.00', '0.000000', '0.000000', '0.000000', '0.00', '0.000000', '', '', '', 'RA0203', '', '0.400000', 1, 0, '', '0.000', '0.000000', '0.000', 0, '', 0, '0000-00-00 00:00:00', '4370.000000', '3611.570000', '4369.999942', '3611.570200', '0.000000', '0.000000', '0.000000', '3611.570200', '0.000000'),
(78, 70, 35, 0, 1, 157, 8294, 173, 'PACK de 4 Cajas de Lentes de Contacto ACUVUE® OASYS® CON HYDRACLEAR® PLUS - Fórmula : Diferentes ambos ojos-Poder ojo izquierdo: –04.00-Poder ojo derecho: –06.00', 1, 1, 0, 0, 0, '11735.537200', '25.00', '0.000000', '0.000000', '0.000000', '0.00', '10651.210000', '', '', '', 'ACUVUEOPACK', '', '0.250000', 1, 0, '', '0.000', '0.000000', '0.000', 0, '', 0, '0000-00-00 00:00:00', '10650.000009', '8801.652900', '10650.000009', '8801.652900', '0.000000', '0.000000', '0.000000', '11735.537200', '0.000000'),
(79, 71, 37, 0, 1, 68, 0, 0, 'Armazón EMBO (EMR 1068 - 8)', 1, 0, 0, 0, 0, '4057.851200', '0.00', '0.000000', '0.000000', '0.000000', '0.00', '0.000000', '', '', '', 'EMR003', '', '0.400000', 1, 0, '', '0.000', '0.000000', '0.000', 0, '', 0, '0000-00-00 00:00:00', '4910.000000', '4057.850000', '4909.999952', '4057.851200', '0.000000', '0.000000', '0.000000', '4057.851200', '0.000000'),
(80, 72, 36, 0, 1, 45, 0, 0, 'Lentes de Sol VULK Press (G/B10 POL)', 1, 1, 0, 0, 0, '3305.785100', '0.00', '0.000000', '0.000000', '0.000000', '0.00', '0.000000', '', '', '', 'VU1172', '', '0.400000', 1, 0, '', '0.000', '0.000000', '0.000', 0, '', 0, '0000-00-00 00:00:00', '4000.000000', '3305.790000', '3999.999971', '3305.785100', '0.000000', '0.000000', '0.000000', '3305.785100', '0.000000'),
(81, 73, 38, 0, 1, 34, 0, 0, 'Lentes de Sol RUSTY Verlaine (SBLK-118)', 1, 1, 0, 0, 0, '3776.859500', '0.00', '0.000000', '0.000000', '0.000000', '0.00', '0.000000', '', '', '', 'RU0567', '', '0.400000', 1, 0, '', '0.000', '0.000000', '0.000', 0, '', 0, '0000-00-00 00:00:00', '4570.000000', '3776.860000', '4569.999995', '3776.859500', '0.000000', '0.000000', '0.000000', '3776.859500', '0.000000'),
(82, 74, 39, 0, 1, 28, 8022, 0, 'Lentes de Contacto ACUVUE® OASYS® PARA ASTIGMATISMO CON HYDRACLEAR® PLUS - Fórmula : Diferentes ambos ojos-Poder ojo izquierdo: –7.50-Poder ojo derecho: –7.00-Cilindro ojo izquierdo: –1.25-Cilindro ojo derecho: –1.75-Eje ojo izquierdo: 180-Eje ojo derecho', 2, 2, 0, 0, 0, '7230.578500', '0.00', '0.000000', '0.000000', '0.000000', '0.00', '0.000000', '', '', '', 'ACUVUEOA', '', '0.250000', 1, 0, '', '0.000', '0.000000', '0.000', 0, '', 0, '0000-00-00 00:00:00', '17497.999970', '14461.157000', '8748.999985', '7230.578500', '0.000000', '0.000000', '0.000000', '7230.578500', '0.000000'),
(84, 76, 0, 0, 1, 64, 0, 0, 'Lentes de Sol REEF 243 Eve (Mod. 004)', 1, 1, 0, 0, 0, '5950.413200', '0.00', '0.000000', '0.000000', '0.000000', '0.00', '0.000000', '', '', '', 'RA0202', '', '0.400000', 1, 0, '', '0.000', '0.000000', '0.000', 0, '', 0, '0000-00-00 00:00:00', '7200.000000', '5950.410000', '7199.999972', '5950.413200', '0.000000', '0.000000', '0.000000', '5950.413200', '0.000000'),
(85, 77, 40, 0, 1, 7, 0, 0, 'Lentes de Contacto FRESHLOOK COLORBLENDS Color Gris', 1, 1, 0, 0, 0, '2933.884300', '0.00', '0.000000', '0.000000', '0.000000', '0.00', '0.000000', '', '', '', 'AL2639', '', '0.250000', 1, 0, '', '0.000', '0.000000', '0.000', 0, '', 0, '0000-00-00 00:00:00', '3550.000000', '2933.880000', '3550.000003', '2933.884300', '0.000000', '0.000000', '0.000000', '2933.884300', '0.000000'),
(86, 78, 0, 0, 1, 16, 0, 0, 'Lentes de Contacto FRESHLOOK COLORBLENDS Color Azul Vibrante', 1, 1, 0, 0, 0, '3297.520700', '0.00', '0.000000', '0.000000', '0.000000', '0.00', '0.000000', '', '', '', 'AL2648', '', '0.250000', 1, 0, '', '0.000', '0.000000', '0.000', 0, '', 0, '0000-00-00 00:00:00', '3990.000000', '3297.520000', '3990.000047', '3297.520700', '0.000000', '0.000000', '0.000000', '3297.520700', '0.000000'),
(87, 79, 41, 0, 1, 85, 0, 0, 'Lentes de sol PAUL RIVIERE (PRS 6172 - 1)', 1, 0, 0, 0, 0, '7347.107400', '0.00', '0.000000', '0.000000', '0.000000', '0.00', '0.000000', '', '', '', 'PR0022', '', '0.400000', 1, 0, '', '0.000', '0.000000', '0.000', 0, '', 0, '0000-00-00 00:00:00', '8890.000000', '7347.110000', '8889.999954', '7347.107400', '0.000000', '0.000000', '0.000000', '7347.107400', '0.000000'),
(89, 81, 0, 0, 1, 155, 8289, 0, 'Lentes de Contacto ACUVUE® VITA - Fórmula : Iguales ambos ojos-DACPMF: –11.00', 1, 1, 0, 0, 0, '3462.809900', '0.00', '0.000000', '0.000000', '0.000000', '0.00', '0.000000', '', '', '', 'ACUVUEVITA', '', '0.250000', 1, 0, '', '0.000', '0.000000', '0.000', 0, '', 0, '0000-00-00 00:00:00', '4189.999979', '3462.809900', '4189.999979', '3462.809900', '0.000000', '0.000000', '0.000000', '3462.809900', '0.000000'),
(90, 82, 43, 0, 1, 65, 0, 0, 'Lentes de Sol OSSIRA 6101 (Mod. 003)', 1, 1, 0, 0, 0, '3611.570200', '0.00', '0.000000', '0.000000', '0.000000', '0.00', '0.000000', '', '', '', 'RA0203', '', '0.400000', 1, 0, '', '0.000', '0.000000', '0.000', 0, '', 0, '0000-00-00 00:00:00', '4370.000000', '3611.570000', '4369.999942', '3611.570200', '0.000000', '0.000000', '0.000000', '3611.570200', '0.000000'),
(92, 84, 44, 0, 1, 131, 0, 0, 'Armazón UNION PACIFIC (UPR 8577 - 6)', 1, 0, 0, 0, 0, '6231.405000', '0.00', '0.000000', '0.000000', '0.000000', '0.00', '0.000000', '', '', '', 'UPR152', '', '0.400000', 1, 0, '', '0.000', '0.000000', '0.000', 0, '', 0, '0000-00-00 00:00:00', '7540.000000', '6231.410000', '7540.000050', '6231.405000', '0.000000', '0.000000', '0.000000', '6231.405000', '0.000000'),
(93, 85, 0, 0, 1, 156, 8291, 0, 'PACK de 4 Cajas de Lentes de Contacto ACUVUE® VITA - Fórmula : Iguales ambos ojos-DACPMF: –12.00', 1, 1, 0, 0, 0, '15404.958700', '25.00', '0.000000', '0.000000', '0.000000', '0.00', '13981.210000', '', '', '', 'ACUVUEVITAPACK', '', '0.750000', 1, 0, '', '0.000', '0.000000', '0.000', 0, '', 0, '0000-00-00 00:00:00', '13980.000020', '11553.719025', '13980.000020', '11553.719025', '0.000000', '0.000000', '0.000000', '15404.958700', '0.000000'),
(95, 87, 45, 0, 1, 290, 0, 0, 'Armazón Xold 373K/B10 Gold Mirror', 1, 0, 0, 0, 0, '5008.264500', '0.00', '0.000000', '0.000000', '0.000000', '0.00', '0.000000', '', '', '', 'RU0993', '', '0.400000', 1, 0, '', '0.000', '0.000000', '0.000', 0, '', 0, '0000-00-00 00:00:00', '6060.000000', '5008.260000', '6060.000045', '5008.264500', '0.000000', '0.000000', '0.000000', '5008.264500', '0.000000'),
(96, 88, 46, 0, 1, 59, 0, 0, 'Lentes de Sol VALERIA MAZZA 6051 Leonore (Mod. 003)', 1, 1, 0, 0, 0, '5966.942100', '0.00', '0.000000', '0.000000', '0.000000', '0.00', '0.000000', '', '', '', 'RA0067', '', '0.400000', 1, 0, '', '0.000', '0.000000', '0.000', 0, '', 0, '0000-00-00 00:00:00', '7220.000000', '5966.940000', '7219.999941', '5966.942100', '0.000000', '0.000000', '0.000000', '5966.942100', '0.000000'),
(97, 89, 47, 0, 1, 258, 0, 0, 'Reef Woman 250 Lift C1 Oro', 1, 0, 0, 0, 0, '5338.843000', '0.00', '0.000000', '0.000000', '0.000000', '0.00', '0.000000', '', '', '', 'RA460', '', '0.400000', 1, 0, '', '0.000', '0.000000', '0.000', 0, '', 0, '0000-00-00 00:00:00', '6460.000000', '5338.840000', '6460.000030', '5338.843000', '0.000000', '0.000000', '0.000000', '5338.843000', '0.000000'),
(98, 90, 48, 0, 1, 33, 0, 0, 'Lentes de Sol RUSTY Indian (SBLK/S10)', 1, 1, 0, 0, 0, '5057.851200', '0.00', '0.000000', '0.000000', '0.000000', '0.00', '0.000000', '', '', '', 'RU0482', '', '0.400000', 1, 0, '', '0.000', '0.000000', '0.000', 0, '', 0, '0000-00-00 00:00:00', '6120.000000', '5057.850000', '6119.999952', '5057.851200', '0.000000', '0.000000', '0.000000', '5057.851200', '0.000000'),
(99, 91, 49, 0, 1, 84, 0, 0, 'Lentes de sol PAUL RIVIERE (PRS 6171 - 1)', 1, 0, 0, 0, 0, '7347.107400', '0.00', '0.000000', '0.000000', '0.000000', '0.00', '0.000000', '', '', '', 'PR0021', '', '0.400000', 1, 0, '', '0.000', '0.000000', '0.000', 0, '', 0, '0000-00-00 00:00:00', '8890.000000', '7347.110000', '8889.999954', '7347.107400', '0.000000', '0.000000', '0.000000', '7347.107400', '0.000000'),
(100, 92, 50, 0, 1, 44, 0, 0, 'Lentes de Sol VULK D.Forest (MBLK/S10)', 1, 1, 0, 0, 0, '5289.256200', '0.00', '0.000000', '0.000000', '0.000000', '0.00', '0.000000', '', '', '', 'VU0479', '', '0.400000', 1, 0, '', '0.000', '0.000000', '0.000', 0, '', 0, '0000-00-00 00:00:00', '6400.000000', '5289.260000', '6400.000002', '5289.256200', '0.000000', '0.000000', '0.000000', '5289.256200', '0.000000'),
(102, 94, 51, 0, 1, 342, 0, 0, 'Armazón Cursed C3', 1, 0, 0, 0, 0, '6033.057900', '0.00', '0.000000', '0.000000', '0.000000', '0.00', '0.000000', '', '', '', 'VU1225', '', '0.400000', 1, 0, '', '0.000', '0.000000', '0.000', 0, '', 0, '0000-00-00 00:00:00', '7300.000000', '6033.060000', '7300.000059', '6033.057900', '0.000000', '0.000000', '0.000000', '6033.057900', '0.000000'),
(104, 96, 52, 0, 1, 441, 0, 219, 'Gift Card $8000', 1, 1, 0, 0, 0, '6611.570200', '0.00', '0.000000', '0.000000', '0.000000', '0.00', '0.000000', '', '', '', 'GC8000', '', '0.000000', 1, 0, '', '0.000', '0.000000', '0.000', 0, '', 0, '0000-00-00 00:00:00', '8000.000000', '6611.570000', '7999.999942', '6611.570200', '0.000000', '0.000000', '0.000000', '6611.570200', '0.000000'),
(105, 97, 53, 0, 1, 378, 0, 0, 'Armazón Kabu Goldenrod Aq31 Lt', 1, 0, 0, 0, 0, '4876.033100', '0.00', '0.000000', '0.000000', '0.000000', '0.00', '0.000000', '', '', '', 'VU1261', '', '0.400000', 1, 0, '', '0.000', '0.000000', '0.000', 0, '', 0, '0000-00-00 00:00:00', '5900.000000', '4876.030000', '5900.000051', '4876.033100', '0.000000', '0.000000', '0.000000', '4876.033100', '0.000000'),
(106, 98, 54, 0, 1, 99, 0, 0, 'Lentes de sol TIFFANY (TIS 3291 - 2)', 1, 0, 0, 0, 0, '8925.619800', '0.00', '0.000000', '0.000000', '0.000000', '0.00', '0.000000', '', '', '', 'TI0093', '', '0.400000', 1, 0, '', '0.000', '0.000000', '0.000', 0, '', 0, '0000-00-00 00:00:00', '10800.000000', '8925.620000', '10799.999958', '8925.619800', '0.000000', '0.000000', '0.000000', '8925.619800', '0.000000'),
(110, 102, 55, 0, 1, 157, 8294, 0, 'PACK de 4 Cajas de Lentes de Contacto ACUVUE® OASYS® CON HYDRACLEAR® PLUS - Fórmula : Diferentes ambos ojos-Poder ojo izquierdo: –04.25-Poder ojo derecho: –04.00', 1, 1, 0, 0, 0, '13884.297500', '25.00', '0.000000', '0.000000', '0.000000', '0.00', '12601.210000', '', '', '', 'ACUVUEOPACK', '', '0.250000', 1, 0, '', '0.000', '0.000000', '0.000', 0, '', 0, '0000-00-00 00:00:00', '12599.999981', '10413.223125', '12599.999981', '10413.223125', '0.000000', '0.000000', '0.000000', '13884.297500', '0.000000'),
(111, 103, 56, 0, 1, 157, 8294, 0, 'PACK de 4 Cajas de Lentes de Contacto ACUVUE® OASYS® CON HYDRACLEAR® PLUS - Fórmula : Diferentes ambos ojos-Poder ojo izquierdo: –02.00-Poder ojo derecho: –03.00', 1, 1, 0, 0, 0, '13884.297500', '25.00', '0.000000', '0.000000', '0.000000', '0.00', '12601.210000', '', '', '', 'ACUVUEOPACK', '', '0.250000', 1, 0, '', '0.000', '0.000000', '0.000', 0, '', 0, '0000-00-00 00:00:00', '12599.999981', '10413.223125', '12599.999981', '10413.223125', '0.000000', '0.000000', '0.000000', '13884.297500', '0.000000'),
(112, 104, 57, 0, 1, 72, 0, 0, 'Armazón EMBO (EMR 1081 - 3)', 1, 0, 0, 0, 0, '5454.545500', '0.00', '0.000000', '0.000000', '0.000000', '0.00', '0.000000', '', '', '', 'EMR067', '', '0.400000', 1, 0, '', '0.000', '0.000000', '0.000', 0, '', 0, '0000-00-00 00:00:00', '6600.000000', '5454.550000', '6600.000055', '5454.545500', '0.000000', '0.000000', '0.000000', '5454.545500', '0.000000'),
(113, 105, 58, 0, 1, 37, 0, 0, 'Armazón RUSTY D-Lian (C1 OPTICAL)', 1, 1, 0, 0, 0, '7644.628100', '0.00', '0.000000', '0.000000', '0.000000', '0.00', '0.000000', '', '', '', 'RUR238', '', '0.400000', 1, 0, '', '0.000', '0.000000', '0.000', 0, '', 0, '0000-00-00 00:00:00', '9250.000000', '7644.630000', '9250.000001', '7644.628100', '0.000000', '0.000000', '0.000000', '7644.628100', '0.000000'),
(114, 106, 59, 0, 1, 314, 0, 0, 'Armazón Xold MBLK/Bg26 Pol', 1, 1, 0, 0, 0, '6404.958700', '0.00', '0.000000', '0.000000', '0.000000', '0.00', '0.000000', '', '', '', 'RU1017', '', '0.400000', 1, 0, '', '0.000', '0.000000', '0.000', 0, '', 0, '0000-00-00 00:00:00', '7750.000000', '6404.960000', '7750.000027', '6404.958700', '0.000000', '0.000000', '0.000000', '6404.958700', '0.000000'),
(116, 108, 60, 0, 1, 249, 0, 0, 'Reef Woman 238 Abby C1 Niq Blanco', 1, 0, 0, 0, 0, '3347.107400', '0.00', '0.000000', '0.000000', '0.000000', '0.00', '0.000000', '', '', '', 'RA451', '', '0.400000', 1, 0, '', '0.000', '0.000000', '0.000', 0, '', 0, '0000-00-00 00:00:00', '4050.000000', '3347.110000', '4049.999954', '3347.107400', '0.000000', '0.000000', '0.000000', '3347.107400', '0.000000'),
(117, 109, 61, 0, 1, 25, 8017, 0, 'Lentes de Contacto ACUVUE® OASYS® CON HYDRACLEAR® PLUS - Fórmula : Iguales ambos ojos-DACPMF: –03.00', 1, 1, 0, 0, 0, '4198.347106', '0.00', '0.000000', '0.000000', '0.000000', '0.00', '0.000000', '', '', '', 'ACUVUEO', '', '0.250000', 1, 0, '', '0.000', '0.000000', '0.000', 0, '', 0, '0000-00-00 00:00:00', '5079.999998', '4198.347106', '5079.999998', '4198.347106', '0.000000', '0.000000', '0.000000', '4198.347106', '0.000000'),
(118, 110, 62, 0, 1, 196, 0, 0, 'Armazón Meq SBLK-MBLK Green Kids', 1, 0, 0, 0, 0, '8140.495900', '0.00', '0.000000', '0.000000', '0.000000', '0.00', '0.000000', '', '', '', 'RUR622', '', '0.400000', 1, 0, '', '0.000', '0.000000', '0.000', 0, '', 0, '0000-00-00 00:00:00', '9850.000000', '8140.500000', '9850.000039', '8140.495900', '0.000000', '0.000000', '0.000000', '8140.495900', '0.000000'),
(119, 111, 63, 0, 1, 157, 8294, 0, 'PACK de 4 Cajas de Lentes de Contacto ACUVUE® OASYS® CON HYDRACLEAR® PLUS - Fórmula : Diferentes ambos ojos-Poder ojo izquierdo: –04.00-Poder ojo derecho: –06.00', 1, 1, 0, 0, 0, '16793.388430', '25.00', '0.000000', '0.000000', '0.000000', '0.00', '15241.210000', '', '', '', 'ACUVUEOPACK', '', '0.250000', 1, 0, '', '0.000', '0.000000', '0.000', 0, '', 0, '0000-00-00 00:00:00', '15240.000000', '12595.041323', '15240.000000', '12595.041323', '0.000000', '0.000000', '0.000000', '16793.388430', '0.000000'),
(121, 113, 64, 0, 1, 156, 8291, 0, 'PACK de 4 Cajas de Lentes de Contacto ACUVUE® VITA - Fórmula : Iguales ambos ojos-DACPMF: –04.50', 1, 1, 0, 0, 0, '11074.380165', '25.00', '0.000000', '0.000000', '0.000000', '0.00', '10051.210000', '', '', '', 'ACUVUEVITAPACK', '', '0.750000', 1, 0, '', '0.000', '0.000000', '0.000', 0, '', 0, '0000-00-00 00:00:00', '10050.000000', '8305.785124', '10050.000000', '8305.785124', '0.000000', '0.000000', '0.000000', '11074.380165', '0.000000'),
(122, 114, 0, 0, 1, 1, 0, 0, 'Lentes de Contacto AIR OPTIX COLORS Color Azul', 10, 10, 0, 0, 0, '1.000000', '0.00', '0.000000', '0.000000', '0.000000', '0.00', '0.000000', '', '', '', 'AL0097', '', '0.250000', 1, 0, '', '0.000', '0.000000', '0.000', 0, '', 0, '0000-00-00 00:00:00', '12.100000', '10.000000', '1.210000', '1.000000', '0.000000', '0.000000', '0.000000', '1.000000', '0.000000'),
(123, 115, 65, 0, 1, 1, 0, 0, 'Lentes de Contacto AIR OPTIX COLORS Color Azul', 10, 10, 0, 0, 0, '1.000000', '0.00', '0.000000', '0.000000', '0.000000', '0.00', '0.000000', '', '', '', 'AL0097', '', '0.250000', 1, 0, '', '0.000', '0.000000', '0.000', 0, '', 0, '0000-00-00 00:00:00', '12.100000', '10.000000', '1.210000', '1.000000', '0.000000', '0.000000', '0.000000', '1.000000', '0.000000');

-- --------------------------------------------------------

--
-- Estructura de tabla para la tabla `ps_order_detail_tax`
--

CREATE TABLE `ps_order_detail_tax` (
  `id_order_detail` int(11) NOT NULL,
  `id_tax` int(11) NOT NULL,
  `unit_amount` decimal(16,6) NOT NULL DEFAULT 0.000000,
  `total_amount` decimal(16,6) NOT NULL DEFAULT 0.000000
) ENGINE=InnoDB DEFAULT CHARSET=utf8;

--
-- Volcado de datos para la tabla `ps_order_detail_tax`
--

INSERT INTO `ps_order_detail_tax` (`id_order_detail`, `id_tax`, `unit_amount`, `total_amount`) VALUES
(12, 1, '105.867300', '105.870000'),
(13, 1, '280.289100', '1121.160000'),
(14, 1, '279.855371', '1679.130000'),
(15, 1, '123.223149', '246.450000'),
(16, 1, '340.165287', '340.170000'),
(17, 1, '1141.983471', '1141.980000'),
(19, 1, '570.991736', '1141.980000'),
(20, 1, '255.123965', '510.250000'),
(26, 1, '368.801653', '368.800000'),
(27, 1, '433.884297', '433.880000'),
(28, 1, '433.884297', '433.880000'),
(29, 1, '368.801653', '368.800000'),
(30, 1, '368.801653', '368.800000'),
(31, 1, '368.801653', '368.800000'),
(32, 1, '433.884297', '433.880000'),
(33, 1, '433.884297', '433.880000'),
(34, 1, '433.884297', '433.880000'),
(35, 1, '433.884297', '433.880000'),
(36, 1, '433.884297', '433.880000'),
(38, 1, '867.768595', '867.770000'),
(37, 1, '433.884297', '433.880000'),
(39, 1, '867.768595', '867.770000'),
(40, 1, '867.768595', '867.770000'),
(41, 1, '255.123965', '255.120000'),
(46, 1, '255.123965', '255.120000'),
(47, 1, '751.487604', '751.490000'),
(48, 1, '255.123965', '255.120000'),
(49, 1, '90.247934', '180.500000'),
(51, 1, '1712.975207', '1712.980000'),
(50, 1, '59.008265', '118.020000'),
(52, 1, '1036.115703', '1036.120000'),
(53, 1, '1400.578512', '1400.580000'),
(54, 1, '1400.578512', '1400.580000'),
(55, 1, '433.884297', '433.880000'),
(56, 1, '433.884297', '433.880000'),
(57, 1, '433.884297', '867.770000'),
(58, 1, '61.958671', '61.960000'),
(59, 1, '433.884297', '867.770000'),
(60, 1, '380.082645', '380.080000'),
(61, 1, '86.776859', '86.780000'),
(62, 1, '699.421485', '699.420000'),
(63, 1, '699.421485', '699.420000'),
(64, 1, '770.578898', '770.580000'),
(65, 1, '407.851248', '407.850000'),
(66, 1, '1275.619842', '1275.620000'),
(67, 1, '699.421485', '699.420000'),
(68, 1, '1452.644629', '1452.640000'),
(69, 1, '543.223149', '543.220000'),
(70, 1, '484.214871', '484.210000'),
(71, 1, '1452.644629', '1452.640000'),
(72, 1, '1197.520653', '1197.520000'),
(73, 1, '477.272727', '477.270000'),
(74, 1, '477.272727', '954.550000'),
(75, 1, '477.272727', '477.270000'),
(76, 1, '600.495861', '600.500000'),
(77, 1, '758.429742', '758.430000'),
(78, 1, '1848.347109', '1848.350000'),
(79, 1, '852.148752', '852.150000'),
(80, 1, '694.214871', '694.210000'),
(81, 1, '793.140495', '793.140000'),
(82, 1, '1518.421485', '3036.840000'),
(84, 1, '1249.586772', '1249.590000'),
(85, 1, '616.115703', '616.120000'),
(86, 1, '692.479347', '692.480000'),
(87, 1, '1542.892554', '1542.890000'),
(89, 1, '727.190079', '727.190000'),
(90, 1, '758.429742', '758.430000'),
(92, 1, '1308.595050', '1308.590000'),
(93, 1, '2426.280995', '2426.280000'),
(95, 1, '1051.735545', '1051.740000'),
(96, 1, '1253.057841', '1253.060000'),
(97, 1, '1121.157030', '1121.160000'),
(98, 1, '1062.148752', '1062.150000'),
(99, 1, '1542.892554', '1542.890000'),
(100, 1, '1110.743802', '1110.740000'),
(102, 1, '1266.942159', '1266.940000'),
(104, 1, '1388.429742', '1388.430000'),
(105, 1, '1023.966951', '1023.970000'),
(106, 1, '1874.380158', '1874.380000'),
(110, 1, '2186.776856', '2186.780000'),
(111, 1, '2186.776856', '2186.780000'),
(112, 1, '1145.454555', '1145.450000'),
(113, 1, '1605.371901', '1605.370000'),
(114, 1, '1345.041327', '1345.040000'),
(116, 1, '702.892554', '702.890000'),
(117, 1, '881.652892', '881.650000'),
(118, 1, '1709.504139', '1709.500000'),
(119, 1, '2644.958678', '2644.960000'),
(121, 1, '1744.214876', '1744.210000'),
(122, 1, '0.210000', '2.100000'),
(123, 1, '0.210000', '2.100000');

-- --------------------------------------------------------

--
-- Estructura de tabla para la tabla `ps_order_history`
--

CREATE TABLE `ps_order_history` (
  `id_order_history` int(10) UNSIGNED NOT NULL,
  `id_employee` int(10) UNSIGNED NOT NULL,
  `id_order` int(10) UNSIGNED NOT NULL,
  `id_order_state` int(10) UNSIGNED NOT NULL,
  `date_add` datetime NOT NULL
) ENGINE=InnoDB DEFAULT CHARSET=utf8;

--
-- Volcado de datos para la tabla `ps_order_history`
--

INSERT INTO `ps_order_history` (`id_order_history`, `id_employee`, `id_order`, `id_order_state`, `date_add`) VALUES
(1, 0, 1, 15, '2020-05-20 21:56:22'),
(2, 0, 2, 16, '2020-05-21 10:27:45'),
(3, 1, 2, 6, '2020-05-21 10:28:28'),
(4, 0, 3, 19, '2020-05-21 12:30:53'),
(5, 2, 3, 4, '2020-05-21 12:38:23'),
(6, 0, 4, 10, '2020-05-21 18:08:19'),
(7, 0, 5, 10, '2020-06-02 00:20:14'),
(8, 0, 6, 10, '2020-06-11 15:41:30'),
(9, 0, 7, 10, '2020-06-15 18:06:08'),
(10, 0, 8, 10, '2020-06-15 19:37:04'),
(11, 0, 9, 10, '2020-06-16 12:38:43'),
(12, 0, 10, 10, '2020-06-16 17:06:52'),
(13, 1, 10, 6, '2020-06-16 19:09:50'),
(14, 2, 9, 6, '2020-06-19 09:44:39'),
(15, 0, 11, 2, '2020-06-23 10:46:55'),
(16, 2, 11, 4, '2020-06-24 16:29:39'),
(17, 0, 12, 2, '2020-06-25 15:46:48'),
(18, 1, 4, 2, '2020-06-25 19:57:31'),
(19, 1, 4, 4, '2020-06-25 20:14:34'),
(20, 1, 4, 2, '2020-06-25 20:19:36'),
(21, 1, 4, 4, '2020-06-25 20:20:34'),
(22, 1, 4, 2, '2020-06-25 20:30:59'),
(23, 1, 4, 4, '2020-06-25 20:31:22'),
(24, 1, 4, 2, '2020-06-25 20:36:08'),
(25, 1, 4, 4, '2020-06-25 20:53:28'),
(26, 1, 4, 2, '2020-06-25 20:53:43'),
(27, 1, 4, 4, '2020-06-25 20:58:26'),
(28, 1, 4, 2, '2020-06-25 20:58:50'),
(29, 1, 4, 6, '2020-06-25 23:43:26'),
(30, 0, 13, 2, '2020-07-05 01:30:55'),
(31, 2, 12, 4, '2020-07-06 14:30:19'),
(32, 2, 13, 4, '2020-07-06 14:31:08'),
(33, 2, 11, 5, '2020-07-06 14:31:56'),
(34, 0, 14, 2, '2020-07-18 16:00:09'),
(35, 2, 14, 6, '2020-07-27 16:38:46'),
(36, 2, 13, 5, '2020-07-27 16:40:08'),
(37, 2, 12, 5, '2020-07-27 16:40:30'),
(38, 0, 15, 2, '2020-07-29 20:05:15'),
(39, 0, 16, 10, '2020-08-18 18:51:31'),
(40, 0, 17, 8, '2020-08-22 18:28:31'),
(41, 0, 17, 2, '2020-08-22 18:30:48'),
(42, 0, 18, 2, '2020-08-25 12:36:12'),
(43, 0, 19, 10, '2020-08-31 19:43:06'),
(44, 0, 20, 10, '2020-08-31 19:55:43'),
(45, 0, 21, 10, '2020-09-01 00:54:48'),
(46, 0, 22, 10, '2020-09-01 19:10:03'),
(47, 0, 23, 10, '2020-09-01 19:12:00'),
(48, 0, 24, 10, '2020-09-01 19:13:59'),
(49, 0, 25, 10, '2020-09-01 19:18:38'),
(50, 0, 26, 10, '2020-09-01 19:21:42'),
(51, 0, 27, 10, '2020-09-01 19:23:03'),
(52, 0, 28, 10, '2020-09-01 19:27:30'),
(53, 0, 29, 10, '2020-09-02 04:55:59'),
(54, 0, 30, 10, '2020-09-02 05:39:58'),
(55, 0, 31, 10, '2020-09-03 06:17:12'),
(56, 0, 32, 10, '2020-09-07 20:02:37'),
(57, 0, 33, 10, '2020-09-07 20:30:50'),
(58, 0, 34, 10, '2020-09-08 09:44:59'),
(59, 0, 35, 10, '2020-09-08 10:24:51'),
(60, 0, 36, 2, '2020-09-24 19:21:57'),
(61, 0, 37, 8, '2020-09-27 15:01:52'),
(62, 0, 38, 10, '2020-10-22 10:50:35'),
(63, 1, 38, 6, '2020-10-22 10:51:10'),
(64, 0, 39, 21, '2020-10-26 00:26:23'),
(65, 0, 40, 21, '2020-10-27 13:29:31'),
(66, 0, 41, 2, '2020-10-27 18:34:41'),
(67, 0, 42, 10, '2020-10-28 13:02:45'),
(68, 0, 43, 2, '2020-10-28 15:05:35'),
(69, 0, 44, 2, '2020-11-02 14:25:10'),
(70, 0, 39, 8, '2020-11-03 00:18:09'),
(71, 0, 40, 8, '2020-11-04 00:10:51'),
(72, 0, 45, 10, '2020-11-13 12:47:46'),
(73, 0, 46, 2, '2020-11-16 15:06:14'),
(74, 0, 47, 10, '2020-11-30 22:49:35'),
(75, 0, 48, 10, '2020-12-02 08:47:28'),
(76, 0, 49, 10, '2020-12-03 14:08:28'),
(77, 0, 50, 2, '2020-12-04 13:01:08'),
(78, 0, 51, 21, '2020-12-10 13:51:43'),
(79, 0, 51, 2, '2020-12-12 13:16:00'),
(80, 0, 52, 2, '2020-12-21 10:48:57'),
(81, 0, 53, 2, '2021-01-12 17:59:50'),
(82, 0, 54, 2, '2021-01-18 21:14:30'),
(83, 0, 55, 2, '2021-01-25 17:32:57'),
(84, 0, 56, 2, '2021-02-01 21:31:24'),
(85, 0, 57, 10, '2021-02-15 17:18:14'),
(86, 0, 58, 2, '2021-02-25 18:19:21'),
(87, 0, 59, 21, '2021-03-10 16:14:34'),
(88, 0, 60, 21, '2021-03-11 14:42:02'),
(89, 0, 60, 2, '2021-03-11 15:45:30'),
(90, 0, 61, 2, '2021-03-11 16:36:18'),
(91, 0, 62, 2, '2021-03-11 21:28:21'),
(92, 2, 60, 3, '2021-03-12 17:17:24'),
(93, 2, 62, 3, '2021-03-12 17:17:25'),
(94, 2, 61, 3, '2021-03-12 17:17:30'),
(95, 2, 59, 3, '2021-03-12 17:17:40'),
(96, 2, 58, 5, '2021-03-15 10:57:13'),
(97, 2, 57, 5, '2021-03-15 10:57:19'),
(98, 2, 62, 4, '2021-03-17 11:59:25'),
(99, 2, 61, 4, '2021-03-17 11:59:45'),
(100, 2, 60, 4, '2021-03-17 11:59:48'),
(101, 2, 59, 4, '2021-03-17 11:59:50'),
(102, 0, 63, 2, '2021-03-19 13:13:20'),
(103, 2, 63, 3, '2021-03-19 15:03:50'),
(104, 2, 63, 4, '2021-03-22 10:54:06'),
(105, 2, 61, 5, '2021-03-22 10:56:01'),
(106, 2, 60, 5, '2021-03-25 10:03:10'),
(107, 2, 59, 5, '2021-03-25 10:04:08'),
(108, 2, 62, 5, '2021-03-25 10:04:36'),
(109, 0, 64, 2, '2021-03-25 14:56:37'),
(110, 2, 64, 3, '2021-03-26 08:42:26'),
(111, 0, 65, 2, '2021-03-26 08:48:29'),
(112, 2, 65, 3, '2021-03-26 08:50:35'),
(113, 2, 64, 4, '2021-03-26 12:55:37'),
(114, 2, 63, 5, '2021-03-29 14:00:53'),
(115, 2, 65, 4, '2021-04-01 09:53:18'),
(116, 2, 64, 5, '2021-04-05 14:36:54'),
(117, 2, 65, 5, '2021-04-09 14:01:37'),
(118, 0, 66, 2, '2021-05-04 15:30:56'),
(119, 2, 66, 3, '2021-05-04 15:42:52'),
(120, 2, 66, 4, '2021-05-10 10:10:54'),
(121, 0, 67, 2, '2021-05-10 12:35:59'),
(122, 2, 67, 3, '2021-05-11 14:06:36'),
(123, 2, 67, 4, '2021-05-13 14:27:55'),
(124, 2, 66, 5, '2021-05-18 10:30:23'),
(125, 2, 67, 5, '2021-05-18 10:30:30'),
(126, 0, 68, 2, '2021-05-29 23:43:41'),
(127, 2, 68, 3, '2021-05-31 09:10:31'),
(128, 2, 68, 4, '2021-06-08 09:19:14'),
(129, 2, 68, 5, '2021-06-10 09:33:14'),
(130, 0, 69, 10, '2021-07-09 20:44:28'),
(131, 2, 69, 2, '2021-07-15 10:24:24'),
(132, 2, 69, 4, '2021-07-15 10:29:31'),
(133, 2, 69, 5, '2021-07-26 14:44:11'),
(134, 0, 70, 2, '2021-07-28 21:06:08'),
(135, 2, 70, 3, '2021-07-29 12:26:50'),
(136, 2, 70, 4, '2021-07-29 14:06:32'),
(137, 0, 71, 10, '2021-08-05 02:27:18'),
(138, 0, 72, 2, '2021-08-07 17:28:41'),
(139, 2, 71, 4, '2021-08-09 12:44:54'),
(140, 2, 72, 3, '2021-08-09 12:45:12'),
(141, 2, 72, 4, '2021-08-17 10:18:01'),
(142, 2, 70, 5, '2021-08-20 11:22:37'),
(143, 2, 71, 5, '2021-08-20 11:22:45'),
(144, 2, 72, 5, '2021-08-24 08:17:13'),
(145, 0, 73, 2, '2021-08-28 14:33:02'),
(146, 2, 73, 3, '2021-08-30 09:35:04'),
(147, 2, 73, 4, '2021-08-30 12:18:34'),
(148, 2, 73, 5, '2021-09-08 09:08:22'),
(149, 0, 74, 2, '2021-09-27 20:23:46'),
(150, 2, 74, 3, '2021-09-28 10:41:26'),
(151, 0, 75, 10, '2021-09-28 11:25:17'),
(152, 2, 75, 6, '2021-09-28 11:31:58'),
(153, 0, 76, 10, '2021-10-04 01:58:22'),
(154, 2, 74, 6, '2021-10-05 10:54:24'),
(155, 2, 74, 3, '2021-10-05 11:24:12'),
(156, 2, 74, 6, '2021-10-05 16:03:15'),
(157, 0, 77, 2, '2021-10-06 15:11:02'),
(158, 2, 77, 3, '2021-10-06 16:48:39'),
(159, 0, 78, 10, '2021-10-13 11:55:08'),
(160, 0, 79, 2, '2021-10-22 14:59:26'),
(161, 2, 77, 5, '2021-10-25 09:11:39'),
(162, 2, 79, 3, '2021-10-25 09:12:14'),
(163, 0, 80, 2, '2021-10-25 11:15:43'),
(164, 0, 81, 10, '2021-11-03 11:26:53'),
(165, 0, 82, 2, '2021-11-06 17:32:36'),
(166, 2, 82, 3, '2021-11-08 14:32:56'),
(167, 0, 83, 10, '2021-11-09 11:51:16'),
(168, 2, 83, 6, '2021-11-09 12:50:27'),
(169, 0, 84, 10, '2021-11-09 12:58:57'),
(170, 2, 84, 3, '2021-11-09 13:31:49'),
(171, 2, 82, 4, '2021-11-09 13:39:10'),
(172, 2, 84, 4, '2021-11-10 09:07:40'),
(173, 0, 85, 10, '2021-11-15 08:28:59'),
(174, 0, 86, 10, '2021-11-19 12:28:30'),
(175, 0, 87, 2, '2021-11-24 12:30:41'),
(176, 2, 87, 3, '2021-11-24 17:41:51'),
(177, 2, 79, 4, '2021-11-26 15:34:51'),
(178, 2, 86, 6, '2021-11-26 15:42:20'),
(179, 0, 88, 2, '2021-11-26 22:37:01'),
(180, 0, 89, 2, '2021-11-28 22:16:28'),
(181, 2, 88, 3, '2021-11-29 08:44:38'),
(182, 2, 89, 3, '2021-11-29 08:44:52'),
(183, 2, 88, 4, '2021-11-30 12:42:20'),
(184, 2, 89, 4, '2021-12-02 10:07:59'),
(185, 0, 90, 2, '2021-12-13 17:39:20'),
(186, 2, 90, 3, '2021-12-14 08:47:30'),
(187, 0, 91, 2, '2021-12-14 11:58:38'),
(188, 2, 91, 3, '2021-12-14 13:01:47'),
(189, 2, 91, 4, '2021-12-16 13:22:50'),
(190, 2, 87, 5, '2021-12-16 13:24:34'),
(191, 2, 88, 5, '2021-12-16 13:24:47'),
(192, 2, 89, 5, '2021-12-16 13:24:57'),
(193, 2, 90, 4, '2021-12-16 13:30:32'),
(194, 2, 90, 5, '2021-12-21 15:01:01'),
(195, 2, 91, 5, '2021-12-23 09:55:50'),
(196, 2, 84, 5, '2021-12-23 09:57:19'),
(197, 2, 82, 5, '2021-12-23 09:57:28'),
(198, 2, 79, 5, '2021-12-23 09:57:37'),
(199, 0, 92, 2, '2021-12-31 10:48:15'),
(200, 2, 92, 3, '2022-01-03 09:43:33'),
(201, 0, 93, 8, '2022-01-03 13:22:01'),
(202, 0, 94, 2, '2022-01-03 13:26:26'),
(203, 2, 93, 6, '2022-01-03 14:18:27'),
(204, 2, 94, 3, '2022-01-03 14:25:34'),
(205, 0, 95, 10, '2022-01-03 15:43:27'),
(206, 2, 92, 4, '2022-01-04 13:45:20'),
(207, 2, 94, 4, '2022-01-04 13:45:41'),
(208, 2, 95, 6, '2022-01-05 09:38:56'),
(209, 0, 96, 2, '2022-01-10 11:28:12'),
(210, 2, 96, 3, '2022-01-10 12:46:35'),
(211, 2, 96, 4, '2022-01-10 16:27:57'),
(212, 2, 96, 5, '2022-01-10 16:28:06'),
(213, 0, 97, 2, '2022-01-11 12:15:28'),
(214, 2, 97, 3, '2022-01-11 12:33:47'),
(215, 2, 97, 4, '2022-01-14 12:17:28'),
(216, 0, 98, 2, '2022-01-18 09:53:07'),
(217, 2, 98, 3, '2022-01-18 10:14:54'),
(218, 0, 99, 21, '2022-01-21 10:10:16'),
(219, 2, 98, 4, '2022-01-21 12:46:48'),
(220, 2, 92, 5, '2022-01-21 12:47:19'),
(221, 2, 94, 5, '2022-01-21 12:47:38'),
(222, 2, 97, 5, '2022-01-21 12:50:51'),
(223, 2, 99, 6, '2022-01-25 08:35:41'),
(224, 2, 98, 5, '2022-01-25 13:52:52'),
(225, 0, 100, 10, '2022-02-01 15:59:19'),
(226, 0, 101, 10, '2022-02-01 15:59:25'),
(227, 0, 101, 12, '2022-02-01 15:59:25'),
(228, 2, 101, 6, '2022-02-03 09:33:20'),
(229, 2, 100, 6, '2022-02-07 08:46:36'),
(230, 0, 102, 2, '2022-02-15 11:37:54'),
(231, 2, 102, 3, '2022-02-15 17:48:46'),
(232, 0, 103, 2, '2022-02-21 12:01:27'),
(233, 2, 103, 3, '2022-02-22 09:04:40'),
(234, 2, 102, 4, '2022-02-22 09:04:51'),
(235, 2, 103, 4, '2022-02-23 11:55:43'),
(236, 0, 104, 2, '2022-02-24 21:32:44'),
(237, 2, 104, 3, '2022-03-02 09:12:31'),
(238, 2, 104, 4, '2022-03-03 08:59:34'),
(239, 0, 105, 2, '2022-03-03 19:05:18'),
(240, 2, 105, 3, '2022-03-04 14:50:37'),
(241, 2, 104, 5, '2022-03-04 14:50:54'),
(242, 2, 103, 5, '2022-03-04 14:51:02'),
(243, 2, 102, 5, '2022-03-04 14:51:11'),
(244, 2, 105, 4, '2022-03-07 09:46:02'),
(245, 2, 105, 5, '2022-03-09 09:45:34'),
(246, 0, 106, 2, '2022-04-14 14:24:56'),
(247, 2, 106, 3, '2022-04-14 15:50:54'),
(248, 0, 107, 8, '2022-04-18 18:42:47'),
(249, 0, 108, 2, '2022-04-18 19:01:41'),
(250, 2, 107, 6, '2022-04-19 08:37:55'),
(251, 2, 108, 3, '2022-04-19 08:38:17'),
(252, 2, 106, 4, '2022-04-20 09:03:41'),
(253, 2, 106, 5, '2022-04-20 09:18:20'),
(254, 2, 108, 4, '2022-04-22 13:17:32'),
(255, 2, 108, 5, '2022-05-02 15:27:19'),
(256, 0, 109, 2, '2022-05-22 21:31:30'),
(257, 2, 109, 3, '2022-05-23 10:37:50'),
(258, 2, 109, 4, '2022-05-27 09:55:30'),
(259, 2, 109, 5, '2022-06-01 08:57:24'),
(260, 0, 110, 2, '2022-06-06 21:18:39'),
(261, 2, 110, 3, '2022-06-07 09:06:29'),
(262, 0, 111, 2, '2022-06-09 21:23:57'),
(263, 2, 111, 3, '2022-06-10 14:39:11'),
(264, 2, 110, 4, '2022-06-10 14:39:36'),
(265, 0, 112, 8, '2022-06-11 19:31:47'),
(266, 2, 112, 6, '2022-06-13 08:41:19'),
(267, 2, 111, 4, '2022-06-13 08:56:00'),
(268, 2, 110, 5, '2022-06-14 17:24:49'),
(269, 2, 111, 5, '2022-06-16 09:27:22'),
(270, 0, 113, 2, '2022-06-23 12:35:43'),
(271, 2, 113, 3, '2022-06-23 12:50:44'),
(272, 2, 113, 4, '2022-06-27 08:55:49'),
(273, 2, 113, 5, '2022-06-28 15:24:47'),
(274, 0, 114, 10, '2022-07-14 13:06:15'),
(275, 0, 115, 2, '2022-07-14 13:08:43'),
(276, 2, 115, 6, '2022-07-14 14:41:13'),
(277, 2, 114, 6, '2022-07-14 14:41:28');

-- --------------------------------------------------------

--
-- Estructura de tabla para la tabla `ps_order_invoice`
--

CREATE TABLE `ps_order_invoice` (
  `id_order_invoice` int(11) UNSIGNED NOT NULL,
  `id_order` int(11) NOT NULL,
  `number` int(11) NOT NULL,
  `delivery_number` int(11) NOT NULL,
  `delivery_date` datetime DEFAULT NULL,
  `total_discount_tax_excl` decimal(20,6) NOT NULL DEFAULT 0.000000,
  `total_discount_tax_incl` decimal(20,6) NOT NULL DEFAULT 0.000000,
  `total_paid_tax_excl` decimal(20,6) NOT NULL DEFAULT 0.000000,
  `total_paid_tax_incl` decimal(20,6) NOT NULL DEFAULT 0.000000,
  `total_products` decimal(20,6) NOT NULL DEFAULT 0.000000,
  `total_products_wt` decimal(20,6) NOT NULL DEFAULT 0.000000,
  `total_shipping_tax_excl` decimal(20,6) NOT NULL DEFAULT 0.000000,
  `total_shipping_tax_incl` decimal(20,6) NOT NULL DEFAULT 0.000000,
  `shipping_tax_computation_method` int(10) UNSIGNED NOT NULL,
  `total_wrapping_tax_excl` decimal(20,6) NOT NULL DEFAULT 0.000000,
  `total_wrapping_tax_incl` decimal(20,6) NOT NULL DEFAULT 0.000000,
  `shop_address` text DEFAULT NULL,
  `note` text DEFAULT NULL,
  `date_add` datetime NOT NULL
) ENGINE=InnoDB DEFAULT CHARSET=utf8;

--
-- Volcado de datos para la tabla `ps_order_invoice`
--

INSERT INTO `ps_order_invoice` (`id_order_invoice`, `id_order`, `number`, `delivery_number`, `delivery_date`, `total_discount_tax_excl`, `total_discount_tax_incl`, `total_paid_tax_excl`, `total_paid_tax_incl`, `total_products`, `total_products_wt`, `total_shipping_tax_excl`, `total_shipping_tax_incl`, `shipping_tax_computation_method`, `total_wrapping_tax_excl`, `total_wrapping_tax_incl`, `shop_address`, `note`, `date_add`) VALUES
(1, 3, 1, 1, '2020-05-21 12:38:23', '0.000000', '0.000000', '610.000000', '610.000000', '610.000000', '610.000000', '0.000000', '0.000000', 1, '0.000000', '0.000000', 'Optica Brera', '', '2020-05-21 12:38:23'),
(2, 11, 2, 2, '2020-06-24 16:29:39', '0.000000', '0.000000', '5632.340000', '6815.140000', '5338.840000', '6460.000000', '293.500000', '355.140000', 0, '0.000000', '0.000000', 'Optica Brera<br />Argentina', '', '2020-06-23 10:46:55'),
(3, 12, 3, 4, '2020-07-06 14:30:19', '0.000000', '0.000000', '8289.370000', '10030.140000', '7995.870000', '9675.000000', '293.500000', '355.140000', 0, '0.000000', '0.000000', 'Optica Brera<br />Argentina', '', '2020-06-25 15:46:48'),
(4, 4, 4, 3, '2020-06-25 20:14:34', '0.000000', '0.000000', '2310.000000', '2310.000000', '2310.000000', '2310.000000', '0.000000', '0.000000', 0, '0.000000', '0.000000', 'Optica Brera<br />Argentina', '', '2020-06-25 19:57:31'),
(5, 13, 5, 5, '2020-07-06 14:31:08', '0.000000', '0.000000', '1467.050000', '1775.140000', '1173.550000', '1420.000000', '293.500000', '355.140000', 0, '0.000000', '0.000000', 'Optica Brera<br />Argentina', '', '2020-07-05 01:30:55'),
(6, 14, 6, 0, '0000-00-00 00:00:00', '0.000000', '0.000000', '1864.330000', '2255.850000', '1619.830000', '1960.000000', '244.500000', '295.850000', 0, '0.000000', '0.000000', 'Optica Brera<br />Argentina<br />11 3809-6127', '', '2020-07-18 16:00:09'),
(7, 15, 7, 0, '0000-00-00 00:00:00', '0.000000', '0.000000', '5701.520000', '6898.840000', '5438.020000', '6580.000000', '263.500000', '318.840000', 0, '0.000000', '0.000000', 'Optica Brera<br />Argentina<br />11 3809-6127', '', '2020-07-29 20:05:15'),
(8, 17, 8, 0, '0000-00-00 00:00:00', '0.000000', '0.000000', '5723.020000', '6924.850000', '5438.020000', '6580.000000', '285.000000', '344.850000', 0, '0.000000', '0.000000', 'Optica Brera<br />Argentina<br />11 3809-6127', '', '2020-08-22 18:30:48'),
(9, 18, 9, 0, '0000-00-00 00:00:00', '0.000000', '0.000000', '2714.750000', '3284.850000', '2429.750000', '2940.000000', '285.000000', '344.850000', 0, '0.000000', '0.000000', 'Optica Brera<br />Argentina<br />11 3809-6127', '', '2020-08-25 12:36:12'),
(10, 36, 10, 0, '0000-00-00 00:00:00', '0.000000', '0.000000', '1459.380000', '1765.850000', '1214.880000', '1470.000000', '244.500000', '295.850000', 0, '0.000000', '0.000000', 'Optica Brera<br />Argentina<br />11 3809-6127', '', '2020-09-24 19:21:57'),
(11, 41, 11, 0, '0000-00-00 00:00:00', '0.000000', '0.000000', '1214.880000', '1470.000000', '1214.880000', '1470.000000', '0.000000', '0.000000', 0, '0.000000', '0.000000', 'Optica Brera<br />Argentina<br />11 3809-6127', '', '2020-10-27 18:34:41'),
(12, 43, 12, 0, '0000-00-00 00:00:00', '0.000000', '0.000000', '1214.880000', '1470.000000', '1214.880000', '1470.000000', '0.000000', '0.000000', 0, '0.000000', '0.000000', 'Optica Brera<br />Argentina<br />11 3809-6127', '', '2020-10-28 15:05:35'),
(13, 44, 13, 0, '0000-00-00 00:00:00', '0.000000', '0.000000', '859.500000', '1040.000000', '859.500000', '1040.000000', '0.000000', '0.000000', 0, '0.000000', '0.000000', 'Optica Brera<br />Argentina<br />11 3809-6127', '', '2020-11-02 14:25:10'),
(14, 46, 14, 0, '0000-00-00 00:00:00', '0.000000', '0.000000', '4933.880000', '5970.000000', '4933.880000', '5970.000000', '0.000000', '0.000000', 0, '0.000000', '0.000000', 'Optica Brera<br />Argentina<br />11 3809-6127', '', '2020-11-16 15:06:14'),
(15, 50, 15, 0, '0000-00-00 00:00:00', '0.000000', '0.000000', '2066.120000', '2500.000000', '2066.120000', '2500.000000', '0.000000', '0.000000', 0, '0.000000', '0.000000', 'Optica Brera<br />Argentina<br />11 3809-6127', '', '2020-12-04 13:01:08'),
(16, 51, 16, 0, '0000-00-00 00:00:00', '0.000000', '0.000000', '4427.270000', '5357.000000', '4427.270000', '5357.000000', '0.000000', '0.000000', 0, '0.000000', '0.000000', 'Optica Brera<br />Argentina<br />11 3809-6127', '', '2020-12-12 13:15:59'),
(17, 52, 17, 0, '0000-00-00 00:00:00', '0.000000', '0.000000', '4132.230000', '5000.000000', '4132.230000', '5000.000000', '0.000000', '0.000000', 0, '0.000000', '0.000000', 'Optica Brera<br />Argentina<br />11 3809-6127', '', '2020-12-21 10:48:57'),
(18, 53, 18, 0, '0000-00-00 00:00:00', '0.000000', '0.000000', '2223.140000', '2690.000000', '2223.140000', '2690.000000', '0.000000', '0.000000', 0, '0.000000', '0.000000', 'Optica Brera<br />Argentina<br />11 3809-6127', '', '2021-01-12 17:59:50'),
(19, 54, 19, 0, '0000-00-00 00:00:00', '0.000000', '0.000000', '3330.580000', '4030.000000', '3330.580000', '4030.000000', '0.000000', '0.000000', 0, '0.000000', '0.000000', 'Optica Brera<br />Argentina<br />11 3809-6127', '', '2021-01-18 21:14:30'),
(20, 55, 20, 0, '0000-00-00 00:00:00', '0.000000', '0.000000', '3330.580000', '4030.000000', '3330.580000', '4030.000000', '0.000000', '0.000000', 0, '0.000000', '0.000000', 'Optica Brera<br />Argentina<br />11 3809-6127', '', '2021-01-25 17:32:57'),
(21, 56, 21, 0, '0000-00-00 00:00:00', '0.000000', '0.000000', '3669.420000', '4440.000000', '3669.420000', '4440.000000', '0.000000', '0.000000', 0, '0.000000', '0.000000', 'Optica Brera<br />Argentina<br />11 3809-6127', '', '2021-02-01 21:31:24'),
(22, 58, 22, 10, '2021-03-15 10:57:13', '0.000000', '0.000000', '6074.380000', '7350.000000', '6074.380000', '7350.000000', '0.000000', '0.000000', 0, '0.000000', '0.000000', 'Optica Brera<br />Argentina<br />11 3809-6127', '', '2021-02-25 18:19:21'),
(23, 60, 23, 6, '2021-03-12 17:17:24', '0.000000', '0.000000', '6917.360000', '8370.000000', '6917.360000', '8370.000000', '0.000000', '0.000000', 0, '0.000000', '0.000000', 'Optica Brera<br />Argentina<br />11 3809-6127', '', '2021-03-11 15:45:30'),
(24, 61, 24, 8, '2021-03-12 17:17:30', '0.000000', '0.000000', '2586.780000', '3130.000000', '2586.780000', '3130.000000', '0.000000', '0.000000', 0, '0.000000', '0.000000', 'Optica Brera<br />Argentina<br />11 3809-6127', '', '2021-03-11 16:36:18'),
(25, 62, 25, 7, '2021-03-12 17:17:25', '0.000000', '0.000000', '2305.790000', '2790.000000', '2305.790000', '2790.000000', '0.000000', '0.000000', 0, '0.000000', '0.000000', 'Optica Brera<br />Argentina<br />11 3809-6127', '', '2021-03-11 21:28:21'),
(26, 59, 26, 9, '2021-03-12 17:17:40', '0.000000', '0.000000', '3330.580000', '4030.000000', '3330.580000', '4030.000000', '0.000000', '0.000000', 0, '0.000000', '0.000000', 'Optica Brera<br />Argentina<br />11 3809-6127', '', '2021-03-12 17:17:40'),
(27, 57, 27, 11, '2021-03-15 10:57:19', '0.000000', '0.000000', '1942.150000', '2350.000000', '1942.150000', '2350.000000', '0.000000', '0.000000', 0, '0.000000', '0.000000', 'Optica Brera<br />Argentina<br />11 3809-6127', '', '2021-03-15 10:57:19'),
(28, 63, 28, 12, '2021-03-19 15:03:50', '0.000000', '0.000000', '6917.360000', '8370.000000', '6917.360000', '8370.000000', '0.000000', '0.000000', 0, '0.000000', '0.000000', 'Optica Brera<br />Argentina<br />11 3809-6127', '', '2021-03-19 13:13:20'),
(29, 64, 29, 13, '2021-03-26 08:42:26', '0.000000', '0.000000', '5702.480000', '6900.000000', '5702.480000', '6900.000000', '0.000000', '0.000000', 0, '0.000000', '0.000000', 'Optica Brera<br />Argentina<br />11 3809-6127', '', '2021-03-25 14:56:37'),
(30, 65, 30, 14, '2021-03-26 08:50:35', '0.000000', '0.000000', '2272.730000', '2750.000000', '2272.730000', '2750.000000', '0.000000', '0.000000', 0, '0.000000', '0.000000', 'Optica Brera<br />Argentina<br />11 3809-6127', '', '2021-03-26 08:48:29'),
(31, 66, 31, 15, '2021-05-04 15:42:52', '0.000000', '0.000000', '4545.450000', '5500.000000', '4545.450000', '5500.000000', '0.000000', '0.000000', 0, '0.000000', '0.000000', 'Optica Brera<br />Argentina<br />11 3809-6127', '', '2021-05-04 15:30:56'),
(32, 67, 32, 16, '2021-05-11 14:06:36', '0.000000', '0.000000', '2272.730000', '2750.000000', '2272.730000', '2750.000000', '0.000000', '0.000000', 0, '0.000000', '0.000000', 'Optica Brera<br />Argentina<br />11 3809-6127', '', '2021-05-10 12:35:59'),
(33, 68, 33, 17, '2021-05-31 09:10:31', '0.000000', '0.000000', '2859.500000', '3460.000000', '2859.500000', '3460.000000', '0.000000', '0.000000', 0, '0.000000', '0.000000', 'Optica Brera<br />Argentina<br />11 3809-6127', '', '2021-05-29 23:43:41'),
(34, 69, 34, 18, '2021-07-15 10:29:31', '0.000000', '0.000000', '3611.570000', '4370.000000', '3611.570000', '4370.000000', '0.000000', '0.000000', 0, '0.000000', '0.000000', 'Optica Brera<br />Argentina<br />11 3809-6127', '', '2021-07-15 10:24:24'),
(35, 70, 35, 19, '2021-07-29 12:26:50', '0.000000', '0.000000', '8801.650000', '10650.000000', '8801.650000', '10650.000000', '0.000000', '0.000000', 0, '0.000000', '0.000000', 'Optica Brera<br />Argentina<br />11 3809-6127', '', '2021-07-28 21:06:08'),
(36, 72, 36, 21, '2021-08-09 12:45:12', '0.000000', '0.000000', '3305.790000', '4000.000000', '3305.790000', '4000.000000', '0.000000', '0.000000', 0, '0.000000', '0.000000', 'Optica Brera<br />Argentina<br />11 3809-6127', '', '2021-08-07 17:28:41'),
(37, 71, 37, 20, '2021-08-09 12:44:54', '0.000000', '0.000000', '4057.850000', '4910.000000', '4057.850000', '4910.000000', '0.000000', '0.000000', 0, '0.000000', '0.000000', 'Optica Brera<br />Argentina<br />11 3809-6127', '', '2021-08-09 12:44:54'),
(38, 73, 38, 22, '2021-08-30 09:35:04', '0.000000', '0.000000', '3776.860000', '4570.000000', '3776.860000', '4570.000000', '0.000000', '0.000000', 0, '0.000000', '0.000000', 'Optica Brera<br />Argentina<br />11 3809-6127', '', '2021-08-28 14:33:02'),
(39, 74, 39, 23, '2021-09-28 10:41:26', '0.000000', '0.000000', '14461.160000', '17498.000000', '14461.160000', '17498.000000', '0.000000', '0.000000', 0, '0.000000', '0.000000', 'Optica Brera<br />Argentina<br />11 3809-6127', '', '2021-09-27 20:23:46'),
(40, 77, 40, 24, '2021-10-06 16:48:39', '0.000000', '0.000000', '2933.880000', '3550.000000', '2933.880000', '3550.000000', '0.000000', '0.000000', 0, '0.000000', '0.000000', 'Optica Brera<br />Argentina<br />11 3809-6127', '', '2021-10-06 15:11:02'),
(41, 79, 41, 25, '2021-10-25 09:12:14', '0.000000', '0.000000', '7347.110000', '8890.000000', '7347.110000', '8890.000000', '0.000000', '0.000000', 0, '0.000000', '0.000000', 'Optica Brera<br />Argentina<br />11 3809-6127', '', '2021-10-22 14:59:26'),
(42, 80, 42, 0, '0000-00-00 00:00:00', '0.000000', '0.000000', '0.000000', '0.000000', '0.000000', '0.000000', '0.000000', '0.000000', 0, '0.000000', '0.000000', 'Optica Brera<br />Argentina<br />11 3809-6127', '', '2021-10-25 11:15:43'),
(43, 82, 43, 26, '2021-11-08 14:32:56', '0.000000', '0.000000', '3611.570000', '4370.000000', '3611.570000', '4370.000000', '0.000000', '0.000000', 0, '0.000000', '0.000000', 'Optica Brera<br />Argentina<br />11 3809-6127', '', '2021-11-06 17:32:36'),
(44, 84, 44, 27, '2021-11-09 13:31:49', '0.000000', '0.000000', '6231.410000', '7540.000000', '6231.410000', '7540.000000', '0.000000', '0.000000', 0, '0.000000', '0.000000', 'Optica Brera<br />Argentina<br />11 3809-6127', '', '2021-11-09 13:31:49'),
(45, 87, 45, 28, '2021-11-24 17:41:51', '0.000000', '0.000000', '5008.260000', '6060.000000', '5008.260000', '6060.000000', '0.000000', '0.000000', 0, '0.000000', '0.000000', 'Optica Brera<br />Argentina<br />11 3809-6127', '', '2021-11-24 12:30:41'),
(46, 88, 46, 29, '2021-11-29 08:44:38', '0.000000', '0.000000', '5966.940000', '7220.000000', '5966.940000', '7220.000000', '0.000000', '0.000000', 0, '0.000000', '0.000000', 'Optica Brera<br />Argentina<br />11 3809-6127', '', '2021-11-26 22:37:01'),
(47, 89, 47, 30, '2021-11-29 08:44:52', '0.000000', '0.000000', '5338.840000', '6460.000000', '5338.840000', '6460.000000', '0.000000', '0.000000', 0, '0.000000', '0.000000', 'Optica Brera<br />Argentina<br />11 3809-6127', '', '2021-11-28 22:16:28'),
(48, 90, 48, 31, '2021-12-14 08:47:30', '0.000000', '0.000000', '5057.850000', '6120.000000', '5057.850000', '6120.000000', '0.000000', '0.000000', 0, '0.000000', '0.000000', 'Optica Brera<br />Argentina<br />11 3809-6127', '', '2021-12-13 17:39:20'),
(49, 91, 49, 32, '2021-12-14 13:01:47', '0.000000', '0.000000', '7347.110000', '8890.000000', '7347.110000', '8890.000000', '0.000000', '0.000000', 0, '0.000000', '0.000000', 'Optica Brera<br />Argentina<br />11 3809-6127', '', '2021-12-14 11:58:38'),
(50, 92, 50, 33, '2022-01-03 09:43:33', '0.000000', '0.000000', '5289.260000', '6400.000000', '5289.260000', '6400.000000', '0.000000', '0.000000', 0, '0.000000', '0.000000', 'Optica Brera<br />Argentina<br />11 3809-6127', '', '2021-12-31 10:48:15'),
(51, 94, 51, 34, '2022-01-03 14:25:34', '0.000000', '0.000000', '6033.060000', '7300.000000', '6033.060000', '7300.000000', '0.000000', '0.000000', 0, '0.000000', '0.000000', 'Optica Brera<br />Argentina<br />11 3809-6127', '', '2022-01-03 13:26:26'),
(52, 96, 52, 35, '2022-01-10 12:46:35', '0.000000', '0.000000', '6611.570000', '8000.000000', '6611.570000', '8000.000000', '0.000000', '0.000000', 0, '0.000000', '0.000000', 'Optica Brera<br />Argentina<br />11 3809-6127', '', '2022-01-10 11:28:12'),
(53, 97, 53, 36, '2022-01-11 12:33:47', '0.000000', '0.000000', '4876.030000', '5900.000000', '4876.030000', '5900.000000', '0.000000', '0.000000', 0, '0.000000', '0.000000', 'Optica Brera<br />Argentina<br />11 3809-6127', '', '2022-01-11 12:15:28'),
(54, 98, 54, 37, '2022-01-18 10:14:54', '0.000000', '0.000000', '8925.620000', '10800.000000', '8925.620000', '10800.000000', '0.000000', '0.000000', 0, '0.000000', '0.000000', 'Optica Brera<br />Argentina<br />11 3809-6127', '', '2022-01-18 09:53:07'),
(55, 102, 55, 38, '2022-02-15 17:48:46', '0.000000', '0.000000', '10413.220000', '12600.000000', '10413.220000', '12600.000000', '0.000000', '0.000000', 0, '0.000000', '0.000000', 'Optica Brera<br />Argentina<br />11 3809-6127', '', '2022-02-15 11:37:54'),
(56, 103, 56, 39, '2022-02-22 09:04:40', '0.000000', '0.000000', '10413.220000', '12600.000000', '10413.220000', '12600.000000', '0.000000', '0.000000', 0, '0.000000', '0.000000', 'Optica Brera<br />Argentina<br />11 3809-6127', '', '2022-02-21 12:01:27'),
(57, 104, 57, 40, '2022-03-02 09:12:31', '0.000000', '0.000000', '5454.550000', '6600.000000', '5454.550000', '6600.000000', '0.000000', '0.000000', 0, '0.000000', '0.000000', 'Optica Brera<br />Argentina<br />11 3809-6127', '', '2022-02-24 21:32:44'),
(58, 105, 58, 41, '2022-03-04 14:50:37', '0.000000', '0.000000', '7644.630000', '9250.000000', '7644.630000', '9250.000000', '0.000000', '0.000000', 0, '0.000000', '0.000000', 'Optica Brera<br />Argentina<br />11 3809-6127', '', '2022-03-03 19:05:18'),
(59, 106, 59, 42, '2022-04-14 15:50:54', '0.000000', '0.000000', '6404.960000', '7750.000000', '6404.960000', '7750.000000', '0.000000', '0.000000', 0, '0.000000', '0.000000', 'Optica Brera<br />Argentina<br />11 3809-6127', '', '2022-04-14 14:24:56'),
(60, 108, 60, 43, '2022-04-19 08:38:17', '0.000000', '0.000000', '3347.110000', '4050.000000', '3347.110000', '4050.000000', '0.000000', '0.000000', 0, '0.000000', '0.000000', 'Optica Brera<br />Argentina<br />11 3809-6127', '', '2022-04-18 19:01:40'),
(61, 109, 61, 44, '2022-05-23 10:37:50', '0.000000', '0.000000', '4198.350000', '5080.000000', '4198.350000', '5080.000000', '0.000000', '0.000000', 0, '0.000000', '0.000000', 'Optica Brera<br />Argentina<br />11 3809-6127', '', '2022-05-22 21:31:30'),
(62, 110, 62, 45, '2022-06-07 09:06:29', '0.000000', '0.000000', '8140.500000', '9850.000000', '8140.500000', '9850.000000', '0.000000', '0.000000', 0, '0.000000', '0.000000', 'Optica Brera<br />Argentina<br />11 3809-6127', '', '2022-06-06 21:18:39'),
(63, 111, 63, 46, '2022-06-10 14:39:11', '0.000000', '0.000000', '12595.040000', '15240.000000', '12595.040000', '15240.000000', '0.000000', '0.000000', 0, '0.000000', '0.000000', 'Optica Brera<br />Argentina<br />11 3809-6127', '', '2022-06-09 21:23:57'),
(64, 113, 64, 47, '2022-06-23 12:50:44', '0.000000', '0.000000', '8305.790000', '10050.000000', '8305.790000', '10050.000000', '0.000000', '0.000000', 0, '0.000000', '0.000000', 'Optica Brera<br />Argentina<br />11 3809-6127', '', '2022-06-23 12:35:43'),
(65, 115, 65, 0, '0000-00-00 00:00:00', '0.000000', '0.000000', '10.000000', '12.100000', '10.000000', '12.100000', '0.000000', '0.000000', 0, '0.000000', '0.000000', 'Optica Brera<br />Argentina<br />11 3809-6127', '', '2022-07-14 13:08:43');

-- --------------------------------------------------------

--
-- Estructura de tabla para la tabla `ps_order_invoice_payment`
--

CREATE TABLE `ps_order_invoice_payment` (
  `id_order_invoice` int(11) UNSIGNED NOT NULL,
  `id_order_payment` int(11) UNSIGNED NOT NULL,
  `id_order` int(11) UNSIGNED NOT NULL
) ENGINE=InnoDB DEFAULT CHARSET=utf8;

--
-- Volcado de datos para la tabla `ps_order_invoice_payment`
--

INSERT INTO `ps_order_invoice_payment` (`id_order_invoice`, `id_order_payment`, `id_order`) VALUES
(1, 2, 3),
(4, 5, 4),
(2, 3, 11),
(3, 4, 12),
(5, 6, 13),
(6, 7, 14),
(7, 8, 15),
(8, 10, 17),
(9, 11, 18),
(10, 12, 36),
(11, 16, 41),
(12, 17, 43),
(13, 18, 44),
(14, 19, 46),
(15, 20, 50),
(16, 22, 51),
(17, 23, 52),
(18, 24, 53),
(19, 25, 54),
(20, 26, 55),
(21, 27, 56),
(27, 34, 57),
(22, 28, 58),
(26, 29, 59),
(23, 31, 60),
(24, 32, 61),
(25, 33, 62),
(28, 35, 63),
(29, 36, 64),
(30, 37, 65),
(31, 38, 66),
(32, 39, 67),
(33, 40, 68),
(34, 41, 69),
(35, 42, 70),
(37, 44, 71),
(36, 43, 72),
(38, 45, 73),
(39, 46, 74),
(40, 47, 77),
(41, 48, 79),
(42, 49, 80),
(43, 50, 82),
(44, 51, 84),
(45, 52, 87),
(46, 53, 88),
(47, 54, 89),
(48, 55, 90),
(49, 56, 91),
(50, 57, 92),
(51, 59, 94),
(52, 60, 96),
(53, 61, 97),
(54, 62, 98),
(55, 64, 102),
(56, 65, 103),
(57, 66, 104),
(58, 67, 105),
(59, 68, 106),
(60, 70, 108),
(61, 71, 109),
(62, 72, 110),
(63, 73, 111),
(64, 75, 113),
(65, 76, 115);

-- --------------------------------------------------------

--
-- Estructura de tabla para la tabla `ps_order_invoice_tax`
--

CREATE TABLE `ps_order_invoice_tax` (
  `id_order_invoice` int(11) NOT NULL,
  `type` varchar(15) NOT NULL,
  `id_tax` int(11) NOT NULL,
  `amount` decimal(10,6) NOT NULL DEFAULT 0.000000
) ENGINE=InnoDB DEFAULT CHARSET=utf8;

--
-- Volcado de datos para la tabla `ps_order_invoice_tax`
--

INSERT INTO `ps_order_invoice_tax` (`id_order_invoice`, `type`, `id_tax`, `amount`) VALUES
(2, 'shipping', 1, '61.635000'),
(3, 'shipping', 1, '61.635000'),
(4, 'shipping', 1, '0.000000'),
(5, 'shipping', 1, '61.635000'),
(6, 'shipping', 1, '51.345000'),
(7, 'shipping', 1, '55.335000'),
(8, 'shipping', 1, '59.850000'),
(9, 'shipping', 1, '59.850000'),
(10, 'shipping', 1, '51.345000'),
(11, 'shipping', 1, '0.000000'),
(12, 'shipping', 1, '0.000000'),
(13, 'shipping', 1, '0.000000'),
(14, 'shipping', 1, '0.000000'),
(15, 'shipping', 1, '0.000000'),
(16, 'shipping', 1, '0.000000'),
(17, 'shipping', 1, '0.000000'),
(18, 'shipping', 1, '0.000000'),
(19, 'shipping', 1, '0.000000'),
(20, 'shipping', 1, '0.000000'),
(21, 'shipping', 1, '0.000000'),
(22, 'shipping', 1, '0.000000'),
(23, 'shipping', 1, '0.000000'),
(24, 'shipping', 1, '0.000000'),
(25, 'shipping', 1, '0.000000'),
(26, 'shipping', 1, '0.000000'),
(27, 'shipping', 1, '0.000000'),
(28, 'shipping', 1, '0.000000'),
(29, 'shipping', 1, '0.000000'),
(30, 'shipping', 1, '0.000000'),
(31, 'shipping', 1, '0.000000'),
(32, 'shipping', 1, '0.000000'),
(33, 'shipping', 1, '0.000000'),
(34, 'shipping', 1, '0.000000'),
(35, 'shipping', 1, '0.000000'),
(36, 'shipping', 1, '0.000000'),
(37, 'shipping', 1, '0.000000'),
(38, 'shipping', 1, '0.000000'),
(39, 'shipping', 1, '0.000000'),
(40, 'shipping', 1, '0.000000'),
(41, 'shipping', 1, '0.000000'),
(42, 'shipping', 1, '0.000000'),
(43, 'shipping', 1, '0.000000'),
(44, 'shipping', 1, '0.000000'),
(45, 'shipping', 1, '0.000000'),
(46, 'shipping', 1, '0.000000'),
(47, 'shipping', 1, '0.000000'),
(48, 'shipping', 1, '0.000000'),
(49, 'shipping', 1, '0.000000'),
(50, 'shipping', 1, '0.000000'),
(51, 'shipping', 1, '0.000000'),
(52, 'shipping', 1, '0.000000'),
(53, 'shipping', 1, '0.000000'),
(54, 'shipping', 1, '0.000000'),
(55, 'shipping', 1, '0.000000'),
(56, 'shipping', 1, '0.000000'),
(57, 'shipping', 1, '0.000000'),
(58, 'shipping', 1, '0.000000'),
(59, 'shipping', 1, '0.000000'),
(60, 'shipping', 1, '0.000000'),
(61, 'shipping', 1, '0.000000'),
(62, 'shipping', 1, '0.000000'),
(63, 'shipping', 1, '0.000000'),
(64, 'shipping', 1, '0.000000'),
(65, 'shipping', 1, '0.000000');

-- --------------------------------------------------------

--
-- Estructura de tabla para la tabla `ps_order_message`
--

CREATE TABLE `ps_order_message` (
  `id_order_message` int(10) UNSIGNED NOT NULL,
  `date_add` datetime NOT NULL
) ENGINE=InnoDB DEFAULT CHARSET=utf8;

-- --------------------------------------------------------

--
-- Estructura de tabla para la tabla `ps_order_message_lang`
--

CREATE TABLE `ps_order_message_lang` (
  `id_order_message` int(10) UNSIGNED NOT NULL,
  `id_lang` int(10) UNSIGNED NOT NULL,
  `name` varchar(128) NOT NULL,
  `message` text NOT NULL
) ENGINE=InnoDB DEFAULT CHARSET=utf8;

-- --------------------------------------------------------

--
-- Estructura de tabla para la tabla `ps_order_payment`
--

CREATE TABLE `ps_order_payment` (
  `id_order_payment` int(11) NOT NULL,
  `order_reference` varchar(9) DEFAULT NULL,
  `id_currency` int(10) UNSIGNED NOT NULL,
  `amount` decimal(10,2) NOT NULL,
  `payment_method` varchar(255) NOT NULL,
  `conversion_rate` decimal(13,6) NOT NULL DEFAULT 1.000000,
  `transaction_id` varchar(254) DEFAULT NULL,
  `card_number` varchar(254) DEFAULT NULL,
  `card_brand` varchar(254) DEFAULT NULL,
  `card_expiration` char(7) DEFAULT NULL,
  `card_holder` varchar(254) DEFAULT NULL,
  `date_add` datetime NOT NULL
) ENGINE=InnoDB DEFAULT CHARSET=utf8;

--
-- Volcado de datos para la tabla `ps_order_payment`
--

INSERT INTO `ps_order_payment` (`id_order_payment`, `order_reference`, `id_currency`, `amount`, `payment_method`, `conversion_rate`, `transaction_id`, `card_number`, `card_brand`, `card_expiration`, `card_holder`, `date_add`) VALUES
(1, 'DYEPXJGKY', 1, '1700.00', 'mptoolspro', '0.000000', '6752485009', '', 'Pagofacil', '', '', '2020-05-20 21:56:22'),
(2, 'OSWXQNYZT', 1, '610.00', 'MercadoPago Argentina Pro', '1.000000', '', '', '', '', '', '2020-05-21 12:38:23'),
(3, 'INOLHVVGD', 1, '6815.14', 'MercadoPago Tools Pro', '1.000000', '7194461706', '', 'Visa', '', '', '2020-06-23 10:46:55'),
(4, 'PXOXBWYWR', 1, '10030.14', 'MercadoPago Tools Pro', '1.000000', '7221604600', '', 'Debvisa', '', '', '2020-06-25 15:46:47'),
(5, 'BZKIEYXAW', 1, '2310.00', 'Pagos por transferencia bancaria', '1.000000', '', '', '', '', '', '2020-06-25 19:57:31'),
(6, 'VWYKNHNPY', 1, '1775.14', 'MercadoPago Tools Pro', '1.000000', '7357279006', '', 'Visa', '', '', '2020-07-05 01:30:53'),
(7, 'KAQEDWGOV', 1, '2255.85', 'MercadoPago Tools Pro', '1.000000', '7651504738', '', 'Account_money', '', '', '2020-07-18 16:00:09'),
(8, 'NXUACWLHQ', 1, '6898.84', 'MercadoPago Tools Pro', '1.000000', '7822241678', '', 'Visa', '', '', '2020-07-29 20:05:14'),
(9, 'HXRIBROCI', 1, '6924.85', 'mptoolspro', '0.000000', '9341332368', '', 'Visa', '', '', '2020-08-22 18:28:31'),
(10, 'HXRIBROCI', 1, '6924.85', ' MercadoPago Tools Pro', '1.000000', '9341332368', '', 'Visa', '', '', '2020-08-22 18:30:48'),
(11, 'QSFXCLBKR', 1, '3284.85', 'MercadoPago Tools Pro', '1.000000', '9930610675', '', 'Debvisa', '', '', '2020-08-25 12:36:12'),
(12, 'NKZOFSMRF', 1, '1765.85', 'MercadoPago Tools Pro', '1.000000', '10348480571', '', 'Debvisa', '', '', '2020-09-24 19:21:56'),
(13, 'KYFCQZSET', 1, '1741.04', 'mptoolspro', '0.000000', '10387728264', '', 'Master', '', '', '2020-09-27 15:01:52'),
(14, 'NXSISUHIN', 1, '1470.00', 'mptoolspro', '0.000000', '12067660525', '', 'Rapipago', '', '', '2020-10-26 00:26:24'),
(15, 'FZVNQSJFW', 1, '5550.00', 'mptoolspro', '0.000000', '12082059350', '', 'Pagofacil', '', '', '2020-10-27 13:29:32'),
(16, 'QJKDAQRZQ', 1, '1470.00', 'MercadoPago Tools Pro', '1.000000', '12085230011', '', 'Debvisa', '', '', '2020-10-27 18:34:41'),
(17, 'FUVTDMSHJ', 1, '1470.00', 'MercadoPago Tools Pro', '1.000000', '12093599287', '', 'Master', '', '', '2020-10-28 15:05:35'),
(18, 'GBLUIWXHA', 1, '1040.00', 'MercadoPago Tools Pro', '1.000000', '12142128363', '', 'Master', '', '', '2020-11-02 14:25:10'),
(19, 'CSSEELJXU', 1, '5970.00', 'MercadoPago Tools Pro', '1.000000', '12299520470', '', 'Visa', '', '', '2020-11-16 15:06:13'),
(20, 'UJZNPYTQH', 1, '2500.00', 'MercadoPago Tools Pro', '1.000000', '12517822651', '', 'Account_money', '', '', '2020-12-04 13:01:07'),
(22, 'ZMVIYNYPY', 1, '5357.00', ' MercadoPago Tools Pro', '1.000000', '12591331380', '', 'Pagofacil', '', '', '2020-12-12 13:15:59'),
(23, 'ICDOJNCVQ', 1, '5000.00', 'MercadoPago Tools Pro', '1.000000', '12738188216', '', 'Visa', '', '', '2020-12-21 10:48:56'),
(24, 'PBWZKRIOY', 1, '2690.00', 'MercadoPago Tools Pro', '1.000000', '13033677620', '', 'Visa', '', '', '2021-01-12 17:59:49'),
(25, 'DMFLOCSPQ', 1, '4030.00', 'MercadoPago Tools Pro', '1.000000', '13119143211', '', 'Debvisa', '', '', '2021-01-18 21:14:29'),
(26, 'ARHRSBRVM', 1, '4030.00', 'MercadoPago Tools Pro', '1.000000', '13213964701', '', 'Visa', '', '', '2021-01-25 17:32:56'),
(27, 'KCDDOEWRC', 1, '4440.00', 'MercadoPago Tools Pro', '1.000000', '13379367968', '', 'Account_money', '', '', '2021-02-01 21:31:23'),
(28, 'UHIAUMAPQ', 1, '7350.00', 'MercadoPago Tools Pro', '1.000000', '13821677914', '', 'Visa', '', '', '2021-02-25 18:19:20'),
(29, 'NKRVVKLZG', 1, '4030.00', 'mptoolspro', '0.000000', '13991342404', '', 'Rapipago', '', '', '2021-03-10 16:14:34'),
(31, 'JSUPRUENE', 1, '8370.00', ' MercadoPago Tools Pro', '1.000000', '14006602641', '', 'Pagofacil', '', '', '2021-03-11 15:45:30'),
(32, 'TOFDNTEWC', 1, '3130.00', 'MercadoPago Tools Pro', '1.000000', '14008263335', '', 'Debvisa', '', '', '2021-03-11 16:36:17'),
(33, 'COSQFDFHL', 1, '2790.00', 'MercadoPago Tools Pro', '1.000000', '14013232155', '', 'Debmaster', '', '', '2021-03-11 21:28:21'),
(34, 'VKDUVRDOB', 1, '2350.00', 'Pagos por transferencia bancaria', '1.000000', '', '', '', '', '', '2021-03-15 10:57:19'),
(35, 'VLTTALIAR', 1, '8370.00', 'MercadoPago Tools Pro', '1.000000', '14114774774', '', 'Master', '', '', '2021-03-19 13:13:19'),
(36, 'OHPBEULUX', 1, '6900.00', 'MercadoPago Tools Pro', '1.000000', '14186762427', '', 'Visa', '', '', '2021-03-25 14:56:36'),
(37, 'CBNSTUVXP', 1, '2750.00', 'MercadoPago Tools Pro', '1.000000', '14194622385', '', 'Debvisa', '', '', '2021-03-26 08:48:29'),
(38, 'IAAQDWMFD', 1, '5500.00', 'MercadoPago Tools Pro', '1.000000', '14722148871', '', 'Debvisa', '', '', '2021-05-04 15:30:55'),
(39, 'YNGXNYXGY', 1, '2750.00', 'MercadoPago Tools Pro', '1.000000', '14812649669', '', 'Debvisa', '', '', '2021-05-10 12:35:58'),
(40, 'NXAPCLDVS', 1, '3460.00', 'MercadoPago Tools Pro', '1.000000', '15107502476', '', 'Maestro', '', '', '2021-05-29 23:43:40'),
(41, 'KXWPAXPPJ', 1, '4370.00', 'Pagos por transferencia bancaria', '1.000000', '', '', '', '', '', '2021-07-15 10:24:24'),
(42, 'BFQDBUPTT', 1, '10650.00', 'MercadoPago Tools Pro', '1.000000', '16085969107', '', 'Maestro', '', '', '2021-07-28 21:06:07'),
(43, 'JDIOGORJL', 1, '4000.00', 'MercadoPago Tools Pro', '1.000000', '16266539576', '', 'Debvisa', '', '', '2021-08-07 17:28:40'),
(44, 'IIIIEKJAF', 1, '4910.00', 'Pagos por transferencia bancaria', '1.000000', '', '', '', '', '', '2021-08-09 12:44:54'),
(45, 'ZDTHURQFL', 1, '4570.00', 'MercadoPago Tools Pro', '1.000000', '16636071539', '', 'Account_money', '', '', '2021-08-28 14:33:02'),
(46, 'FMQRQHNGU', 1, '17498.00', 'MercadoPago Tools Pro', '1.000000', '17204852412', '', 'Visa', '', '', '2021-09-27 20:23:45'),
(47, 'EPJEFHSJJ', 1, '3550.00', 'MercadoPago Tools Pro', '1.000000', '17379462951', '', 'Visa', '', '', '2021-10-06 15:11:02'),
(48, 'AAFQQSUGZ', 1, '8890.00', 'MercadoPago Tools Pro', '1.000000', '17702544840', '', 'Account_money', '', '', '2021-10-22 14:59:26'),
(49, 'ETYBFFHMS', 1, '3990.00', 'MercadoPago Tools Pro', '1.000000', '17752099419', '', 'Debvisa', '', '', '2021-10-25 11:15:42'),
(50, 'VSTJWNIAL', 1, '4370.00', 'MercadoPago Tools Pro', '1.000000', '18009288293', '', 'Debvisa', '', '', '2021-11-06 17:32:35'),
(51, 'GZMPPTDJE', 1, '7540.00', 'Pagos por transferencia bancaria', '1.000000', '', '', '', '', '', '2021-11-09 13:31:49'),
(52, 'JYINAEMOE', 1, '6060.00', 'MercadoPago Tools Pro', '1.000000', '18373836933', '', 'Visa', '', '', '2021-11-24 12:30:41'),
(53, 'RKAUUZDTO', 1, '7220.00', 'MercadoPago Tools Pro', '1.000000', '18432073038', '', 'Debvisa', '', '', '2021-11-26 22:37:00'),
(54, 'RHTLVMCCL', 1, '6460.00', 'MercadoPago Tools Pro', '1.000000', '18468487118', '', 'Debvisa', '', '', '2021-11-28 22:16:28'),
(55, 'QOWTWMZUH', 1, '6120.00', 'MercadoPago Tools Pro', '1.000000', '18811307616', '', 'Debvisa', '', '', '2021-12-13 17:39:18'),
(56, 'ZUFKPCAXO', 1, '8890.00', 'MercadoPago Tools Pro', '1.000000', '18827125424', '', 'Master', '', '', '2021-12-14 11:58:33'),
(57, 'SJDIAVFMP', 1, '6400.00', 'MercadoPago Tools Pro', '1.000000', '19206414893', '', 'Visa', '', '', '2021-12-31 10:48:15'),
(58, 'XZENOJZNI', 1, '7300.00', 'mptoolspro', '0.000000', '19255567516', '', 'Visa', '', '', '2022-01-03 13:22:03'),
(59, 'MBUFEKZQV', 1, '7300.00', 'MercadoPago Tools Pro', '1.000000', '19255676171', '', 'Visa', '', '', '2022-01-03 13:26:26'),
(60, 'FOWWKBIBL', 1, '8000.00', 'MercadoPago Tools Pro', '1.000000', '19417480603', '', 'Debvisa', '', '', '2022-01-10 11:28:12'),
(61, 'DCLBQWGHD', 1, '5900.00', 'MercadoPago Tools Pro', '1.000000', '19443167426', '', 'Debvisa', '', '', '2022-01-11 12:15:28'),
(62, 'ACRBJTGFS', 1, '10800.00', 'MercadoPago Tools Pro', '1.000000', '19589718051', '', 'Debvisa', '', '', '2022-01-18 09:53:07'),
(63, 'RQITTWZWD', 1, '3990.00', 'mptoolspro', '0.000000', '19655723762', '', 'Pagofacil', '', '', '2022-01-21 10:10:16'),
(64, 'KOJVKSFZJ', 1, '12600.00', 'MercadoPago Tools Pro', '1.000000', '20215506307', '', 'Visa', '', '', '2022-02-15 11:37:54'),
(65, 'UKEXQRHWQ', 1, '12600.00', 'MercadoPago Tools Pro', '1.000000', '20353475815', '', 'Account_money', '', '', '2022-02-21 12:01:27'),
(66, 'HKWUGWETT', 1, '6600.00', 'MercadoPago Tools Pro', '1.000000', '20437378061', '', 'Master', '', '', '2022-02-24 21:32:44'),
(67, 'FNMXBHWWO', 1, '9250.00', 'MercadoPago Tools Pro', '1.000000', '20590426819', '', 'Amex', '', '', '2022-03-03 19:05:18'),
(68, 'IDPMFPPHY', 1, '7750.00', 'MercadoPago Tools Pro', '1.000000', '21611382545', '', 'Visa', '', '', '2022-04-14 14:24:55'),
(69, 'BQWVIOMWQ', 1, '4050.00', 'mptoolspro', '0.000000', '21702625060', '', 'Visa', '', '', '2022-04-18 18:42:48'),
(70, 'MWACKEJSD', 1, '4050.00', 'MercadoPago Tools Pro', '1.000000', '21703173071', '', 'Visa', '', '', '2022-04-18 19:01:40'),
(71, 'WLZQYHRQK', 1, '5080.00', 'MercadoPago Tools Pro', '1.000000', '22565049743', '', 'Visa', '', '', '2022-05-22 21:31:30'),
(72, 'XVZNWIXCE', 1, '9850.00', 'MercadoPago Tools Pro', '1.000000', '22962317526', '', 'Visa', '', '', '2022-06-06 21:18:39'),
(73, 'VCAGYCUYS', 1, '15240.00', 'MercadoPago Tools Pro', '1.000000', '23052309407', '', 'Maestro', '', '', '2022-06-09 21:23:57'),
(74, 'PTHYBLENQ', 1, '8250.00', 'mptoolspro', '0.000000', '23108776195', '', 'Visa', '', '', '2022-06-11 19:31:47'),
(75, 'XDMQDXCPD', 1, '10050.00', 'MercadoPago Tools Pro', '1.000000', '23408554072', '', 'Master', '', '', '2022-06-23 12:35:43'),
(76, 'MDADGOLAM', 1, '12.10', 'MercadoPago Tools Pro', '1.000000', '24003371481', '', 'Visa', '', '', '2022-07-14 13:08:43');

-- --------------------------------------------------------

--
-- Estructura de tabla para la tabla `ps_order_return`
--

CREATE TABLE `ps_order_return` (
  `id_order_return` int(10) UNSIGNED NOT NULL,
  `id_customer` int(10) UNSIGNED NOT NULL,
  `id_order` int(10) UNSIGNED NOT NULL,
  `state` tinyint(1) UNSIGNED NOT NULL DEFAULT 1,
  `question` text NOT NULL,
  `date_add` datetime NOT NULL,
  `date_upd` datetime NOT NULL
) ENGINE=InnoDB DEFAULT CHARSET=utf8;

-- --------------------------------------------------------

--
-- Estructura de tabla para la tabla `ps_order_return_detail`
--

CREATE TABLE `ps_order_return_detail` (
  `id_order_return` int(10) UNSIGNED NOT NULL,
  `id_order_detail` int(10) UNSIGNED NOT NULL,
  `id_customization` int(10) UNSIGNED NOT NULL DEFAULT 0,
  `product_quantity` int(10) UNSIGNED NOT NULL DEFAULT 0
) ENGINE=InnoDB DEFAULT CHARSET=utf8;

-- --------------------------------------------------------

--
-- Estructura de tabla para la tabla `ps_order_return_state`
--

CREATE TABLE `ps_order_return_state` (
  `id_order_return_state` int(10) UNSIGNED NOT NULL,
  `color` varchar(32) DEFAULT NULL
) ENGINE=InnoDB DEFAULT CHARSET=utf8;

--
-- Volcado de datos para la tabla `ps_order_return_state`
--

INSERT INTO `ps_order_return_state` (`id_order_return_state`, `color`) VALUES
(1, '#4169E1'),
(2, '#8A2BE2'),
(3, '#32CD32'),
(4, '#DC143C'),
(5, '#108510');

-- --------------------------------------------------------

--
-- Estructura de tabla para la tabla `ps_order_return_state_lang`
--

CREATE TABLE `ps_order_return_state_lang` (
  `id_order_return_state` int(10) UNSIGNED NOT NULL,
  `id_lang` int(10) UNSIGNED NOT NULL,
  `name` varchar(64) NOT NULL
) ENGINE=InnoDB DEFAULT CHARSET=utf8;

--
-- Volcado de datos para la tabla `ps_order_return_state_lang`
--

INSERT INTO `ps_order_return_state_lang` (`id_order_return_state`, `id_lang`, `name`) VALUES
(1, 1, 'A la espera de confirmación'),
(2, 1, 'A la espera del paquete'),
(3, 1, 'Paquete recibido'),
(4, 1, 'Devolución denegada'),
(5, 1, 'Devolución completada');

-- --------------------------------------------------------

--
-- Estructura de tabla para la tabla `ps_order_slip`
--

CREATE TABLE `ps_order_slip` (
  `id_order_slip` int(10) UNSIGNED NOT NULL,
  `conversion_rate` decimal(13,6) NOT NULL DEFAULT 1.000000,
  `id_customer` int(10) UNSIGNED NOT NULL,
  `id_order` int(10) UNSIGNED NOT NULL,
  `total_products_tax_excl` decimal(20,6) DEFAULT NULL,
  `total_products_tax_incl` decimal(20,6) DEFAULT NULL,
  `total_shipping_tax_excl` decimal(20,6) DEFAULT NULL,
  `total_shipping_tax_incl` decimal(20,6) DEFAULT NULL,
  `shipping_cost` tinyint(3) UNSIGNED NOT NULL DEFAULT 0,
  `amount` decimal(10,2) NOT NULL,
  `shipping_cost_amount` decimal(10,2) NOT NULL,
  `partial` tinyint(1) NOT NULL,
  `order_slip_type` tinyint(1) UNSIGNED NOT NULL DEFAULT 0,
  `date_add` datetime NOT NULL,
  `date_upd` datetime NOT NULL
) ENGINE=InnoDB DEFAULT CHARSET=utf8;

-- --------------------------------------------------------

--
-- Estructura de tabla para la tabla `ps_order_slip_detail`
--

CREATE TABLE `ps_order_slip_detail` (
  `id_order_slip` int(10) UNSIGNED NOT NULL,
  `id_order_detail` int(10) UNSIGNED NOT NULL,
  `product_quantity` int(10) UNSIGNED NOT NULL DEFAULT 0,
  `unit_price_tax_excl` decimal(20,6) DEFAULT NULL,
  `unit_price_tax_incl` decimal(20,6) DEFAULT NULL,
  `total_price_tax_excl` decimal(20,6) DEFAULT NULL,
  `total_price_tax_incl` decimal(20,6) DEFAULT NULL,
  `amount_tax_excl` decimal(20,6) DEFAULT NULL,
  `amount_tax_incl` decimal(20,6) DEFAULT NULL
) ENGINE=InnoDB DEFAULT CHARSET=utf8;

-- --------------------------------------------------------

--
-- Estructura de tabla para la tabla `ps_order_slip_detail_tax`
--

CREATE TABLE `ps_order_slip_detail_tax` (
  `id_order_slip_detail` int(11) UNSIGNED NOT NULL,
  `id_tax` int(11) UNSIGNED NOT NULL,
  `unit_amount` decimal(16,6) NOT NULL DEFAULT 0.000000,
  `total_amount` decimal(16,6) NOT NULL DEFAULT 0.000000
) ENGINE=InnoDB DEFAULT CHARSET=utf8;

-- --------------------------------------------------------

--
-- Estructura de tabla para la tabla `ps_order_state`
--

CREATE TABLE `ps_order_state` (
  `id_order_state` int(10) UNSIGNED NOT NULL,
  `invoice` tinyint(1) UNSIGNED DEFAULT 0,
  `send_email` tinyint(1) UNSIGNED NOT NULL DEFAULT 0,
  `module_name` varchar(255) DEFAULT NULL,
  `color` varchar(32) DEFAULT NULL,
  `unremovable` tinyint(1) UNSIGNED NOT NULL,
  `hidden` tinyint(1) UNSIGNED NOT NULL DEFAULT 0,
  `logable` tinyint(1) NOT NULL DEFAULT 0,
  `delivery` tinyint(1) UNSIGNED NOT NULL DEFAULT 0,
  `shipped` tinyint(1) UNSIGNED NOT NULL DEFAULT 0,
  `paid` tinyint(1) UNSIGNED NOT NULL DEFAULT 0,
  `pdf_invoice` tinyint(1) UNSIGNED NOT NULL DEFAULT 0,
  `pdf_delivery` tinyint(1) UNSIGNED NOT NULL DEFAULT 0,
  `deleted` tinyint(1) UNSIGNED NOT NULL DEFAULT 0
) ENGINE=InnoDB DEFAULT CHARSET=utf8;

--
-- Volcado de datos para la tabla `ps_order_state`
--

INSERT INTO `ps_order_state` (`id_order_state`, `invoice`, `send_email`, `module_name`, `color`, `unremovable`, `hidden`, `logable`, `delivery`, `shipped`, `paid`, `pdf_invoice`, `pdf_delivery`, `deleted`) VALUES
(1, 0, 1, 'ps_checkpayment', '#4169E1', 1, 0, 0, 0, 0, 0, 0, 0, 0),
(2, 1, 1, '', '#32CD32', 1, 0, 1, 0, 0, 1, 1, 0, 0),
(3, 1, 1, '', '#FF8C00', 1, 0, 1, 1, 0, 1, 0, 0, 0),
(4, 1, 1, '', '#8A2BE2', 1, 0, 1, 1, 1, 1, 0, 0, 0),
(5, 1, 0, '', '#108510', 1, 0, 1, 1, 1, 1, 0, 0, 0),
(6, 0, 1, '', '#DC143C', 1, 0, 0, 0, 0, 0, 0, 0, 0),
(7, 1, 1, '', '#ec2e15', 1, 0, 0, 0, 0, 0, 0, 0, 0),
(8, 0, 1, '', '#8f0621', 1, 0, 0, 0, 0, 0, 0, 0, 0),
(9, 1, 1, '', '#FF69B4', 1, 0, 0, 0, 0, 1, 0, 0, 0),
(10, 0, 1, 'ps_wirepayment', '#4169E1', 1, 0, 0, 0, 0, 0, 0, 0, 0),
(11, 1, 1, '', '#32CD32', 1, 0, 1, 0, 0, 1, 0, 0, 0),
(12, 0, 1, '', '#FF69B4', 1, 0, 0, 0, 0, 0, 0, 0, 0),
(13, 0, 0, 'ps_cashondelivery', '#4169E1', 1, 0, 0, 0, 0, 0, 0, 0, 0),
(20, 0, 0, '', '#DDEEFF', 0, 0, 0, 0, 0, 0, 0, 0, 0),
(21, 0, 0, '', '#DDEEFF', 0, 0, 0, 0, 0, 0, 0, 0, 0),
(22, 0, 0, 'gmerchantcenterpro', '#27FF00', 0, 0, 1, 0, 0, 0, 0, 0, 0),
(23, 1, 0, 'gmerchantcenterpro', '#27FF00', 0, 0, 1, 0, 0, 1, 0, 0, 0),
(24, 0, 0, 'gmerchantcenterpro', '#DC143C', 0, 0, 0, 0, 0, 0, 0, 0, 0);

-- --------------------------------------------------------

--
-- Estructura de tabla para la tabla `ps_order_state_lang`
--

CREATE TABLE `ps_order_state_lang` (
  `id_order_state` int(10) UNSIGNED NOT NULL,
  `id_lang` int(10) UNSIGNED NOT NULL,
  `name` varchar(64) NOT NULL,
  `template` varchar(64) NOT NULL
) ENGINE=InnoDB DEFAULT CHARSET=utf8;

--
-- Volcado de datos para la tabla `ps_order_state_lang`
--

INSERT INTO `ps_order_state_lang` (`id_order_state`, `id_lang`, `name`, `template`) VALUES
(1, 1, 'En espera de pago por cheque', 'cheque'),
(2, 1, 'Pago aceptado', 'payment'),
(3, 1, 'Preparación en curso', 'preparation'),
(4, 1, 'Enviado', 'shipped'),
(5, 1, 'Entregado', ''),
(6, 1, 'Cancelado', 'order_canceled'),
(7, 1, 'Reembolsado', 'refund'),
(8, 1, 'Error en pago', 'payment_error'),
(9, 1, 'Pedido pendiente por falta de stock (pagado)', 'outofstock'),
(10, 1, 'En espera de pago por transferencia bancaria', 'bankwire'),
(11, 1, 'Pago remoto aceptado', 'payment'),
(12, 1, 'Pedido pendiente por falta de stock (no pagado)', 'outofstock'),
(13, 1, 'En espera de validación por contra reembolso.', 'cashondelivery'),
(20, 1, 'Esperando Pago', ''),
(21, 1, 'Verificando Pago', ''),
(22, 1, 'Validation in Progress (Google Shopping Action)', ''),
(23, 1, 'Google order pending shipment', ''),
(24, 1, 'Cancel by the customer (Google Shopping Action)', '');

-- --------------------------------------------------------

--
-- Estructura de tabla para la tabla `ps_pack`
--

CREATE TABLE `ps_pack` (
  `id_product_pack` int(10) UNSIGNED NOT NULL,
  `id_product_item` int(10) UNSIGNED NOT NULL,
  `id_product_attribute_item` int(10) UNSIGNED NOT NULL,
  `quantity` int(10) UNSIGNED NOT NULL DEFAULT 1
) ENGINE=InnoDB DEFAULT CHARSET=utf8;

-- --------------------------------------------------------

--
-- Estructura de tabla para la tabla `ps_page`
--

CREATE TABLE `ps_page` (
  `id_page` int(10) UNSIGNED NOT NULL,
  `id_page_type` int(10) UNSIGNED NOT NULL,
  `id_object` int(10) UNSIGNED DEFAULT NULL
) ENGINE=InnoDB DEFAULT CHARSET=utf8;

--
-- Volcado de datos para la tabla `ps_page`
--

INSERT INTO `ps_page` (`id_page`, `id_page_type`, `id_object`) VALUES
(1, 2, NULL),
(2, 3, NULL),
(3, 4, 0),
(4, 1, 5),
(5, 1, 21),
(6, 5, 41),
(7, 1, 22),
(8, 1, 18),
(9, 1, 2),
(10, 1, 19),
(11, 1, 20),
(12, 6, NULL),
(13, 1, 16),
(14, 7, NULL),
(15, 5, 42),
(16, 1, 17),
(17, 1, 7),
(18, 1, 15),
(19, 1, 4),
(20, 1, 1),
(21, 1, 6),
(22, 1, 3),
(23, 8, NULL),
(24, 1, 10),
(25, 1, 14),
(26, 9, NULL),
(27, 1, 13),
(28, 1, 8),
(29, 1, 23),
(30, 10, NULL),
(31, 5, 2),
(32, 11, NULL),
(33, 12, NULL),
(34, 1, 25);

-- --------------------------------------------------------

--
-- Estructura de tabla para la tabla `ps_pagenotfound`
--

CREATE TABLE `ps_pagenotfound` (
  `id_pagenotfound` int(10) UNSIGNED NOT NULL,
  `id_shop` int(10) UNSIGNED NOT NULL DEFAULT 1,
  `id_shop_group` int(10) UNSIGNED NOT NULL DEFAULT 1,
  `request_uri` varchar(256) NOT NULL,
  `http_referer` varchar(256) NOT NULL,
  `date_add` datetime NOT NULL
) ENGINE=InnoDB DEFAULT CHARSET=utf8;

-- --------------------------------------------------------

--
-- Estructura de tabla para la tabla `ps_page_type`
--

CREATE TABLE `ps_page_type` (
  `id_page_type` int(10) UNSIGNED NOT NULL,
  `name` varchar(255) NOT NULL
) ENGINE=InnoDB DEFAULT CHARSET=utf8;

--
-- Volcado de datos para la tabla `ps_page_type`
--

INSERT INTO `ps_page_type` (`id_page_type`, `name`) VALUES
(10, 'authentication'),
(9, 'cart'),
(5, 'category'),
(7, 'cms'),
(6, 'contact'),
(2, 'index'),
(12, 'mywishlist'),
(4, 'order'),
(11, 'orderconfirmation'),
(3, 'pagenotfound'),
(1, 'product'),
(8, 'search');

-- --------------------------------------------------------

--
-- Estructura de tabla para la tabla `ps_page_viewed`
--

CREATE TABLE `ps_page_viewed` (
  `id_page` int(10) UNSIGNED NOT NULL,
  `id_shop_group` int(10) UNSIGNED NOT NULL DEFAULT 1,
  `id_shop` int(10) UNSIGNED NOT NULL DEFAULT 1,
  `id_date_range` int(10) UNSIGNED NOT NULL,
  `counter` int(10) UNSIGNED NOT NULL
) ENGINE=InnoDB DEFAULT CHARSET=utf8;

-- --------------------------------------------------------

--
-- Estructura de tabla para la tabla `ps_product`
--

CREATE TABLE `ps_product` (
  `id_product` int(10) UNSIGNED NOT NULL,
  `id_supplier` int(10) UNSIGNED DEFAULT NULL,
  `id_manufacturer` int(10) UNSIGNED DEFAULT NULL,
  `id_category_default` int(10) UNSIGNED DEFAULT NULL,
  `id_shop_default` int(10) UNSIGNED NOT NULL DEFAULT 1,
  `id_tax_rules_group` int(11) UNSIGNED NOT NULL,
  `on_sale` tinyint(1) UNSIGNED NOT NULL DEFAULT 0,
  `online_only` tinyint(1) UNSIGNED NOT NULL DEFAULT 0,
  `ean13` varchar(13) DEFAULT NULL,
  `isbn` varchar(32) DEFAULT NULL,
  `upc` varchar(12) DEFAULT NULL,
  `ecotax` decimal(17,6) NOT NULL DEFAULT 0.000000,
  `quantity` int(10) NOT NULL DEFAULT 0,
  `minimal_quantity` int(10) UNSIGNED NOT NULL DEFAULT 1,
  `low_stock_threshold` int(10) DEFAULT NULL,
  `low_stock_alert` tinyint(1) NOT NULL DEFAULT 0,
  `price` decimal(20,6) NOT NULL DEFAULT 0.000000,
  `wholesale_price` decimal(20,6) NOT NULL DEFAULT 0.000000,
  `unity` varchar(255) DEFAULT NULL,
  `unit_price_ratio` decimal(20,6) NOT NULL DEFAULT 0.000000,
  `additional_shipping_cost` decimal(20,2) NOT NULL DEFAULT 0.00,
  `reference` varchar(64) DEFAULT NULL,
  `supplier_reference` varchar(64) DEFAULT NULL,
  `location` varchar(64) DEFAULT NULL,
  `width` decimal(20,6) NOT NULL DEFAULT 0.000000,
  `height` decimal(20,6) NOT NULL DEFAULT 0.000000,
  `depth` decimal(20,6) NOT NULL DEFAULT 0.000000,
  `weight` decimal(20,6) NOT NULL DEFAULT 0.000000,
  `out_of_stock` int(10) UNSIGNED NOT NULL DEFAULT 2,
  `additional_delivery_times` tinyint(1) UNSIGNED NOT NULL DEFAULT 1,
  `quantity_discount` tinyint(1) DEFAULT 0,
  `customizable` tinyint(2) NOT NULL DEFAULT 0,
  `uploadable_files` tinyint(4) NOT NULL DEFAULT 0,
  `text_fields` tinyint(4) NOT NULL DEFAULT 0,
  `active` tinyint(1) UNSIGNED NOT NULL DEFAULT 0,
  `redirect_type` enum('','404','301-product','302-product','301-category','302-category') NOT NULL DEFAULT '',
  `id_type_redirected` int(10) UNSIGNED NOT NULL DEFAULT 0,
  `available_for_order` tinyint(1) NOT NULL DEFAULT 1,
  `available_date` date DEFAULT NULL,
  `show_condition` tinyint(1) NOT NULL DEFAULT 0,
  `condition` enum('new','used','refurbished') NOT NULL DEFAULT 'new',
  `show_price` tinyint(1) NOT NULL DEFAULT 1,
  `indexed` tinyint(1) NOT NULL DEFAULT 0,
  `visibility` enum('both','catalog','search','none') NOT NULL DEFAULT 'both',
  `cache_is_pack` tinyint(1) NOT NULL DEFAULT 0,
  `cache_has_attachments` tinyint(1) NOT NULL DEFAULT 0,
  `is_virtual` tinyint(1) NOT NULL DEFAULT 0,
  `cache_default_attribute` int(10) UNSIGNED DEFAULT NULL,
  `date_add` datetime NOT NULL,
  `date_upd` datetime NOT NULL,
  `advanced_stock_management` tinyint(1) NOT NULL DEFAULT 0,
  `pack_stock_type` int(11) UNSIGNED NOT NULL DEFAULT 3,
  `state` int(11) UNSIGNED NOT NULL DEFAULT 1
) ENGINE=InnoDB DEFAULT CHARSET=utf8;

--
-- Volcado de datos para la tabla `ps_product`
--

INSERT INTO `ps_product` (`id_product`, `id_supplier`, `id_manufacturer`, `id_category_default`, `id_shop_default`, `id_tax_rules_group`, `on_sale`, `online_only`, `ean13`, `isbn`, `upc`, `ecotax`, `quantity`, `minimal_quantity`, `low_stock_threshold`, `low_stock_alert`, `price`, `wholesale_price`, `unity`, `unit_price_ratio`, `additional_shipping_cost`, `reference`, `supplier_reference`, `location`, `width`, `height`, `depth`, `weight`, `out_of_stock`, `additional_delivery_times`, `quantity_discount`, `customizable`, `uploadable_files`, `text_fields`, `active`, `redirect_type`, `id_type_redirected`, `available_for_order`, `available_date`, `show_condition`, `condition`, `show_price`, `indexed`, `visibility`, `cache_is_pack`, `cache_has_attachments`, `is_virtual`, `cache_default_attribute`, `date_add`, `date_upd`, `advanced_stock_management`, `pack_stock_type`, `state`) VALUES
(1, 0, 3, 1215, 1, 1, 0, 0, '', '', '', '0.000000', 0, 1, NULL, 0, '1.000000', '0.000000', '', '0.000000', '0.00', 'AL0097', '', '', '15.000000', '4.500000', '6.000000', '0.250000', 2, 1, 0, 0, 0, 0, 1, '301-category', 0, 1, '0000-00-00', 0, 'new', 1, 1, 'both', 0, 0, 0, 0, '2020-05-08 12:31:37', '2022-07-11 09:58:59', 0, 3, 1),
(2, 0, 3, 41, 1, 1, 0, 0, '', '', '', '0.000000', 0, 1, NULL, 0, '4545.454500', '0.000000', '', '0.000000', '0.00', 'AL0098', '', '', '15.000000', '4.500000', '6.000000', '0.250000', 2, 1, 0, 0, 0, 0, 1, '301-category', 0, 1, '0000-00-00', 0, 'new', 1, 1, 'both', 0, 0, 0, 0, '2020-05-11 11:03:37', '2022-07-11 09:57:30', 0, 3, 1),
(3, 0, 3, 41, 1, 1, 0, 0, '', '', '', '0.000000', 0, 1, NULL, 0, '4545.454500', '0.000000', '', '0.000000', '0.00', 'AL0099', '', '', '15.000000', '4.500000', '6.000000', '0.250000', 2, 1, 0, 0, 0, 0, 1, '301-category', 0, 1, '0000-00-00', 0, 'new', 1, 1, 'both', 0, 0, 0, 0, '2020-05-11 11:03:37', '2022-07-11 09:57:30', 0, 3, 1),
(4, 0, 3, 41, 1, 1, 0, 0, '', '', '', '0.000000', 0, 1, NULL, 0, '4545.454500', '0.000000', '', '0.000000', '0.00', 'AL0100', '', '', '15.000000', '4.500000', '6.000000', '0.250000', 2, 1, 0, 0, 0, 0, 1, '301-category', 0, 1, '0000-00-00', 0, 'new', 1, 1, 'both', 0, 0, 0, 0, '2020-05-11 11:03:37', '2022-07-11 09:57:30', 0, 3, 1),
(5, 0, 4, 41, 1, 1, 0, 0, '', '', '', '0.000000', 0, 1, NULL, 0, '4793.388400', '0.000000', '', '0.000000', '0.00', 'AL2637', '', '', '15.000000', '4.500000', '6.000000', '0.250000', 2, 1, 0, 0, 0, 0, 1, '301-category', 0, 1, '0000-00-00', 0, 'new', 1, 1, 'both', 0, 0, 0, 0, '2020-05-11 11:03:37', '2022-07-11 09:57:30', 0, 3, 1),
(6, 0, 4, 41, 1, 1, 0, 0, '', '', '', '0.000000', 0, 1, NULL, 0, '4793.388400', '0.000000', '', '0.000000', '0.00', 'AL2638', '', '', '15.000000', '4.500000', '6.000000', '0.250000', 2, 1, 0, 0, 0, 0, 1, '301-category', 0, 1, '0000-00-00', 0, 'new', 1, 1, 'both', 0, 0, 0, 0, '2020-05-11 11:03:41', '2022-07-11 09:57:30', 0, 3, 1),
(7, 0, 4, 41, 1, 1, 0, 0, '', '', '', '0.000000', 0, 1, NULL, 0, '4793.388400', '0.000000', '', '0.000000', '0.00', 'AL2639', '', '', '15.000000', '4.500000', '6.000000', '0.250000', 2, 1, 0, 0, 0, 0, 1, '301-category', 0, 1, '0000-00-00', 0, 'new', 1, 1, 'both', 0, 0, 0, 0, '2020-05-11 11:03:41', '2022-07-11 09:57:30', 0, 3, 1),
(8, 0, 4, 41, 1, 1, 0, 0, '', '', '', '0.000000', 0, 1, NULL, 0, '4793.388400', '0.000000', '', '0.000000', '0.00', 'AL2640', '', '', '15.000000', '4.500000', '6.000000', '0.250000', 2, 1, 0, 0, 0, 0, 1, '301-category', 0, 1, '0000-00-00', 0, 'new', 1, 1, 'both', 0, 0, 0, 0, '2020-05-11 11:03:41', '2022-07-11 09:57:30', 0, 3, 1),
(9, 0, 4, 41, 1, 1, 0, 0, '', '', '', '0.000000', 0, 1, NULL, 0, '4793.388400', '0.000000', '', '0.000000', '0.00', 'AL2641', '', '', '15.000000', '4.500000', '6.000000', '0.250000', 2, 1, 0, 0, 0, 0, 1, '301-category', 0, 1, '0000-00-00', 0, 'new', 1, 1, 'both', 0, 0, 0, 0, '2020-05-11 11:03:41', '2022-07-11 09:57:30', 0, 3, 1),
(10, 0, 4, 41, 1, 1, 0, 0, '', '', '', '0.000000', 0, 1, NULL, 0, '4793.388400', '0.000000', '', '0.000000', '0.00', 'AL2642', '', '', '15.000000', '4.500000', '6.000000', '0.250000', 2, 1, 0, 0, 0, 0, 1, '301-category', 0, 1, '0000-00-00', 0, 'new', 1, 1, 'both', 0, 0, 0, 0, '2020-05-11 11:03:41', '2022-07-11 09:57:30', 0, 3, 1),
(11, 0, 4, 41, 1, 1, 0, 0, '', '', '', '0.000000', 0, 1, NULL, 0, '4793.388400', '0.000000', '', '0.000000', '0.00', 'AL2643', '', '', '15.000000', '4.500000', '6.000000', '0.250000', 2, 1, 0, 0, 0, 0, 1, '301-category', 0, 1, '0000-00-00', 0, 'new', 1, 1, 'both', 0, 0, 0, 0, '2020-05-11 11:03:41', '2022-07-11 09:57:30', 0, 3, 1),
(12, 0, 4, 41, 1, 1, 0, 0, '', '', '', '0.000000', 0, 1, NULL, 0, '4793.388400', '0.000000', '', '0.000000', '0.00', 'AL2644', '', '', '15.000000', '4.500000', '6.000000', '0.250000', 2, 1, 0, 0, 0, 0, 1, '301-category', 0, 1, '0000-00-00', 0, 'new', 1, 1, 'both', 0, 0, 0, 0, '2020-05-11 11:03:44', '2022-07-11 09:57:30', 0, 3, 1),
(13, 0, 4, 41, 1, 1, 0, 0, '', '', '', '0.000000', 0, 1, NULL, 0, '4793.388400', '0.000000', '', '0.000000', '0.00', 'AL2645', '', '', '15.000000', '4.500000', '6.000000', '0.250000', 2, 1, 0, 0, 0, 0, 1, '301-category', 0, 1, '0000-00-00', 0, 'new', 1, 1, 'both', 0, 0, 0, 0, '2020-05-11 11:03:44', '2022-07-11 09:57:30', 0, 3, 1),
(14, 0, 4, 41, 1, 1, 0, 0, '', '', '', '0.000000', 0, 1, NULL, 0, '4793.388400', '0.000000', '', '0.000000', '0.00', 'AL2646', '', '', '15.000000', '4.500000', '6.000000', '0.250000', 2, 1, 0, 0, 0, 0, 1, '301-category', 0, 1, '0000-00-00', 0, 'new', 1, 1, 'both', 0, 0, 0, 0, '2020-05-11 11:03:44', '2022-07-11 09:57:30', 0, 3, 1),
(15, 0, 4, 41, 1, 1, 0, 0, '', '', '', '0.000000', 0, 1, NULL, 0, '4793.388400', '0.000000', '', '0.000000', '0.00', 'AL2647', '', '', '15.000000', '4.500000', '6.000000', '0.250000', 2, 1, 0, 0, 0, 0, 1, '301-category', 0, 1, '0000-00-00', 0, 'new', 1, 1, 'both', 0, 0, 0, 0, '2020-05-11 11:03:44', '2022-07-11 09:57:30', 0, 3, 1),
(16, 0, 4, 41, 1, 1, 0, 0, '', '', '', '0.000000', 0, 1, NULL, 0, '4793.388400', '0.000000', '', '0.000000', '0.00', 'AL2648', '', '', '15.000000', '4.500000', '6.000000', '0.250000', 2, 1, 0, 1, 1, 2, 1, '301-category', 0, 1, '0000-00-00', 0, 'new', 1, 1, 'both', 0, 0, 0, 0, '2020-05-11 11:03:44', '2022-07-11 09:57:30', 0, 3, 1),
(17, 0, 5, 2, 1, 1, 0, 0, '', '', '', '0.000000', 0, 1, NULL, 0, '1371.900800', '0.000000', '', '0.000000', '0.00', 'AL9002', '', '', '22.000000', '8.000000', '11.000000', '0.500000', 2, 1, 0, 0, 0, 0, 0, '301-category', 0, 1, '0000-00-00', 0, 'new', 1, 0, 'both', 0, 0, 0, 0, '2020-05-11 11:03:44', '2022-07-11 09:57:30', 0, 3, 1),
(18, 0, 6, 2, 1, 1, 0, 0, '', '', '', '0.000000', 0, 1, NULL, 0, '1107.438000', '0.000000', '', '0.000000', '0.00', 'AL9003', '', '', '22.000000', '8.000000', '11.000000', '0.500000', 2, 1, 0, 0, 0, 0, 0, '301-category', 0, 1, '0000-00-00', 0, 'new', 1, 0, 'both', 0, 0, 0, 0, '2020-05-11 11:03:44', '2022-07-11 09:57:30', 0, 3, 1),
(19, 0, 6, 2, 1, 1, 0, 0, '', '', '', '0.000000', 0, 1, NULL, 0, '785.124000', '0.000000', '', '0.000000', '0.00', 'AL9004', '', '', '22.000000', '8.000000', '11.000000', '0.500000', 2, 1, 0, 0, 0, 0, 0, '301-category', 0, 1, '0000-00-00', 0, 'new', 1, 0, 'both', 0, 0, 0, 0, '2020-05-11 11:03:49', '2022-07-11 09:57:30', 0, 3, 1),
(20, 0, 6, 2, 1, 1, 0, 0, '', '', '', '0.000000', 0, 1, NULL, 0, '1066.115700', '0.000000', '', '0.000000', '0.00', 'AL9005', '', '', '22.000000', '8.000000', '11.000000', '0.500000', 2, 1, 0, 0, 0, 0, 0, '301-category', 0, 1, '0000-00-00', 0, 'new', 1, 0, 'both', 0, 0, 0, 0, '2020-05-11 11:03:49', '2022-02-02 15:34:55', 0, 3, 1),
(21, 0, 6, 2, 1, 1, 0, 0, '', '', '', '0.000000', 0, 1, NULL, 0, '710.743800', '0.000000', '', '0.000000', '0.00', 'AL9006', '', '', '22.000000', '8.000000', '11.000000', '0.500000', 2, 1, 0, 0, 0, 0, 0, '301-category', 0, 1, '0000-00-00', 0, 'new', 1, 0, 'both', 0, 0, 0, 0, '2020-05-11 11:03:49', '2022-02-02 15:34:55', 0, 3, 1),
(22, 0, 6, 2, 1, 1, 0, 0, '', '', '', '0.000000', 0, 1, NULL, 0, '586.776900', '0.000000', '', '0.000000', '0.00', 'AL9007', '', '', '22.000000', '8.000000', '11.000000', '0.500000', 2, 1, 0, 0, 0, 0, 0, '301-category', 0, 1, '0000-00-00', 0, 'new', 1, 0, 'both', 0, 0, 0, 0, '2020-05-11 11:03:49', '2022-07-11 09:57:30', 0, 3, 1),
(23, 0, 2, 41, 1, 1, 0, 0, '', '', '', '0.000000', 0, 1, NULL, 0, '4462.809917', '0.000000', '', '0.000000', '0.00', 'ACUVUE1DM', '', '', '22.000000', '8.000000', '11.000000', '0.250000', 2, 1, 0, 1, 1, 0, 1, '301-category', 0, 1, '0000-00-00', 0, 'new', 1, 1, 'both', 0, 0, 0, 8295, '2020-05-30 11:08:49', '2022-07-11 09:57:30', 0, 3, 1),
(24, 0, 2, 41, 1, 1, 0, 0, '', '', '', '0.000000', 0, 1, NULL, 0, '4297.520661', '0.000000', '', '0.000000', '0.00', 'ACUVUE2', '', '', '15.000000', '4.500000', '6.000000', '0.250000', 2, 1, 0, 1, 1, 0, 1, '301-category', 0, 1, '0000-00-00', 0, 'new', 1, 1, 'both', 0, 0, 0, 8015, '2020-05-30 11:08:49', '2022-07-11 09:57:30', 0, 3, 1),
(25, 0, 2, 41, 1, 1, 0, 0, '', '', '', '0.000000', 0, 1, NULL, 0, '5206.611570', '0.000000', '', '0.000000', '0.00', 'ACUVUEO', '', '', '22.000000', '8.000000', '11.000000', '0.250000', 2, 1, 0, 1, 1, 0, 1, '301-category', 0, 1, '0000-00-00', 0, 'new', 1, 1, 'both', 0, 0, 0, 8017, '2020-05-30 11:08:49', '2022-07-11 09:57:30', 0, 3, 1),
(26, 0, 2, 41, 1, 1, 0, 0, '', '', '', '0.000000', 0, 1, NULL, 0, '5123.966942', '0.000000', '', '0.000000', '0.00', '1DAYMOSTA', '', '', '15.000000', '4.500000', '6.000000', '0.250000', 2, 1, 0, 1, 1, 0, 1, '301-category', 0, 1, '0000-00-00', 0, 'new', 1, 1, 'both', 0, 0, 0, 8011, '2020-05-30 11:08:49', '2022-07-11 09:57:30', 0, 3, 1),
(27, 0, 2, 41, 1, 1, 0, 0, '', '', '', '0.000000', 0, 1, NULL, 0, '5289.256198', '0.000000', '', '0.000000', '0.00', 'OASYS1D', '', '', '15.000000', '4.500000', '6.000000', '0.250000', 2, 1, 0, 1, 1, 0, 1, '301-category', 0, 1, '0000-00-00', 0, 'new', 1, 1, 'both', 0, 0, 0, 8031, '2020-05-30 11:08:49', '2022-07-11 09:57:30', 0, 3, 1),
(28, 0, 2, 41, 1, 1, 0, 0, '', '', '', '0.000000', 0, 1, NULL, 0, '6528.925620', '0.000000', '', '0.000000', '0.00', 'ACUVUEOA', '', '', '15.000000', '4.500000', '6.000000', '0.250000', 2, 1, 0, 1, 1, 1, 1, '301-category', 0, 1, '0000-00-00', 0, 'new', 1, 1, 'both', 0, 0, 0, 8021, '2020-05-30 11:08:53', '2022-07-11 09:57:30', 0, 3, 1),
(29, 0, 3, 41, 1, 1, 0, 0, '', '', '', '0.000000', 0, 1, NULL, 0, '11487.603300', '0.000000', '', '0.000000', '0.00', 'AOM', '', '', '15.000000', '4.500000', '6.000000', '0.250000', 2, 1, 0, 1, 1, 0, 1, '301-category', 0, 1, '0000-00-00', 0, 'new', 1, 1, 'both', 0, 0, 0, 8283, '2020-06-19 16:56:53', '2022-07-11 09:57:30', 0, 3, 1),
(30, 0, 16, 41, 1, 1, 0, 0, '', '', '', '0.000000', 0, 1, NULL, 0, '7272.727300', '0.000000', '', '0.000000', '0.00', 'DACPMF', '', '', '15.000000', '4.500000', '6.000000', '0.250000', 2, 1, 0, 1, 1, 0, 1, '301-category', 0, 1, '0000-00-00', 0, 'new', 1, 1, 'both', 0, 0, 0, 8285, '2020-06-19 16:56:53', '2022-07-11 09:57:30', 0, 3, 1),
(31, 0, 7, 2, 1, 1, 0, 0, '', '', '', '0.000000', 0, 1, NULL, 0, '9256.198300', '0.000000', '', '0.000000', '0.00', 'RU0022', '', '', '21.000000', '8.500000', '11.000000', '0.400000', 2, 1, 0, 0, 0, 0, 1, '', 0, 1, '0000-00-00', 0, 'new', 1, 1, 'both', 0, 0, 0, 0, '2020-06-19 00:54:39', '2022-07-11 10:02:24', 0, 3, 1),
(32, 0, 7, 2, 1, 1, 0, 0, '', '', '', '0.000000', 0, 1, NULL, 0, '7479.338800', '0.000000', '', '0.000000', '0.00', 'RU0263', '', '', '21.000000', '8.500000', '11.000000', '0.400000', 2, 1, 0, 0, 0, 0, 1, '', 0, 1, '0000-00-00', 0, 'new', 1, 1, 'both', 0, 0, 0, 0, '2020-06-19 00:54:39', '2022-07-11 10:02:24', 0, 3, 1),
(33, 0, 7, 44, 1, 1, 0, 0, '', '', '', '0.000000', 0, 1, NULL, 0, '5454.545500', '0.000000', '', '0.000000', '0.00', 'RU0482', '', '', '21.000000', '8.500000', '11.000000', '0.400000', 2, 1, 0, 0, 0, 0, 0, '301-category', 0, 1, '0000-00-00', 0, 'new', 1, 1, 'both', 0, 0, 0, 0, '2020-06-19 00:54:39', '2022-07-11 09:57:30', 0, 3, 1),
(34, 0, 7, 44, 1, 1, 0, 0, '', '', '', '0.000000', 0, 1, NULL, 0, '4710.743800', '0.000000', '', '0.000000', '0.00', 'RU0567', '', '', '21.000000', '8.500000', '11.000000', '0.400000', 2, 1, 0, 0, 0, 0, 0, '', 0, 1, '0000-00-00', 0, 'new', 1, 1, 'both', 0, 0, 0, 0, '2020-06-19 00:54:39', '2022-07-11 09:57:30', 0, 3, 1),
(35, 0, 7, 2, 1, 1, 0, 0, '', '', '', '0.000000', 0, 1, NULL, 0, '8636.363600', '0.000000', '', '0.000000', '0.00', 'RU0948', '', '', '21.000000', '8.500000', '11.000000', '0.400000', 2, 1, 0, 0, 0, 0, 0, '301-category', 0, 1, '0000-00-00', 0, 'new', 1, 1, 'both', 0, 0, 0, 0, '2020-06-19 00:54:39', '2022-07-11 09:57:30', 0, 3, 1),
(36, 0, 7, 2, 1, 1, 0, 0, '', '', '', '0.000000', 0, 1, NULL, 0, '7685.950400', '0.000000', '', '0.000000', '0.00', 'RUR214', '', '', '21.000000', '8.500000', '11.000000', '0.400000', 2, 1, 0, 0, 0, 0, 0, '', 0, 1, '0000-00-00', 0, 'new', 1, 0, 'both', 0, 0, 0, 0, '2020-06-19 00:54:43', '2022-07-11 09:57:30', 0, 3, 1),
(37, 0, 7, 2, 1, 1, 0, 0, '', '', '', '0.000000', 0, 1, NULL, 0, '14586.776900', '0.000000', '', '0.000000', '0.00', 'RUR238', '', '', '21.000000', '8.500000', '11.000000', '0.400000', 2, 1, 0, 0, 0, 0, 1, '', 0, 1, '0000-00-00', 0, 'new', 1, 1, 'both', 0, 0, 0, 0, '2020-06-19 00:54:43', '2022-07-11 10:02:24', 0, 3, 1),
(38, 0, 7, 2, 1, 1, 0, 0, '', '', '', '0.000000', 0, 1, NULL, 0, '12851.239700', '0.000000', '', '0.000000', '0.00', 'RUR280', '', '', '21.000000', '8.500000', '11.000000', '0.400000', 2, 1, 0, 0, 0, 0, 1, '', 0, 1, '0000-00-00', 0, 'new', 1, 1, 'both', 0, 0, 0, 0, '2020-06-19 00:54:43', '2022-07-11 10:02:24', 0, 3, 1),
(39, 0, 7, 2, 1, 1, 0, 0, '', '', '', '0.000000', 0, 1, NULL, 0, '7190.082600', '0.000000', '', '0.000000', '0.00', 'RUR388', '', '', '21.000000', '8.500000', '11.000000', '0.400000', 2, 1, 0, 0, 0, 0, 0, '', 0, 1, '0000-00-00', 0, 'new', 1, 1, 'both', 0, 0, 0, 0, '2020-06-19 00:54:43', '2022-07-11 09:57:30', 0, 3, 1),
(40, 0, 7, 2, 1, 1, 0, 0, '', '', '', '0.000000', 0, 1, NULL, 0, '13925.619800', '0.000000', '', '0.000000', '0.00', 'RUR515', '', '', '21.000000', '8.500000', '11.000000', '0.400000', 2, 1, 0, 0, 0, 0, 1, '', 0, 1, '0000-00-00', 0, 'new', 1, 1, 'both', 0, 0, 0, 0, '2020-06-19 00:54:43', '2022-07-11 10:02:24', 0, 3, 1),
(41, 0, 8, 2, 1, 1, 0, 0, '', '', '', '0.000000', 0, 1, NULL, 0, '10867.768600', '0.000000', '', '0.000000', '0.00', 'VU0055', '', '', '21.000000', '8.500000', '11.000000', '0.400000', 2, 1, 0, 0, 0, 0, 1, '', 0, 1, '0000-00-00', 0, 'new', 1, 1, 'both', 0, 0, 0, 0, '2020-06-19 00:54:48', '2022-07-11 10:02:25', 0, 3, 1),
(42, 0, 8, 2, 1, 1, 0, 0, '', '', '', '0.000000', 0, 1, NULL, 0, '8388.429800', '0.000000', '', '0.000000', '0.00', 'VU0198', '', '', '21.000000', '8.500000', '11.000000', '0.400000', 2, 1, 0, 0, 0, 0, 1, '', 0, 1, '0000-00-00', 0, 'new', 1, 1, 'both', 0, 0, 0, 0, '2020-06-19 00:54:48', '2022-07-11 10:02:25', 0, 3, 1),
(43, 0, 8, 2, 1, 1, 0, 0, '', '', '', '0.000000', 0, 1, NULL, 0, '8719.008300', '0.000000', '', '0.000000', '0.00', 'VU0219', '', '', '21.000000', '8.500000', '11.000000', '0.400000', 2, 1, 0, 0, 0, 0, 1, '', 0, 1, '0000-00-00', 0, 'new', 1, 1, 'both', 0, 0, 0, 0, '2020-06-19 00:54:48', '2022-07-11 10:02:25', 0, 3, 1),
(44, 0, 8, 2, 1, 1, 0, 0, '', '', '', '0.000000', 0, 1, NULL, 0, '5289.256200', '0.000000', '', '0.000000', '0.00', 'VU0479', '', '', '21.000000', '8.500000', '11.000000', '0.400000', 2, 1, 0, 0, 0, 0, 0, '301-category', 0, 1, '0000-00-00', 0, 'new', 1, 1, 'both', 0, 0, 0, 0, '2020-06-19 00:54:48', '2022-07-11 09:57:30', 0, 3, 1),
(45, 0, 8, 2, 1, 1, 0, 0, '', '', '', '0.000000', 0, 1, NULL, 0, '7438.016500', '0.000000', '', '0.000000', '0.00', 'VU1172', '', '', '21.000000', '8.500000', '11.000000', '0.400000', 2, 1, 0, 0, 0, 0, 0, '301-category', 0, 1, '0000-00-00', 0, 'new', 1, 0, 'both', 0, 0, 0, 0, '2020-06-19 00:54:48', '2022-07-11 09:57:30', 0, 3, 1),
(46, 0, 8, 45, 1, 1, 0, 0, '', '', '', '0.000000', 0, 1, NULL, 0, '6859.504100', '0.000000', '', '0.000000', '0.00', 'VUR061', '', '', '21.000000', '8.500000', '11.000000', '0.400000', 2, 1, 0, 0, 0, 0, 0, '', 0, 1, '0000-00-00', 0, 'new', 1, 1, 'both', 0, 0, 0, 0, '2020-06-19 00:54:52', '2022-07-11 09:57:30', 0, 3, 1),
(47, 0, 8, 2, 1, 1, 0, 0, '', '', '', '0.000000', 0, 1, NULL, 0, '10165.289300', '0.000000', '', '0.000000', '0.00', 'VUR093', '', '', '21.000000', '8.500000', '11.000000', '0.400000', 2, 1, 0, 0, 0, 0, 1, '', 0, 1, '0000-00-00', 0, 'new', 1, 1, 'both', 0, 0, 0, 0, '2020-06-19 00:54:52', '2022-07-11 10:02:25', 0, 3, 1),
(48, 0, 8, 45, 1, 1, 0, 0, '', '', '', '0.000000', 0, 1, NULL, 0, '7892.562000', '0.000000', '', '0.000000', '0.00', 'VUR103', '', '', '21.000000', '8.500000', '11.000000', '0.400000', 2, 1, 0, 0, 0, 0, 0, '', 0, 1, '0000-00-00', 0, 'new', 1, 1, 'both', 0, 0, 0, 0, '2020-06-19 00:54:52', '2022-07-11 09:57:30', 0, 3, 1),
(49, 0, 8, 2, 1, 1, 0, 0, '', '', '', '0.000000', 0, 1, NULL, 0, '11983.471100', '0.000000', '', '0.000000', '0.00', 'VUR137', '', '', '21.000000', '8.500000', '11.000000', '0.400000', 2, 1, 0, 0, 0, 0, 1, '', 0, 1, '0000-00-00', 0, 'new', 1, 1, 'both', 0, 0, 0, 0, '2020-06-19 00:54:52', '2022-07-11 10:02:25', 0, 3, 1),
(50, 0, 8, 2, 1, 1, 0, 0, '', '', '', '0.000000', 0, 1, NULL, 0, '13388.429800', '0.000000', '', '0.000000', '0.00', 'VUR225', '', '', '21.000000', '8.500000', '11.000000', '0.400000', 2, 1, 0, 0, 0, 0, 1, '', 0, 1, '0000-00-00', 0, 'new', 1, 1, 'both', 0, 0, 0, 0, '2020-06-19 00:54:52', '2022-07-11 10:02:25', 0, 3, 1),
(51, 0, 9, 2, 1, 1, 0, 0, '', '', '', '0.000000', 0, 1, NULL, 0, '9214.876000', '0.000000', '', '0.000000', '0.00', 'CH0028', '', '', '21.000000', '8.500000', '11.000000', '0.400000', 2, 1, 0, 0, 0, 0, 1, '301-category', 0, 1, '0000-00-00', 0, 'new', 1, 1, 'both', 0, 0, 0, 0, '2020-06-19 00:54:52', '2022-07-11 10:02:25', 0, 3, 1),
(52, 0, 10, 2, 1, 1, 0, 0, '', '', '', '0.000000', 0, 1, NULL, 0, '7231.405000', '0.000000', '', '0.000000', '0.00', 'CH0038', '', '', '21.000000', '8.500000', '11.000000', '0.400000', 2, 1, 0, 0, 0, 0, 1, '301-category', 0, 1, '0000-00-00', 0, 'new', 1, 1, 'both', 0, 0, 0, 0, '2020-06-19 00:55:00', '2022-07-11 10:02:25', 0, 3, 1),
(53, 0, 10, 2, 1, 1, 0, 0, '', '', '', '0.000000', 0, 1, NULL, 0, '8181.818200', '0.000000', '', '0.000000', '0.00', 'CH0039', '', '', '21.000000', '8.500000', '11.000000', '0.400000', 2, 1, 0, 0, 0, 0, 1, '301-category', 0, 1, '0000-00-00', 0, 'new', 1, 1, 'both', 0, 0, 0, 0, '2020-06-19 00:55:00', '2022-07-11 10:02:25', 0, 3, 1),
(54, 0, 11, 2, 1, 1, 0, 0, '', '', '', '0.000000', 0, 1, NULL, 0, '8181.818200', '0.000000', '', '0.000000', '0.00', 'CH0040', '', '', '21.000000', '8.500000', '11.000000', '0.400000', 2, 1, 0, 0, 0, 0, 1, '301-category', 0, 1, '0000-00-00', 0, 'new', 1, 1, 'both', 0, 0, 0, 0, '2020-06-19 00:55:00', '2022-07-11 10:02:25', 0, 3, 1),
(55, 0, 11, 2, 1, 1, 0, 0, '', '', '', '0.000000', 0, 1, NULL, 0, '9214.876000', '0.000000', '', '0.000000', '0.00', 'CH0041', '', '', '21.000000', '8.500000', '11.000000', '0.400000', 2, 1, 0, 0, 0, 0, 1, '301-category', 0, 1, '0000-00-00', 0, 'new', 1, 1, 'both', 0, 0, 0, 0, '2020-06-19 00:55:00', '2022-07-11 10:02:25', 0, 3, 1),
(56, 0, 12, 2, 1, 1, 0, 0, '', '', '', '0.000000', 0, 1, NULL, 0, '8181.818200', '0.000000', '', '0.000000', '0.00', 'CH0042', '', '', '21.000000', '8.500000', '11.000000', '0.400000', 2, 1, 0, 0, 0, 0, 1, '301-category', 0, 1, '0000-00-00', 0, 'new', 1, 1, 'both', 0, 0, 0, 0, '2020-06-19 00:55:00', '2022-07-11 10:02:25', 0, 3, 1),
(57, 0, 12, 2, 1, 1, 0, 0, '', '', '', '0.000000', 0, 1, NULL, 0, '8057.851200', '0.000000', '', '0.000000', '0.00', 'CH0043', '', '', '21.000000', '8.500000', '11.000000', '0.400000', 2, 1, 0, 0, 0, 0, 1, '301-category', 0, 1, '0000-00-00', 0, 'new', 1, 1, 'both', 0, 0, 0, 0, '2020-06-19 00:55:08', '2022-07-11 10:02:25', 0, 3, 1),
(58, 0, 9, 2, 1, 1, 0, 0, '', '', '', '0.000000', 0, 1, NULL, 0, '9214.876000', '0.000000', '', '0.000000', '0.00', 'CH0044', '', '', '21.000000', '8.500000', '11.000000', '0.400000', 2, 1, 0, 0, 0, 0, 1, '301-category', 0, 1, '0000-00-00', 0, 'new', 1, 1, 'both', 0, 0, 0, 0, '2020-06-19 00:55:08', '2022-07-11 10:02:25', 0, 3, 1),
(59, 0, 13, 2, 1, 1, 0, 0, '', '', '', '0.000000', 0, 1, NULL, 0, '9834.710700', '0.000000', '', '0.000000', '0.00', 'RA0067', '', '', '21.000000', '8.500000', '11.000000', '0.400000', 2, 1, 0, 0, 0, 0, 1, '301-category', 0, 1, '0000-00-00', 0, 'new', 1, 1, 'both', 0, 0, 0, 0, '2020-06-19 00:55:08', '2022-07-11 10:02:26', 0, 3, 1),
(60, 0, 14, 2, 1, 1, 0, 0, '', '', '', '0.000000', 0, 1, NULL, 0, '5289.256200', '0.000000', '', '0.000000', '0.00', 'RA0076', '', '', '21.000000', '8.500000', '11.000000', '0.400000', 2, 1, 0, 0, 0, 0, 0, '', 0, 1, '0000-00-00', 0, 'new', 1, 1, 'both', 0, 0, 0, 0, '2020-06-19 00:55:08', '2022-07-11 09:57:30', 0, 3, 1),
(61, 0, 15, 2, 1, 1, 0, 0, '', '', '', '0.000000', 0, 1, NULL, 0, '10123.966900', '0.000000', '', '0.000000', '0.00', 'RA0096', '', '', '21.000000', '8.500000', '11.000000', '0.400000', 2, 1, 0, 0, 0, 0, 1, '', 0, 1, '0000-00-00', 0, 'new', 1, 1, 'both', 0, 0, 0, 0, '2020-06-19 00:55:08', '2022-07-11 10:02:26', 0, 3, 1),
(62, 0, 15, 2, 1, 1, 0, 0, '', '', '', '0.000000', 0, 1, NULL, 0, '13760.330600', '0.000000', '', '0.000000', '0.00', 'RA0161', '', '', '21.000000', '8.500000', '11.000000', '0.400000', 2, 1, 0, 0, 0, 0, 1, '', 0, 1, '0000-00-00', 0, 'new', 1, 1, 'both', 0, 0, 0, 0, '2020-06-19 00:55:11', '2022-07-11 10:02:26', 0, 3, 1),
(63, 0, 14, 2, 1, 1, 0, 0, '', '', '', '0.000000', 0, 1, NULL, 0, '10413.223100', '0.000000', '', '0.000000', '0.00', 'RA0178', '', '', '21.000000', '8.500000', '11.000000', '0.400000', 2, 1, 0, 0, 0, 0, 0, '', 0, 1, '0000-00-00', 0, 'new', 1, 1, 'both', 0, 0, 0, 0, '2020-06-19 00:55:11', '2022-07-13 13:36:20', 0, 3, 1),
(64, 0, 14, 2, 1, 1, 0, 0, '', '', '', '0.000000', 0, 1, NULL, 0, '7355.371900', '0.000000', '', '0.000000', '0.00', 'RA0202', '', '', '21.000000', '8.500000', '11.000000', '0.400000', 2, 1, 0, 0, 0, 0, 1, '', 0, 1, '0000-00-00', 0, 'new', 1, 1, 'both', 0, 0, 0, 0, '2020-06-19 00:55:11', '2022-07-11 10:02:26', 0, 3, 1),
(65, 0, 15, 2, 1, 1, 0, 0, '', '', '', '0.000000', 0, 1, NULL, 0, '4297.520700', '0.000000', '', '0.000000', '0.00', 'RA0203', '', '', '21.000000', '8.500000', '11.000000', '0.400000', 2, 1, 0, 0, 0, 0, 0, '', 0, 1, '0000-00-00', 0, 'new', 1, 1, 'both', 0, 0, 0, 0, '2020-06-19 00:55:11', '2022-07-11 09:57:30', 0, 3, 1),
(66, 0, 13, 2, 1, 1, 0, 0, '', '', '', '0.000000', 0, 1, NULL, 0, '13099.173600', '0.000000', '', '0.000000', '0.00', 'RA0204', '', '', '21.000000', '8.500000', '11.000000', '0.400000', 2, 1, 0, 0, 0, 0, 1, '', 0, 1, '0000-00-00', 0, 'new', 1, 1, 'both', 0, 0, 0, 0, '2020-06-19 00:55:11', '2022-07-11 10:02:26', 0, 3, 1),
(67, 0, 13, 2, 1, 1, 0, 0, '', '', '', '0.000000', 0, 1, NULL, 0, '12479.338800', '0.000000', '', '0.000000', '0.00', 'RA0205', '', '', '21.000000', '8.500000', '11.000000', '0.400000', 2, 1, 0, 0, 0, 0, 1, '301-category', 0, 1, '0000-00-00', 0, 'new', 1, 1, 'both', 0, 0, 0, 0, '2020-06-19 00:55:11', '2022-07-11 10:02:26', 0, 3, 1),
(68, 0, 17, 45, 1, 1, 0, 0, '', '', '', '0.000000', 0, 1, NULL, 0, '5123.966900', '0.000000', '', '0.000000', '0.00', 'EMR003', '', '', '21.000000', '8.500000', '11.000000', '0.400000', 2, 1, 0, 0, 0, 0, 0, '', 0, 1, '0000-00-00', 0, 'new', 1, 0, 'both', 0, 0, 0, 0, '2020-06-22 23:10:35', '2022-07-11 09:57:30', 0, 3, 1),
(69, 0, 17, 2, 1, 1, 0, 0, '', '', '', '0.000000', 0, 1, NULL, 0, '6942.148800', '0.000000', '', '0.000000', '0.00', 'EMR013', '', '', '21.000000', '8.500000', '11.000000', '0.400000', 2, 1, 0, 0, 0, 0, 1, '', 0, 1, '0000-00-00', 0, 'new', 1, 1, 'both', 0, 0, 0, 0, '2020-06-22 23:10:35', '2022-07-11 10:02:26', 0, 3, 1),
(70, 0, 17, 2, 1, 1, 0, 0, '', '', '', '0.000000', 0, 1, NULL, 0, '6942.148800', '0.000000', '', '0.000000', '0.00', 'EMR038', '', '', '21.000000', '8.500000', '11.000000', '0.400000', 2, 1, 0, 0, 0, 0, 1, '', 0, 1, '0000-00-00', 0, 'new', 1, 1, 'both', 0, 0, 0, 0, '2020-06-22 23:10:35', '2022-07-11 10:02:26', 0, 3, 1),
(71, 0, 17, 2, 1, 1, 0, 0, '', '', '', '0.000000', 0, 1, NULL, 0, '6942.148800', '0.000000', '', '0.000000', '0.00', 'EMR066', '', '', '21.000000', '8.500000', '11.000000', '0.400000', 2, 1, 0, 0, 0, 0, 1, '', 0, 1, '0000-00-00', 0, 'new', 1, 1, 'both', 0, 0, 0, 0, '2020-06-22 23:10:35', '2022-07-11 10:02:26', 0, 3, 1),
(72, 0, 17, 2, 1, 1, 0, 0, '', '', '', '0.000000', 0, 1, NULL, 0, '5454.545500', '0.000000', '', '0.000000', '0.00', 'EMR067', '', '', '21.000000', '8.500000', '11.000000', '0.400000', 2, 1, 0, 0, 0, 0, 0, '', 0, 1, '0000-00-00', 0, 'new', 1, 1, 'both', 0, 0, 0, 0, '2020-06-22 23:10:35', '2022-07-11 09:57:30', 0, 3, 1),
(73, 0, 17, 2, 1, 1, 0, 0, '', '', '', '0.000000', 0, 1, NULL, 0, '6942.148800', '0.000000', '', '0.000000', '0.00', 'EMR068', '', '', '21.000000', '8.500000', '11.000000', '0.400000', 2, 1, 0, 0, 0, 0, 1, '301-category', 0, 1, '0000-00-00', 0, 'new', 1, 1, 'both', 0, 0, 0, 0, '2020-06-22 23:10:37', '2022-07-11 10:02:26', 0, 3, 1),
(74, 0, 17, 2, 1, 1, 0, 0, '', '', '', '0.000000', 0, 1, NULL, 0, '6942.148800', '0.000000', '', '0.000000', '0.00', 'EMR069', '', '', '21.000000', '8.500000', '11.000000', '0.400000', 2, 1, 0, 0, 0, 0, 1, '301-category', 0, 1, '0000-00-00', 0, 'new', 1, 1, 'both', 0, 0, 0, 0, '2020-06-22 23:10:37', '2022-07-11 10:02:26', 0, 3, 1),
(75, 0, 17, 2, 1, 1, 0, 0, '', '', '', '0.000000', 0, 1, NULL, 0, '6942.148800', '0.000000', '', '0.000000', '0.00', 'EMR070', '', '', '21.000000', '8.500000', '11.000000', '0.400000', 2, 1, 0, 0, 0, 0, 1, '', 0, 1, '0000-00-00', 0, 'new', 1, 1, 'both', 0, 0, 0, 0, '2020-06-22 23:10:37', '2022-07-11 10:02:27', 0, 3, 1),
(76, 0, 17, 2, 1, 1, 0, 0, '', '', '', '0.000000', 0, 1, NULL, 0, '6942.148800', '0.000000', '', '0.000000', '0.00', 'EMR071', '', '', '21.000000', '8.500000', '11.000000', '0.400000', 2, 1, 0, 0, 0, 0, 1, '', 0, 1, '0000-00-00', 0, 'new', 1, 1, 'both', 0, 0, 0, 0, '2020-06-22 23:10:37', '2022-07-11 10:02:27', 0, 3, 1),
(77, 0, 17, 2, 1, 1, 0, 0, '', '', '', '0.000000', 0, 1, NULL, 0, '6942.148800', '0.000000', '', '0.000000', '0.00', 'EMR072', '', '', '21.000000', '8.500000', '11.000000', '0.400000', 2, 1, 0, 0, 0, 0, 1, '', 0, 1, '0000-00-00', 0, 'new', 1, 1, 'both', 0, 0, 0, 0, '2020-06-22 23:10:37', '2022-07-11 10:02:27', 0, 3, 1),
(78, 0, 17, 2, 1, 1, 0, 0, '', '', '', '0.000000', 0, 1, NULL, 0, '6942.148800', '0.000000', '', '0.000000', '0.00', 'EMR073', '', '', '21.000000', '8.500000', '11.000000', '0.400000', 2, 1, 0, 0, 0, 0, 1, '', 0, 1, '0000-00-00', 0, 'new', 1, 1, 'both', 0, 0, 0, 0, '2020-06-22 23:10:37', '2022-07-11 10:02:27', 0, 3, 1),
(79, 0, 17, 2, 1, 1, 0, 0, '', '', '', '0.000000', 0, 1, NULL, 0, '6942.148800', '0.000000', '', '0.000000', '0.00', 'EMR074', '', '', '21.000000', '8.500000', '11.000000', '0.400000', 2, 1, 0, 0, 0, 0, 1, '', 0, 1, '0000-00-00', 0, 'new', 1, 1, 'both', 0, 0, 0, 0, '2020-06-22 23:10:37', '2022-07-11 10:02:27', 0, 3, 1),
(80, 0, 18, 2, 1, 1, 0, 0, '', '', '', '0.000000', 0, 1, NULL, 0, '11735.537200', '0.000000', '', '0.000000', '0.00', 'PR0003', '', '', '21.000000', '8.500000', '11.000000', '0.400000', 2, 1, 0, 0, 0, 0, 1, '', 0, 1, '0000-00-00', 0, 'new', 1, 1, 'both', 0, 0, 0, 0, '2020-06-22 23:10:37', '2022-07-11 10:02:27', 0, 3, 1),
(81, 0, 18, 2, 1, 1, 0, 0, '', '', '', '0.000000', 0, 1, NULL, 0, '11735.537200', '0.000000', '', '0.000000', '0.00', 'PR0005', '', '', '21.000000', '8.500000', '11.000000', '0.400000', 2, 1, 0, 0, 0, 0, 1, '', 0, 1, '0000-00-00', 0, 'new', 1, 1, 'both', 0, 0, 0, 0, '2020-06-22 23:10:37', '2022-07-11 10:02:27', 0, 3, 1),
(82, 0, 18, 2, 1, 1, 0, 0, '', '', '', '0.000000', 0, 1, NULL, 0, '11735.537200', '0.000000', '', '0.000000', '0.00', 'PR0011', '', '', '21.000000', '8.500000', '11.000000', '0.400000', 2, 1, 0, 0, 0, 0, 1, '', 0, 1, '0000-00-00', 0, 'new', 1, 1, 'both', 0, 0, 0, 0, '2020-06-22 23:10:37', '2022-07-11 10:02:27', 0, 3, 1),
(83, 0, 18, 2, 1, 1, 0, 0, '', '', '', '0.000000', 0, 1, NULL, 0, '11735.537200', '0.000000', '', '0.000000', '0.00', 'PR0017', '', '', '21.000000', '8.500000', '11.000000', '0.400000', 2, 1, 0, 0, 0, 0, 1, '', 0, 1, '0000-00-00', 0, 'new', 1, 1, 'both', 0, 0, 0, 0, '2020-06-22 23:10:37', '2022-07-11 10:02:27', 0, 3, 1),
(84, 0, 18, 2, 1, 1, 0, 0, '', '', '', '0.000000', 0, 1, NULL, 0, '11735.537200', '0.000000', '', '0.000000', '0.00', 'PR0021', '', '', '21.000000', '8.500000', '11.000000', '0.400000', 2, 1, 0, 0, 0, 0, 1, '', 0, 1, '0000-00-00', 0, 'new', 1, 1, 'both', 0, 0, 0, 0, '2020-06-22 23:10:37', '2022-07-11 10:02:27', 0, 3, 1),
(85, 0, 18, 44, 1, 1, 0, 0, '', '', '', '0.000000', 0, 1, NULL, 0, '8719.008300', '0.000000', '', '0.000000', '0.00', 'PR0022', '', '', '21.000000', '8.500000', '11.000000', '0.400000', 2, 1, 0, 0, 0, 0, 0, '', 0, 1, '0000-00-00', 0, 'new', 1, 0, 'both', 0, 0, 0, 0, '2020-06-22 23:10:41', '2022-07-11 09:57:30', 0, 3, 1),
(86, 0, 18, 2, 1, 1, 0, 0, '', '', '', '0.000000', 0, 1, NULL, 0, '15619.834700', '0.000000', '', '0.000000', '0.00', 'PRR031', '', '', '21.000000', '8.500000', '11.000000', '0.400000', 2, 1, 0, 0, 0, 0, 1, '', 0, 1, '0000-00-00', 0, 'new', 1, 1, 'both', 0, 0, 0, 0, '2020-06-22 23:10:41', '2022-07-11 10:02:27', 0, 3, 1),
(87, 0, 18, 2, 1, 1, 0, 0, '', '', '', '0.000000', 0, 1, NULL, 0, '12190.082600', '0.000000', '', '0.000000', '0.00', 'PRR032', '', '', '21.000000', '8.500000', '11.000000', '0.400000', 2, 1, 0, 0, 0, 0, 1, '', 0, 1, '0000-00-00', 0, 'new', 1, 1, 'both', 0, 0, 0, 0, '2020-06-22 23:10:41', '2022-07-11 10:02:27', 0, 3, 1),
(88, 0, 18, 2, 1, 1, 0, 0, '', '', '', '0.000000', 0, 1, NULL, 0, '11157.024800', '0.000000', '', '0.000000', '0.00', 'PRR033', '', '', '21.000000', '8.500000', '11.000000', '0.400000', 2, 1, 0, 0, 0, 0, 1, '', 0, 1, '0000-00-00', 0, 'new', 1, 1, 'both', 0, 0, 0, 0, '2020-06-22 23:10:41', '2022-07-11 10:02:27', 0, 3, 1),
(89, 0, 18, 2, 1, 1, 0, 0, '', '', '', '0.000000', 0, 1, NULL, 0, '11157.024800', '0.000000', '', '0.000000', '0.00', 'PRR034', '', '', '21.000000', '8.500000', '11.000000', '0.400000', 2, 1, 0, 0, 0, 0, 1, '301-category', 0, 1, '0000-00-00', 0, 'new', 1, 1, 'both', 0, 0, 0, 0, '2020-06-22 23:10:41', '2022-07-11 10:02:27', 0, 3, 1),
(90, 0, 18, 2, 1, 1, 0, 0, '', '', '', '0.000000', 0, 1, NULL, 0, '11157.024800', '0.000000', '', '0.000000', '0.00', 'PRR035', '', '', '21.000000', '8.500000', '11.000000', '0.400000', 2, 1, 0, 0, 0, 0, 1, '', 0, 1, '0000-00-00', 0, 'new', 1, 1, 'both', 0, 0, 0, 0, '2020-06-22 23:10:41', '2022-07-11 10:02:27', 0, 3, 1),
(91, 0, 18, 2, 1, 1, 0, 0, '', '', '', '0.000000', 0, 1, NULL, 0, '11157.024800', '0.000000', '', '0.000000', '0.00', 'PRR43', '', '', '21.000000', '8.500000', '11.000000', '0.400000', 2, 1, 0, 0, 0, 0, 1, '', 0, 1, '0000-00-00', 0, 'new', 1, 1, 'both', 0, 0, 0, 0, '2020-06-22 23:10:41', '2022-07-11 10:02:27', 0, 3, 1),
(92, 0, 19, 44, 1, 1, 0, 0, '', '', '', '0.000000', 0, 1, NULL, 0, '8925.619800', '0.000000', '', '0.000000', '0.00', 'TI0043', '', '', '21.000000', '8.500000', '11.000000', '0.400000', 2, 1, 0, 0, 0, 0, 0, '', 0, 1, '0000-00-00', 0, 'new', 1, 1, 'both', 0, 0, 0, 0, '2020-06-22 23:10:41', '2022-07-11 09:57:30', 0, 3, 1),
(93, 0, 19, 44, 1, 1, 0, 0, '', '', '', '0.000000', 0, 1, NULL, 0, '8925.619800', '0.000000', '', '0.000000', '0.00', 'TI0044', '', '', '21.000000', '8.500000', '11.000000', '0.400000', 2, 1, 0, 0, 0, 0, 0, '', 0, 1, '0000-00-00', 0, 'new', 1, 0, 'both', 0, 0, 0, 0, '2020-06-22 23:10:41', '2022-07-11 09:57:30', 0, 3, 1),
(94, 0, 19, 44, 1, 1, 0, 0, '', '', '', '0.000000', 0, 1, NULL, 0, '8925.619800', '0.000000', '', '0.000000', '0.00', 'TI0048', '', '', '21.000000', '8.500000', '11.000000', '0.400000', 2, 1, 0, 0, 0, 0, 0, '', 0, 1, '0000-00-00', 0, 'new', 1, 0, 'both', 0, 0, 0, 0, '2020-06-22 23:10:41', '2022-07-11 09:57:30', 0, 3, 1),
(95, 0, 19, 2, 1, 1, 0, 0, '', '', '', '0.000000', 0, 1, NULL, 0, '12231.405000', '0.000000', '', '0.000000', '0.00', 'TI0068', '', '', '21.000000', '8.500000', '11.000000', '0.400000', 2, 1, 0, 0, 0, 0, 1, '', 0, 1, '0000-00-00', 0, 'new', 1, 1, 'both', 0, 0, 0, 0, '2020-06-22 23:10:41', '2022-07-11 10:02:27', 0, 3, 1),
(96, 0, 19, 2, 1, 1, 0, 0, '', '', '', '0.000000', 0, 1, NULL, 0, '12231.405000', '0.000000', '', '0.000000', '0.00', 'TI0075', '', '', '21.000000', '8.500000', '11.000000', '0.400000', 2, 1, 0, 0, 0, 0, 1, '', 0, 1, '0000-00-00', 0, 'new', 1, 1, 'both', 0, 0, 0, 0, '2020-06-22 23:10:41', '2022-07-11 10:02:28', 0, 3, 1),
(97, 0, 19, 2, 1, 1, 0, 0, '', '', '', '0.000000', 0, 1, NULL, 0, '12231.405000', '0.000000', '', '0.000000', '0.00', 'TI0091', '', '', '21.000000', '8.500000', '11.000000', '0.400000', 2, 1, 0, 0, 0, 0, 1, '', 0, 1, '0000-00-00', 0, 'new', 1, 1, 'both', 0, 0, 0, 0, '2020-06-22 23:10:41', '2022-07-11 10:02:28', 0, 3, 1),
(98, 0, 19, 2, 1, 1, 0, 0, '', '', '', '0.000000', 0, 1, NULL, 0, '12231.405000', '0.000000', '', '0.000000', '0.00', 'TI0092', '', '', '21.000000', '8.500000', '11.000000', '0.400000', 2, 1, 0, 0, 0, 0, 1, '', 0, 1, '0000-00-00', 0, 'new', 1, 1, 'both', 0, 0, 0, 0, '2020-06-22 23:10:41', '2022-07-11 10:02:28', 0, 3, 1),
(99, 0, 19, 2, 1, 1, 0, 0, '', '', '', '0.000000', 0, 1, NULL, 0, '12231.405000', '0.000000', '', '0.000000', '0.00', 'TI0093', '', '', '21.000000', '8.500000', '11.000000', '0.400000', 2, 1, 0, 0, 0, 0, 1, '', 0, 1, '0000-00-00', 0, 'new', 1, 1, 'both', 0, 0, 0, 0, '2020-06-22 23:10:41', '2022-07-11 10:02:28', 0, 3, 1),
(100, 0, 19, 2, 1, 1, 0, 0, '', '', '', '0.000000', 0, 1, NULL, 0, '11859.504100', '0.000000', '', '0.000000', '0.00', 'TIR121', '', '', '21.000000', '8.500000', '11.000000', '0.400000', 2, 1, 0, 0, 0, 0, 0, '', 0, 1, '0000-00-00', 0, 'new', 1, 0, 'both', 0, 0, 0, 0, '2020-06-22 23:10:49', '2022-07-11 09:57:30', 0, 3, 1),
(101, 0, 19, 2, 1, 1, 0, 0, '', '', '', '0.000000', 0, 1, NULL, 0, '12396.694200', '0.000000', '', '0.000000', '0.00', 'TIR131', '', '', '21.000000', '8.500000', '11.000000', '0.400000', 2, 1, 0, 0, 0, 0, 1, '', 0, 1, '0000-00-00', 0, 'new', 1, 1, 'both', 0, 0, 0, 0, '2020-06-22 23:10:49', '2022-07-11 10:02:28', 0, 3, 1),
(102, 0, 19, 2, 1, 1, 0, 0, '', '', '', '0.000000', 0, 1, NULL, 0, '11859.504100', '0.000000', '', '0.000000', '0.00', 'TIR139', '', '', '21.000000', '8.500000', '11.000000', '0.400000', 2, 1, 0, 0, 0, 0, 0, '', 0, 1, '0000-00-00', 0, 'new', 1, 0, 'both', 0, 0, 0, 0, '2020-06-22 23:10:49', '2022-07-11 09:57:30', 0, 3, 1),
(103, 0, 19, 2, 1, 1, 0, 0, '', '', '', '0.000000', 0, 1, NULL, 0, '12396.694200', '0.000000', '', '0.000000', '0.00', 'TIR140', '', '', '21.000000', '8.500000', '11.000000', '0.400000', 2, 1, 0, 0, 0, 0, 1, '', 0, 1, '0000-00-00', 0, 'new', 1, 1, 'both', 0, 0, 0, 0, '2020-06-22 23:10:49', '2022-07-11 10:02:28', 0, 3, 1),
(104, 0, 19, 2, 1, 1, 0, 0, '', '', '', '0.000000', 0, 1, NULL, 0, '12396.694200', '0.000000', '', '0.000000', '0.00', 'TIR141', '', '', '21.000000', '8.500000', '11.000000', '0.400000', 2, 1, 0, 0, 0, 0, 1, '', 0, 1, '0000-00-00', 0, 'new', 1, 1, 'both', 0, 0, 0, 0, '2020-06-22 23:10:49', '2022-07-11 10:02:28', 0, 3, 1),
(105, 0, 19, 2, 1, 1, 0, 0, '', '', '', '0.000000', 0, 1, NULL, 0, '12396.694200', '0.000000', '', '0.000000', '0.00', 'TIR142', '', '', '21.000000', '8.500000', '11.000000', '0.400000', 2, 1, 0, 0, 0, 0, 1, '', 0, 1, '0000-00-00', 0, 'new', 1, 1, 'both', 0, 0, 0, 0, '2020-06-22 23:10:49', '2022-07-11 10:02:28', 0, 3, 1),
(106, 0, 19, 2, 1, 1, 0, 0, '', '', '', '0.000000', 0, 1, NULL, 0, '12396.694200', '0.000000', '', '0.000000', '0.00', 'TIR143', '', '', '21.000000', '8.500000', '11.000000', '0.400000', 2, 1, 0, 0, 0, 0, 1, '', 0, 1, '0000-00-00', 0, 'new', 1, 1, 'both', 0, 0, 0, 0, '2020-06-22 23:10:49', '2022-07-11 10:02:28', 0, 3, 1),
(107, 0, 19, 2, 1, 1, 0, 0, '', '', '', '0.000000', 0, 1, NULL, 0, '12975.206600', '0.000000', '', '0.000000', '0.00', 'TIR144', '', '', '21.000000', '8.500000', '11.000000', '0.400000', 2, 1, 0, 0, 0, 0, 1, '', 0, 1, '0000-00-00', 0, 'new', 1, 1, 'both', 0, 0, 0, 0, '2020-06-22 23:10:49', '2022-07-11 10:02:28', 0, 3, 1),
(108, 0, 19, 45, 1, 1, 0, 0, '', '', '', '0.000000', 0, 1, NULL, 0, '9487.603300', '0.000000', '', '0.000000', '0.00', 'TIR145', '', '', '21.000000', '8.500000', '11.000000', '0.400000', 2, 1, 0, 0, 0, 0, 0, '', 0, 1, '0000-00-00', 0, 'new', 1, 0, 'both', 0, 0, 0, 0, '2020-06-22 23:10:52', '2022-07-11 09:57:30', 0, 3, 1),
(109, 0, 19, 2, 1, 1, 0, 0, '', '', '', '0.000000', 0, 1, NULL, 0, '12975.206600', '0.000000', '', '0.000000', '0.00', 'TIR146', '', '', '21.000000', '8.500000', '11.000000', '0.400000', 2, 1, 0, 0, 0, 0, 1, '', 0, 1, '0000-00-00', 0, 'new', 1, 1, 'both', 0, 0, 0, 0, '2020-06-22 23:10:52', '2022-07-11 10:02:28', 0, 3, 1),
(110, 0, 19, 2, 1, 1, 0, 0, '', '', '', '0.000000', 0, 1, NULL, 0, '12975.206600', '0.000000', '', '0.000000', '0.00', 'TIR147', '', '', '21.000000', '8.500000', '11.000000', '0.400000', 2, 1, 0, 0, 0, 0, 1, '', 0, 1, '0000-00-00', 0, 'new', 1, 1, 'both', 0, 0, 0, 0, '2020-06-22 23:10:52', '2022-07-11 10:02:28', 0, 3, 1),
(111, 0, 19, 2, 1, 1, 0, 0, '', '', '', '0.000000', 0, 1, NULL, 0, '12975.206600', '0.000000', '', '0.000000', '0.00', 'TIR148', '', '', '21.000000', '8.500000', '11.000000', '0.400000', 2, 1, 0, 0, 0, 0, 1, '', 0, 1, '0000-00-00', 0, 'new', 1, 1, 'both', 0, 0, 0, 0, '2020-06-22 23:10:52', '2022-07-11 10:02:28', 0, 3, 1),
(112, 0, 20, 2, 1, 1, 0, 0, '', '', '', '0.000000', 0, 1, NULL, 0, '8016.528900', '0.000000', '', '0.000000', '0.00', 'UP0050', '', '', '21.000000', '8.500000', '11.000000', '0.400000', 2, 1, 0, 0, 0, 0, 0, '', 0, 1, '0000-00-00', 0, 'new', 1, 1, 'both', 0, 0, 0, 0, '2020-06-22 23:10:52', '2022-07-11 09:57:30', 0, 3, 1),
(113, 0, 20, 2, 1, 1, 0, 0, '', '', '', '0.000000', 0, 1, NULL, 0, '10000.000000', '0.000000', '', '0.000000', '0.00', 'UP0051', '', '', '21.000000', '8.500000', '11.000000', '0.400000', 2, 1, 0, 0, 0, 0, 1, '', 0, 1, '0000-00-00', 0, 'new', 1, 1, 'both', 0, 0, 0, 0, '2020-06-22 23:10:52', '2022-07-11 10:02:28', 0, 3, 1),
(114, 0, 20, 2, 1, 1, 0, 0, '', '', '', '0.000000', 0, 1, NULL, 0, '8016.528900', '0.000000', '', '0.000000', '0.00', 'UP0055', '', '', '21.000000', '8.500000', '11.000000', '0.400000', 2, 1, 0, 0, 0, 0, 0, '', 0, 1, '0000-00-00', 0, 'new', 1, 1, 'both', 0, 0, 0, 0, '2020-06-22 23:10:52', '2022-07-11 09:57:30', 0, 3, 1),
(115, 0, 20, 2, 1, 1, 0, 0, '', '', '', '0.000000', 0, 1, NULL, 0, '8016.528900', '0.000000', '', '0.000000', '0.00', 'UP0056', '', '', '21.000000', '8.500000', '11.000000', '0.400000', 2, 1, 0, 0, 0, 0, 0, '301-category', 0, 1, '0000-00-00', 0, 'new', 1, 1, 'both', 0, 0, 0, 0, '2020-06-22 23:10:52', '2022-07-11 09:57:30', 0, 3, 1),
(116, 0, 20, 2, 1, 1, 0, 0, '', '', '', '0.000000', 0, 1, NULL, 0, '8925.619800', '0.000000', '', '0.000000', '0.00', 'UP0057', '', '', '21.000000', '8.500000', '11.000000', '0.400000', 2, 1, 0, 0, 0, 0, 1, '', 0, 1, '0000-00-00', 0, 'new', 1, 1, 'both', 0, 0, 0, 0, '2020-06-22 23:10:52', '2022-07-11 10:02:28', 0, 3, 1),
(117, 0, 20, 2, 1, 1, 0, 0, '', '', '', '0.000000', 0, 1, NULL, 0, '10991.735500', '0.000000', '', '0.000000', '0.00', 'UP0087', '', '', '21.000000', '8.500000', '11.000000', '0.400000', 2, 1, 0, 0, 0, 0, 1, '', 0, 1, '0000-00-00', 0, 'new', 1, 1, 'both', 0, 0, 0, 0, '2020-06-22 23:10:52', '2022-07-11 10:02:28', 0, 3, 1),
(118, 0, 20, 2, 1, 1, 0, 0, '', '', '', '0.000000', 0, 1, NULL, 0, '10991.735500', '0.000000', '', '0.000000', '0.00', 'UP0091', '', '', '21.000000', '8.500000', '11.000000', '0.400000', 2, 1, 0, 0, 0, 0, 1, '', 0, 1, '0000-00-00', 0, 'new', 1, 1, 'both', 0, 0, 0, 0, '2020-06-22 23:10:52', '2022-07-11 10:02:28', 0, 3, 1),
(119, 0, 20, 2, 1, 1, 0, 0, '', '', '', '0.000000', 0, 1, NULL, 0, '10991.735500', '0.000000', '', '0.000000', '0.00', 'UP0108', '', '', '21.000000', '8.500000', '11.000000', '0.400000', 2, 1, 0, 0, 0, 0, 1, '', 0, 1, '0000-00-00', 0, 'new', 1, 1, 'both', 0, 0, 0, 0, '2020-06-22 23:10:52', '2022-07-11 10:02:28', 0, 3, 1),
(120, 0, 20, 2, 1, 1, 0, 0, '', '', '', '0.000000', 0, 1, NULL, 0, '8016.528900', '0.000000', '', '0.000000', '0.00', 'UP0122', '', '', '21.000000', '8.500000', '11.000000', '0.400000', 2, 1, 0, 0, 0, 0, 0, '', 0, 1, '0000-00-00', 0, 'new', 1, 1, 'both', 0, 0, 0, 0, '2020-06-22 23:10:52', '2022-07-11 09:57:30', 0, 3, 1),
(121, 0, 20, 2, 1, 1, 0, 0, '', '', '', '0.000000', 0, 1, NULL, 0, '10991.735500', '0.000000', '', '0.000000', '0.00', 'UP0133', '', '', '21.000000', '8.500000', '11.000000', '0.400000', 2, 1, 0, 0, 0, 0, 1, '', 0, 1, '0000-00-00', 0, 'new', 1, 1, 'both', 0, 0, 0, 0, '2020-06-22 23:10:52', '2022-07-11 10:02:29', 0, 3, 1),
(122, 0, 20, 2, 1, 1, 0, 0, '', '', '', '0.000000', 0, 1, NULL, 0, '10950.413200', '0.000000', '', '0.000000', '0.00', 'UPR069', '', '', '21.000000', '8.500000', '11.000000', '0.400000', 2, 1, 0, 0, 0, 0, 1, '', 0, 1, '0000-00-00', 0, 'new', 1, 1, 'both', 0, 0, 0, 0, '2020-06-22 23:10:52', '2022-07-11 10:02:29', 0, 3, 1),
(123, 0, 20, 2, 1, 1, 0, 0, '', '', '', '0.000000', 0, 1, NULL, 0, '9380.165300', '0.000000', '', '0.000000', '0.00', 'UPR134', '', '', '21.000000', '8.500000', '11.000000', '0.400000', 2, 1, 0, 0, 0, 0, 1, '', 0, 1, '0000-00-00', 0, 'new', 1, 1, 'both', 0, 0, 0, 0, '2020-06-22 23:10:56', '2022-07-11 10:02:29', 0, 3, 1),
(124, 0, 20, 2, 1, 1, 0, 0, '', '', '', '0.000000', 0, 1, NULL, 0, '9380.165300', '0.000000', '', '0.000000', '0.00', 'UPR143', '', '', '21.000000', '8.500000', '11.000000', '0.400000', 2, 1, 0, 0, 0, 0, 1, '', 0, 1, '0000-00-00', 0, 'new', 1, 1, 'both', 0, 0, 0, 0, '2020-06-22 23:10:56', '2022-07-11 10:02:29', 0, 3, 1),
(125, 0, 20, 2, 1, 1, 0, 0, '', '', '', '0.000000', 0, 1, NULL, 0, '9380.165300', '0.000000', '', '0.000000', '0.00', 'UPR146', '', '', '21.000000', '8.500000', '11.000000', '0.400000', 2, 1, 0, 0, 0, 0, 1, '301-category', 0, 1, '0000-00-00', 0, 'new', 1, 1, 'both', 0, 0, 0, 0, '2020-06-22 23:10:56', '2022-07-11 10:02:29', 0, 3, 1),
(126, 0, 20, 2, 1, 1, 0, 0, '', '', '', '0.000000', 0, 1, NULL, 0, '9380.165300', '0.000000', '', '0.000000', '0.00', 'UPR147', '', '', '21.000000', '8.500000', '11.000000', '0.400000', 2, 1, 0, 0, 0, 0, 1, '', 0, 1, '0000-00-00', 0, 'new', 1, 1, 'both', 0, 0, 0, 0, '2020-06-22 23:10:56', '2022-07-11 10:02:29', 0, 3, 1),
(127, 0, 20, 2, 1, 1, 0, 0, '', '', '', '0.000000', 0, 1, NULL, 0, '9380.165300', '0.000000', '', '0.000000', '0.00', 'UPR148', '', '', '21.000000', '8.500000', '11.000000', '0.400000', 2, 1, 0, 0, 0, 0, 1, '', 0, 1, '0000-00-00', 0, 'new', 1, 1, 'both', 0, 0, 0, 0, '2020-06-22 23:10:56', '2022-07-11 10:02:29', 0, 3, 1),
(128, 0, 20, 2, 1, 1, 0, 0, '', '', '', '0.000000', 0, 1, NULL, 0, '10950.413200', '0.000000', '', '0.000000', '0.00', 'UPR149', '', '', '21.000000', '8.500000', '11.000000', '0.400000', 2, 1, 0, 0, 0, 0, 1, '', 0, 1, '0000-00-00', 0, 'new', 1, 1, 'both', 0, 0, 0, 0, '2020-06-22 23:10:56', '2022-07-11 10:02:29', 0, 3, 1),
(129, 0, 20, 2, 1, 1, 0, 0, '', '', '', '0.000000', 0, 1, NULL, 0, '10950.413200', '0.000000', '', '0.000000', '0.00', 'UPR150', '', '', '21.000000', '8.500000', '11.000000', '0.400000', 2, 1, 0, 0, 0, 0, 1, '', 0, 1, '0000-00-00', 0, 'new', 1, 1, 'both', 0, 0, 0, 0, '2020-06-22 23:10:56', '2022-07-11 10:02:29', 0, 3, 1),
(130, 0, 20, 2, 1, 1, 0, 0, '', '', '', '0.000000', 0, 1, NULL, 0, '9380.165300', '0.000000', '', '0.000000', '0.00', 'UPR151', '', '', '21.000000', '8.500000', '11.000000', '0.400000', 2, 1, 0, 0, 0, 0, 1, '', 0, 1, '0000-00-00', 0, 'new', 1, 1, 'both', 0, 0, 0, 0, '2020-06-22 23:10:56', '2022-07-11 10:02:29', 0, 3, 1),
(131, 0, 20, 2, 1, 1, 0, 0, '', '', '', '0.000000', 0, 1, NULL, 0, '9380.165300', '0.000000', '', '0.000000', '0.00', 'UPR152', '', '', '21.000000', '8.500000', '11.000000', '0.400000', 2, 1, 0, 0, 0, 0, 1, '', 0, 1, '0000-00-00', 0, 'new', 1, 1, 'both', 0, 0, 0, 0, '2020-06-22 23:10:56', '2022-07-11 10:02:29', 0, 3, 1),
(132, 0, 20, 2, 1, 1, 0, 0, '', '', '', '0.000000', 0, 1, NULL, 0, '9380.165300', '0.000000', '', '0.000000', '0.00', 'UPR153', '', '', '21.000000', '8.500000', '11.000000', '0.400000', 2, 1, 0, 0, 0, 0, 1, '', 0, 1, '0000-00-00', 0, 'new', 1, 1, 'both', 0, 0, 0, 0, '2020-06-22 23:10:56', '2022-07-11 10:02:29', 0, 3, 1),
(133, 0, 20, 2, 1, 1, 0, 0, '', '', '', '0.000000', 0, 1, NULL, 0, '9380.165300', '0.000000', '', '0.000000', '0.00', 'UPR154', '', '', '21.000000', '8.500000', '11.000000', '0.400000', 2, 1, 0, 0, 0, 0, 1, '', 0, 1, '0000-00-00', 0, 'new', 1, 1, 'both', 0, 0, 0, 0, '2020-06-22 23:10:56', '2022-07-11 10:02:29', 0, 3, 1),
(134, 0, 2, 41, 1, 1, 1, 0, '', '', '', '0.000000', 0, 1, NULL, 0, '15867.768595', '0.000000', '', '0.000000', '0.00', 'OASYS1DPACK', '', '', '22.000000', '8.000000', '11.000000', '0.750000', 2, 1, 0, 1, 1, 0, 1, '301-category', 0, 1, '0000-00-00', 0, 'new', 1, 1, 'both', 0, 0, 0, 8033, '2020-07-08 19:06:13', '2022-07-11 09:57:30', 0, 3, 1),
(135, 0, 2, 41, 1, 1, 1, 0, '', '', '', '0.000000', 0, 1, NULL, 0, '15371.900826', '0.000000', '', '0.000000', '0.00', '1DAYMOSTAPACK', '', '', '22.000000', '8.000000', '11.000000', '0.750000', 2, 1, 0, 1, 1, 1, 1, '301-category', 0, 1, '0000-00-00', 0, 'new', 1, 1, 'both', 0, 0, 0, 8029, '2020-07-12 17:21:20', '2022-07-11 09:57:30', 0, 3, 1),
(136, 0, 2, 41, 1, 1, 1, 0, '', '', '', '0.000000', 0, 1, NULL, 0, '13388.429752', '0.000000', '', '0.000000', '0.00', 'ACUVUE1DMPACK', '', '', '22.000000', '8.000000', '11.000000', '0.750000', 2, 1, 0, 1, 1, 0, 1, '301-category', 0, 1, '0000-00-00', 0, 'new', 1, 1, 'both', 0, 0, 0, 8019, '2020-07-12 17:43:02', '2022-07-11 09:57:30', 0, 3, 1),
(137, 0, 2, 41, 1, 1, 1, 0, '', '', '', '0.000000', 0, 1, NULL, 0, '26115.702479', '0.000000', '', '0.000000', '0.00', 'ACUVUEOAPACK', '', '', '22.000000', '8.000000', '11.000000', '0.750000', 2, 1, 0, 1, 1, 1, 1, '301-category', 0, 1, '0000-00-00', 0, 'new', 1, 1, 'both', 0, 0, 0, 8023, '2020-07-12 17:48:48', '2022-07-11 09:57:30', 0, 3, 1),
(138, 0, 2, 41, 1, 1, 0, 0, '', '', '', '0.000000', 0, 1, NULL, 0, '10123.966900', '0.000000', '', '0.000000', '0.00', 'ACUVUEO+OASYS1DSET', '', '', '22.000000', '8.000000', '11.000000', '1.000000', 2, 1, 0, 1, 1, 0, 0, '301-category', 0, 1, '0000-00-00', 0, 'new', 1, 0, 'both', 0, 0, 0, 8027, '2020-07-12 17:58:35', '2022-07-11 09:57:30', 0, 3, 1),
(139, 0, 2, 2, 1, 1, 0, 0, '', '', '', '0.000000', 0, 1, NULL, 0, '8057.851200', '0.000000', '', '0.000000', '0.00', 'ACUVUE2+ACUVUE1DMSET', '', '', '22.000000', '8.000000', '11.000000', '1.000000', 2, 1, 0, 1, 1, 0, 0, '301-category', 0, 1, '0000-00-00', 0, 'new', 1, 0, 'both', 0, 0, 0, 8025, '2020-07-12 18:03:53', '2022-07-11 09:57:30', 0, 3, 1),
(140, 0, 21, 2, 1, 1, 1, 0, '', '', '', '0.000000', 0, 1, NULL, 0, '396.694200', '0.000000', '', '0.000000', '0.00', 'AR0001', '', '', '22.000000', '8.000000', '11.000000', '0.500000', 2, 1, 0, 1, 0, 1, 0, '301-category', 0, 1, '0000-00-00', 0, 'new', 1, 0, 'both', 0, 0, 0, 0, '2020-07-31 07:04:07', '2022-07-11 09:57:30', 0, 3, 1),
(141, 0, 21, 2, 1, 1, 1, 0, '', '', '', '0.000000', 0, 1, NULL, 0, '611.570200', '0.000000', '', '0.000000', '0.00', 'AR0002', '', '', '22.000000', '8.000000', '11.000000', '0.500000', 2, 1, 0, 0, 0, 0, 0, '301-category', 0, 1, '0000-00-00', 0, 'new', 1, 0, 'both', 0, 0, 0, 0, '2020-08-11 15:49:10', '2022-07-11 09:57:30', 0, 3, 1),
(142, 0, 21, 2, 1, 1, 1, 0, '', '', '', '0.000000', 0, 1, NULL, 0, '917.355400', '0.000000', '', '0.000000', '0.00', 'AR0003', '', '', '22.000000', '8.000000', '11.000000', '0.500000', 2, 1, 0, 0, 0, 0, 0, '301-category', 0, 1, '0000-00-00', 0, 'new', 1, 0, 'both', 0, 0, 0, 0, '2020-08-11 15:49:10', '2022-07-11 09:57:30', 0, 3, 1),
(143, 0, 21, 2, 1, 1, 1, 0, '', '', '', '0.000000', 0, 1, NULL, 0, '1099.173600', '0.000000', '', '0.000000', '0.00', 'AR0004', '', '', '22.000000', '8.000000', '11.000000', '0.500000', 2, 1, 0, 0, 0, 0, 0, '301-category', 0, 1, '0000-00-00', 0, 'new', 1, 0, 'both', 0, 0, 0, 0, '2020-08-11 15:49:10', '2022-07-11 09:57:30', 0, 3, 1),
(144, 0, 21, 2, 1, 1, 1, 0, '', '', '', '0.000000', 0, 1, NULL, 0, '347.107400', '0.000000', '', '0.000000', '0.00', 'AR0005', '', '', '22.000000', '8.000000', '11.000000', '0.500000', 2, 1, 0, 0, 0, 0, 0, '301-category', 0, 1, '0000-00-00', 0, 'new', 1, 0, 'both', 0, 0, 0, 0, '2020-08-11 15:49:10', '2022-07-11 09:57:30', 0, 3, 1),
(145, 0, 21, 2, 1, 1, 1, 0, '', '', '', '0.000000', 0, 1, NULL, 0, '553.719000', '0.000000', '', '0.000000', '0.00', 'AR0006', '', '', '22.000000', '8.000000', '11.000000', '0.500000', 2, 1, 0, 0, 0, 0, 0, '301-category', 0, 1, '0000-00-00', 0, 'new', 1, 0, 'both', 0, 0, 0, 0, '2020-08-11 15:49:12', '2022-07-11 09:57:30', 0, 3, 1),
(146, 0, 21, 2, 1, 1, 1, 0, '', '', '', '0.000000', 0, 1, NULL, 0, '801.652900', '0.000000', '', '0.000000', '0.00', 'AR0007', '', '', '22.000000', '8.000000', '11.000000', '0.500000', 2, 1, 0, 0, 0, 0, 0, '301-category', 0, 1, '0000-00-00', 0, 'new', 1, 0, 'both', 0, 0, 0, 0, '2020-08-11 15:49:12', '2022-07-11 09:57:30', 0, 3, 1),
(147, 0, 21, 2, 1, 1, 1, 0, '', '', '', '0.000000', 0, 1, NULL, 0, '917.355400', '0.000000', '', '0.000000', '0.00', 'AR0008', '', '', '22.000000', '8.000000', '11.000000', '0.500000', 2, 1, 0, 0, 0, 0, 0, '301-category', 0, 1, '0000-00-00', 0, 'new', 1, 0, 'both', 0, 0, 0, 0, '2020-08-11 15:49:12', '2022-07-11 09:57:30', 0, 3, 1),
(148, 0, 21, 2, 1, 1, 1, 0, '', '', '', '0.000000', 0, 1, NULL, 0, '1157.024800', '0.000000', '', '0.000000', '0.00', 'AR0009', '', '', '22.000000', '8.000000', '11.000000', '0.500000', 2, 1, 0, 0, 0, 0, 0, '301-category', 0, 1, '0000-00-00', 0, 'new', 1, 0, 'both', 0, 0, 0, 0, '2020-08-11 15:49:12', '2022-07-11 09:57:30', 0, 3, 1),
(149, 0, 21, 2, 1, 1, 1, 0, '', '', '', '0.000000', 0, 1, NULL, 0, '842.975200', '0.000000', '', '0.000000', '0.00', 'AR0010', '', '', '22.000000', '8.000000', '11.000000', '0.500000', 2, 1, 0, 0, 0, 0, 0, '301-category', 0, 1, '0000-00-00', 0, 'new', 1, 0, 'both', 0, 0, 0, 0, '2020-08-11 15:49:12', '2022-07-11 09:57:30', 0, 3, 1),
(150, 0, 21, 2, 1, 1, 0, 0, '', '', '', '0.000000', 0, 1, NULL, 0, '644.628100', '0.000000', '', '0.000000', '0.00', 'AR0011', '', '', '22.000000', '8.000000', '11.000000', '0.500000', 2, 1, 0, 0, 0, 0, 0, '301-category', 0, 1, '0000-00-00', 0, 'new', 1, 0, 'both', 0, 0, 0, 0, '2020-08-11 15:49:12', '2022-07-11 09:57:30', 0, 3, 1);
INSERT INTO `ps_product` (`id_product`, `id_supplier`, `id_manufacturer`, `id_category_default`, `id_shop_default`, `id_tax_rules_group`, `on_sale`, `online_only`, `ean13`, `isbn`, `upc`, `ecotax`, `quantity`, `minimal_quantity`, `low_stock_threshold`, `low_stock_alert`, `price`, `wholesale_price`, `unity`, `unit_price_ratio`, `additional_shipping_cost`, `reference`, `supplier_reference`, `location`, `width`, `height`, `depth`, `weight`, `out_of_stock`, `additional_delivery_times`, `quantity_discount`, `customizable`, `uploadable_files`, `text_fields`, `active`, `redirect_type`, `id_type_redirected`, `available_for_order`, `available_date`, `show_condition`, `condition`, `show_price`, `indexed`, `visibility`, `cache_is_pack`, `cache_has_attachments`, `is_virtual`, `cache_default_attribute`, `date_add`, `date_upd`, `advanced_stock_management`, `pack_stock_type`, `state`) VALUES
(151, 0, 21, 2, 1, 1, 0, 0, '', '', '', '0.000000', 0, 1, NULL, 0, '644.628100', '0.000000', '', '0.000000', '0.00', 'AR0012', '', '', '22.000000', '8.000000', '11.000000', '0.500000', 2, 1, 0, 0, 0, 0, 0, '301-category', 0, 1, '0000-00-00', 0, 'new', 1, 0, 'both', 0, 0, 0, 0, '2020-08-11 15:49:12', '2022-07-11 09:57:30', 0, 3, 1),
(152, 0, 21, 2, 1, 1, 0, 0, '', '', '', '0.000000', 0, 1, NULL, 0, '561.983500', '0.000000', '', '0.000000', '0.00', 'AR0013', '', '', '22.000000', '8.000000', '11.000000', '0.500000', 2, 1, 0, 0, 0, 0, 0, '301-category', 0, 1, '0000-00-00', 0, 'new', 1, 0, 'both', 0, 0, 0, 0, '2020-08-11 15:49:12', '2022-07-11 09:57:30', 0, 3, 1),
(153, 0, 21, 2, 1, 1, 0, 0, '', '', '', '0.000000', 0, 1, NULL, 0, '719.008300', '0.000000', '', '0.000000', '0.00', 'AR0014', '', '', '22.000000', '8.000000', '11.000000', '0.500000', 2, 1, 0, 1, 1, 0, 0, '301-category', 0, 1, '0000-00-00', 0, 'new', 1, 0, 'both', 0, 0, 0, 0, '2020-08-15 12:00:01', '2022-07-11 09:57:30', 0, 3, 1),
(154, 0, 21, 2, 1, 1, 0, 0, '', '', '', '0.000000', 0, 1, NULL, 0, '719.008300', '0.000000', '', '0.000000', '0.00', 'AR0015', '', '', '22.000000', '8.000000', '11.000000', '0.500000', 2, 1, 0, 1, 1, 0, 0, '301-category', 0, 1, '0000-00-00', 0, 'new', 1, 0, 'both', 0, 0, 0, 0, '2020-08-24 11:13:32', '2022-07-11 09:57:30', 0, 3, 1),
(155, 0, 2, 41, 1, 1, 0, 0, '', '', '', '0.000000', 0, 1, NULL, 0, '5537.190083', '0.000000', '', '0.000000', '0.00', 'ACUVUEVITA', '', '', '15.000000', '4.500000', '6.000000', '0.250000', 2, 1, 0, 1, 1, 0, 1, '301-category', 0, 1, '0000-00-00', 0, 'new', 1, 1, 'both', 0, 0, 0, 8289, '2020-09-01 07:35:30', '2022-07-11 09:57:30', 0, 3, 1),
(156, 0, 2, 2, 1, 1, 1, 0, '', '', '', '0.000000', 0, 1, NULL, 0, '11074.380165', '0.000000', '', '0.000000', '0.00', 'ACUVUEVITAPACK', '', '', '22.000000', '8.000000', '11.000000', '0.750000', 2, 1, 0, 1, 1, 0, 1, '301-category', 0, 1, '0000-00-00', 0, 'new', 1, 1, 'both', 0, 0, 0, 8291, '2020-09-01 07:36:25', '2022-07-11 09:57:30', 0, 3, 1),
(157, 0, 2, 41, 1, 1, 1, 0, '', '', '', '0.000000', 0, 1, NULL, 0, '20826.446281', '0.000000', '', '0.000000', '0.00', 'ACUVUEOPACK', '', '', '22.000000', '8.000000', '11.000000', '0.250000', 2, 1, 0, 1, 1, 0, 1, '301-category', 0, 1, '0000-00-00', 0, 'new', 1, 1, 'both', 0, 0, 0, 8293, '2020-09-01 07:37:06', '2022-07-11 09:57:30', 0, 3, 1),
(158, 0, 0, 46, 1, 1, 0, 0, '', '', '', '0.000000', 0, 1, NULL, 0, '2066.115702', '0.000000', '', '0.000000', '0.00', '1234', '', '', '0.000000', '0.000000', '0.000000', '0.000000', 2, 1, 0, 1, 1, 0, 0, '301-category', 0, 1, '0000-00-00', 0, 'new', 1, 0, 'both', 0, 0, 0, 0, '2020-09-01 07:37:33', '2021-01-19 16:10:19', 0, 3, 1),
(159, 0, 0, 73, 1, 1, 0, 0, '', '', '', '0.000000', 0, 1, NULL, 0, '3297.520700', '0.000000', '', '0.000000', '0.00', 'MA0016', '', '', '21.000000', '8.500000', '11.000000', '0.400000', 2, 1, 0, 0, 0, 0, 1, '', 0, 1, '0000-00-00', 0, 'new', 1, 1, 'both', 0, 0, 0, 0, '2021-01-19 16:07:32', '2021-05-31 13:10:15', 0, 3, 1),
(160, 0, 0, 73, 1, 1, 0, 0, '', '', '', '0.000000', 0, 1, NULL, 0, '3297.520700', '0.000000', '', '0.000000', '0.00', 'MA0115', '', '', '21.000000', '8.500000', '11.000000', '0.400000', 2, 1, 0, 0, 0, 0, 1, '', 0, 1, '0000-00-00', 0, 'new', 1, 1, 'both', 0, 0, 0, 0, '2021-01-19 16:07:32', '2021-05-31 13:10:15', 0, 3, 1),
(161, 0, 0, 73, 1, 1, 0, 0, '', '', '', '0.000000', 0, 1, NULL, 0, '3297.520700', '0.000000', '', '0.000000', '0.00', 'MA0093', '', '', '21.000000', '8.500000', '11.000000', '0.400000', 2, 1, 0, 0, 0, 0, 1, '', 0, 1, '0000-00-00', 0, 'new', 1, 1, 'both', 0, 0, 0, 0, '2021-01-19 16:07:32', '2021-05-31 13:10:15', 0, 3, 1),
(162, 0, 0, 73, 1, 1, 0, 0, '', '', '', '0.000000', 0, 1, NULL, 0, '3297.520700', '0.000000', '', '0.000000', '0.00', 'MA0124', '', '', '21.000000', '8.500000', '11.000000', '0.400000', 2, 1, 0, 0, 0, 0, 1, '', 0, 1, '0000-00-00', 0, 'new', 1, 1, 'both', 0, 0, 0, 0, '2021-01-19 16:07:32', '2021-05-31 13:10:15', 0, 3, 1),
(163, 0, 0, 73, 1, 1, 0, 0, '', '', '', '0.000000', 0, 1, NULL, 0, '3297.520700', '0.000000', '', '0.000000', '0.00', 'MA0095', '', '', '21.000000', '8.500000', '11.000000', '0.400000', 2, 1, 0, 0, 0, 0, 1, '', 0, 1, '0000-00-00', 0, 'new', 1, 1, 'both', 0, 0, 0, 0, '2021-01-19 16:07:32', '2021-05-31 13:10:15', 0, 3, 1),
(164, 0, 0, 73, 1, 1, 0, 0, '', '', '', '0.000000', 0, 1, NULL, 0, '3297.520700', '0.000000', '', '0.000000', '0.00', 'MA0096', '', '', '21.000000', '8.500000', '11.000000', '0.400000', 2, 1, 0, 0, 0, 0, 1, '301-category', 0, 1, '0000-00-00', 0, 'new', 1, 1, 'both', 0, 0, 0, 0, '2021-01-19 16:07:34', '2021-05-31 13:10:15', 0, 3, 1),
(165, 0, 0, 73, 1, 1, 0, 0, '', '', '', '0.000000', 0, 1, NULL, 0, '3297.520700', '0.000000', '', '0.000000', '0.00', 'MA0117', '', '', '21.000000', '8.500000', '11.000000', '0.400000', 2, 1, 0, 0, 0, 0, 1, '301-category', 0, 1, '0000-00-00', 0, 'new', 1, 1, 'both', 0, 0, 0, 0, '2021-01-19 16:07:34', '2021-05-31 13:10:16', 0, 3, 1),
(166, 0, 0, 73, 1, 1, 0, 0, '', '', '', '0.000000', 0, 1, NULL, 0, '3297.520700', '0.000000', '', '0.000000', '0.00', 'MA0118', '', '', '21.000000', '8.500000', '11.000000', '0.400000', 2, 1, 0, 0, 0, 0, 1, '301-category', 0, 1, '0000-00-00', 0, 'new', 1, 1, 'both', 0, 0, 0, 0, '2021-01-19 16:07:34', '2021-05-31 13:10:16', 0, 3, 1),
(167, 0, 0, 73, 1, 1, 0, 0, '', '', '', '0.000000', 0, 1, NULL, 0, '3297.520700', '0.000000', '', '0.000000', '0.00', 'MA0119', '', '', '21.000000', '8.500000', '11.000000', '0.400000', 2, 1, 0, 0, 0, 0, 1, '301-category', 0, 1, '0000-00-00', 0, 'new', 1, 1, 'both', 0, 0, 0, 0, '2021-01-19 16:07:34', '2021-05-31 13:10:16', 0, 3, 1),
(168, 0, 0, 73, 1, 1, 0, 0, '', '', '', '0.000000', 0, 1, NULL, 0, '3297.520700', '0.000000', '', '0.000000', '0.00', 'MA0120', '', '', '21.000000', '8.500000', '11.000000', '0.400000', 2, 1, 0, 0, 0, 0, 1, '301-category', 0, 1, '0000-00-00', 0, 'new', 1, 1, 'both', 0, 0, 0, 0, '2021-01-19 16:07:34', '2021-05-31 13:10:16', 0, 3, 1),
(169, 0, 0, 73, 1, 1, 0, 0, '', '', '', '0.000000', 0, 1, NULL, 0, '3297.520700', '0.000000', '', '0.000000', '0.00', 'MA0099', '', '', '21.000000', '8.500000', '11.000000', '0.400000', 2, 1, 0, 0, 0, 0, 1, '301-category', 0, 1, '0000-00-00', 0, 'new', 1, 1, 'both', 0, 0, 0, 0, '2021-01-19 16:07:34', '2021-05-31 13:10:16', 0, 3, 1),
(170, 0, 0, 73, 1, 1, 0, 0, '', '', '', '0.000000', 0, 1, NULL, 0, '3297.520700', '0.000000', '', '0.000000', '0.00', 'MA0100', '', '', '21.000000', '8.500000', '11.000000', '0.400000', 2, 1, 0, 0, 0, 0, 1, '301-category', 0, 1, '0000-00-00', 0, 'new', 1, 1, 'both', 0, 0, 0, 0, '2021-01-19 16:07:34', '2021-05-31 13:10:16', 0, 3, 1),
(171, 0, 0, 73, 1, 1, 0, 0, '', '', '', '0.000000', 0, 1, NULL, 0, '3297.520700', '0.000000', '', '0.000000', '0.00', 'MA0103', '', '', '21.000000', '8.500000', '11.000000', '0.400000', 2, 1, 0, 0, 0, 0, 1, '301-category', 0, 1, '0000-00-00', 0, 'new', 1, 1, 'both', 0, 0, 0, 0, '2021-01-19 16:07:34', '2021-05-31 13:10:16', 0, 3, 1),
(172, 0, 0, 73, 1, 1, 0, 0, '', '', '', '0.000000', 0, 1, NULL, 0, '3297.520700', '0.000000', '', '0.000000', '0.00', 'MA0105', '', '', '21.000000', '8.500000', '11.000000', '0.400000', 2, 1, 0, 0, 0, 0, 1, '301-category', 0, 1, '0000-00-00', 0, 'new', 1, 1, 'both', 0, 0, 0, 0, '2021-01-19 16:07:34', '2021-05-31 13:10:16', 0, 3, 1),
(173, 0, 0, 73, 1, 1, 0, 0, '', '', '', '0.000000', 0, 1, NULL, 0, '3297.520700', '0.000000', '', '0.000000', '0.00', 'MA0121', '', '', '21.000000', '8.500000', '11.000000', '0.400000', 2, 1, 0, 0, 0, 0, 1, '301-category', 0, 1, '0000-00-00', 0, 'new', 1, 1, 'both', 0, 0, 0, 0, '2021-01-19 16:07:34', '2021-05-31 13:10:16', 0, 3, 1),
(174, 0, 0, 73, 1, 1, 0, 0, '', '', '', '0.000000', 0, 1, NULL, 0, '3297.520700', '0.000000', '', '0.000000', '0.00', 'MA0122', '', '', '21.000000', '8.500000', '11.000000', '0.400000', 2, 1, 0, 0, 0, 0, 1, '301-category', 0, 1, '0000-00-00', 0, 'new', 1, 1, 'both', 0, 0, 0, 0, '2021-01-19 16:07:34', '2021-05-31 13:10:16', 0, 3, 1),
(175, 0, 0, 73, 1, 1, 0, 0, '', '', '', '0.000000', 0, 1, NULL, 0, '3297.520700', '0.000000', '', '0.000000', '0.00', 'MA0123', '', '', '21.000000', '8.500000', '11.000000', '0.400000', 2, 1, 0, 0, 0, 0, 1, '301-category', 0, 1, '0000-00-00', 0, 'new', 1, 1, 'both', 0, 0, 0, 0, '2021-01-19 16:07:34', '2021-05-31 13:10:16', 0, 3, 1),
(176, 0, 0, 73, 1, 1, 0, 0, '', '', '', '0.000000', 0, 1, NULL, 0, '3297.520700', '0.000000', '', '0.000000', '0.00', 'MA0109', '', '', '21.000000', '8.500000', '11.000000', '0.400000', 2, 1, 0, 0, 0, 0, 1, '301-category', 0, 1, '0000-00-00', 0, 'new', 1, 1, 'both', 0, 0, 0, 0, '2021-01-19 16:07:34', '2021-05-31 13:10:16', 0, 3, 1),
(177, 0, 2, 41, 1, 1, 0, 0, '', '', '', '0.000000', 0, 1, NULL, 0, '5454.545455', '0.000000', '', '0.000000', '0.00', 'ACUVUEOT', '', '', '15.000000', '4.500000', '6.000000', '0.250000', 2, 1, 0, 0, 0, 0, 1, '301-category', 0, 1, '0000-00-00', 0, 'new', 1, 1, 'both', 0, 0, 0, 8297, '2021-05-31 14:47:25', '2022-07-11 09:57:30', 0, 3, 1),
(178, 0, 2, 41, 1, 1, 1, 0, '', '', '', '0.000000', 0, 1, NULL, 0, '21818.181818', '0.000000', '', '0.000000', '0.00', 'ACUVUEOTPACK', '', '', '15.000000', '4.500000', '6.000000', '0.250000', 2, 1, 0, 0, 0, 0, 1, '301-category', 0, 1, '0000-00-00', 0, 'new', 1, 1, 'both', 0, 0, 0, 8299, '2021-05-31 14:47:25', '2022-07-11 09:57:30', 0, 3, 1),
(179, 0, 7, 2, 1, 1, 0, 0, '', '', '', '0.000000', 0, 1, NULL, 0, '11074.380200', '0.000000', '', '0.000000', '0.00', 'RUR631', '', '', '21.000000', '8.500000', '11.000000', '0.400000', 2, 1, 0, 0, 0, 0, 1, '', 0, 1, '0000-00-00', 0, 'new', 1, 1, 'both', 0, 0, 0, 0, '2021-08-04 15:38:04', '2022-07-11 10:02:29', 0, 3, 1),
(180, 0, 7, 2, 1, 1, 0, 0, '', '', '', '0.000000', 0, 1, NULL, 0, '11074.380200', '0.000000', '', '0.000000', '0.00', 'RUR632', '', '', '21.000000', '8.500000', '11.000000', '0.400000', 2, 1, 0, 0, 0, 0, 1, '', 0, 1, '0000-00-00', 0, 'new', 1, 1, 'both', 0, 0, 0, 0, '2021-08-04 15:28:50', '2022-07-11 10:02:29', 0, 3, 1),
(181, 0, 7, 2, 1, 1, 0, 0, '', '', '', '0.000000', 0, 1, NULL, 0, '11074.380200', '0.000000', '', '0.000000', '0.00', 'RUR630', '', '', '21.000000', '8.500000', '11.000000', '0.400000', 2, 1, 0, 0, 0, 0, 1, '', 0, 1, '0000-00-00', 0, 'new', 1, 1, 'both', 0, 0, 0, 0, '2021-08-04 15:28:50', '2022-07-11 10:02:29', 0, 3, 1),
(182, 0, 7, 2, 1, 1, 0, 0, '', '', '', '0.000000', 0, 1, NULL, 0, '11074.380200', '0.000000', '', '0.000000', '0.00', 'RUR633', '', '', '21.000000', '8.500000', '11.000000', '0.400000', 2, 1, 0, 0, 0, 0, 1, '', 0, 1, '0000-00-00', 0, 'new', 1, 1, 'both', 0, 0, 0, 0, '2021-08-04 15:28:50', '2022-07-11 10:02:29', 0, 3, 1),
(183, 0, 7, 2, 1, 1, 0, 0, '', '', '', '0.000000', 0, 1, NULL, 0, '8140.495900', '0.000000', '', '0.000000', '0.00', 'RUR615', '', '', '21.000000', '8.500000', '11.000000', '0.400000', 2, 1, 0, 0, 0, 0, 0, '301-category', 0, 1, '0000-00-00', 0, 'new', 1, 1, 'both', 0, 0, 0, 0, '2021-08-04 15:28:50', '2022-07-11 09:57:30', 0, 3, 1),
(184, 0, 7, 45, 1, 1, 0, 0, '', '', '', '0.000000', 0, 1, NULL, 0, '7727.272700', '0.000000', '', '0.000000', '0.00', 'RUR617', '', '', '21.000000', '8.500000', '11.000000', '0.400000', 2, 1, 0, 0, 0, 0, 0, '', 0, 1, '0000-00-00', 0, 'new', 1, 1, 'both', 0, 0, 0, 0, '2021-08-04 15:28:50', '2022-07-11 09:57:30', 0, 3, 1),
(185, 0, 7, 45, 1, 1, 0, 0, '', '', '', '0.000000', 0, 1, NULL, 0, '7727.272700', '0.000000', '', '0.000000', '0.00', 'RUR616', '', '', '21.000000', '8.500000', '11.000000', '0.400000', 2, 1, 0, 0, 0, 0, 0, '', 0, 1, '0000-00-00', 0, 'new', 1, 1, 'both', 0, 0, 0, 0, '2021-08-04 15:28:53', '2022-07-11 09:57:30', 0, 3, 1),
(186, 0, 7, 2, 1, 1, 0, 0, '', '', '', '0.000000', 0, 1, NULL, 0, '11735.537200', '0.000000', '', '0.000000', '0.00', 'RUR607', '', '', '21.000000', '8.500000', '11.000000', '0.400000', 2, 1, 0, 0, 0, 0, 1, '', 0, 1, '0000-00-00', 0, 'new', 1, 1, 'both', 0, 0, 0, 0, '2021-08-04 15:28:53', '2022-07-11 10:02:30', 0, 3, 1),
(187, 0, 7, 45, 1, 1, 0, 0, '', '', '', '0.000000', 0, 1, NULL, 0, '7727.272700', '0.000000', '', '0.000000', '0.00', 'RUR621', '', '', '21.000000', '8.500000', '11.000000', '0.400000', 2, 1, 0, 0, 0, 0, 0, '', 0, 1, '0000-00-00', 0, 'new', 1, 1, 'both', 0, 0, 0, 0, '2021-08-04 15:28:53', '2022-07-11 09:57:30', 0, 3, 1),
(188, 0, 7, 45, 1, 1, 0, 0, '', '', '', '0.000000', 0, 1, NULL, 0, '7727.272700', '0.000000', '', '0.000000', '0.00', 'RUR619', '', '', '21.000000', '8.500000', '11.000000', '0.400000', 2, 1, 0, 0, 0, 0, 0, '', 0, 1, '0000-00-00', 0, 'new', 1, 1, 'both', 0, 0, 0, 0, '2021-08-04 15:28:53', '2022-07-11 09:57:30', 0, 3, 1),
(189, 0, 7, 2, 1, 1, 0, 0, '', '', '', '0.000000', 0, 1, NULL, 0, '11735.537200', '0.000000', '', '0.000000', '0.00', 'RUR618', '', '', '21.000000', '8.500000', '11.000000', '0.400000', 2, 1, 0, 0, 0, 0, 1, '', 0, 1, '0000-00-00', 0, 'new', 1, 1, 'both', 0, 0, 0, 0, '2021-08-04 15:28:53', '2022-07-11 10:02:30', 0, 3, 1),
(190, 0, 7, 45, 1, 1, 0, 0, '', '', '', '0.000000', 0, 1, NULL, 0, '7727.272700', '0.000000', '', '0.000000', '0.00', 'RUR620', '', '', '21.000000', '8.500000', '11.000000', '0.400000', 2, 1, 0, 0, 0, 0, 0, '', 0, 1, '0000-00-00', 0, 'new', 1, 1, 'both', 0, 0, 0, 0, '2021-08-04 15:28:53', '2022-07-11 09:57:30', 0, 3, 1),
(191, 0, 7, 45, 1, 1, 0, 0, '', '', '', '0.000000', 0, 1, NULL, 0, '7809.917400', '0.000000', '', '0.000000', '0.00', 'RUR609', '', '', '21.000000', '8.500000', '11.000000', '0.400000', 2, 1, 0, 0, 0, 0, 0, '301-category', 0, 1, '0000-00-00', 0, 'new', 1, 1, 'both', 0, 0, 0, 0, '2021-08-04 15:28:53', '2022-07-11 09:57:30', 0, 3, 1),
(192, 0, 7, 2, 1, 1, 0, 0, '', '', '', '0.000000', 0, 1, NULL, 0, '8223.140500', '0.000000', '', '0.000000', '0.00', 'RUR591', '', '', '21.000000', '8.500000', '11.000000', '0.400000', 2, 1, 0, 0, 0, 0, 0, '', 0, 1, '0000-00-00', 0, 'new', 1, 1, 'both', 0, 0, 0, 0, '2021-08-04 15:28:53', '2022-07-11 09:57:30', 0, 3, 1),
(193, 0, 7, 45, 1, 1, 0, 0, '', '', '', '0.000000', 0, 1, NULL, 0, '7809.917400', '0.000000', '', '0.000000', '0.00', 'RUR628', '', '', '21.000000', '8.500000', '11.000000', '0.400000', 2, 1, 0, 0, 0, 0, 0, '', 0, 1, '0000-00-00', 0, 'new', 1, 1, 'both', 0, 0, 0, 0, '2021-08-04 15:28:53', '2022-07-11 09:57:30', 0, 3, 1),
(194, 0, 7, 45, 1, 1, 0, 0, '', '', '', '0.000000', 0, 1, NULL, 0, '7809.917400', '0.000000', '', '0.000000', '0.00', 'RUR613', '', '', '21.000000', '8.500000', '11.000000', '0.400000', 2, 1, 0, 0, 0, 0, 0, '', 0, 1, '0000-00-00', 0, 'new', 1, 1, 'both', 0, 0, 0, 0, '2021-08-04 15:28:58', '2022-07-11 09:57:30', 0, 3, 1),
(195, 0, 7, 2, 1, 1, 0, 0, '', '', '', '0.000000', 0, 1, NULL, 0, '11735.537200', '0.000000', '', '0.000000', '0.00', 'RUR611', '', '', '21.000000', '8.500000', '11.000000', '0.400000', 2, 1, 0, 0, 0, 0, 1, '', 0, 1, '0000-00-00', 0, 'new', 1, 1, 'both', 0, 0, 0, 0, '2021-08-04 15:28:58', '2022-07-11 10:02:30', 0, 3, 1),
(196, 0, 7, 2, 1, 1, 0, 0, '', '', '', '0.000000', 0, 1, NULL, 0, '11735.537200', '0.000000', '', '0.000000', '0.00', 'RUR622', '', '', '21.000000', '8.500000', '11.000000', '0.400000', 2, 1, 0, 0, 0, 0, 1, '', 0, 1, '0000-00-00', 0, 'new', 1, 1, 'both', 0, 0, 0, 0, '2021-08-04 15:28:58', '2022-07-11 10:02:30', 0, 3, 1),
(197, 0, 7, 45, 1, 1, 0, 0, '', '', '', '0.000000', 0, 1, NULL, 0, '7727.272700', '0.000000', '', '0.000000', '0.00', 'RUR612', '', '', '21.000000', '8.500000', '11.000000', '0.400000', 2, 1, 0, 0, 0, 0, 0, '', 0, 1, '0000-00-00', 0, 'new', 1, 1, 'both', 0, 0, 0, 0, '2021-08-04 15:28:58', '2022-07-11 09:57:30', 0, 3, 1),
(198, 0, 7, 2, 1, 1, 0, 0, '', '', '', '0.000000', 0, 1, NULL, 0, '11735.537200', '0.000000', '', '0.000000', '0.00', 'RUR610', '', '', '21.000000', '8.500000', '11.000000', '0.400000', 2, 1, 0, 0, 0, 0, 1, '', 0, 1, '0000-00-00', 0, 'new', 1, 1, 'both', 0, 0, 0, 0, '2021-08-04 15:28:58', '2022-07-11 10:02:30', 0, 3, 1),
(199, 0, 7, 2, 1, 1, 0, 0, '', '', '', '0.000000', 0, 1, NULL, 0, '10454.545500', '0.000000', '', '0.000000', '0.00', 'RUR629', '', '', '21.000000', '8.500000', '11.000000', '0.400000', 2, 1, 0, 0, 0, 0, 1, '', 0, 1, '0000-00-00', 0, 'new', 1, 1, 'both', 0, 0, 0, 0, '2021-08-04 15:28:58', '2022-07-11 10:02:30', 0, 3, 1),
(200, 0, 7, 2, 1, 1, 0, 0, '', '', '', '0.000000', 0, 1, NULL, 0, '10454.545500', '0.000000', '', '0.000000', '0.00', 'RUR627', '', '', '21.000000', '8.500000', '11.000000', '0.400000', 2, 1, 0, 0, 0, 0, 1, '', 0, 1, '0000-00-00', 0, 'new', 1, 1, 'both', 0, 0, 0, 0, '2021-08-04 15:28:58', '2022-07-11 10:02:30', 0, 3, 1),
(201, 0, 7, 2, 1, 1, 0, 0, '', '', '', '0.000000', 0, 1, NULL, 0, '10454.545500', '0.000000', '', '0.000000', '0.00', 'RUR625', '', '', '21.000000', '8.500000', '11.000000', '0.400000', 2, 1, 0, 0, 0, 0, 1, '', 0, 1, '0000-00-00', 0, 'new', 1, 1, 'both', 0, 0, 0, 0, '2021-08-04 15:28:58', '2022-07-11 10:02:30', 0, 3, 1),
(202, 0, 7, 2, 1, 1, 0, 0, '', '', '', '0.000000', 0, 1, NULL, 0, '10454.545500', '0.000000', '', '0.000000', '0.00', 'RUR623', '', '', '21.000000', '8.500000', '11.000000', '0.400000', 2, 1, 0, 0, 0, 0, 1, '', 0, 1, '0000-00-00', 0, 'new', 1, 1, 'both', 0, 0, 0, 0, '2021-08-04 15:28:58', '2022-07-11 10:02:30', 0, 3, 1),
(203, 0, 7, 2, 1, 1, 0, 0, '', '', '', '0.000000', 0, 1, NULL, 0, '10454.545500', '0.000000', '', '0.000000', '0.00', 'RUR624', '', '', '21.000000', '8.500000', '11.000000', '0.400000', 2, 1, 0, 0, 0, 0, 1, '', 0, 1, '0000-00-00', 0, 'new', 1, 1, 'both', 0, 0, 0, 0, '2021-08-04 15:28:58', '2022-07-11 10:02:30', 0, 3, 1),
(204, 0, 7, 45, 1, 1, 0, 0, '', '', '', '0.000000', 0, 1, NULL, 0, '7809.917400', '0.000000', '', '0.000000', '0.00', 'RUR614', '', '', '21.000000', '8.500000', '11.000000', '0.400000', 2, 1, 0, 0, 0, 0, 0, '', 0, 1, '0000-00-00', 0, 'new', 1, 1, 'both', 0, 0, 0, 0, '2021-08-04 15:29:07', '2022-07-11 09:57:30', 0, 3, 1),
(205, 0, 7, 2, 1, 1, 0, 0, '', '', '', '0.000000', 0, 1, NULL, 0, '9669.421500', '0.000000', '', '0.000000', '0.00', 'RUR608', '', '', '21.000000', '8.500000', '11.000000', '0.400000', 2, 1, 0, 0, 0, 0, 1, '', 0, 1, '0000-00-00', 0, 'new', 1, 1, 'both', 0, 0, 0, 0, '2021-08-04 15:29:07', '2022-07-11 10:02:30', 0, 3, 1),
(206, 0, 7, 45, 1, 1, 0, 0, '', '', '', '0.000000', 0, 1, NULL, 0, '7809.917400', '0.000000', '', '0.000000', '0.00', 'RUR604', '', '', '21.000000', '8.500000', '11.000000', '0.400000', 2, 1, 0, 0, 0, 0, 0, '', 0, 1, '0000-00-00', 0, 'new', 1, 1, 'both', 0, 0, 0, 0, '2021-08-04 15:29:07', '2022-07-11 09:57:30', 0, 3, 1),
(207, 0, 7, 2, 1, 1, 0, 0, '', '', '', '0.000000', 0, 1, NULL, 0, '9669.421500', '0.000000', '', '0.000000', '0.00', 'RUR606', '', '', '21.000000', '8.500000', '11.000000', '0.400000', 2, 1, 0, 0, 0, 0, 1, '', 0, 1, '0000-00-00', 0, 'new', 1, 1, 'both', 0, 0, 0, 0, '2021-08-04 15:29:07', '2022-07-11 10:02:30', 0, 3, 1),
(208, 0, 7, 45, 1, 1, 0, 0, '', '', '', '0.000000', 0, 1, NULL, 0, '7809.917400', '0.000000', '', '0.000000', '0.00', 'RUR605', '', '', '21.000000', '8.500000', '11.000000', '0.400000', 2, 1, 0, 0, 0, 0, 0, '', 0, 1, '0000-00-00', 0, 'new', 1, 1, 'both', 0, 0, 0, 0, '2021-08-04 15:29:07', '2022-07-11 09:57:30', 0, 3, 1),
(209, 0, 7, 45, 1, 1, 0, 0, '', '', '', '0.000000', 0, 1, NULL, 0, '7809.917400', '0.000000', '', '0.000000', '0.00', 'RUR601', '', '', '21.000000', '8.500000', '11.000000', '0.400000', 2, 1, 0, 0, 0, 0, 0, '', 0, 1, '0000-00-00', 0, 'new', 1, 1, 'both', 0, 0, 0, 0, '2021-08-04 15:29:07', '2022-07-11 09:57:30', 0, 3, 1),
(210, 0, 7, 45, 1, 1, 0, 0, '', '', '', '0.000000', 0, 1, NULL, 0, '7809.917400', '0.000000', '', '0.000000', '0.00', 'RUR600', '', '', '21.000000', '8.500000', '11.000000', '0.400000', 2, 1, 0, 0, 0, 0, 0, '', 0, 1, '0000-00-00', 0, 'new', 1, 1, 'both', 0, 0, 0, 0, '2021-08-04 15:29:10', '2022-07-11 09:57:30', 0, 3, 1),
(211, 0, 7, 2, 1, 1, 0, 0, '', '', '', '0.000000', 0, 1, NULL, 0, '9669.421500', '0.000000', '', '0.000000', '0.00', 'RUR603', '', '', '21.000000', '8.500000', '11.000000', '0.400000', 2, 1, 0, 0, 0, 0, 0, '', 0, 1, '0000-00-00', 0, 'new', 1, 1, 'both', 0, 0, 0, 0, '2021-08-04 15:29:10', '2022-07-12 09:16:38', 0, 3, 1),
(212, 0, 7, 2, 1, 1, 0, 0, '', '', '', '0.000000', 0, 1, NULL, 0, '9669.421500', '0.000000', '', '0.000000', '0.00', 'RUR626', '', '', '21.000000', '8.500000', '11.000000', '0.400000', 2, 1, 0, 0, 0, 0, 1, '', 0, 1, '0000-00-00', 0, 'new', 1, 1, 'both', 0, 0, 0, 0, '2021-08-04 15:29:10', '2022-07-11 10:02:31', 0, 3, 1),
(213, 0, 7, 2, 1, 1, 0, 0, '', '', '', '0.000000', 0, 1, NULL, 0, '8223.140500', '0.000000', '', '0.000000', '0.00', 'RUR602', '', '', '21.000000', '8.500000', '11.000000', '0.400000', 2, 1, 0, 0, 0, 0, 0, '', 0, 1, '0000-00-00', 0, 'new', 1, 1, 'both', 0, 0, 0, 0, '2021-08-04 15:29:10', '2022-07-11 09:57:30', 0, 3, 1),
(214, 0, 8, 2, 1, 1, 0, 0, '', '', '', '0.000000', 0, 1, NULL, 0, '9752.066100', '0.000000', '', '0.000000', '0.00', 'VUR617', '', '', '21.000000', '8.500000', '11.000000', '0.400000', 2, 1, 0, 0, 0, 0, 1, '', 0, 1, '0000-00-00', 0, 'new', 1, 1, 'both', 0, 0, 0, 0, '2021-08-04 15:29:10', '2022-07-11 10:02:31', 0, 3, 1),
(215, 0, 8, 45, 1, 1, 0, 0, '', '', '', '0.000000', 0, 1, NULL, 0, '7892.562000', '0.000000', '', '0.000000', '0.00', 'VUR611', '', '', '21.000000', '8.500000', '11.000000', '0.400000', 2, 1, 0, 0, 0, 0, 0, '', 0, 1, '0000-00-00', 0, 'new', 1, 1, 'both', 0, 0, 0, 0, '2021-08-04 15:29:10', '2022-07-11 09:57:30', 0, 3, 1),
(216, 0, 8, 45, 1, 1, 0, 0, '', '', '', '0.000000', 0, 1, NULL, 0, '7892.562000', '0.000000', '', '0.000000', '0.00', 'VUR616', '', '', '21.000000', '8.500000', '11.000000', '0.400000', 2, 1, 0, 0, 0, 0, 0, '', 0, 1, '0000-00-00', 0, 'new', 1, 1, 'both', 0, 0, 0, 0, '2021-08-04 15:29:10', '2022-07-11 09:57:30', 0, 3, 1),
(217, 0, 8, 45, 1, 1, 0, 0, '', '', '', '0.000000', 0, 1, NULL, 0, '7892.562000', '0.000000', '', '0.000000', '0.00', 'VUR622', '', '', '21.000000', '8.500000', '11.000000', '0.400000', 2, 1, 0, 0, 0, 0, 0, '', 0, 1, '0000-00-00', 0, 'new', 1, 1, 'both', 0, 0, 0, 0, '2021-08-04 15:29:15', '2022-07-11 09:57:30', 0, 3, 1),
(218, 0, 8, 2, 1, 1, 0, 0, '', '', '', '0.000000', 0, 1, NULL, 0, '12975.206600', '0.000000', '', '0.000000', '0.00', 'VUR624', '', '', '21.000000', '8.500000', '11.000000', '0.400000', 2, 1, 0, 0, 0, 0, 1, '', 0, 1, '0000-00-00', 0, 'new', 1, 1, 'both', 0, 0, 0, 0, '2021-08-04 15:29:15', '2022-07-11 10:02:31', 0, 3, 1),
(219, 0, 8, 2, 1, 1, 0, 0, '', '', '', '0.000000', 0, 1, NULL, 0, '12975.206600', '0.000000', '', '0.000000', '0.00', 'VUR623', '', '', '21.000000', '8.500000', '11.000000', '0.400000', 2, 1, 0, 0, 0, 0, 1, '', 0, 1, '0000-00-00', 0, 'new', 1, 1, 'both', 0, 0, 0, 0, '2021-08-04 15:29:15', '2022-07-11 10:02:31', 0, 3, 1),
(220, 0, 8, 2, 1, 1, 0, 0, '', '', '', '0.000000', 0, 1, NULL, 0, '12975.206600', '0.000000', '', '0.000000', '0.00', 'VUR612', '', '', '21.000000', '8.500000', '11.000000', '0.400000', 2, 1, 0, 0, 0, 0, 1, '', 0, 1, '0000-00-00', 0, 'new', 1, 1, 'both', 0, 0, 0, 0, '2021-08-04 15:29:15', '2022-07-11 10:02:31', 0, 3, 1),
(221, 0, 8, 2, 1, 1, 0, 0, '', '', '', '0.000000', 0, 1, NULL, 0, '12975.206600', '0.000000', '', '0.000000', '0.00', 'VUR621', '', '', '21.000000', '8.500000', '11.000000', '0.400000', 2, 1, 0, 0, 0, 0, 1, '', 0, 1, '0000-00-00', 0, 'new', 1, 1, 'both', 0, 0, 0, 0, '2021-08-04 15:29:15', '2022-07-11 10:02:31', 0, 3, 1),
(222, 0, 8, 2, 1, 1, 0, 0, '', '', '', '0.000000', 0, 1, NULL, 0, '12975.206600', '0.000000', '', '0.000000', '0.00', 'VUR613', '', '', '21.000000', '8.500000', '11.000000', '0.400000', 2, 1, 0, 0, 0, 0, 1, '', 0, 1, '0000-00-00', 0, 'new', 1, 1, 'both', 0, 0, 0, 0, '2021-08-04 15:29:15', '2022-07-11 10:02:31', 0, 3, 1),
(223, 0, 8, 2, 1, 1, 0, 0, '', '', '', '0.000000', 0, 1, NULL, 0, '9752.066100', '0.000000', '', '0.000000', '0.00', 'VUR615', '', '', '21.000000', '8.500000', '11.000000', '0.400000', 2, 1, 0, 0, 0, 0, 1, '', 0, 1, '0000-00-00', 0, 'new', 1, 1, 'both', 0, 0, 0, 0, '2021-08-04 15:29:15', '2022-07-11 10:02:31', 0, 3, 1),
(224, 0, 8, 2, 1, 1, 0, 0, '', '', '', '0.000000', 0, 1, NULL, 0, '9752.066100', '0.000000', '', '0.000000', '0.00', 'VUR619', '', '', '21.000000', '8.500000', '11.000000', '0.400000', 2, 1, 0, 0, 0, 0, 1, '', 0, 1, '0000-00-00', 0, 'new', 1, 1, 'both', 0, 0, 0, 0, '2021-08-04 15:29:17', '2022-07-11 10:02:31', 0, 3, 1),
(225, 0, 8, 2, 1, 1, 0, 0, '', '', '', '0.000000', 0, 1, NULL, 0, '9752.066100', '0.000000', '', '0.000000', '0.00', 'VUR618', '', '', '21.000000', '8.500000', '11.000000', '0.400000', 2, 1, 0, 0, 0, 0, 1, '', 0, 1, '0000-00-00', 0, 'new', 1, 1, 'both', 0, 0, 0, 0, '2021-08-04 15:29:17', '2022-07-11 10:02:31', 0, 3, 1),
(226, 0, 8, 2, 1, 1, 0, 0, '', '', '', '0.000000', 0, 1, NULL, 0, '9752.066100', '0.000000', '', '0.000000', '0.00', 'VUR614', '', '', '21.000000', '8.500000', '11.000000', '0.400000', 2, 1, 0, 0, 0, 0, 1, '', 0, 1, '0000-00-00', 0, 'new', 1, 1, 'both', 0, 0, 0, 0, '2021-08-04 15:29:17', '2022-07-11 10:02:31', 0, 3, 1),
(227, 0, 8, 2, 1, 1, 0, 0, '', '', '', '0.000000', 0, 1, NULL, 0, '9752.066100', '0.000000', '', '0.000000', '0.00', 'VUR620', '', '', '21.000000', '8.500000', '11.000000', '0.400000', 2, 1, 0, 0, 0, 0, 1, '', 0, 1, '0000-00-00', 0, 'new', 1, 1, 'both', 0, 0, 0, 0, '2021-08-04 15:29:17', '2022-07-11 10:02:31', 0, 3, 1),
(228, 0, 8, 2, 1, 1, 0, 0, '', '', '', '0.000000', 0, 1, NULL, 0, '10867.768600', '0.000000', '', '0.000000', '0.00', 'VU1181', '', '', '21.000000', '8.500000', '11.000000', '0.400000', 2, 1, 0, 0, 0, 0, 1, '', 0, 1, '0000-00-00', 0, 'new', 1, 1, 'both', 0, 0, 0, 0, '2021-09-30 20:47:40', '2022-07-14 17:24:17', 0, 3, 1),
(229, 0, 8, 2, 1, 1, 0, 0, '', '', '', '0.000000', 0, 1, NULL, 0, '10867.768600', '0.000000', '', '0.000000', '0.00', 'VU1194', '', '', '21.000000', '8.500000', '11.000000', '0.400000', 2, 1, 0, 0, 0, 0, 1, '', 0, 1, '0000-00-00', 0, 'new', 1, 1, 'both', 0, 0, 0, 0, '2021-09-30 20:47:40', '2022-07-14 17:24:17', 0, 3, 1),
(230, 0, 8, 2, 1, 1, 0, 0, '', '', '', '0.000000', 0, 1, NULL, 0, '11611.570200', '0.000000', '', '0.000000', '0.00', 'VU1195', '', '', '21.000000', '8.500000', '11.000000', '0.400000', 2, 1, 0, 0, 0, 0, 1, '', 0, 1, '0000-00-00', 0, 'new', 1, 1, 'both', 0, 0, 0, 0, '2021-09-30 20:47:40', '2022-07-14 17:24:17', 0, 3, 1),
(231, 0, 0, 2, 1, 1, 0, 0, '', '', '', '0.000000', 0, 1, NULL, 0, '8760.330600', '0.000000', '', '0.000000', '0.00', '', '', '', '0.000000', '0.000000', '0.000000', '0.000000', 2, 1, 0, 0, 0, 0, 0, '', 0, 1, '0000-00-00', 0, 'new', 1, 1, 'both', 0, 0, 0, 0, '2021-12-07 10:17:32', '2022-07-14 17:24:17', 0, 3, 1),
(232, 0, 0, 2, 1, 1, 0, 0, '', '', '', '0.000000', 0, 1, NULL, 0, '9173.553700', '0.000000', '', '0.000000', '0.00', 'RA351', '', '', '21.000000', '8.500000', '11.000000', '0.400000', 2, 1, 0, 0, 0, 0, 0, '', 0, 1, '0000-00-00', 0, 'new', 1, 1, 'both', 0, 0, 0, 0, '2021-11-04 14:04:27', '2022-07-14 17:24:17', 0, 3, 1),
(233, 0, 0, 2, 1, 1, 0, 0, '', '', '', '0.000000', 0, 1, NULL, 0, '12520.661200', '0.000000', '', '0.000000', '0.00', 'RA353', '', '', '21.000000', '8.500000', '11.000000', '0.400000', 2, 1, 0, 0, 0, 0, 1, '', 0, 1, '0000-00-00', 0, 'new', 1, 1, 'both', 0, 0, 0, 0, '2021-11-04 14:04:27', '2022-07-14 17:24:17', 0, 3, 1),
(234, 0, 0, 44, 1, 1, 0, 0, '', '', '', '0.000000', 0, 1, NULL, 0, '6239.669400', '0.000000', '', '0.000000', '0.00', 'RA389', '', '', '21.000000', '8.500000', '11.000000', '0.400000', 2, 1, 0, 0, 0, 0, 0, '', 0, 1, '0000-00-00', 0, 'new', 1, 1, 'both', 0, 0, 0, 0, '2021-11-04 14:04:27', '2022-07-14 17:24:17', 0, 3, 1),
(235, 0, 0, 2, 1, 1, 0, 0, '', '', '', '0.000000', 0, 1, NULL, 0, '8388.429800', '0.000000', '', '0.000000', '0.00', 'RA391', '', '', '21.000000', '8.500000', '11.000000', '0.400000', 2, 1, 0, 0, 0, 0, 1, '', 0, 1, '0000-00-00', 0, 'new', 1, 1, 'both', 0, 0, 0, 0, '2021-11-04 14:04:27', '2022-07-14 17:24:17', 0, 3, 1),
(236, 0, 0, 2, 1, 1, 0, 0, '', '', '', '0.000000', 0, 1, NULL, 0, '8760.330600', '0.000000', '', '0.000000', '0.00', '', '', '', '0.000000', '0.000000', '0.000000', '0.000000', 2, 1, 0, 0, 0, 0, 0, '', 0, 1, '0000-00-00', 0, 'new', 1, 1, 'both', 0, 0, 0, 0, '2021-12-07 10:17:32', '2022-07-14 17:24:17', 0, 3, 1),
(237, 0, 0, 2, 1, 1, 0, 0, '', '', '', '0.000000', 0, 1, NULL, 0, '12768.595000', '0.000000', '', '0.000000', '0.00', 'RA438', '', '', '21.000000', '8.500000', '11.000000', '0.400000', 2, 1, 0, 0, 0, 0, 0, '', 0, 1, '0000-00-00', 0, 'new', 1, 1, 'both', 0, 0, 0, 0, '2021-11-15 15:44:41', '2022-07-14 17:24:17', 0, 3, 1),
(238, 0, 0, 2, 1, 1, 0, 0, '', '', '', '0.000000', 0, 1, NULL, 0, '8760.330600', '0.000000', '', '0.000000', '0.00', '', '', '', '0.000000', '0.000000', '0.000000', '0.000000', 2, 1, 0, 0, 0, 0, 0, '', 0, 1, '0000-00-00', 0, 'new', 1, 1, 'both', 0, 0, 0, 0, '2021-12-07 10:17:32', '2022-07-14 17:24:17', 0, 3, 1),
(239, 0, 0, 2, 1, 1, 0, 0, '', '', '', '0.000000', 0, 1, NULL, 0, '13223.140500', '0.000000', '', '0.000000', '0.00', 'RA440', '', '', '21.000000', '8.500000', '11.000000', '0.400000', 2, 1, 0, 0, 0, 0, 1, '', 0, 1, '0000-00-00', 0, 'new', 1, 1, 'both', 0, 0, 0, 0, '2021-11-15 15:44:41', '2022-07-14 17:24:17', 0, 3, 1),
(240, 0, 0, 2, 1, 1, 0, 0, '', '', '', '0.000000', 0, 1, NULL, 0, '7685.950400', '0.000000', '', '0.000000', '0.00', 'RA442', '', '', '21.000000', '8.500000', '11.000000', '0.400000', 2, 1, 0, 0, 0, 0, 0, '', 0, 1, '0000-00-00', 0, 'new', 1, 1, 'both', 0, 0, 0, 0, '2021-11-15 15:44:41', '2022-07-14 17:24:17', 0, 3, 1),
(241, 0, 0, 2, 1, 1, 0, 0, '', '', '', '0.000000', 0, 1, NULL, 0, '11280.991700', '0.000000', '', '0.000000', '0.00', 'RA443', '', '', '21.000000', '8.500000', '11.000000', '0.400000', 2, 1, 0, 0, 0, 0, 0, '', 0, 1, '0000-00-00', 0, 'new', 1, 1, 'both', 0, 0, 0, 0, '2021-11-15 15:44:41', '2022-07-14 17:24:17', 0, 3, 1),
(242, 0, 0, 2, 1, 1, 0, 0, '', '', '', '0.000000', 0, 1, NULL, 0, '3388.429800', '0.000000', '', '0.000000', '0.00', 'RA444', '', '', '21.000000', '8.500000', '11.000000', '0.400000', 2, 1, 0, 0, 0, 0, 1, '', 0, 1, '0000-00-00', 0, 'new', 1, 1, 'both', 0, 0, 0, 0, '2021-11-04 14:04:27', '2022-07-14 17:24:17', 0, 3, 1),
(243, 0, 0, 44, 1, 1, 0, 0, '', '', '', '0.000000', 0, 1, NULL, 0, '2727.272700', '0.000000', '', '0.000000', '0.00', 'RA445', '', '', '21.000000', '8.500000', '11.000000', '0.400000', 2, 1, 0, 0, 0, 0, 0, '', 0, 1, '0000-00-00', 0, 'new', 1, 1, 'both', 0, 0, 0, 0, '2021-11-04 14:04:29', '2022-07-14 17:24:17', 0, 3, 1),
(244, 0, 0, 2, 1, 1, 0, 0, '', '', '', '0.000000', 0, 1, NULL, 0, '10743.801700', '0.000000', '', '0.000000', '0.00', 'RA446', '', '', '21.000000', '8.500000', '11.000000', '0.400000', 2, 1, 0, 0, 0, 0, 1, '', 0, 1, '0000-00-00', 0, 'new', 1, 1, 'both', 0, 0, 0, 0, '2021-11-04 14:04:29', '2022-07-14 17:24:17', 0, 3, 1),
(245, 0, 0, 2, 1, 1, 0, 0, '', '', '', '0.000000', 0, 1, NULL, 0, '11198.347100', '0.000000', '', '0.000000', '0.00', 'RA447', '', '', '21.000000', '8.500000', '11.000000', '0.400000', 2, 1, 0, 0, 0, 0, 1, '', 0, 1, '0000-00-00', 0, 'new', 1, 1, 'both', 0, 0, 0, 0, '2021-11-15 15:44:41', '2022-07-14 17:24:17', 0, 3, 1),
(246, 0, 0, 2, 1, 1, 0, 0, '', '', '', '0.000000', 0, 1, NULL, 0, '11198.347100', '0.000000', '', '0.000000', '0.00', 'RA448', '', '', '21.000000', '8.500000', '11.000000', '0.400000', 2, 1, 0, 0, 0, 0, 1, '', 0, 1, '0000-00-00', 0, 'new', 1, 1, 'both', 0, 0, 0, 0, '2021-11-15 15:44:41', '2022-07-14 17:24:17', 0, 3, 1),
(247, 0, 0, 2, 1, 1, 0, 0, '', '', '', '0.000000', 0, 1, NULL, 0, '7314.049600', '0.000000', '', '0.000000', '0.00', 'RA449', '', '', '21.000000', '8.500000', '11.000000', '0.400000', 2, 1, 0, 0, 0, 0, 1, '', 0, 1, '0000-00-00', 0, 'new', 1, 1, 'both', 0, 0, 0, 0, '2021-11-04 14:04:29', '2022-07-14 17:24:17', 0, 3, 1),
(248, 0, 0, 2, 1, 1, 0, 0, '', '', '', '0.000000', 0, 1, NULL, 0, '10371.900800', '0.000000', '', '0.000000', '0.00', 'RA450', '', '', '21.000000', '8.500000', '11.000000', '0.400000', 2, 1, 0, 0, 0, 0, 0, '', 0, 1, '0000-00-00', 0, 'new', 1, 1, 'both', 0, 0, 0, 0, '2021-11-04 14:04:29', '2022-07-14 17:24:17', 0, 3, 1),
(249, 0, 0, 2, 1, 1, 0, 0, '', '', '', '0.000000', 0, 1, NULL, 0, '3347.107400', '0.000000', '', '0.000000', '0.00', 'RA451', '', '', '21.000000', '8.500000', '11.000000', '0.400000', 2, 1, 0, 0, 0, 0, 0, '', 0, 1, '0000-00-00', 0, 'new', 1, 1, 'both', 0, 0, 0, 0, '2021-11-04 14:04:29', '2022-07-14 17:24:17', 0, 3, 1),
(250, 0, 0, 2, 1, 1, 0, 0, '', '', '', '0.000000', 0, 1, NULL, 0, '2809.917400', '0.000000', '', '0.000000', '0.00', 'RA452', '', '', '21.000000', '8.500000', '11.000000', '0.400000', 2, 1, 0, 0, 0, 0, 0, '', 0, 1, '0000-00-00', 0, 'new', 1, 1, 'both', 0, 0, 0, 0, '2021-11-04 14:04:29', '2022-07-14 17:24:17', 0, 3, 1),
(251, 0, 0, 2, 1, 1, 0, 0, '', '', '', '0.000000', 0, 1, NULL, 0, '2809.917400', '0.000000', '', '0.000000', '0.00', 'RA453', '', '', '21.000000', '8.500000', '11.000000', '0.400000', 2, 1, 0, 0, 0, 0, 0, '', 0, 1, '0000-00-00', 0, 'new', 1, 1, 'both', 0, 0, 0, 0, '2021-11-04 14:04:29', '2022-07-14 17:24:17', 0, 3, 1),
(252, 0, 0, 44, 1, 1, 0, 0, '', '', '', '0.000000', 0, 1, NULL, 0, '3388.429800', '0.000000', '', '0.000000', '0.00', 'RA454', '', '', '21.000000', '8.500000', '11.000000', '0.400000', 2, 1, 0, 0, 0, 0, 0, '', 0, 1, '0000-00-00', 0, 'new', 1, 1, 'both', 0, 0, 0, 0, '2021-11-04 14:04:29', '2022-07-14 17:24:17', 0, 3, 1),
(253, 0, 0, 2, 1, 1, 0, 0, '', '', '', '0.000000', 0, 1, NULL, 0, '10206.611600', '0.000000', '', '0.000000', '0.00', 'RA455', '', '', '21.000000', '8.500000', '11.000000', '0.400000', 2, 1, 0, 0, 0, 0, 1, '', 0, 1, '0000-00-00', 0, 'new', 1, 1, 'both', 0, 0, 0, 0, '2021-11-04 14:04:29', '2022-07-14 17:24:17', 0, 3, 1),
(254, 0, 0, 44, 1, 1, 0, 0, '', '', '', '0.000000', 0, 1, NULL, 0, '5413.223100', '0.000000', '', '0.000000', '0.00', 'RA456', '', '', '21.000000', '8.500000', '11.000000', '0.400000', 2, 1, 0, 0, 0, 0, 0, '', 0, 1, '0000-00-00', 0, 'new', 1, 1, 'both', 0, 0, 0, 0, '2021-11-04 14:04:29', '2022-07-14 17:24:17', 0, 3, 1),
(255, 0, 0, 2, 1, 1, 0, 0, '', '', '', '0.000000', 0, 1, NULL, 0, '6363.636400', '0.000000', '', '0.000000', '0.00', 'RA457', '', '', '21.000000', '8.500000', '11.000000', '0.400000', 2, 1, 0, 0, 0, 0, 1, '', 0, 1, '0000-00-00', 0, 'new', 1, 1, 'both', 0, 0, 0, 0, '2021-11-04 14:04:33', '2022-07-14 17:24:17', 0, 3, 1),
(256, 0, 0, 2, 1, 1, 0, 0, '', '', '', '0.000000', 0, 1, NULL, 0, '6652.892600', '0.000000', '', '0.000000', '0.00', 'RA458', '', '', '21.000000', '8.500000', '11.000000', '0.400000', 2, 1, 0, 0, 0, 0, 1, '', 0, 1, '0000-00-00', 0, 'new', 1, 1, 'both', 0, 0, 0, 0, '2021-11-04 14:04:33', '2022-07-14 17:24:17', 0, 3, 1),
(257, 0, 0, 2, 1, 1, 0, 0, '', '', '', '0.000000', 0, 1, NULL, 0, '7355.371900', '0.000000', '', '0.000000', '0.00', 'RA459', '', '', '21.000000', '8.500000', '11.000000', '0.400000', 2, 1, 0, 0, 0, 0, 1, '', 0, 1, '0000-00-00', 0, 'new', 1, 1, 'both', 0, 0, 0, 0, '2021-11-04 14:04:33', '2022-07-14 17:24:17', 0, 3, 1),
(258, 0, 0, 2, 1, 1, 0, 0, '', '', '', '0.000000', 0, 1, NULL, 0, '8388.429800', '0.000000', '', '0.000000', '0.00', 'RA460', '', '', '21.000000', '8.500000', '11.000000', '0.400000', 2, 1, 0, 0, 0, 0, 1, '301-category', 0, 1, '0000-00-00', 0, 'new', 1, 1, 'both', 0, 0, 0, 0, '2021-11-04 14:04:33', '2022-07-14 17:24:17', 0, 3, 1),
(259, 0, 0, 2, 1, 1, 0, 0, '', '', '', '0.000000', 0, 1, NULL, 0, '11900.826400', '0.000000', '', '0.000000', '0.00', 'RA461', '', '', '21.000000', '8.500000', '11.000000', '0.400000', 2, 1, 0, 0, 0, 0, 1, '', 0, 1, '0000-00-00', 0, 'new', 1, 1, 'both', 0, 0, 0, 0, '2021-11-04 14:04:33', '2022-07-14 17:24:17', 0, 3, 1),
(260, 0, 0, 2, 1, 1, 0, 0, '', '', '', '0.000000', 0, 1, NULL, 0, '11900.826400', '0.000000', '', '0.000000', '0.00', 'RA462', '', '', '21.000000', '8.500000', '11.000000', '0.400000', 2, 1, 0, 0, 0, 0, 1, '', 0, 1, '0000-00-00', 0, 'new', 1, 1, 'both', 0, 0, 0, 0, '2021-11-04 14:04:33', '2022-07-14 17:24:17', 0, 3, 1),
(261, 0, 0, 2, 1, 1, 0, 0, '', '', '', '0.000000', 0, 1, NULL, 0, '11900.826400', '0.000000', '', '0.000000', '0.00', 'RA463', '', '', '21.000000', '8.500000', '11.000000', '0.400000', 2, 1, 0, 0, 0, 0, 1, '', 0, 1, '0000-00-00', 0, 'new', 1, 1, 'both', 0, 0, 0, 0, '2021-11-04 14:04:33', '2022-07-14 17:24:17', 0, 3, 1),
(262, 0, 7, 2, 1, 1, 0, 0, '', '', '', '0.000000', 0, 1, NULL, 0, '10413.223100', '0.000000', '', '0.000000', '0.00', 'RUR635', '', '', '21.000000', '8.500000', '11.000000', '0.400000', 2, 1, 0, 0, 0, 0, 1, '', 0, 1, '0000-00-00', 0, 'new', 1, 1, 'both', 0, 0, 0, 0, '2021-09-21 12:18:19', '2022-07-11 10:02:33', 0, 3, 1),
(263, 0, 7, 2, 1, 1, 0, 0, '', '', '', '0.000000', 0, 1, NULL, 0, '10413.223100', '0.000000', '', '0.000000', '0.00', 'RUR636', '', '', '21.000000', '8.500000', '11.000000', '0.400000', 2, 1, 0, 0, 0, 0, 1, '', 0, 1, '0000-00-00', 0, 'new', 1, 1, 'both', 0, 0, 0, 0, '2021-09-21 12:18:19', '2022-07-11 10:02:33', 0, 3, 1),
(264, 0, 7, 2, 1, 1, 0, 0, '', '', '', '0.000000', 0, 1, NULL, 0, '9669.421500', '0.000000', '', '0.000000', '0.00', 'RUR637', '', '', '21.000000', '8.500000', '11.000000', '0.400000', 2, 1, 0, 0, 0, 0, 1, '', 0, 1, '0000-00-00', 0, 'new', 1, 1, 'both', 0, 0, 0, 0, '2021-09-21 12:18:19', '2022-07-11 10:02:33', 0, 3, 1),
(265, 0, 7, 2, 1, 1, 0, 0, '', '', '', '0.000000', 0, 1, NULL, 0, '9669.421500', '0.000000', '', '0.000000', '0.00', 'RUR638', '', '', '21.000000', '8.500000', '11.000000', '0.400000', 2, 1, 0, 0, 0, 0, 1, '', 0, 1, '0000-00-00', 0, 'new', 1, 1, 'both', 0, 0, 0, 0, '2021-09-21 12:18:19', '2022-07-11 10:02:33', 0, 3, 1),
(266, 0, 7, 2, 1, 1, 0, 0, '', '', '', '0.000000', 0, 1, NULL, 0, '9669.421500', '0.000000', '', '0.000000', '0.00', 'RUR639', '', '', '21.000000', '8.500000', '11.000000', '0.400000', 2, 1, 0, 0, 0, 0, 1, '', 0, 1, '0000-00-00', 0, 'new', 1, 1, 'both', 0, 0, 0, 0, '2021-09-21 12:18:19', '2022-07-11 10:02:33', 0, 3, 1),
(267, 0, 7, 45, 1, 1, 0, 0, '', '', '', '0.000000', 0, 1, NULL, 0, '7809.917400', '0.000000', '', '0.000000', '0.00', 'RUR640', '', '', '21.000000', '8.500000', '11.000000', '0.400000', 2, 1, 0, 0, 0, 0, 0, '', 0, 1, '0000-00-00', 0, 'new', 1, 1, 'both', 0, 0, 0, 0, '2021-09-21 12:18:23', '2022-07-11 09:57:30', 0, 3, 1),
(268, 0, 7, 2, 1, 1, 0, 0, '', '', '', '0.000000', 0, 1, NULL, 0, '9669.421500', '0.000000', '', '0.000000', '0.00', 'RUR641', '', '', '21.000000', '8.500000', '11.000000', '0.400000', 2, 1, 0, 0, 0, 0, 1, '', 0, 1, '0000-00-00', 0, 'new', 1, 1, 'both', 0, 0, 0, 0, '2021-09-21 12:18:23', '2022-07-11 10:02:33', 0, 3, 1),
(269, 0, 7, 2, 1, 1, 0, 0, '', '', '', '0.000000', 0, 1, NULL, 0, '5537.190100', '0.000000', '', '0.000000', '0.00', 'RU0953', '', '', '21.000000', '8.500000', '11.000000', '0.400000', 2, 1, 0, 0, 0, 0, 0, '', 0, 1, '0000-00-00', 0, 'new', 1, 1, 'both', 0, 0, 0, 0, '2021-09-21 12:18:23', '2022-07-11 09:57:30', 0, 3, 1),
(270, 0, 7, 2, 1, 1, 0, 0, '', '', '', '0.000000', 0, 1, NULL, 0, '12644.628100', '0.000000', '', '0.000000', '0.00', 'RU0957', '', '', '21.000000', '8.500000', '11.000000', '0.400000', 2, 1, 0, 0, 0, 0, 1, '', 0, 1, '0000-00-00', 0, 'new', 1, 1, 'both', 0, 0, 0, 0, '2021-09-21 12:18:23', '2022-07-11 10:02:33', 0, 3, 1),
(271, 0, 7, 2, 1, 1, 0, 0, '', '', '', '0.000000', 0, 1, NULL, 0, '11611.570200', '0.000000', '', '0.000000', '0.00', 'RU0958', '', '', '21.000000', '8.500000', '11.000000', '0.400000', 2, 1, 0, 0, 0, 0, 1, '', 0, 1, '0000-00-00', 0, 'new', 1, 1, 'both', 0, 0, 0, 0, '2021-09-21 12:18:23', '2022-07-11 10:02:33', 0, 3, 1),
(272, 0, 7, 2, 1, 1, 0, 0, '', '', '', '0.000000', 0, 1, NULL, 0, '9338.843000', '0.000000', '', '0.000000', '0.00', 'RU0962', '', '', '21.000000', '8.500000', '11.000000', '0.400000', 2, 1, 0, 0, 0, 0, 0, '', 0, 1, '0000-00-00', 0, 'new', 1, 1, 'both', 0, 0, 0, 0, '2021-09-21 12:18:27', '2022-07-11 09:57:30', 0, 3, 1),
(273, 0, 7, 2, 1, 1, 0, 0, '', '', '', '0.000000', 0, 1, NULL, 0, '12644.628100', '0.000000', '', '0.000000', '0.00', 'RU0963', '', '', '21.000000', '8.500000', '11.000000', '0.400000', 2, 1, 0, 0, 0, 0, 1, '', 0, 1, '0000-00-00', 0, 'new', 1, 1, 'both', 0, 0, 0, 0, '2021-09-21 12:18:27', '2022-07-11 10:02:33', 0, 3, 1),
(274, 0, 7, 2, 1, 1, 0, 0, '', '', '', '0.000000', 0, 1, NULL, 0, '12644.628100', '0.000000', '', '0.000000', '0.00', 'RU0966', '', '', '21.000000', '8.500000', '11.000000', '0.400000', 2, 1, 0, 0, 0, 0, 1, '', 0, 1, '0000-00-00', 0, 'new', 1, 1, 'both', 0, 0, 0, 0, '2021-09-21 12:18:27', '2022-07-11 10:02:33', 0, 3, 1),
(275, 0, 7, 2, 1, 1, 0, 0, '', '', '', '0.000000', 0, 1, NULL, 0, '11074.380200', '0.000000', '', '0.000000', '0.00', 'RU0971', '', '', '21.000000', '8.500000', '11.000000', '0.400000', 2, 1, 0, 0, 0, 0, 1, '', 0, 1, '0000-00-00', 0, 'new', 1, 1, 'both', 0, 0, 0, 0, '2021-09-21 12:18:27', '2022-07-11 10:02:33', 0, 3, 1),
(276, 0, 7, 2, 1, 1, 0, 0, '', '', '', '0.000000', 0, 1, NULL, 0, '7933.884300', '0.000000', '', '0.000000', '0.00', 'RU0979', '', '', '21.000000', '8.500000', '11.000000', '0.400000', 2, 1, 0, 0, 0, 0, 1, '', 0, 1, '0000-00-00', 0, 'new', 1, 1, 'both', 0, 0, 0, 0, '2021-09-21 12:18:27', '2022-07-11 10:02:33', 0, 3, 1),
(277, 0, 7, 2, 1, 1, 0, 0, '', '', '', '0.000000', 0, 1, NULL, 0, '7933.884300', '0.000000', '', '0.000000', '0.00', 'RU0980', '', '', '21.000000', '8.500000', '11.000000', '0.400000', 2, 1, 0, 0, 0, 0, 1, '', 0, 1, '0000-00-00', 0, 'new', 1, 1, 'both', 0, 0, 0, 0, '2021-09-21 12:18:27', '2022-07-11 10:02:33', 0, 3, 1),
(278, 0, 7, 2, 1, 1, 0, 0, '', '', '', '0.000000', 0, 1, NULL, 0, '7644.628100', '0.000000', '', '0.000000', '0.00', 'RU0981', '', '', '21.000000', '8.500000', '11.000000', '0.400000', 2, 1, 0, 0, 0, 0, 1, '', 0, 1, '0000-00-00', 0, 'new', 1, 1, 'both', 0, 0, 0, 0, '2021-09-21 12:18:27', '2022-07-11 10:02:33', 0, 3, 1),
(279, 0, 7, 2, 1, 1, 0, 0, '', '', '', '0.000000', 0, 1, NULL, 0, '7438.016500', '0.000000', '', '0.000000', '0.00', 'RU0982', '', '', '21.000000', '8.500000', '11.000000', '0.400000', 2, 1, 0, 0, 0, 0, 1, '', 0, 1, '0000-00-00', 0, 'new', 1, 1, 'both', 0, 0, 0, 0, '2021-09-21 12:18:30', '2022-07-11 10:02:33', 0, 3, 1),
(280, 0, 7, 2, 1, 1, 0, 0, '', '', '', '0.000000', 0, 1, NULL, 0, '7438.016500', '0.000000', '', '0.000000', '0.00', 'RU0983', '', '', '21.000000', '8.500000', '11.000000', '0.400000', 2, 1, 0, 0, 0, 0, 1, '', 0, 1, '0000-00-00', 0, 'new', 1, 1, 'both', 0, 0, 0, 0, '2021-09-21 12:18:30', '2022-07-11 10:02:33', 0, 3, 1),
(281, 0, 7, 2, 1, 1, 0, 0, '', '', '', '0.000000', 0, 1, NULL, 0, '7933.884300', '0.000000', '', '0.000000', '0.00', 'RU0984', '', '', '21.000000', '8.500000', '11.000000', '0.400000', 2, 1, 0, 0, 0, 0, 1, '', 0, 1, '0000-00-00', 0, 'new', 1, 1, 'both', 0, 0, 0, 0, '2021-09-21 12:18:30', '2022-07-11 10:02:34', 0, 3, 1),
(282, 0, 7, 2, 1, 1, 0, 0, '', '', '', '0.000000', 0, 1, NULL, 0, '6818.181800', '0.000000', '', '0.000000', '0.00', 'RU0985', '', '', '21.000000', '8.500000', '11.000000', '0.400000', 2, 1, 0, 0, 0, 0, 1, '', 0, 1, '0000-00-00', 0, 'new', 1, 1, 'both', 0, 0, 0, 0, '2021-09-21 12:18:30', '2022-07-11 10:02:34', 0, 3, 1),
(283, 0, 7, 2, 1, 1, 0, 0, '', '', '', '0.000000', 0, 1, NULL, 0, '11074.380200', '0.000000', '', '0.000000', '0.00', 'RU0986', '', '', '21.000000', '8.500000', '11.000000', '0.400000', 2, 1, 0, 0, 0, 0, 1, '', 0, 1, '0000-00-00', 0, 'new', 1, 1, 'both', 0, 0, 0, 0, '2021-09-21 12:18:30', '2022-07-11 10:02:34', 0, 3, 1),
(284, 0, 7, 2, 1, 1, 0, 0, '', '', '', '0.000000', 0, 1, NULL, 0, '11074.380200', '0.000000', '', '0.000000', '0.00', 'RU0987', '', '', '21.000000', '8.500000', '11.000000', '0.400000', 2, 1, 0, 0, 0, 0, 1, '', 0, 1, '0000-00-00', 0, 'new', 1, 1, 'both', 0, 0, 0, 0, '2021-09-21 12:18:30', '2022-07-11 10:02:34', 0, 3, 1),
(285, 0, 7, 2, 1, 1, 0, 0, '', '', '', '0.000000', 0, 1, NULL, 0, '10165.289300', '0.000000', '', '0.000000', '0.00', 'RU0988', '', '', '21.000000', '8.500000', '11.000000', '0.400000', 2, 1, 0, 0, 0, 0, 1, '', 0, 1, '0000-00-00', 0, 'new', 1, 1, 'both', 0, 0, 0, 0, '2021-09-21 12:18:30', '2022-07-11 10:02:34', 0, 3, 1),
(286, 0, 7, 2, 1, 1, 0, 0, '', '', '', '0.000000', 0, 1, NULL, 0, '9421.487600', '0.000000', '', '0.000000', '0.00', 'RU0989', '', '', '21.000000', '8.500000', '11.000000', '0.400000', 2, 1, 0, 0, 0, 0, 1, '', 0, 1, '0000-00-00', 0, 'new', 1, 1, 'both', 0, 0, 0, 0, '2021-09-21 12:18:30', '2022-07-11 10:02:34', 0, 3, 1),
(287, 0, 7, 2, 1, 1, 0, 0, '', '', '', '0.000000', 0, 1, NULL, 0, '9421.487600', '0.000000', '', '0.000000', '0.00', 'RU0990', '', '', '21.000000', '8.500000', '11.000000', '0.400000', 2, 1, 0, 0, 0, 0, 1, '', 0, 1, '0000-00-00', 0, 'new', 1, 1, 'both', 0, 0, 0, 0, '2021-09-21 12:18:30', '2022-07-11 10:02:34', 0, 3, 1),
(288, 0, 7, 2, 1, 1, 0, 0, '', '', '', '0.000000', 0, 1, NULL, 0, '5702.479300', '0.000000', '', '0.000000', '0.00', 'RU0991', '', '', '21.000000', '8.500000', '11.000000', '0.400000', 2, 1, 0, 0, 0, 0, 0, '', 0, 1, '0000-00-00', 0, 'new', 1, 1, 'both', 0, 0, 0, 0, '2021-09-21 12:18:30', '2022-07-11 09:57:30', 0, 3, 1),
(289, 0, 7, 2, 1, 1, 0, 0, '', '', '', '0.000000', 0, 1, NULL, 0, '7933.884300', '0.000000', '', '0.000000', '0.00', 'RU0992', '', '', '21.000000', '8.500000', '11.000000', '0.400000', 2, 1, 0, 0, 0, 0, 1, '', 0, 1, '0000-00-00', 0, 'new', 1, 1, 'both', 0, 0, 0, 0, '2021-09-21 12:18:37', '2022-07-11 10:02:34', 0, 3, 1),
(290, 0, 7, 2, 1, 1, 0, 0, '', '', '', '0.000000', 0, 1, NULL, 0, '7438.016500', '0.000000', '', '0.000000', '0.00', 'RU0993', '', '', '21.000000', '8.500000', '11.000000', '0.400000', 2, 1, 0, 0, 0, 0, 1, '', 0, 1, '0000-00-00', 0, 'new', 1, 1, 'both', 0, 0, 0, 0, '2021-09-21 12:18:37', '2022-07-11 10:02:34', 0, 3, 1),
(291, 0, 7, 2, 1, 1, 0, 0, '', '', '', '0.000000', 0, 1, NULL, 0, '7024.793400', '0.000000', '', '0.000000', '0.00', 'RU0994', '', '', '21.000000', '8.500000', '11.000000', '0.400000', 2, 1, 0, 0, 0, 0, 1, '', 0, 1, '0000-00-00', 0, 'new', 1, 1, 'both', 0, 0, 0, 0, '2021-09-21 12:18:37', '2022-07-11 10:02:34', 0, 3, 1),
(292, 0, 7, 2, 1, 1, 0, 0, '', '', '', '0.000000', 0, 1, NULL, 0, '7933.884300', '0.000000', '', '0.000000', '0.00', 'RU0995', '', '', '21.000000', '8.500000', '11.000000', '0.400000', 2, 1, 0, 0, 0, 0, 1, '', 0, 1, '0000-00-00', 0, 'new', 1, 1, 'both', 0, 0, 0, 0, '2021-09-21 12:18:37', '2022-07-11 10:02:34', 0, 3, 1),
(293, 0, 7, 2, 1, 1, 0, 0, '', '', '', '0.000000', 0, 1, NULL, 0, '7933.884300', '0.000000', '', '0.000000', '0.00', 'RU0996', '', '', '21.000000', '8.500000', '11.000000', '0.400000', 2, 1, 0, 0, 0, 0, 1, '', 0, 1, '0000-00-00', 0, 'new', 1, 1, 'both', 0, 0, 0, 0, '2021-09-21 12:18:37', '2022-07-11 10:02:34', 0, 3, 1),
(294, 0, 7, 2, 1, 1, 0, 0, '', '', '', '0.000000', 0, 1, NULL, 0, '5950.413200', '0.000000', '', '0.000000', '0.00', 'RU0997', '', '', '21.000000', '8.500000', '11.000000', '0.400000', 2, 1, 0, 0, 0, 0, 0, '', 0, 1, '0000-00-00', 0, 'new', 1, 1, 'both', 0, 0, 0, 0, '2021-09-21 12:18:37', '2022-07-11 09:57:30', 0, 3, 1),
(295, 0, 7, 2, 1, 1, 0, 0, '', '', '', '0.000000', 0, 1, NULL, 0, '9297.520700', '0.000000', '', '0.000000', '0.00', 'RU0998', '', '', '21.000000', '8.500000', '11.000000', '0.400000', 2, 1, 0, 0, 0, 0, 1, '', 0, 1, '0000-00-00', 0, 'new', 1, 1, 'both', 0, 0, 0, 0, '2021-09-21 12:18:37', '2022-07-11 10:02:34', 0, 3, 1),
(296, 0, 7, 2, 1, 1, 0, 0, '', '', '', '0.000000', 0, 1, NULL, 0, '9297.520700', '0.000000', '', '0.000000', '0.00', 'RU0999', '', '', '21.000000', '8.500000', '11.000000', '0.400000', 2, 1, 0, 0, 0, 0, 1, '', 0, 1, '0000-00-00', 0, 'new', 1, 1, 'both', 0, 0, 0, 0, '2021-09-21 12:18:39', '2022-07-11 10:02:34', 0, 3, 1),
(297, 0, 7, 2, 1, 1, 0, 0, '', '', '', '0.000000', 0, 1, NULL, 0, '6900.826400', '0.000000', '', '0.000000', '0.00', 'RU1000', '', '', '21.000000', '8.500000', '11.000000', '0.400000', 2, 1, 0, 0, 0, 0, 0, '', 0, 1, '0000-00-00', 0, 'new', 1, 1, 'both', 0, 0, 0, 0, '2021-09-21 12:18:39', '2022-07-11 09:57:30', 0, 3, 1),
(298, 0, 7, 2, 1, 1, 0, 0, '', '', '', '0.000000', 0, 1, NULL, 0, '9297.520700', '0.000000', '', '0.000000', '0.00', 'RU1001', '', '', '21.000000', '8.500000', '11.000000', '0.400000', 2, 1, 0, 0, 0, 0, 1, '', 0, 1, '0000-00-00', 0, 'new', 1, 1, 'both', 0, 0, 0, 0, '2021-09-21 12:18:39', '2022-07-11 10:02:34', 0, 3, 1),
(299, 0, 7, 2, 1, 1, 0, 0, '', '', '', '0.000000', 0, 1, NULL, 0, '7396.694200', '0.000000', '', '0.000000', '0.00', 'RU1002', '', '', '21.000000', '8.500000', '11.000000', '0.400000', 2, 1, 0, 0, 0, 0, 0, '', 0, 1, '0000-00-00', 0, 'new', 1, 0, 'both', 0, 0, 0, 0, '2021-09-21 12:18:39', '2022-07-11 09:57:30', 0, 3, 1),
(300, 0, 7, 2, 1, 1, 0, 0, '', '', '', '0.000000', 0, 1, NULL, 0, '10000.000000', '0.000000', '', '0.000000', '0.00', 'RU1003', '', '', '21.000000', '8.500000', '11.000000', '0.400000', 2, 1, 0, 0, 0, 0, 1, '', 0, 1, '0000-00-00', 0, 'new', 1, 1, 'both', 0, 0, 0, 0, '2021-09-21 12:18:39', '2022-07-11 10:02:34', 0, 3, 1),
(301, 0, 7, 2, 1, 1, 0, 0, '', '', '', '0.000000', 0, 1, NULL, 0, '7396.694200', '0.000000', '', '0.000000', '0.00', 'RU1004', '', '', '21.000000', '8.500000', '11.000000', '0.400000', 2, 1, 0, 0, 0, 0, 0, '', 0, 1, '0000-00-00', 0, 'new', 1, 1, 'both', 0, 0, 0, 0, '2021-09-21 12:18:39', '2022-07-11 09:57:30', 0, 3, 1),
(302, 0, 7, 2, 1, 1, 0, 0, '', '', '', '0.000000', 0, 1, NULL, 0, '8016.528900', '0.000000', '', '0.000000', '0.00', 'RU1005', '', '', '21.000000', '8.500000', '11.000000', '0.400000', 2, 1, 0, 0, 0, 0, 0, '', 0, 1, '0000-00-00', 0, 'new', 1, 1, 'both', 0, 0, 0, 0, '2021-09-21 12:18:39', '2022-07-11 09:57:30', 0, 3, 1);
INSERT INTO `ps_product` (`id_product`, `id_supplier`, `id_manufacturer`, `id_category_default`, `id_shop_default`, `id_tax_rules_group`, `on_sale`, `online_only`, `ean13`, `isbn`, `upc`, `ecotax`, `quantity`, `minimal_quantity`, `low_stock_threshold`, `low_stock_alert`, `price`, `wholesale_price`, `unity`, `unit_price_ratio`, `additional_shipping_cost`, `reference`, `supplier_reference`, `location`, `width`, `height`, `depth`, `weight`, `out_of_stock`, `additional_delivery_times`, `quantity_discount`, `customizable`, `uploadable_files`, `text_fields`, `active`, `redirect_type`, `id_type_redirected`, `available_for_order`, `available_date`, `show_condition`, `condition`, `show_price`, `indexed`, `visibility`, `cache_is_pack`, `cache_has_attachments`, `is_virtual`, `cache_default_attribute`, `date_add`, `date_upd`, `advanced_stock_management`, `pack_stock_type`, `state`) VALUES
(303, 0, 7, 2, 1, 1, 0, 0, '', '', '', '0.000000', 0, 1, NULL, 0, '7933.884300', '0.000000', '', '0.000000', '0.00', 'RU1006', '', '', '21.000000', '8.500000', '11.000000', '0.400000', 2, 1, 0, 0, 0, 0, 0, '', 0, 1, '0000-00-00', 0, 'new', 1, 1, 'both', 0, 0, 0, 0, '2021-09-21 12:18:39', '2022-07-11 09:57:30', 0, 3, 1),
(304, 0, 7, 2, 1, 1, 0, 0, '', '', '', '0.000000', 0, 1, NULL, 0, '7603.305800', '0.000000', '', '0.000000', '0.00', 'RU1007', '', '', '21.000000', '8.500000', '11.000000', '0.400000', 2, 1, 0, 0, 0, 0, 0, '', 0, 1, '0000-00-00', 0, 'new', 1, 1, 'both', 0, 0, 0, 0, '2021-09-21 12:18:39', '2022-07-11 09:57:30', 0, 3, 1),
(305, 0, 7, 2, 1, 1, 0, 0, '', '', '', '0.000000', 0, 1, NULL, 0, '7603.305800', '0.000000', '', '0.000000', '0.00', 'RU1008', '', '', '21.000000', '8.500000', '11.000000', '0.400000', 2, 1, 0, 0, 0, 0, 0, '', 0, 1, '0000-00-00', 0, 'new', 1, 1, 'both', 0, 0, 0, 0, '2021-09-21 12:18:39', '2022-07-11 09:57:30', 0, 3, 1),
(306, 0, 7, 2, 1, 1, 0, 0, '', '', '', '0.000000', 0, 1, NULL, 0, '8264.462800', '0.000000', '', '0.000000', '0.00', 'RU1009', '', '', '21.000000', '8.500000', '11.000000', '0.400000', 2, 1, 0, 0, 0, 0, 0, '', 0, 1, '0000-00-00', 0, 'new', 1, 1, 'both', 0, 0, 0, 0, '2021-09-21 12:18:39', '2022-07-11 09:57:30', 0, 3, 1),
(307, 0, 7, 2, 1, 1, 0, 0, '', '', '', '0.000000', 0, 1, NULL, 0, '8305.785100', '0.000000', '', '0.000000', '0.00', 'RU1010', '', '', '21.000000', '8.500000', '11.000000', '0.400000', 2, 1, 0, 0, 0, 0, 0, '', 0, 1, '0000-00-00', 0, 'new', 1, 1, 'both', 0, 0, 0, 0, '2021-09-21 12:18:39', '2022-07-11 09:57:30', 0, 3, 1),
(308, 0, 7, 2, 1, 1, 0, 0, '', '', '', '0.000000', 0, 1, NULL, 0, '8305.785100', '0.000000', '', '0.000000', '0.00', 'RU1011', '', '', '21.000000', '8.500000', '11.000000', '0.400000', 2, 1, 0, 0, 0, 0, 0, '', 0, 1, '0000-00-00', 0, 'new', 1, 0, 'both', 0, 0, 0, 0, '2021-09-21 12:18:45', '2022-07-11 09:57:30', 0, 3, 1),
(309, 0, 7, 2, 1, 1, 0, 0, '', '', '', '0.000000', 0, 1, NULL, 0, '10206.611600', '0.000000', '', '0.000000', '0.00', 'RU1012', '', '', '21.000000', '8.500000', '11.000000', '0.400000', 2, 1, 0, 0, 0, 0, 1, '', 0, 1, '0000-00-00', 0, 'new', 1, 1, 'both', 0, 0, 0, 0, '2021-09-21 12:18:45', '2022-07-11 10:02:35', 0, 3, 1),
(310, 0, 7, 2, 1, 1, 0, 0, '', '', '', '0.000000', 0, 1, NULL, 0, '9876.033100', '0.000000', '', '0.000000', '0.00', 'RU1013', '', '', '21.000000', '8.500000', '11.000000', '0.400000', 2, 1, 0, 0, 0, 0, 1, '', 0, 1, '0000-00-00', 0, 'new', 1, 1, 'both', 0, 0, 0, 0, '2021-09-21 12:18:45', '2022-07-11 10:02:35', 0, 3, 1),
(311, 0, 7, 2, 1, 1, 0, 0, '', '', '', '0.000000', 0, 1, NULL, 0, '7603.305800', '0.000000', '', '0.000000', '0.00', 'RU1014', '', '', '21.000000', '8.500000', '11.000000', '0.400000', 2, 1, 0, 0, 0, 0, 0, '', 0, 1, '0000-00-00', 0, 'new', 1, 1, 'both', 0, 0, 0, 0, '2021-09-21 12:18:45', '2022-07-11 09:57:30', 0, 3, 1),
(312, 0, 7, 2, 1, 1, 0, 0, '', '', '', '0.000000', 0, 1, NULL, 0, '10413.223100', '0.000000', '', '0.000000', '0.00', 'RU1015', '', '', '21.000000', '8.500000', '11.000000', '0.400000', 2, 1, 0, 0, 0, 0, 1, '', 0, 1, '0000-00-00', 0, 'new', 1, 1, 'both', 0, 0, 0, 0, '2021-09-21 12:18:45', '2022-07-11 10:02:35', 0, 3, 1),
(313, 0, 7, 2, 1, 1, 0, 0, '', '', '', '0.000000', 0, 1, NULL, 0, '8388.429800', '0.000000', '', '0.000000', '0.00', 'RU1016', '', '', '21.000000', '8.500000', '11.000000', '0.400000', 2, 1, 0, 0, 0, 0, 0, '', 0, 1, '0000-00-00', 0, 'new', 1, 1, 'both', 0, 0, 0, 0, '2021-09-21 12:18:45', '2022-07-11 09:57:30', 0, 3, 1),
(314, 0, 7, 2, 1, 1, 0, 0, '', '', '', '0.000000', 0, 1, NULL, 0, '7933.884300', '0.000000', '', '0.000000', '0.00', 'RU1017', '', '', '21.000000', '8.500000', '11.000000', '0.400000', 2, 1, 0, 0, 0, 0, 1, '', 0, 1, '0000-00-00', 0, 'new', 1, 1, 'both', 0, 0, 0, 0, '2021-09-21 12:18:45', '2022-07-11 10:02:35', 0, 3, 1),
(315, 0, 7, 2, 1, 1, 0, 0, '', '', '', '0.000000', 0, 1, NULL, 0, '7644.628100', '0.000000', '', '0.000000', '0.00', 'RU1018', '', '', '21.000000', '8.500000', '11.000000', '0.400000', 2, 1, 0, 0, 0, 0, 1, '', 0, 1, '0000-00-00', 0, 'new', 1, 1, 'both', 0, 0, 0, 0, '2021-09-21 12:18:45', '2022-07-11 10:02:35', 0, 3, 1),
(316, 0, 7, 2, 1, 1, 0, 0, '', '', '', '0.000000', 0, 1, NULL, 0, '7438.016500', '0.000000', '', '0.000000', '0.00', 'RU1019', '', '', '21.000000', '8.500000', '11.000000', '0.400000', 2, 1, 0, 0, 0, 0, 1, '', 0, 1, '0000-00-00', 0, 'new', 1, 1, 'both', 0, 0, 0, 0, '2021-09-21 12:18:45', '2022-07-11 10:02:35', 0, 3, 1),
(317, 0, 7, 2, 1, 1, 0, 0, '', '', '', '0.000000', 0, 1, NULL, 0, '6198.347100', '0.000000', '', '0.000000', '0.00', 'RU1020', '', '', '21.000000', '8.500000', '11.000000', '0.400000', 2, 1, 0, 0, 0, 0, 0, '', 0, 1, '0000-00-00', 0, 'new', 1, 1, 'both', 0, 0, 0, 0, '2021-09-21 12:18:45', '2022-07-11 09:57:30', 0, 3, 1),
(318, 0, 7, 2, 1, 1, 0, 0, '', '', '', '0.000000', 0, 1, NULL, 0, '7438.016500', '0.000000', '', '0.000000', '0.00', 'RU1021', '', '', '21.000000', '8.500000', '11.000000', '0.400000', 2, 1, 0, 0, 0, 0, 1, '', 0, 1, '0000-00-00', 0, 'new', 1, 1, 'both', 0, 0, 0, 0, '2021-09-21 12:18:45', '2022-07-11 10:02:35', 0, 3, 1),
(319, 0, 7, 2, 1, 1, 0, 0, '', '', '', '0.000000', 0, 1, NULL, 0, '7933.884300', '0.000000', '', '0.000000', '0.00', 'RU1022', '', '', '21.000000', '8.500000', '11.000000', '0.400000', 2, 1, 0, 0, 0, 0, 1, '', 0, 1, '0000-00-00', 0, 'new', 1, 1, 'both', 0, 0, 0, 0, '2021-09-21 12:18:49', '2022-07-11 10:02:35', 0, 3, 1),
(320, 0, 7, 2, 1, 1, 0, 0, '', '', '', '0.000000', 0, 1, NULL, 0, '7438.016500', '0.000000', '', '0.000000', '0.00', 'RU1023', '', '', '21.000000', '8.500000', '11.000000', '0.400000', 2, 1, 0, 0, 0, 0, 1, '', 0, 1, '0000-00-00', 0, 'new', 1, 1, 'both', 0, 0, 0, 0, '2021-09-21 12:18:49', '2022-07-11 10:02:35', 0, 3, 1),
(321, 0, 7, 2, 1, 1, 0, 0, '', '', '', '0.000000', 0, 1, NULL, 0, '5702.479300', '0.000000', '', '0.000000', '0.00', 'RU1024', '', '', '21.000000', '8.500000', '11.000000', '0.400000', 2, 1, 0, 0, 0, 0, 0, '301-category', 0, 1, '0000-00-00', 0, 'new', 1, 1, 'both', 0, 0, 0, 0, '2021-09-21 12:18:49', '2022-07-11 09:57:30', 0, 3, 1),
(322, 0, 7, 2, 1, 1, 0, 0, '', '', '', '0.000000', 0, 1, NULL, 0, '7933.884300', '0.000000', '', '0.000000', '0.00', 'RU1025', '', '', '21.000000', '8.500000', '11.000000', '0.400000', 2, 1, 0, 0, 0, 0, 1, '301-category', 0, 1, '0000-00-00', 0, 'new', 1, 1, 'both', 0, 0, 0, 0, '2021-09-21 12:18:49', '2022-07-11 10:02:35', 0, 3, 1),
(323, 0, 7, 2, 1, 1, 0, 0, '', '', '', '0.000000', 0, 1, NULL, 0, '7438.016500', '0.000000', '', '0.000000', '0.00', 'RU1026', '', '', '21.000000', '8.500000', '11.000000', '0.400000', 2, 1, 0, 0, 0, 0, 1, '301-category', 0, 1, '0000-00-00', 0, 'new', 1, 1, 'both', 0, 0, 0, 0, '2021-09-21 12:18:49', '2022-07-11 10:02:35', 0, 3, 1),
(324, 0, 7, 2, 1, 1, 0, 0, '', '', '', '0.000000', 0, 1, NULL, 0, '7438.016500', '0.000000', '', '0.000000', '0.00', 'RU1027', '', '', '21.000000', '8.500000', '11.000000', '0.400000', 2, 1, 0, 0, 0, 0, 0, '301-category', 0, 1, '0000-00-00', 0, 'new', 1, 1, 'both', 0, 0, 0, 0, '2021-09-21 12:18:49', '2022-07-12 09:16:22', 0, 3, 1),
(325, 0, 7, 2, 1, 1, 0, 0, '', '', '', '0.000000', 0, 1, NULL, 0, '6198.347100', '0.000000', '', '0.000000', '0.00', 'RU1028', '', '', '21.000000', '8.500000', '11.000000', '0.400000', 2, 1, 0, 0, 0, 0, 0, '301-category', 0, 1, '0000-00-00', 0, 'new', 1, 1, 'both', 0, 0, 0, 0, '2021-09-21 12:18:49', '2022-07-11 09:57:30', 0, 3, 1),
(326, 0, 7, 2, 1, 1, 0, 0, '', '', '', '0.000000', 0, 1, NULL, 0, '6363.636400', '0.000000', '', '0.000000', '0.00', 'RU1029', '', '', '21.000000', '8.500000', '11.000000', '0.400000', 2, 1, 0, 0, 0, 0, 1, '', 0, 1, '0000-00-00', 0, 'new', 1, 1, 'both', 0, 0, 0, 0, '2021-09-21 12:18:49', '2022-07-11 10:02:35', 0, 3, 1),
(327, 0, 7, 2, 1, 1, 0, 0, '', '', '', '0.000000', 0, 1, NULL, 0, '8264.462800', '0.000000', '', '0.000000', '0.00', 'RU1030', '', '', '21.000000', '8.500000', '11.000000', '0.400000', 2, 1, 0, 0, 0, 0, 1, '', 0, 1, '0000-00-00', 0, 'new', 1, 1, 'both', 0, 0, 0, 0, '2021-09-21 12:18:49', '2022-07-11 10:02:37', 0, 3, 1),
(328, 0, 7, 2, 1, 1, 0, 0, '', '', '', '0.000000', 0, 1, NULL, 0, '6280.991700', '0.000000', '', '0.000000', '0.00', 'RU1031', '', '', '21.000000', '8.500000', '11.000000', '0.400000', 2, 1, 0, 0, 0, 0, 0, '', 0, 1, '0000-00-00', 0, 'new', 1, 1, 'both', 0, 0, 0, 0, '2021-09-21 12:18:49', '2022-07-11 09:57:30', 0, 3, 1),
(329, 0, 7, 2, 1, 1, 0, 0, '', '', '', '0.000000', 0, 1, NULL, 0, '5661.157000', '0.000000', '', '0.000000', '0.00', 'RU1032', '', '', '21.000000', '8.500000', '11.000000', '0.400000', 2, 1, 0, 0, 0, 0, 0, '', 0, 1, '0000-00-00', 0, 'new', 1, 1, 'both', 0, 0, 0, 0, '2021-09-21 12:18:49', '2022-07-11 09:57:30', 0, 3, 1),
(330, 0, 7, 2, 1, 1, 0, 0, '', '', '', '0.000000', 0, 1, NULL, 0, '7892.562000', '0.000000', '', '0.000000', '0.00', 'RU1033', '', '', '21.000000', '8.500000', '11.000000', '0.400000', 2, 1, 0, 0, 0, 0, 1, '', 0, 1, '0000-00-00', 0, 'new', 1, 1, 'both', 0, 0, 0, 0, '2021-09-21 12:18:52', '2022-07-11 10:02:37', 0, 3, 1),
(331, 0, 7, 2, 1, 1, 0, 0, '', '', '', '0.000000', 0, 1, NULL, 0, '9297.520700', '0.000000', '', '0.000000', '0.00', 'RU1034', '', '', '21.000000', '8.500000', '11.000000', '0.400000', 2, 1, 0, 0, 0, 0, 1, '', 0, 1, '0000-00-00', 0, 'new', 1, 1, 'both', 0, 0, 0, 0, '2021-09-21 12:18:52', '2022-07-11 10:02:37', 0, 3, 1),
(332, 0, 8, 2, 1, 1, 0, 0, '', '', '', '0.000000', 0, 1, NULL, 0, '8016.528900', '0.000000', '', '0.000000', '0.00', 'VU1215', '', '', '21.000000', '8.500000', '11.000000', '0.400000', 2, 1, 0, 0, 0, 0, 1, '', 0, 1, '0000-00-00', 0, 'new', 1, 1, 'both', 0, 0, 0, 0, '2021-09-21 12:18:52', '2022-07-11 10:02:38', 0, 3, 1),
(333, 0, 8, 2, 1, 1, 0, 0, '', '', '', '0.000000', 0, 1, NULL, 0, '8966.942100', '0.000000', '', '0.000000', '0.00', 'VU1216', '', '', '21.000000', '8.500000', '11.000000', '0.400000', 2, 1, 0, 0, 0, 0, 1, '', 0, 1, '0000-00-00', 0, 'new', 1, 1, 'both', 0, 0, 0, 0, '2021-09-21 12:18:52', '2022-07-11 10:02:38', 0, 3, 1),
(334, 0, 8, 2, 1, 1, 0, 0, '', '', '', '0.000000', 0, 1, NULL, 0, '8966.942100', '0.000000', '', '0.000000', '0.00', 'VU1217', '', '', '21.000000', '8.500000', '11.000000', '0.400000', 2, 1, 0, 0, 0, 0, 1, '', 0, 1, '0000-00-00', 0, 'new', 1, 1, 'both', 0, 0, 0, 0, '2021-09-21 12:18:52', '2022-07-11 10:02:38', 0, 3, 1),
(335, 0, 8, 2, 1, 1, 0, 0, '', '', '', '0.000000', 0, 1, NULL, 0, '7438.016500', '0.000000', '', '0.000000', '0.00', 'VU1218', '', '', '21.000000', '8.500000', '11.000000', '0.400000', 2, 1, 0, 0, 0, 0, 1, '', 0, 1, '0000-00-00', 0, 'new', 1, 1, 'both', 0, 0, 0, 0, '2021-09-21 12:18:52', '2022-07-11 10:02:38', 0, 3, 1),
(336, 0, 8, 2, 1, 1, 0, 0, '', '', '', '0.000000', 0, 1, NULL, 0, '8305.785100', '0.000000', '', '0.000000', '0.00', 'VU1219', '', '', '21.000000', '8.500000', '11.000000', '0.400000', 2, 1, 0, 0, 0, 0, 1, '', 0, 1, '0000-00-00', 0, 'new', 1, 1, 'both', 0, 0, 0, 0, '2021-09-21 12:18:52', '2022-07-11 10:02:38', 0, 3, 1),
(337, 0, 8, 2, 1, 1, 0, 0, '', '', '', '0.000000', 0, 1, NULL, 0, '5661.157000', '0.000000', '', '0.000000', '0.00', 'VU1220', '', '', '21.000000', '8.500000', '11.000000', '0.400000', 2, 1, 0, 0, 0, 0, 0, '', 0, 1, '0000-00-00', 0, 'new', 1, 0, 'both', 0, 0, 0, 0, '2021-09-21 12:18:52', '2022-07-11 09:57:30', 0, 3, 1),
(338, 0, 8, 2, 1, 1, 0, 0, '', '', '', '0.000000', 0, 1, NULL, 0, '9090.909100', '0.000000', '', '0.000000', '0.00', 'VU1221', '', '', '21.000000', '8.500000', '11.000000', '0.400000', 2, 1, 0, 0, 0, 0, 1, '', 0, 1, '0000-00-00', 0, 'new', 1, 1, 'both', 0, 0, 0, 0, '2021-09-21 12:18:52', '2022-07-11 10:02:38', 0, 3, 1),
(339, 0, 8, 2, 1, 1, 0, 0, '', '', '', '0.000000', 0, 1, NULL, 0, '9090.909100', '0.000000', '', '0.000000', '0.00', 'VU1222', '', '', '21.000000', '8.500000', '11.000000', '0.400000', 2, 1, 0, 0, 0, 0, 1, '', 0, 1, '0000-00-00', 0, 'new', 1, 1, 'both', 0, 0, 0, 0, '2021-09-21 12:18:52', '2022-07-11 10:02:38', 0, 3, 1),
(340, 0, 8, 2, 1, 1, 0, 0, '', '', '', '0.000000', 0, 1, NULL, 0, '6033.057900', '0.000000', '', '0.000000', '0.00', 'VU1223', '', '', '21.000000', '8.500000', '11.000000', '0.400000', 2, 1, 0, 0, 0, 0, 0, '', 0, 1, '0000-00-00', 0, 'new', 1, 1, 'both', 0, 0, 0, 0, '2021-09-21 12:18:52', '2022-07-11 09:57:30', 0, 3, 1),
(341, 0, 8, 2, 1, 1, 0, 0, '', '', '', '0.000000', 0, 1, NULL, 0, '9090.909100', '0.000000', '', '0.000000', '0.00', 'VU1224', '', '', '21.000000', '8.500000', '11.000000', '0.400000', 2, 1, 0, 0, 0, 0, 1, '', 0, 1, '0000-00-00', 0, 'new', 1, 1, 'both', 0, 0, 0, 0, '2021-09-21 12:18:52', '2022-07-11 10:02:38', 0, 3, 1),
(342, 0, 8, 2, 1, 1, 0, 0, '', '', '', '0.000000', 0, 1, NULL, 0, '6033.057900', '0.000000', '', '0.000000', '0.00', 'VU1225', '', '', '21.000000', '8.500000', '11.000000', '0.400000', 2, 1, 0, 0, 0, 0, 0, '', 0, 1, '0000-00-00', 0, 'new', 1, 1, 'both', 0, 0, 0, 0, '2021-09-21 12:18:52', '2022-07-11 09:57:30', 0, 3, 1),
(343, 0, 8, 2, 1, 1, 0, 0, '', '', '', '0.000000', 0, 1, NULL, 0, '9090.909100', '0.000000', '', '0.000000', '0.00', 'VU1226', '', '', '21.000000', '8.500000', '11.000000', '0.400000', 2, 1, 0, 0, 0, 0, 1, '', 0, 1, '0000-00-00', 0, 'new', 1, 1, 'both', 0, 0, 0, 0, '2021-09-21 12:18:52', '2022-07-11 10:02:38', 0, 3, 1),
(344, 0, 8, 2, 1, 1, 0, 0, '', '', '', '0.000000', 0, 1, NULL, 0, '9090.909100', '0.000000', '', '0.000000', '0.00', 'VU1227', '', '', '21.000000', '8.500000', '11.000000', '0.400000', 2, 1, 0, 0, 0, 0, 1, '', 0, 1, '0000-00-00', 0, 'new', 1, 1, 'both', 0, 0, 0, 0, '2021-09-21 12:18:52', '2022-07-11 10:02:38', 0, 3, 1),
(345, 0, 8, 2, 1, 1, 0, 0, '', '', '', '0.000000', 0, 1, NULL, 0, '10495.867800', '0.000000', '', '0.000000', '0.00', 'VU1228', '', '', '21.000000', '8.500000', '11.000000', '0.400000', 2, 1, 0, 0, 0, 0, 1, '', 0, 1, '0000-00-00', 0, 'new', 1, 1, 'both', 0, 0, 0, 0, '2021-09-21 12:18:52', '2022-07-11 10:02:38', 0, 3, 1),
(346, 0, 8, 2, 1, 1, 0, 0, '', '', '', '0.000000', 0, 1, NULL, 0, '11528.925600', '0.000000', '', '0.000000', '0.00', 'VU1229', '', '', '21.000000', '8.500000', '11.000000', '0.400000', 2, 1, 0, 0, 0, 0, 1, '', 0, 1, '0000-00-00', 0, 'new', 1, 1, 'both', 0, 0, 0, 0, '2021-09-21 12:18:52', '2022-07-11 10:02:38', 0, 3, 1),
(347, 0, 8, 2, 1, 1, 0, 0, '', '', '', '0.000000', 0, 1, NULL, 0, '11528.925600', '0.000000', '', '0.000000', '0.00', 'VU1230', '', '', '21.000000', '8.500000', '11.000000', '0.400000', 2, 1, 0, 0, 0, 0, 1, '', 0, 1, '0000-00-00', 0, 'new', 1, 1, 'both', 0, 0, 0, 0, '2021-09-21 12:18:52', '2022-07-11 10:02:38', 0, 3, 1),
(348, 0, 8, 2, 1, 1, 0, 0, '', '', '', '0.000000', 0, 1, NULL, 0, '11528.925600', '0.000000', '', '0.000000', '0.00', 'VU1231', '', '', '21.000000', '8.500000', '11.000000', '0.400000', 2, 1, 0, 0, 0, 0, 1, '', 0, 1, '0000-00-00', 0, 'new', 1, 1, 'both', 0, 0, 0, 0, '2021-09-21 12:18:52', '2022-07-11 10:02:38', 0, 3, 1),
(349, 0, 8, 2, 1, 1, 0, 0, '', '', '', '0.000000', 0, 1, NULL, 0, '10495.867800', '0.000000', '', '0.000000', '0.00', 'VU1232', '', '', '21.000000', '8.500000', '11.000000', '0.400000', 2, 1, 0, 0, 0, 0, 1, '', 0, 1, '0000-00-00', 0, 'new', 1, 1, 'both', 0, 0, 0, 0, '2021-09-21 12:19:06', '2022-07-11 10:02:38', 0, 3, 1),
(350, 0, 8, 2, 1, 1, 0, 0, '', '', '', '0.000000', 0, 1, NULL, 0, '11528.925600', '0.000000', '', '0.000000', '0.00', 'VU1233', '', '', '21.000000', '8.500000', '11.000000', '0.400000', 2, 1, 0, 0, 0, 0, 1, '', 0, 1, '0000-00-00', 0, 'new', 1, 1, 'both', 0, 0, 0, 0, '2021-09-21 12:19:06', '2022-07-11 10:02:38', 0, 3, 1),
(351, 0, 8, 2, 1, 1, 0, 0, '', '', '', '0.000000', 0, 1, NULL, 0, '10495.867800', '0.000000', '', '0.000000', '0.00', 'VU1234', '', '', '21.000000', '8.500000', '11.000000', '0.400000', 2, 1, 0, 0, 0, 0, 1, '', 0, 1, '0000-00-00', 0, 'new', 1, 1, 'both', 0, 0, 0, 0, '2021-09-21 12:19:06', '2022-07-11 10:02:38', 0, 3, 1),
(352, 0, 8, 2, 1, 1, 0, 0, '', '', '', '0.000000', 0, 1, NULL, 0, '12272.727300', '0.000000', '', '0.000000', '0.00', 'VU1235', '', '', '21.000000', '8.500000', '11.000000', '0.400000', 2, 1, 0, 0, 0, 0, 1, '', 0, 1, '0000-00-00', 0, 'new', 1, 1, 'both', 0, 0, 0, 0, '2021-09-21 12:19:06', '2022-07-11 10:02:39', 0, 3, 1),
(353, 0, 8, 2, 1, 1, 0, 0, '', '', '', '0.000000', 0, 1, NULL, 0, '11528.925600', '0.000000', '', '0.000000', '0.00', 'VU1236', '', '', '21.000000', '8.500000', '11.000000', '0.400000', 2, 1, 0, 0, 0, 0, 1, '', 0, 1, '0000-00-00', 0, 'new', 1, 1, 'both', 0, 0, 0, 0, '2021-09-21 12:19:06', '2022-07-11 10:02:39', 0, 3, 1),
(354, 0, 8, 2, 1, 1, 0, 0, '', '', '', '0.000000', 0, 1, NULL, 0, '10495.867800', '0.000000', '', '0.000000', '0.00', 'VU1237', '', '', '21.000000', '8.500000', '11.000000', '0.400000', 2, 1, 0, 0, 0, 0, 1, '', 0, 1, '0000-00-00', 0, 'new', 1, 1, 'both', 0, 0, 0, 0, '2021-09-21 12:19:06', '2022-07-11 10:02:39', 0, 3, 1),
(355, 0, 8, 2, 1, 1, 0, 0, '', '', '', '0.000000', 0, 1, NULL, 0, '6694.214900', '0.000000', '', '0.000000', '0.00', 'VU1238', '', '', '21.000000', '8.500000', '11.000000', '0.400000', 2, 1, 0, 0, 0, 0, 1, '', 0, 1, '0000-00-00', 0, 'new', 1, 1, 'both', 0, 0, 0, 0, '2021-09-21 12:19:06', '2022-07-14 17:24:17', 0, 3, 1),
(356, 0, 8, 2, 1, 1, 0, 0, '', '', '', '0.000000', 0, 1, NULL, 0, '6694.214900', '0.000000', '', '0.000000', '0.00', 'VU1239', '', '', '21.000000', '8.500000', '11.000000', '0.400000', 2, 1, 0, 0, 0, 0, 1, '', 0, 1, '0000-00-00', 0, 'new', 1, 1, 'both', 0, 0, 0, 0, '2021-09-21 12:19:08', '2022-07-14 17:24:17', 0, 3, 1),
(357, 0, 8, 2, 1, 1, 0, 0, '', '', '', '0.000000', 0, 1, NULL, 0, '6694.214900', '0.000000', '', '0.000000', '0.00', 'VU1240', '', '', '21.000000', '8.500000', '11.000000', '0.400000', 2, 1, 0, 0, 0, 0, 1, '', 0, 1, '0000-00-00', 0, 'new', 1, 1, 'both', 0, 0, 0, 0, '2021-09-21 12:19:08', '2022-07-14 17:24:17', 0, 3, 1),
(358, 0, 8, 2, 1, 1, 0, 0, '', '', '', '0.000000', 0, 1, NULL, 0, '6694.214900', '0.000000', '', '0.000000', '0.00', 'VU1241', '', '', '21.000000', '8.500000', '11.000000', '0.400000', 2, 1, 0, 0, 0, 0, 1, '', 0, 1, '0000-00-00', 0, 'new', 1, 1, 'both', 0, 0, 0, 0, '2021-09-21 12:19:08', '2022-07-14 17:24:17', 0, 3, 1),
(359, 0, 8, 2, 1, 1, 0, 0, '', '', '', '0.000000', 0, 1, NULL, 0, '8016.528900', '0.000000', '', '0.000000', '0.00', 'VU1242', '', '', '21.000000', '8.500000', '11.000000', '0.400000', 2, 1, 0, 0, 0, 0, 1, '', 0, 1, '0000-00-00', 0, 'new', 1, 1, 'both', 0, 0, 0, 0, '2021-09-21 12:19:08', '2022-07-14 17:24:17', 0, 3, 1),
(360, 0, 8, 2, 1, 1, 0, 0, '', '', '', '0.000000', 0, 1, NULL, 0, '8016.528900', '0.000000', '', '0.000000', '0.00', 'VU1243', '', '', '21.000000', '8.500000', '11.000000', '0.400000', 2, 1, 0, 0, 0, 0, 1, '', 0, 1, '0000-00-00', 0, 'new', 1, 1, 'both', 0, 0, 0, 0, '2021-09-21 12:19:08', '2022-07-14 17:24:17', 0, 3, 1),
(361, 0, 8, 2, 1, 1, 0, 0, '', '', '', '0.000000', 0, 1, NULL, 0, '8966.942100', '0.000000', '', '0.000000', '0.00', 'VU1244', '', '', '21.000000', '8.500000', '11.000000', '0.400000', 2, 1, 0, 0, 0, 0, 1, '301-category', 0, 1, '0000-00-00', 0, 'new', 1, 1, 'both', 0, 0, 0, 0, '2021-09-21 12:19:08', '2022-07-14 17:24:17', 0, 3, 1),
(362, 0, 8, 2, 1, 1, 0, 0, '', '', '', '0.000000', 0, 1, NULL, 0, '5950.413200', '0.000000', '', '0.000000', '0.00', 'VU1245', '', '', '21.000000', '8.500000', '11.000000', '0.400000', 2, 1, 0, 0, 0, 0, 0, '', 0, 1, '0000-00-00', 0, 'new', 1, 1, 'both', 0, 0, 0, 0, '2021-09-21 12:19:08', '2022-07-14 17:24:17', 0, 3, 1),
(363, 0, 8, 2, 1, 1, 0, 0, '', '', '', '0.000000', 0, 1, NULL, 0, '5950.413200', '0.000000', '', '0.000000', '0.00', 'VU1246', '', '', '21.000000', '8.500000', '11.000000', '0.400000', 2, 1, 0, 0, 0, 0, 0, '', 0, 1, '0000-00-00', 0, 'new', 1, 1, 'both', 0, 0, 0, 0, '2021-09-21 12:19:08', '2022-07-14 17:24:17', 0, 3, 1),
(364, 0, 8, 2, 1, 1, 0, 0, '', '', '', '0.000000', 0, 1, NULL, 0, '8057.851200', '0.000000', '', '0.000000', '0.00', 'VU1247', '', '', '21.000000', '8.500000', '11.000000', '0.400000', 2, 1, 0, 0, 0, 0, 1, '', 0, 1, '0000-00-00', 0, 'new', 1, 1, 'both', 0, 0, 0, 0, '2021-09-21 12:19:08', '2022-07-14 17:24:17', 0, 3, 1),
(365, 0, 8, 2, 1, 1, 0, 0, '', '', '', '0.000000', 0, 1, NULL, 0, '7396.694200', '0.000000', '', '0.000000', '0.00', 'VU1248', '', '', '21.000000', '8.500000', '11.000000', '0.400000', 2, 1, 0, 0, 0, 0, 1, '', 0, 1, '0000-00-00', 0, 'new', 1, 1, 'both', 0, 0, 0, 0, '2021-09-21 12:19:08', '2022-07-14 17:24:17', 0, 3, 1),
(366, 0, 8, 2, 1, 1, 0, 0, '', '', '', '0.000000', 0, 1, NULL, 0, '7396.694200', '0.000000', '', '0.000000', '0.00', 'VU1249', '', '', '21.000000', '8.500000', '11.000000', '0.400000', 2, 1, 0, 0, 0, 0, 1, '', 0, 1, '0000-00-00', 0, 'new', 1, 1, 'both', 0, 0, 0, 0, '2021-09-21 12:19:08', '2022-07-14 17:24:17', 0, 3, 1),
(367, 0, 8, 2, 1, 1, 0, 0, '', '', '', '0.000000', 0, 1, NULL, 0, '6487.603300', '0.000000', '', '0.000000', '0.00', 'VU1250', '', '', '21.000000', '8.500000', '11.000000', '0.400000', 2, 1, 0, 0, 0, 0, 0, '', 0, 1, '0000-00-00', 0, 'new', 1, 1, 'both', 0, 0, 0, 0, '2021-09-21 12:19:08', '2022-07-14 17:24:17', 0, 3, 1),
(368, 0, 8, 2, 1, 1, 0, 0, '', '', '', '0.000000', 0, 1, NULL, 0, '9049.586800', '0.000000', '', '0.000000', '0.00', 'VU1251', '', '', '21.000000', '8.500000', '11.000000', '0.400000', 2, 1, 0, 0, 0, 0, 1, '', 0, 1, '0000-00-00', 0, 'new', 1, 1, 'both', 0, 0, 0, 0, '2021-09-21 12:19:08', '2022-07-14 17:24:17', 0, 3, 1),
(369, 0, 8, 2, 1, 1, 0, 0, '', '', '', '0.000000', 0, 1, NULL, 0, '8966.942100', '0.000000', '', '0.000000', '0.00', 'VU1252', '', '', '21.000000', '8.500000', '11.000000', '0.400000', 2, 1, 0, 0, 0, 0, 1, '', 0, 1, '0000-00-00', 0, 'new', 1, 1, 'both', 0, 0, 0, 0, '2021-09-21 12:19:13', '2022-07-14 17:24:17', 0, 3, 1),
(370, 0, 8, 2, 1, 1, 0, 0, '', '', '', '0.000000', 0, 1, NULL, 0, '8016.528900', '0.000000', '', '0.000000', '0.00', 'VU1253', '', '', '21.000000', '8.500000', '11.000000', '0.400000', 2, 1, 0, 0, 0, 0, 1, '', 0, 1, '0000-00-00', 0, 'new', 1, 1, 'both', 0, 0, 0, 0, '2021-09-21 12:19:13', '2022-07-14 17:24:17', 0, 3, 1),
(371, 0, 8, 2, 1, 1, 0, 0, '', '', '', '0.000000', 0, 1, NULL, 0, '8016.528900', '0.000000', '', '0.000000', '0.00', 'VU1254', '', '', '21.000000', '8.500000', '11.000000', '0.400000', 2, 1, 0, 0, 0, 0, 1, '301-category', 0, 1, '0000-00-00', 0, 'new', 1, 1, 'both', 0, 0, 0, 0, '2021-09-21 12:19:13', '2022-07-14 17:24:17', 0, 3, 1),
(372, 0, 8, 2, 1, 1, 0, 0, '', '', '', '0.000000', 0, 1, NULL, 0, '8305.785100', '0.000000', '', '0.000000', '0.00', 'VU1255', '', '', '21.000000', '8.500000', '11.000000', '0.400000', 2, 1, 0, 0, 0, 0, 1, '301-category', 0, 1, '0000-00-00', 0, 'new', 1, 1, 'both', 0, 0, 0, 0, '2021-09-21 12:19:13', '2022-07-14 17:24:17', 0, 3, 1),
(373, 0, 8, 2, 1, 1, 0, 0, '', '', '', '0.000000', 0, 1, NULL, 0, '8966.942100', '0.000000', '', '0.000000', '0.00', 'VU1256', '', '', '21.000000', '8.500000', '11.000000', '0.400000', 2, 1, 0, 0, 0, 0, 1, '', 0, 1, '0000-00-00', 0, 'new', 1, 1, 'both', 0, 0, 0, 0, '2021-09-21 12:19:13', '2022-07-14 17:24:17', 0, 3, 1),
(374, 0, 8, 2, 1, 1, 0, 0, '', '', '', '0.000000', 0, 1, NULL, 0, '6694.214900', '0.000000', '', '0.000000', '0.00', 'VU1257', '', '', '21.000000', '8.500000', '11.000000', '0.400000', 2, 1, 0, 0, 0, 0, 0, '', 0, 1, '0000-00-00', 0, 'new', 1, 1, 'both', 0, 0, 0, 0, '2021-09-21 12:19:13', '2022-07-14 17:24:17', 0, 3, 1),
(375, 0, 8, 2, 1, 1, 0, 0, '', '', '', '0.000000', 0, 1, NULL, 0, '8016.528900', '0.000000', '', '0.000000', '0.00', 'VU1258', '', '', '21.000000', '8.500000', '11.000000', '0.400000', 2, 1, 0, 0, 0, 0, 1, '', 0, 1, '0000-00-00', 0, 'new', 1, 1, 'both', 0, 0, 0, 0, '2021-09-21 12:19:13', '2022-07-14 17:24:17', 0, 3, 1),
(376, 0, 8, 2, 1, 1, 0, 0, '', '', '', '0.000000', 0, 1, NULL, 0, '5950.413200', '0.000000', '', '0.000000', '0.00', 'VU1259', '', '', '21.000000', '8.500000', '11.000000', '0.400000', 2, 1, 0, 0, 0, 0, 0, '', 0, 1, '0000-00-00', 0, 'new', 1, 1, 'both', 0, 0, 0, 0, '2021-09-21 12:19:13', '2022-07-14 17:24:17', 0, 3, 1),
(377, 0, 8, 2, 1, 1, 0, 0, '', '', '', '0.000000', 0, 1, NULL, 0, '7024.793400', '0.000000', '', '0.000000', '0.00', 'VU1260', '', '', '21.000000', '8.500000', '11.000000', '0.400000', 2, 1, 0, 0, 0, 0, 1, '', 0, 1, '0000-00-00', 0, 'new', 1, 1, 'both', 0, 0, 0, 0, '2021-09-21 12:19:13', '2022-07-14 17:24:17', 0, 3, 1),
(378, 0, 8, 2, 1, 1, 0, 0, '', '', '', '0.000000', 0, 1, NULL, 0, '7024.793400', '0.000000', '', '0.000000', '0.00', 'VU1261', '', '', '21.000000', '8.500000', '11.000000', '0.400000', 2, 1, 0, 0, 0, 0, 1, '', 0, 1, '0000-00-00', 0, 'new', 1, 1, 'both', 0, 0, 0, 0, '2021-09-21 12:19:13', '2022-07-14 17:24:17', 0, 3, 1),
(379, 0, 8, 2, 1, 1, 0, 0, '', '', '', '0.000000', 0, 1, NULL, 0, '7024.793400', '0.000000', '', '0.000000', '0.00', 'VU1262', '', '', '21.000000', '8.500000', '11.000000', '0.400000', 2, 1, 0, 0, 0, 0, 1, '', 0, 1, '0000-00-00', 0, 'new', 1, 1, 'both', 0, 0, 0, 0, '2021-09-21 12:19:13', '2022-07-14 17:24:17', 0, 3, 1),
(380, 0, 8, 2, 1, 1, 0, 0, '', '', '', '0.000000', 0, 1, NULL, 0, '7892.562000', '0.000000', '', '0.000000', '0.00', 'VU1263', '', '', '21.000000', '8.500000', '11.000000', '0.400000', 2, 1, 0, 0, 0, 0, 1, '', 0, 1, '0000-00-00', 0, 'new', 1, 1, 'both', 0, 0, 0, 0, '2021-09-21 12:19:13', '2022-07-14 17:24:17', 0, 3, 1),
(394, 0, 8, 2, 1, 1, 0, 0, '', '', '', '0.000000', 0, 1, NULL, 0, '10495.867800', '0.000000', '', '0.000000', '0.00', 'VUR631', '', '', '21.000000', '8.500000', '11.000000', '0.400000', 2, 1, 0, 0, 0, 0, 1, '', 0, 1, '0000-00-00', 0, 'new', 1, 1, 'both', 0, 0, 0, 0, '2021-09-23 11:38:10', '2022-07-14 17:24:17', 0, 3, 1),
(395, 0, 8, 2, 1, 1, 0, 0, '', '', '', '0.000000', 0, 1, NULL, 0, '9710.743800', '0.000000', '', '0.000000', '0.00', 'VUR626', '', '', '21.000000', '8.500000', '11.000000', '0.400000', 2, 1, 0, 0, 0, 0, 1, '', 0, 1, '0000-00-00', 0, 'new', 1, 1, 'both', 0, 0, 0, 0, '2021-09-21 12:19:13', '2022-07-14 17:24:17', 0, 3, 1),
(396, 0, 8, 2, 1, 1, 0, 0, '', '', '', '0.000000', 0, 1, NULL, 0, '9173.553700', '0.000000', '', '0.000000', '0.00', 'VUR627', '', '', '21.000000', '8.500000', '11.000000', '0.400000', 2, 1, 0, 0, 0, 0, 1, '', 0, 1, '0000-00-00', 0, 'new', 1, 1, 'both', 0, 0, 0, 0, '2021-09-21 12:19:23', '2022-07-14 17:24:17', 0, 3, 1),
(397, 0, 8, 2, 1, 1, 0, 0, '', '', '', '0.000000', 0, 1, NULL, 0, '9173.553700', '0.000000', '', '0.000000', '0.00', 'VUR628', '', '', '21.000000', '8.500000', '11.000000', '0.400000', 2, 1, 0, 0, 0, 0, 1, '', 0, 1, '0000-00-00', 0, 'new', 1, 1, 'both', 0, 0, 0, 0, '2021-09-21 12:19:23', '2022-07-14 17:24:17', 0, 3, 1),
(398, 0, 8, 2, 1, 1, 0, 0, '', '', '', '0.000000', 0, 1, NULL, 0, '9173.553700', '0.000000', '', '0.000000', '0.00', 'VUR629', '', '', '21.000000', '8.500000', '11.000000', '0.400000', 2, 1, 0, 0, 0, 0, 1, '', 0, 1, '0000-00-00', 0, 'new', 1, 1, 'both', 0, 0, 0, 0, '2021-09-21 12:19:23', '2022-07-14 17:24:17', 0, 3, 1),
(399, 0, 8, 2, 1, 1, 0, 0, '', '', '', '0.000000', 0, 1, NULL, 0, '9173.553700', '0.000000', '', '0.000000', '0.00', 'VUR630', '', '', '21.000000', '8.500000', '11.000000', '0.400000', 2, 1, 0, 0, 0, 0, 1, '', 0, 1, '0000-00-00', 0, 'new', 1, 1, 'both', 0, 0, 0, 0, '2021-09-21 12:19:23', '2022-07-14 17:24:17', 0, 3, 1),
(400, 0, 14, 2, 1, 1, 0, 0, '', '', '', '0.000000', 0, 1, NULL, 0, '9462.809900', '0.000000', '', '0.000000', '0.00', 'RA465', '', '', '21.000000', '8.500000', '11.000000', '0.400000', 2, 1, 0, 0, 0, 0, 0, '', 0, 1, '0000-00-00', 0, 'new', 1, 1, 'both', 0, 0, 0, 0, '2021-11-04 14:04:33', '2022-07-14 17:24:17', 0, 3, 1),
(401, 0, 14, 2, 1, 1, 0, 0, '', '', '', '0.000000', 0, 1, NULL, 0, '9462.809900', '0.000000', '', '0.000000', '0.00', 'RA466', '', '', '21.000000', '8.500000', '11.000000', '0.400000', 2, 1, 0, 0, 0, 0, 0, '', 0, 1, '0000-00-00', 0, 'new', 1, 1, 'both', 0, 0, 0, 0, '2021-11-04 14:04:33', '2022-07-14 17:24:17', 0, 3, 1),
(402, 0, 14, 2, 1, 1, 0, 0, '', '', '', '0.000000', 0, 1, NULL, 0, '9462.809900', '0.000000', '', '0.000000', '0.00', 'RA467', '', '', '21.000000', '8.500000', '11.000000', '0.400000', 2, 1, 0, 0, 0, 0, 0, '', 0, 1, '0000-00-00', 0, 'new', 1, 1, 'both', 0, 0, 0, 0, '2021-11-04 14:04:33', '2022-07-14 17:24:17', 0, 3, 1),
(403, 0, 14, 2, 1, 1, 0, 0, '', '', '', '0.000000', 0, 1, NULL, 0, '10454.545500', '0.000000', '', '0.000000', '0.00', 'RA468', '', '', '21.000000', '8.500000', '11.000000', '0.400000', 2, 1, 0, 0, 0, 0, 0, '', 0, 1, '0000-00-00', 0, 'new', 1, 1, 'both', 0, 0, 0, 0, '2021-11-04 14:04:33', '2022-07-14 17:24:17', 0, 3, 1),
(404, 0, 14, 2, 1, 1, 0, 0, '', '', '', '0.000000', 0, 1, NULL, 0, '14586.776900', '0.000000', '', '0.000000', '0.00', 'RA469', '', '', '21.000000', '8.500000', '11.000000', '0.400000', 2, 1, 0, 0, 0, 0, 1, '', 0, 1, '0000-00-00', 0, 'new', 1, 1, 'both', 0, 0, 0, 0, '2021-11-04 14:04:33', '2022-07-14 17:24:17', 0, 3, 1),
(405, 0, 14, 2, 1, 1, 0, 0, '', '', '', '0.000000', 0, 1, NULL, 0, '14586.776900', '0.000000', '', '0.000000', '0.00', 'RA470', '', '', '21.000000', '8.500000', '11.000000', '0.400000', 2, 1, 0, 0, 0, 0, 0, '', 0, 1, '0000-00-00', 0, 'new', 1, 1, 'both', 0, 0, 0, 0, '2021-11-04 14:04:33', '2022-07-14 17:24:17', 0, 3, 1),
(406, 0, 14, 2, 1, 1, 0, 0, '', '', '', '0.000000', 0, 1, NULL, 0, '12851.239700', '0.000000', '', '0.000000', '0.00', 'RA471', '', '', '21.000000', '8.500000', '11.000000', '0.400000', 2, 1, 0, 0, 0, 0, 1, '', 0, 1, '0000-00-00', 0, 'new', 1, 1, 'both', 0, 0, 0, 0, '2021-11-04 14:04:36', '2022-07-14 17:24:17', 0, 3, 1),
(407, 0, 14, 2, 1, 1, 0, 0, '', '', '', '0.000000', 0, 1, NULL, 0, '12851.239700', '0.000000', '', '0.000000', '0.00', 'RA472', '', '', '21.000000', '8.500000', '11.000000', '0.400000', 2, 1, 0, 0, 0, 0, 1, '', 0, 1, '0000-00-00', 0, 'new', 1, 1, 'both', 0, 0, 0, 0, '2021-11-04 14:04:36', '2022-07-14 17:24:17', 0, 3, 1),
(408, 0, 14, 2, 1, 1, 0, 0, '', '', '', '0.000000', 0, 1, NULL, 0, '12851.239700', '0.000000', '', '0.000000', '0.00', 'RA473', '', '', '21.000000', '8.500000', '11.000000', '0.400000', 2, 1, 0, 0, 0, 0, 1, '', 0, 1, '0000-00-00', 0, 'new', 1, 1, 'both', 0, 0, 0, 0, '2021-11-04 14:04:36', '2022-07-14 17:24:17', 0, 3, 1),
(409, 0, 14, 2, 1, 1, 0, 0, '', '', '', '0.000000', 0, 1, NULL, 0, '12851.239700', '0.000000', '', '0.000000', '0.00', 'RA474', '', '', '21.000000', '8.500000', '11.000000', '0.400000', 2, 1, 0, 0, 0, 0, 1, '', 0, 1, '0000-00-00', 0, 'new', 1, 1, 'both', 0, 0, 0, 0, '2021-11-04 14:04:36', '2022-07-14 17:24:17', 0, 3, 1),
(410, 0, 14, 2, 1, 1, 0, 0, '', '', '', '0.000000', 0, 1, NULL, 0, '14752.066100', '0.000000', '', '0.000000', '0.00', 'RA475', '', '', '21.000000', '8.500000', '11.000000', '0.400000', 2, 1, 0, 0, 0, 0, 1, '', 0, 1, '0000-00-00', 0, 'new', 1, 1, 'both', 0, 0, 0, 0, '2021-11-04 14:04:36', '2022-07-14 17:24:17', 0, 3, 1),
(411, 0, 14, 2, 1, 1, 0, 0, '', '', '', '0.000000', 0, 1, NULL, 0, '13512.396700', '0.000000', '', '0.000000', '0.00', 'RA476', '', '', '21.000000', '8.500000', '11.000000', '0.400000', 2, 1, 0, 0, 0, 0, 1, '', 0, 1, '0000-00-00', 0, 'new', 1, 1, 'both', 0, 0, 0, 0, '2021-11-04 14:04:36', '2022-07-14 17:24:17', 0, 3, 1),
(412, 0, 14, 2, 1, 1, 0, 0, '', '', '', '0.000000', 0, 1, NULL, 0, '8719.008300', '0.000000', '', '0.000000', '0.00', 'RA477', '', '', '21.000000', '8.500000', '11.000000', '0.400000', 2, 1, 0, 0, 0, 0, 1, '', 0, 1, '0000-00-00', 0, 'new', 1, 1, 'both', 0, 0, 0, 0, '2021-11-04 14:04:36', '2022-07-14 17:24:17', 0, 3, 1),
(413, 0, 14, 2, 1, 1, 0, 0, '', '', '', '0.000000', 0, 1, NULL, 0, '8719.008300', '0.000000', '', '0.000000', '0.00', 'RA478', '', '', '21.000000', '8.500000', '11.000000', '0.400000', 2, 1, 0, 0, 0, 0, 1, '', 0, 1, '0000-00-00', 0, 'new', 1, 1, 'both', 0, 0, 0, 0, '2021-11-04 14:04:36', '2022-07-14 17:24:17', 0, 3, 1),
(414, 0, 14, 2, 1, 1, 0, 0, '', '', '', '0.000000', 0, 1, NULL, 0, '9132.231400', '0.000000', '', '0.000000', '0.00', 'RA479', '', '', '21.000000', '8.500000', '11.000000', '0.400000', 2, 1, 0, 0, 0, 0, 1, '', 0, 1, '0000-00-00', 0, 'new', 1, 1, 'both', 0, 0, 0, 0, '2021-11-04 14:04:36', '2022-07-14 17:24:17', 0, 3, 1),
(415, 0, 2, 41, 1, 1, 0, 0, '', '', '', '0.000000', 0, 1, NULL, 0, '7685.950413', '0.000000', '', '0.000000', '0.00', 'ACUVITAAST', '', '', '15.000000', '4.500000', '6.000000', '0.250000', 2, 1, 0, 0, 0, 0, 1, '301-category', 0, 1, '0000-00-00', 0, 'new', 1, 1, 'both', 0, 0, 0, 8301, '2021-12-09 16:10:15', '2022-07-14 17:24:17', 0, 3, 1),
(416, 0, 22, 2, 1, 1, 0, 0, '', '', '', '0.000000', 0, 1, NULL, 0, '10454.545500', '0.000000', '', '0.000000', '0.00', 'VU1267', '', '', '21.000000', '8.500000', '11.000000', '0.400000', 2, 1, 0, 0, 0, 0, 1, '301-category', 0, 1, '0000-00-00', 0, 'new', 1, 1, 'both', 0, 0, 0, 0, '2021-12-10 14:20:26', '2022-07-14 17:24:17', 0, 3, 1),
(417, 0, 22, 2, 1, 1, 0, 0, '', '', '', '0.000000', 0, 1, NULL, 0, '8512.396700', '0.000000', '', '0.000000', '0.00', 'VU1268', '', '', '21.000000', '8.500000', '11.000000', '0.400000', 2, 1, 0, 0, 0, 0, 0, '301-category', 0, 1, '0000-00-00', 0, 'new', 1, 0, 'both', 0, 0, 0, 0, '2021-12-10 14:20:26', '2022-07-14 17:24:17', 0, 3, 1),
(418, 0, 22, 2, 1, 1, 0, 0, '', '', '', '0.000000', 0, 1, NULL, 0, '10454.545500', '0.000000', '', '0.000000', '0.00', 'VU1269', '', '', '21.000000', '8.500000', '11.000000', '0.400000', 2, 1, 0, 0, 0, 0, 0, '301-category', 0, 1, '0000-00-00', 0, 'new', 1, 1, 'both', 0, 0, 0, 0, '2021-12-10 14:20:26', '2022-07-14 17:24:17', 0, 3, 1),
(419, 0, 22, 2, 1, 1, 0, 0, '', '', '', '0.000000', 0, 1, NULL, 0, '10454.545500', '0.000000', '', '0.000000', '0.00', 'VU1270', '', '', '21.000000', '8.500000', '11.000000', '0.400000', 2, 1, 0, 0, 0, 0, 1, '301-category', 0, 1, '0000-00-00', 0, 'new', 1, 1, 'both', 0, 0, 0, 0, '2021-12-10 14:20:26', '2022-07-14 17:24:17', 0, 3, 1),
(420, 0, 22, 2, 1, 1, 0, 0, '', '', '', '0.000000', 0, 1, NULL, 0, '10454.545500', '0.000000', '', '0.000000', '0.00', 'VU1271', '', '', '21.000000', '8.500000', '11.000000', '0.400000', 2, 1, 0, 0, 0, 0, 1, '301-category', 0, 1, '0000-00-00', 0, 'new', 1, 1, 'both', 0, 0, 0, 0, '2021-12-10 14:20:26', '2022-07-14 17:24:17', 0, 3, 1),
(421, 0, 22, 2, 1, 1, 0, 0, '', '', '', '0.000000', 0, 1, NULL, 0, '10454.545500', '0.000000', '', '0.000000', '0.00', 'VU1272', '', '', '21.000000', '8.500000', '11.000000', '0.400000', 2, 1, 0, 0, 0, 0, 1, '301-category', 0, 1, '0000-00-00', 0, 'new', 1, 1, 'both', 0, 0, 0, 0, '2021-12-10 14:20:29', '2022-07-14 17:24:17', 0, 3, 1),
(422, 0, 22, 2, 1, 1, 0, 0, '', '', '', '0.000000', 0, 1, NULL, 0, '10454.545500', '0.000000', '', '0.000000', '0.00', 'VU1273', '', '', '21.000000', '8.500000', '11.000000', '0.400000', 2, 1, 0, 0, 0, 0, 1, '301-category', 0, 1, '0000-00-00', 0, 'new', 1, 1, 'both', 0, 0, 0, 0, '2021-12-10 14:20:29', '2022-07-14 17:24:17', 0, 3, 1),
(423, 0, 22, 2, 1, 1, 0, 0, '', '', '', '0.000000', 0, 1, NULL, 0, '10454.545500', '0.000000', '', '0.000000', '0.00', 'VU1274', '', '', '21.000000', '8.500000', '11.000000', '0.400000', 2, 1, 0, 0, 0, 0, 1, '301-category', 0, 1, '0000-00-00', 0, 'new', 1, 1, 'both', 0, 0, 0, 0, '2021-12-10 14:20:29', '2022-07-14 17:24:17', 0, 3, 1),
(424, 0, 22, 2, 1, 1, 0, 0, '', '', '', '0.000000', 0, 1, NULL, 0, '10454.545500', '0.000000', '', '0.000000', '0.00', 'VU1275', '', '', '21.000000', '8.500000', '11.000000', '0.400000', 2, 1, 0, 0, 0, 0, 1, '301-category', 0, 1, '0000-00-00', 0, 'new', 1, 1, 'both', 0, 0, 0, 0, '2021-12-10 14:20:29', '2022-07-14 17:24:17', 0, 3, 1),
(425, 0, 22, 2, 1, 1, 0, 0, '', '', '', '0.000000', 0, 1, NULL, 0, '10454.545500', '0.000000', '', '0.000000', '0.00', 'VU1276', '', '', '21.000000', '8.500000', '11.000000', '0.400000', 2, 1, 0, 0, 0, 0, 1, '301-category', 0, 1, '0000-00-00', 0, 'new', 1, 1, 'both', 0, 0, 0, 0, '2021-12-10 14:20:29', '2022-07-14 17:24:17', 0, 3, 1),
(426, 0, 22, 2, 1, 1, 0, 0, '', '', '', '0.000000', 0, 1, NULL, 0, '10454.545500', '0.000000', '', '0.000000', '0.00', 'VU1277', '', '', '21.000000', '8.500000', '11.000000', '0.400000', 2, 1, 0, 0, 0, 0, 1, '301-category', 0, 1, '0000-00-00', 0, 'new', 1, 1, 'both', 0, 0, 0, 0, '2021-12-10 14:20:29', '2022-07-14 17:24:17', 0, 3, 1),
(427, 0, 22, 2, 1, 1, 0, 0, '', '', '', '0.000000', 0, 1, NULL, 0, '10454.545500', '0.000000', '', '0.000000', '0.00', 'VU1278', '', '', '21.000000', '8.500000', '11.000000', '0.400000', 2, 1, 0, 0, 0, 0, 1, '301-category', 0, 1, '0000-00-00', 0, 'new', 1, 1, 'both', 0, 0, 0, 0, '2021-12-10 14:20:29', '2022-07-14 17:24:17', 0, 3, 1),
(428, 0, 22, 2, 1, 1, 0, 0, '', '', '', '0.000000', 0, 1, NULL, 0, '10454.545500', '0.000000', '', '0.000000', '0.00', 'VU1279', '', '', '21.000000', '8.500000', '11.000000', '0.400000', 2, 1, 0, 0, 0, 0, 1, '301-category', 0, 1, '0000-00-00', 0, 'new', 1, 1, 'both', 0, 0, 0, 0, '2021-12-10 14:20:37', '2022-07-14 17:24:17', 0, 3, 1),
(429, 0, 22, 2, 1, 1, 0, 0, '', '', '', '0.000000', 0, 1, NULL, 0, '8512.396700', '0.000000', '', '0.000000', '0.00', 'VU1280', '', '', '21.000000', '8.500000', '11.000000', '0.400000', 2, 1, 0, 0, 0, 0, 0, '301-category', 0, 1, '0000-00-00', 0, 'new', 1, 0, 'both', 0, 0, 0, 0, '2021-12-10 14:20:37', '2022-07-14 17:24:17', 0, 3, 1),
(430, 0, 22, 2, 1, 1, 0, 0, '', '', '', '0.000000', 0, 1, NULL, 0, '8512.396700', '0.000000', '', '0.000000', '0.00', 'VU1281', '', '', '21.000000', '8.500000', '11.000000', '0.400000', 2, 1, 0, 0, 0, 0, 0, '301-category', 0, 1, '0000-00-00', 0, 'new', 1, 0, 'both', 0, 0, 0, 0, '2021-12-10 14:20:37', '2022-07-14 17:24:17', 0, 3, 1),
(431, 0, 22, 2, 1, 1, 0, 0, '', '', '', '0.000000', 0, 1, NULL, 0, '10454.545500', '0.000000', '', '0.000000', '0.00', 'VU1285', '', '', '21.000000', '8.500000', '11.000000', '0.400000', 2, 1, 0, 0, 0, 0, 1, '301-category', 0, 1, '0000-00-00', 0, 'new', 1, 1, 'both', 0, 0, 0, 0, '2021-12-10 14:20:37', '2022-07-14 17:24:17', 0, 3, 1),
(432, 0, 22, 2, 1, 1, 0, 0, '', '', '', '0.000000', 0, 1, NULL, 0, '10454.545500', '0.000000', '', '0.000000', '0.00', 'VU1286', '', '', '21.000000', '8.500000', '11.000000', '0.400000', 2, 1, 0, 0, 0, 0, 1, '301-category', 0, 1, '0000-00-00', 0, 'new', 1, 1, 'both', 0, 0, 0, 0, '2021-12-10 14:20:37', '2022-07-14 17:24:17', 0, 3, 1),
(433, 0, 22, 2, 1, 1, 0, 0, '', '', '', '0.000000', 0, 1, NULL, 0, '10454.545500', '0.000000', '', '0.000000', '0.00', 'VU1287', '', '', '21.000000', '8.500000', '11.000000', '0.400000', 2, 1, 0, 0, 0, 0, 1, '301-category', 0, 1, '0000-00-00', 0, 'new', 1, 1, 'both', 0, 0, 0, 0, '2021-12-10 14:20:43', '2022-07-14 17:24:17', 0, 3, 1),
(434, 0, 22, 2, 1, 1, 0, 0, '', '', '', '0.000000', 0, 1, NULL, 0, '10454.545500', '0.000000', '', '0.000000', '0.00', 'VU1288', '', '', '21.000000', '8.500000', '11.000000', '0.400000', 2, 1, 0, 0, 0, 0, 1, '301-category', 0, 1, '0000-00-00', 0, 'new', 1, 1, 'both', 0, 0, 0, 0, '2021-12-10 14:20:43', '2022-07-14 17:24:17', 0, 3, 1),
(435, 0, 22, 2, 1, 1, 0, 0, '', '', '', '0.000000', 0, 1, NULL, 0, '10454.545500', '0.000000', '', '0.000000', '0.00', 'VU1289', '', '', '21.000000', '8.500000', '11.000000', '0.400000', 2, 1, 0, 0, 0, 0, 1, '301-category', 0, 1, '0000-00-00', 0, 'new', 1, 1, 'both', 0, 0, 0, 0, '2021-12-10 14:20:43', '2022-07-14 17:24:17', 0, 3, 1),
(436, 0, 22, 2, 1, 1, 0, 0, '', '', '', '0.000000', 0, 1, NULL, 0, '10454.545500', '0.000000', '', '0.000000', '0.00', 'VU1290', '', '', '21.000000', '8.500000', '11.000000', '0.400000', 2, 1, 0, 0, 0, 0, 1, '301-category', 0, 1, '0000-00-00', 0, 'new', 1, 1, 'both', 0, 0, 0, 0, '2021-12-10 14:20:43', '2022-07-14 17:24:17', 0, 3, 1),
(437, 0, 8, 2, 1, 1, 0, 0, '', '', '', '0.000000', 0, 1, NULL, 0, '7809.917400', '0.000000', '', '0.000000', '0.00', 'VU1295', '', '', '21.000000', '8.500000', '11.000000', '0.400000', 2, 1, 0, 0, 0, 0, 1, '', 0, 1, '0000-00-00', 0, 'new', 1, 1, 'both', 0, 0, 0, 0, '2021-12-10 14:20:43', '2022-07-14 17:24:17', 0, 3, 1),
(438, 0, 8, 2, 1, 1, 0, 0, '', '', '', '0.000000', 0, 1, NULL, 0, '7190.082600', '0.000000', '', '0.000000', '0.00', 'VU1296', '', '', '21.000000', '8.500000', '11.000000', '0.400000', 2, 1, 0, 0, 0, 0, 1, '', 0, 1, '0000-00-00', 0, 'new', 1, 1, 'both', 0, 0, 0, 0, '2021-12-10 14:20:48', '2022-07-14 17:24:17', 0, 3, 1),
(439, 0, 23, 76, 1, 1, 0, 0, '', '', '', '0.000000', 0, 1, NULL, 0, '2479.338800', '0.000000', '', '0.000000', '0.00', 'GC3000', '', '', '0.000000', '0.000000', '0.000000', '0.000000', 2, 1, 0, 2, 0, 3, 1, '301-category', 0, 1, '0000-00-00', 0, 'new', 1, 1, 'both', 0, 0, 0, 0, '2021-12-13 14:09:56', '2022-07-14 17:24:17', 0, 3, 1),
(440, 0, 23, 76, 1, 1, 0, 0, '', '', '', '0.000000', 0, 1, NULL, 0, '4132.231400', '0.000000', '', '0.000000', '0.00', 'GC5000', '', '', '0.000000', '0.000000', '0.000000', '0.000000', 2, 1, 0, 2, 0, 3, 1, '301-category', 0, 1, '0000-00-00', 0, 'new', 1, 1, 'both', 0, 0, 0, 0, '2021-12-13 14:09:56', '2022-07-14 17:24:17', 0, 3, 1),
(441, 0, 23, 76, 1, 1, 0, 0, '', '', '', '0.000000', 0, 1, NULL, 0, '6611.570200', '0.000000', '', '0.000000', '0.00', 'GC8000', '', '', '0.000000', '0.000000', '0.000000', '0.000000', 2, 1, 0, 2, 0, 3, 1, '301-category', 0, 1, '0000-00-00', 0, 'new', 1, 1, 'both', 0, 0, 0, 0, '2021-12-13 14:09:56', '2022-07-14 17:24:17', 0, 3, 1),
(442, 0, 23, 2, 1, 1, 1, 0, '', '', '', '0.000000', 0, 1, NULL, 0, '15371.900826', '0.000000', '', '0.000000', '0.00', 'ACUVITAASTPACK', '', '', '15.000000', '4.500000', '6.000000', '0.250000', 2, 1, 0, 0, 0, 0, 1, '301-category', 0, 1, '0000-00-00', 0, 'new', 1, 1, 'both', 0, 0, 0, 8303, '2022-03-10 19:39:49', '2022-08-10 11:19:00', 0, 3, 1),
(443, 0, 8, 2, 1, 1, 0, 0, '', '', '', '0.000000', 0, 1, NULL, 0, '11404.958700', '0.000000', '', '0.000000', '0.00', 'VUR156', '', '', '21.000000', '8.500000', '11.000000', '0.400000', 2, 1, 0, 0, 0, 0, 1, '', 0, 1, '0000-00-00', 0, 'new', 1, 1, 'both', 0, 0, 0, 0, '2022-05-16 12:24:34', '2022-07-14 17:24:17', 0, 3, 1),
(444, 0, 8, 2, 1, 1, 0, 0, '', '', '', '0.000000', 0, 1, NULL, 0, '11404.958700', '0.000000', '', '0.000000', '0.00', 'VUR151', '', '', '21.000000', '8.500000', '11.000000', '0.400000', 2, 1, 0, 0, 0, 0, 1, '', 0, 1, '0000-00-00', 0, 'new', 1, 1, 'both', 0, 0, 0, 0, '2022-05-16 12:24:34', '2022-07-14 17:24:17', 0, 3, 1),
(445, 0, 8, 2, 1, 1, 0, 0, '', '', '', '0.000000', 0, 1, NULL, 0, '9752.066100', '0.000000', '', '0.000000', '0.00', 'VUR681', '', '', '21.000000', '8.500000', '11.000000', '0.400000', 2, 1, 0, 0, 0, 0, 1, '', 0, 1, '0000-00-00', 0, 'new', 1, 1, 'both', 0, 0, 0, 0, '2022-05-16 12:24:34', '2022-07-14 17:24:17', 0, 3, 1),
(446, 0, 8, 2, 1, 1, 0, 0, '', '', '', '0.000000', 0, 1, NULL, 0, '9752.066100', '0.000000', '', '0.000000', '0.00', 'VUR682', '', '', '21.000000', '8.500000', '11.000000', '0.400000', 2, 1, 0, 0, 0, 0, 1, '', 0, 1, '0000-00-00', 0, 'new', 1, 1, 'both', 0, 0, 0, 0, '2022-05-16 12:24:34', '2022-07-14 17:24:17', 0, 3, 1),
(447, 0, 8, 2, 1, 1, 0, 0, '', '', '', '0.000000', 0, 1, NULL, 0, '9752.066100', '0.000000', '', '0.000000', '0.00', 'VUR683', '', '', '21.000000', '8.500000', '11.000000', '0.400000', 2, 1, 0, 0, 0, 0, 1, '', 0, 1, '0000-00-00', 0, 'new', 1, 1, 'both', 0, 0, 0, 0, '2022-05-16 12:24:34', '2022-07-14 17:24:17', 0, 3, 1),
(448, 0, 8, 2, 1, 1, 0, 0, '', '', '', '0.000000', 0, 1, NULL, 0, '9752.066100', '0.000000', '', '0.000000', '0.00', 'VUR684', '', '', '21.000000', '8.500000', '11.000000', '0.400000', 2, 1, 0, 0, 0, 0, 1, '', 0, 1, '0000-00-00', 0, 'new', 1, 1, 'both', 0, 0, 0, 0, '2022-05-16 12:24:37', '2022-07-14 17:24:17', 0, 3, 1),
(449, 0, 8, 2, 1, 1, 0, 0, '', '', '', '0.000000', 0, 1, NULL, 0, '9752.066100', '0.000000', '', '0.000000', '0.00', 'VUR581', '', '', '21.000000', '8.500000', '11.000000', '0.400000', 2, 1, 0, 0, 0, 0, 1, '', 0, 1, '0000-00-00', 0, 'new', 1, 1, 'both', 0, 0, 0, 0, '2022-05-16 12:24:37', '2022-07-14 17:24:17', 0, 3, 1),
(450, 0, 8, 2, 1, 1, 0, 0, '', '', '', '0.000000', 0, 1, NULL, 0, '16363.636400', '0.000000', '', '0.000000', '0.00', 'VUR291', '', '', '21.000000', '8.500000', '11.000000', '0.400000', 2, 1, 0, 0, 0, 0, 1, '', 0, 1, '0000-00-00', 0, 'new', 1, 1, 'both', 0, 0, 0, 0, '2022-05-16 12:24:37', '2022-07-14 17:24:17', 0, 3, 1),
(451, 0, 8, 2, 1, 1, 0, 0, '', '', '', '0.000000', 0, 1, NULL, 0, '16363.636400', '0.000000', '', '0.000000', '0.00', 'VUR293', '', '', '21.000000', '8.500000', '11.000000', '0.400000', 2, 1, 0, 0, 0, 0, 1, '', 0, 1, '0000-00-00', 0, 'new', 1, 1, 'both', 0, 0, 0, 0, '2022-05-16 12:24:37', '2022-07-14 17:24:17', 0, 3, 1),
(452, 0, 8, 2, 1, 1, 0, 0, '', '', '', '0.000000', 0, 1, NULL, 0, '10165.289300', '0.000000', '', '0.000000', '0.00', 'VUR072', '', '', '21.000000', '8.500000', '11.000000', '0.400000', 2, 1, 0, 0, 0, 0, 1, '', 0, 1, '0000-00-00', 0, 'new', 1, 1, 'both', 0, 0, 0, 0, '2022-05-16 12:24:37', '2022-07-14 17:24:17', 0, 3, 1),
(453, 0, 8, 2, 1, 1, 0, 0, '', '', '', '0.000000', 0, 1, NULL, 0, '10165.289300', '0.000000', '', '0.000000', '0.00', 'VUR077', '', '', '21.000000', '8.500000', '11.000000', '0.400000', 2, 1, 0, 0, 0, 0, 1, '', 0, 1, '0000-00-00', 0, 'new', 1, 1, 'both', 0, 0, 0, 0, '2022-05-16 12:24:37', '2022-07-14 17:24:17', 0, 3, 1),
(454, 0, 8, 2, 1, 1, 0, 0, '', '', '', '0.000000', 0, 1, NULL, 0, '10165.289300', '0.000000', '', '0.000000', '0.00', 'VUR074', '', '', '21.000000', '8.500000', '11.000000', '0.400000', 2, 1, 0, 0, 0, 0, 1, '', 0, 1, '0000-00-00', 0, 'new', 1, 1, 'both', 0, 0, 0, 0, '2022-05-16 12:24:37', '2022-07-14 17:24:17', 0, 3, 1),
(455, 0, 8, 2, 1, 1, 0, 0, '', '', '', '0.000000', 0, 1, NULL, 0, '10165.289300', '0.000000', '', '0.000000', '0.00', 'VUR073', '', '', '21.000000', '8.500000', '11.000000', '0.400000', 2, 1, 0, 0, 0, 0, 1, '', 0, 1, '0000-00-00', 0, 'new', 1, 1, 'both', 0, 0, 0, 0, '2022-05-16 12:24:37', '2022-07-14 17:24:17', 0, 3, 1),
(456, 0, 8, 2, 1, 1, 0, 0, '', '', '', '0.000000', 0, 1, NULL, 0, '9752.066100', '0.000000', '', '0.000000', '0.00', 'VUR640', '', '', '21.000000', '8.500000', '11.000000', '0.400000', 2, 1, 0, 0, 0, 0, 1, '', 0, 1, '0000-00-00', 0, 'new', 1, 1, 'both', 0, 0, 0, 0, '2022-05-16 12:24:42', '2022-07-14 17:24:17', 0, 3, 1),
(457, 0, 8, 2, 1, 1, 0, 0, '', '', '', '0.000000', 0, 1, NULL, 0, '9752.066100', '0.000000', '', '0.000000', '0.00', 'VUR641', '', '', '21.000000', '8.500000', '11.000000', '0.400000', 2, 1, 0, 0, 0, 0, 1, '', 0, 1, '0000-00-00', 0, 'new', 1, 1, 'both', 0, 0, 0, 0, '2022-05-16 12:24:42', '2022-07-14 17:24:17', 0, 3, 1),
(458, 0, 8, 2, 1, 1, 0, 0, '', '', '', '0.000000', 0, 1, NULL, 0, '12438.016500', '0.000000', '', '0.000000', '0.00', 'VUR593', '', '', '21.000000', '8.500000', '11.000000', '0.400000', 2, 1, 0, 0, 0, 0, 1, '', 0, 1, '0000-00-00', 0, 'new', 1, 1, 'both', 0, 0, 0, 0, '2022-05-16 12:24:42', '2022-07-14 17:24:17', 0, 3, 1),
(459, 0, 8, 2, 1, 1, 0, 0, '', '', '', '0.000000', 0, 1, NULL, 0, '12438.016500', '0.000000', '', '0.000000', '0.00', 'VUR597', '', '', '21.000000', '8.500000', '11.000000', '0.400000', 2, 1, 0, 0, 0, 0, 1, '', 0, 1, '0000-00-00', 0, 'new', 1, 1, 'both', 0, 0, 0, 0, '2022-05-16 12:24:42', '2022-07-14 17:24:17', 0, 3, 1),
(460, 0, 8, 2, 1, 1, 0, 0, '', '', '', '0.000000', 0, 1, NULL, 0, '10165.289300', '0.000000', '', '0.000000', '0.00', 'VUR097', '', '', '21.000000', '8.500000', '11.000000', '0.400000', 2, 1, 0, 0, 0, 0, 1, '', 0, 1, '0000-00-00', 0, 'new', 1, 1, 'both', 0, 0, 0, 0, '2022-05-16 12:24:42', '2022-07-14 17:24:17', 0, 3, 1),
(461, 0, 8, 2, 1, 1, 0, 0, '', '', '', '0.000000', 0, 1, NULL, 0, '10413.223100', '0.000000', '', '0.000000', '0.00', 'VUR607', '', '', '21.000000', '8.500000', '11.000000', '0.400000', 2, 1, 0, 0, 0, 0, 1, '', 0, 1, '0000-00-00', 0, 'new', 1, 1, 'both', 0, 0, 0, 0, '2022-05-16 12:24:42', '2022-07-14 17:24:17', 0, 3, 1),
(462, 0, 8, 2, 1, 1, 0, 0, '', '', '', '0.000000', 0, 1, NULL, 0, '10413.223100', '0.000000', '', '0.000000', '0.00', 'VUR685', '', '', '21.000000', '8.500000', '11.000000', '0.400000', 2, 1, 0, 0, 0, 0, 1, '', 0, 1, '0000-00-00', 0, 'new', 1, 1, 'both', 0, 0, 0, 0, '2022-05-16 12:24:42', '2022-07-14 17:24:17', 0, 3, 1),
(463, 0, 8, 2, 1, 1, 0, 0, '', '', '', '0.000000', 0, 1, NULL, 0, '12438.016500', '0.000000', '', '0.000000', '0.00', 'VUR649', '', '', '21.000000', '8.500000', '11.000000', '0.400000', 2, 1, 0, 0, 0, 0, 1, '', 0, 1, '0000-00-00', 0, 'new', 1, 1, 'both', 0, 0, 0, 0, '2022-05-16 12:24:45', '2022-07-14 17:24:17', 0, 3, 1),
(464, 0, 8, 2, 1, 1, 0, 0, '', '', '', '0.000000', 0, 1, NULL, 0, '12438.016500', '0.000000', '', '0.000000', '0.00', 'VUR650', '', '', '21.000000', '8.500000', '11.000000', '0.400000', 2, 1, 0, 0, 0, 0, 1, '', 0, 1, '0000-00-00', 0, 'new', 1, 1, 'both', 0, 0, 0, 0, '2022-05-16 12:24:45', '2022-07-14 17:24:17', 0, 3, 1),
(465, 0, 8, 2, 1, 1, 0, 0, '', '', '', '0.000000', 0, 1, NULL, 0, '12438.016500', '0.000000', '', '0.000000', '0.00', 'VUR651', '', '', '21.000000', '8.500000', '11.000000', '0.400000', 2, 1, 0, 0, 0, 0, 1, '', 0, 1, '0000-00-00', 0, 'new', 1, 1, 'both', 0, 0, 0, 0, '2022-05-16 12:24:45', '2022-07-14 17:24:17', 0, 3, 1),
(466, 0, 8, 2, 1, 1, 0, 0, '', '', '', '0.000000', 0, 1, NULL, 0, '9752.066100', '0.000000', '', '0.000000', '0.00', 'VUR656', '', '', '21.000000', '8.500000', '11.000000', '0.400000', 2, 1, 0, 0, 0, 0, 1, '', 0, 1, '0000-00-00', 0, 'new', 1, 1, 'both', 0, 0, 0, 0, '2022-05-16 12:24:45', '2022-07-14 17:24:17', 0, 3, 1);
INSERT INTO `ps_product` (`id_product`, `id_supplier`, `id_manufacturer`, `id_category_default`, `id_shop_default`, `id_tax_rules_group`, `on_sale`, `online_only`, `ean13`, `isbn`, `upc`, `ecotax`, `quantity`, `minimal_quantity`, `low_stock_threshold`, `low_stock_alert`, `price`, `wholesale_price`, `unity`, `unit_price_ratio`, `additional_shipping_cost`, `reference`, `supplier_reference`, `location`, `width`, `height`, `depth`, `weight`, `out_of_stock`, `additional_delivery_times`, `quantity_discount`, `customizable`, `uploadable_files`, `text_fields`, `active`, `redirect_type`, `id_type_redirected`, `available_for_order`, `available_date`, `show_condition`, `condition`, `show_price`, `indexed`, `visibility`, `cache_is_pack`, `cache_has_attachments`, `is_virtual`, `cache_default_attribute`, `date_add`, `date_upd`, `advanced_stock_management`, `pack_stock_type`, `state`) VALUES
(467, 0, 8, 2, 1, 1, 0, 0, '', '', '', '0.000000', 0, 1, NULL, 0, '12438.016500', '0.000000', '', '0.000000', '0.00', 'VUR565', '', '', '21.000000', '8.500000', '11.000000', '0.400000', 2, 1, 0, 0, 0, 0, 1, '', 0, 1, '0000-00-00', 0, 'new', 1, 1, 'both', 0, 0, 0, 0, '2022-05-16 12:24:45', '2022-07-14 17:24:17', 0, 3, 1),
(468, 0, 8, 2, 1, 1, 0, 0, '', '', '', '0.000000', 0, 1, NULL, 0, '12438.016500', '0.000000', '', '0.000000', '0.00', 'VUR591', '', '', '21.000000', '8.500000', '11.000000', '0.400000', 2, 1, 0, 0, 0, 0, 1, '', 0, 1, '0000-00-00', 0, 'new', 1, 1, 'both', 0, 0, 0, 0, '2022-05-16 12:24:45', '2022-07-14 17:24:17', 0, 3, 1),
(469, 0, 8, 2, 1, 1, 0, 0, '', '', '', '0.000000', 0, 1, NULL, 0, '12438.016500', '0.000000', '', '0.000000', '0.00', 'VUR564', '', '', '21.000000', '8.500000', '11.000000', '0.400000', 2, 1, 0, 0, 0, 0, 1, '', 0, 1, '0000-00-00', 0, 'new', 1, 1, 'both', 0, 0, 0, 0, '2022-05-16 12:24:45', '2022-07-14 17:24:17', 0, 3, 1),
(470, 0, 8, 2, 1, 1, 0, 0, '', '', '', '0.000000', 0, 1, NULL, 0, '12975.206600', '0.000000', '', '0.000000', '0.00', 'VUR624', '', '', '21.000000', '8.500000', '11.000000', '0.400000', 2, 1, 0, 0, 0, 0, 1, '', 0, 1, '0000-00-00', 0, 'new', 1, 1, 'both', 0, 0, 0, 0, '2022-05-16 12:24:45', '2022-07-14 17:24:17', 0, 3, 1),
(471, 0, 8, 2, 1, 1, 0, 0, '', '', '', '0.000000', 0, 1, NULL, 0, '12975.206600', '0.000000', '', '0.000000', '0.00', 'VUR623', '', '', '21.000000', '8.500000', '11.000000', '0.400000', 2, 1, 0, 0, 0, 0, 1, '', 0, 1, '0000-00-00', 0, 'new', 1, 1, 'both', 0, 0, 0, 0, '2022-05-16 12:24:45', '2022-07-14 17:24:17', 0, 3, 1),
(472, 0, 8, 2, 1, 1, 0, 0, '', '', '', '0.000000', 0, 1, NULL, 0, '12975.206600', '0.000000', '', '0.000000', '0.00', 'VUR612', '', '', '21.000000', '8.500000', '11.000000', '0.400000', 2, 1, 0, 0, 0, 0, 1, '', 0, 1, '0000-00-00', 0, 'new', 1, 1, 'both', 0, 0, 0, 0, '2022-05-16 12:24:45', '2022-07-14 17:24:17', 0, 3, 1),
(473, 0, 8, 2, 1, 1, 0, 0, '', '', '', '0.000000', 0, 1, NULL, 0, '12975.206600', '0.000000', '', '0.000000', '0.00', 'VUR621', '', '', '21.000000', '8.500000', '11.000000', '0.400000', 2, 1, 0, 0, 0, 0, 1, '', 0, 1, '0000-00-00', 0, 'new', 1, 1, 'both', 0, 0, 0, 0, '2022-05-16 12:24:45', '2022-07-14 17:24:17', 0, 3, 1),
(474, 0, 8, 2, 1, 1, 0, 0, '', '', '', '0.000000', 0, 1, NULL, 0, '9710.743800', '0.000000', '', '0.000000', '0.00', 'VUR658', '', '', '21.000000', '8.500000', '11.000000', '0.400000', 2, 1, 0, 0, 0, 0, 1, '', 0, 1, '0000-00-00', 0, 'new', 1, 1, 'both', 0, 0, 0, 0, '2022-05-16 12:24:45', '2022-07-14 17:24:17', 0, 3, 1),
(475, 0, 8, 2, 1, 1, 0, 0, '', '', '', '0.000000', 0, 1, NULL, 0, '9710.743800', '0.000000', '', '0.000000', '0.00', 'VUR686', '', '', '21.000000', '8.500000', '11.000000', '0.400000', 2, 1, 0, 0, 0, 0, 1, '', 0, 1, '0000-00-00', 0, 'new', 1, 1, 'both', 0, 0, 0, 0, '2022-05-16 12:24:45', '2022-07-14 17:24:17', 0, 3, 1),
(476, 0, 8, 2, 1, 1, 0, 0, '', '', '', '0.000000', 0, 1, NULL, 0, '12892.562000', '0.000000', '', '0.000000', '0.00', 'VUR552', '', '', '21.000000', '8.500000', '11.000000', '0.400000', 2, 1, 0, 0, 0, 0, 1, '', 0, 1, '0000-00-00', 0, 'new', 1, 1, 'both', 0, 0, 0, 0, '2022-05-16 12:24:50', '2022-07-14 17:24:17', 0, 3, 1),
(477, 0, 8, 2, 1, 1, 0, 0, '', '', '', '0.000000', 0, 1, NULL, 0, '12892.562000', '0.000000', '', '0.000000', '0.00', 'VUR562', '', '', '21.000000', '8.500000', '11.000000', '0.400000', 2, 1, 0, 0, 0, 0, 1, '', 0, 1, '0000-00-00', 0, 'new', 1, 1, 'both', 0, 0, 0, 0, '2022-05-16 12:24:50', '2022-07-14 17:24:17', 0, 3, 1),
(478, 0, 8, 2, 1, 1, 0, 0, '', '', '', '0.000000', 0, 1, NULL, 0, '12892.562000', '0.000000', '', '0.000000', '0.00', 'VUR563', '', '', '21.000000', '8.500000', '11.000000', '0.400000', 2, 1, 0, 0, 0, 0, 1, '', 0, 1, '0000-00-00', 0, 'new', 1, 1, 'both', 0, 0, 0, 0, '2022-05-16 12:24:50', '2022-07-14 17:24:17', 0, 3, 1),
(479, 0, 8, 2, 1, 1, 0, 0, '', '', '', '0.000000', 0, 1, NULL, 0, '9710.743800', '0.000000', '', '0.000000', '0.00', 'VUR661', '', '', '21.000000', '8.500000', '11.000000', '0.400000', 2, 1, 0, 0, 0, 0, 1, '', 0, 1, '0000-00-00', 0, 'new', 1, 1, 'both', 0, 0, 0, 0, '2022-05-16 12:24:50', '2022-07-14 17:24:17', 0, 3, 1),
(480, 0, 8, 2, 1, 1, 0, 0, '', '', '', '0.000000', 0, 1, NULL, 0, '9710.743800', '0.000000', '', '0.000000', '0.00', 'VUR666', '', '', '21.000000', '8.500000', '11.000000', '0.400000', 2, 1, 0, 0, 0, 0, 1, '', 0, 1, '0000-00-00', 0, 'new', 1, 1, 'both', 0, 0, 0, 0, '2022-05-16 12:24:50', '2022-07-14 17:24:17', 0, 3, 1),
(481, 0, 8, 2, 1, 1, 0, 0, '', '', '', '0.000000', 0, 1, NULL, 0, '16363.636400', '0.000000', '', '0.000000', '0.00', 'VUR234', '', '', '21.000000', '8.500000', '11.000000', '0.400000', 2, 1, 0, 0, 0, 0, 1, '', 0, 1, '0000-00-00', 0, 'new', 1, 1, 'both', 0, 0, 0, 0, '2022-05-16 12:24:50', '2022-07-14 17:24:17', 0, 3, 1),
(482, 0, 8, 2, 1, 1, 0, 0, '', '', '', '0.000000', 0, 1, NULL, 0, '16363.636400', '0.000000', '', '0.000000', '0.00', 'VUR235', '', '', '21.000000', '8.500000', '11.000000', '0.400000', 2, 1, 0, 0, 0, 0, 1, '', 0, 1, '0000-00-00', 0, 'new', 1, 1, 'both', 0, 0, 0, 0, '2022-05-16 12:24:50', '2022-07-14 17:24:17', 0, 3, 1),
(483, 0, 8, 2, 1, 1, 0, 0, '', '', '', '0.000000', 0, 1, NULL, 0, '16363.636400', '0.000000', '', '0.000000', '0.00', 'VUR236', '', '', '21.000000', '8.500000', '11.000000', '0.400000', 2, 1, 0, 0, 0, 0, 1, '', 0, 1, '0000-00-00', 0, 'new', 1, 1, 'both', 0, 0, 0, 0, '2022-05-16 12:24:50', '2022-07-14 17:24:17', 0, 3, 1),
(484, 0, 8, 2, 1, 1, 0, 0, '', '', '', '0.000000', 0, 1, NULL, 0, '16363.636400', '0.000000', '', '0.000000', '0.00', 'VUR237', '', '', '21.000000', '8.500000', '11.000000', '0.400000', 2, 1, 0, 0, 0, 0, 1, '', 0, 1, '0000-00-00', 0, 'new', 1, 1, 'both', 0, 0, 0, 0, '2022-05-16 12:24:50', '2022-07-14 17:24:17', 0, 3, 1),
(485, 0, 8, 2, 1, 1, 0, 0, '', '', '', '0.000000', 0, 1, NULL, 0, '16363.636400', '0.000000', '', '0.000000', '0.00', 'VUR238', '', '', '21.000000', '8.500000', '11.000000', '0.400000', 2, 1, 0, 0, 0, 0, 1, '', 0, 1, '0000-00-00', 0, 'new', 1, 1, 'both', 0, 0, 0, 0, '2022-05-16 12:24:50', '2022-07-14 17:24:17', 0, 3, 1),
(486, 0, 8, 2, 1, 1, 0, 0, '', '', '', '0.000000', 0, 1, NULL, 0, '9752.066100', '0.000000', '', '0.000000', '0.00', 'VUR614', '', '', '21.000000', '8.500000', '11.000000', '0.400000', 2, 1, 0, 0, 0, 0, 1, '', 0, 1, '0000-00-00', 0, 'new', 1, 1, 'both', 0, 0, 0, 0, '2022-05-16 12:24:50', '2022-07-14 17:24:17', 0, 3, 1),
(487, 0, 8, 2, 1, 1, 0, 0, '', '', '', '0.000000', 0, 1, NULL, 0, '9752.066100', '0.000000', '', '0.000000', '0.00', 'VUR620', '', '', '21.000000', '8.500000', '11.000000', '0.400000', 2, 1, 0, 0, 0, 0, 1, '', 0, 1, '0000-00-00', 0, 'new', 1, 1, 'both', 0, 0, 0, 0, '2022-05-16 12:24:56', '2022-07-14 17:24:17', 0, 3, 1),
(488, 0, 8, 2, 1, 1, 0, 0, '', '', '', '0.000000', 0, 1, NULL, 0, '10165.289300', '0.000000', '', '0.000000', '0.00', 'VUR671', '', '', '21.000000', '8.500000', '11.000000', '0.400000', 2, 1, 0, 0, 0, 0, 1, '', 0, 1, '0000-00-00', 0, 'new', 1, 1, 'both', 0, 0, 0, 0, '2022-05-16 12:24:56', '2022-07-14 17:24:17', 0, 3, 1),
(489, 0, 8, 2, 1, 1, 0, 0, '', '', '', '0.000000', 0, 1, NULL, 0, '9710.743800', '0.000000', '', '0.000000', '0.00', 'VUR675', '', '', '21.000000', '8.500000', '11.000000', '0.400000', 2, 1, 0, 0, 0, 0, 1, '', 0, 1, '0000-00-00', 0, 'new', 1, 1, 'both', 0, 0, 0, 0, '2022-05-16 12:24:56', '2022-07-14 17:24:17', 0, 3, 1),
(490, 0, 8, 2, 1, 1, 0, 0, '', '', '', '0.000000', 0, 1, NULL, 0, '9710.743800', '0.000000', '', '0.000000', '0.00', 'VUR676', '', '', '21.000000', '8.500000', '11.000000', '0.400000', 2, 1, 0, 0, 0, 0, 1, '', 0, 1, '0000-00-00', 0, 'new', 1, 1, 'both', 0, 0, 0, 0, '2022-05-16 12:24:56', '2022-07-14 17:24:17', 0, 3, 1),
(491, 0, 8, 2, 1, 1, 0, 0, '', '', '', '0.000000', 0, 1, NULL, 0, '9710.743800', '0.000000', '', '0.000000', '0.00', 'VUR677', '', '', '21.000000', '8.500000', '11.000000', '0.400000', 2, 1, 0, 0, 0, 0, 1, '', 0, 1, '0000-00-00', 0, 'new', 1, 1, 'both', 0, 0, 0, 0, '2022-05-16 12:24:56', '2022-07-14 17:24:17', 0, 3, 1),
(492, 0, 8, 2, 1, 1, 0, 0, '', '', '', '0.000000', 0, 1, NULL, 0, '9669.421500', '0.000000', '', '0.000000', '0.00', 'RUR614', '', '', '21.000000', '8.500000', '11.000000', '0.400000', 2, 1, 0, 0, 0, 0, 1, '', 0, 1, '0000-00-00', 0, 'new', 1, 1, 'both', 0, 0, 0, 0, '2022-05-16 12:24:56', '2022-07-14 17:24:17', 0, 3, 1),
(493, 0, 23, 2, 1, 1, 1, 0, '', '', '', '0.000000', 0, 1, NULL, 0, '8595.041322', '0.000000', '', '0.000000', '0.00', 'ACUVUE2PACK', '', '', '15.000000', '4.500000', '6.000000', '0.250000', 2, 1, 0, 0, 0, 0, 1, '301-category', 0, 1, '0000-00-00', 0, 'new', 1, 1, 'both', 0, 0, 0, 8305, '2022-06-02 10:17:14', '2022-07-14 17:24:17', 0, 3, 1);

-- --------------------------------------------------------

--
-- Estructura de tabla para la tabla `ps_product_attachment`
--

