CREATE TABLE `ps_carrier_group` (
  `id_carrier` int(10) UNSIGNED NOT NULL,
  `id_group` int(10) UNSIGNED NOT NULL
) ENGINE=InnoDB DEFAULT CHARSET=utf8;

--
-- Volcado de datos para la tabla `ps_carrier_group`
--

INSERT INTO `ps_carrier_group` (`id_carrier`, `id_group`) VALUES
(1, 1),
(1, 2),
(1, 3),
(2, 1),
(2, 2),
(2, 3),
(3, 1),
(3, 2),
(3, 3),
(4, 1),
(4, 2),
(4, 3),
(5, 1),
(5, 2),
(5, 3),
(6, 1),
(6, 2),
(6, 3),
(7, 1),
(7, 2),
(7, 3),
(8, 1),
(8, 2),
(8, 3),
(9, 1),
(9, 2),
(9, 3),
(10, 1),
(10, 2),
(10, 3),
(11, 1),
(11, 2),
(11, 3),
(12, 1),
(12, 2),
(12, 3),
(13, 1),
(13, 2),
(13, 3),
(14, 1),
(14, 2),
(14, 3),
(15, 1),
(15, 2),
(15, 3),
(16, 1),
(16, 2),
(16, 3),
(17, 1),
(17, 2),
(17, 3),
(18, 1),
(18, 2),
(18, 3),
(19, 1),
(19, 2),
(19, 3),
(20, 1),
(20, 2),
(20, 3),
(21, 1),
(21, 2),
(21, 3),
(22, 1),
(22, 2),
(22, 3),
(23, 1),
(23, 2),
(23, 3),
(24, 1),
(24, 2),
(24, 3),
(25, 1),
(25, 2),
(25, 3),
(26, 1),
(26, 2),
(26, 3),
(27, 1),
(27, 2),
(27, 3),
(28, 1),
(28, 2),
(28, 3),
(29, 1),
(29, 2),
(29, 3),
(30, 1),
(30, 2),
(30, 3),
(31, 1),
(31, 2),
(31, 3),
(32, 1),
(32, 2),
(32, 3),
(33, 1),
(33, 2),
(33, 3),
(34, 1),
(34, 2),
(34, 3),
(35, 1),
(35, 2),
(35, 3),
(36, 1),
(36, 2),
(36, 3),
(37, 1),
(37, 2),
(37, 3),
(38, 1),
(38, 2),
(38, 3),
(39, 1),
(39, 2),
(39, 3),
(40, 1),
(40, 2),
(40, 3);

-- --------------------------------------------------------

--
-- Estructura de tabla para la tabla `ps_carrier_lang`
--

CREATE TABLE `ps_carrier_lang` (
  `id_carrier` int(10) UNSIGNED NOT NULL,
  `id_shop` int(11) UNSIGNED NOT NULL DEFAULT 1,
  `id_lang` int(10) UNSIGNED NOT NULL,
  `delay` varchar(512) DEFAULT NULL
) ENGINE=InnoDB DEFAULT CHARSET=utf8;

--
-- Volcado de datos para la tabla `ps_carrier_lang`
--

INSERT INTO `ps_carrier_lang` (`id_carrier`, `id_shop`, `id_lang`, `delay`) VALUES
(1, 1, 1, 'Recoger en tienda'),
(2, 1, 1, '¡Envío en 24h!'),
(3, 1, 1, 'Calculado Automáticamente'),
(4, 1, 1, 'Calculado Automáticamente'),
(5, 1, 1, 'Calculado Automáticamente'),
(6, 1, 1, 'Recoger en tienda'),
(7, 1, 1, 'Recoger en tienda'),
(8, 1, 1, 'Retira por una de nuestras sucursales'),
(9, 1, 1, '¡Envío en 24h!'),
(10, 1, 1, '(aún no disponible)'),
(11, 1, 1, 'Cálculo Dinámico'),
(12, 1, 1, '(aún no disponible)'),
(13, 1, 1, '(aún no disponible)'),
(14, 1, 1, 'De 3 a 6 días'),
(15, 1, 1, 'De 3 a 6 días'),
(16, 1, 1, 'De 3 a 6 días'),
(17, 1, 1, 'De 3 a 6 días'),
(18, 1, 1, 'De 3 a 6 días'),
(19, 1, 1, 'De 3 a 6 días'),
(20, 1, 1, 'De 3 a 6 días'),
(21, 1, 1, '(aún no disponible)'),
(22, 1, 1, 'Despacharémos 24hs luego de recibir su pago'),
(23, 1, 1, 'Despacharémos 24hs luego de recibir su pago'),
(24, 1, 1, 'Retiro en Surcursal'),
(25, 1, 1, 'Despacharémos 24hs luego de recibir su pago'),
(26, 1, 1, 'Retiro en Surcursal'),
(27, 1, 1, 'Retiro en Surcursal'),
(28, 1, 1, 'Retiro en Surcursal'),
(29, 1, 1, 'Retiro en Sucursal Buenos Aires - Constituyentes'),
(30, 1, 1, 'Retiro en Sucursal Buenos Aires - Lujan'),
(31, 1, 1, 'Retiro en Sucursal Buenos Aires - Pilar'),
(32, 1, 1, 'Retiro en Sucursal Buenos Aires - San Fernando'),
(33, 1, 1, 'Despacharémos 24hs luego de recibir su pago'),
(34, 1, 1, 'Albarellos 2565 CABA , Bs As (C1419FSC)'),
(35, 1, 1, 'Roberto Payro 198, Buenos Aires (B6702 MIH)'),
(36, 1, 1, 'Colectora Acceso Norte Nº 51500, Pilar, Bs As (CP1629)'),
(37, 1, 1, 'Con. Bancalari Boulogne s/n entre 202 y Uruguay, S. Fernando, Bs As (B8002 HGJ)'),
(38, 1, 1, 'Despacharémos 24hs luego de recibir su pago'),
(39, 1, 1, 'Despacharémos 24hs luego de recibir su pago'),
(40, 1, 1, 'Despacharémos 24hs luego de recibir su pago');

-- --------------------------------------------------------

--
-- Estructura de tabla para la tabla `ps_carrier_shop`
--

CREATE TABLE `ps_carrier_shop` (
  `id_carrier` int(11) UNSIGNED NOT NULL,
  `id_shop` int(11) UNSIGNED NOT NULL
) ENGINE=InnoDB DEFAULT CHARSET=utf8;

--
-- Volcado de datos para la tabla `ps_carrier_shop`
--

INSERT INTO `ps_carrier_shop` (`id_carrier`, `id_shop`) VALUES
(1, 1),
(2, 1),
(3, 1),
(4, 1),
(5, 1),
(6, 1),
(7, 1),
(8, 1),
(9, 1),
(10, 1),
(11, 1),
(12, 1),
(13, 1),
(14, 1),
(15, 1),
(16, 1),
(17, 1),
(18, 1),
(19, 1),
(20, 1),
(21, 1),
(22, 1),
(23, 1),
(24, 1),
(25, 1),
(26, 1),
(27, 1),
(28, 1),
(29, 1),
(30, 1),
(31, 1),
(32, 1),
(33, 1),
(34, 1),
(35, 1),
(36, 1),
(37, 1),
(38, 1),
(39, 1),
(40, 1);

-- --------------------------------------------------------

--
-- Estructura de tabla para la tabla `ps_carrier_tax_rules_group_shop`
--

CREATE TABLE `ps_carrier_tax_rules_group_shop` (
  `id_carrier` int(11) UNSIGNED NOT NULL,
  `id_tax_rules_group` int(11) UNSIGNED NOT NULL,
  `id_shop` int(11) UNSIGNED NOT NULL
) ENGINE=InnoDB DEFAULT CHARSET=utf8;

--
-- Volcado de datos para la tabla `ps_carrier_tax_rules_group_shop`
--

INSERT INTO `ps_carrier_tax_rules_group_shop` (`id_carrier`, `id_tax_rules_group`, `id_shop`) VALUES
(1, 1, 1),
(2, 1, 1),
(6, 1, 1),
(7, 1, 1),
(8, 1, 1),
(9, 1, 1),
(10, 1, 1),
(12, 1, 1),
(13, 1, 1),
(14, 1, 1),
(15, 1, 1),
(16, 1, 1),
(17, 1, 1),
(18, 1, 1),
(19, 1, 1),
(20, 1, 1),
(21, 1, 1),
(22, 1, 1),
(23, 1, 1),
(24, 1, 1),
(25, 1, 1),
(26, 1, 1),
(27, 1, 1),
(28, 1, 1),
(29, 1, 1),
(30, 0, 1),
(31, 0, 1),
(32, 0, 1),
(33, 1, 1),
(34, 1, 1),
(35, 0, 1),
(36, 0, 1),
(37, 0, 1),
(38, 1, 1),
(39, 1, 1),
(40, 1, 1);

-- --------------------------------------------------------

--
-- Estructura de tabla para la tabla `ps_carrier_zone`
--

CREATE TABLE `ps_carrier_zone` (
  `id_carrier` int(10) UNSIGNED NOT NULL,
  `id_zone` int(10) UNSIGNED NOT NULL
) ENGINE=InnoDB DEFAULT CHARSET=utf8;

--
-- Volcado de datos para la tabla `ps_carrier_zone`
--

INSERT INTO `ps_carrier_zone` (`id_carrier`, `id_zone`) VALUES
(1, 1),
(2, 1),
(2, 2),
(3, 1),
(3, 2),
(3, 3),
(3, 4),
(3, 5),
(3, 6),
(3, 7),
(3, 8),
(4, 1),
(4, 2),
(4, 3),
(4, 4),
(4, 5),
(4, 6),
(4, 7),
(4, 8),
(5, 1),
(5, 2),
(5, 3),
(5, 4),
(5, 5),
(5, 6),
(5, 7),
(5, 8),
(6, 1),
(7, 1),
(8, 1),
(9, 1),
(9, 2),
(9, 3),
(9, 4),
(9, 5),
(9, 6),
(9, 7),
(9, 8),
(10, 1),
(11, 6),
(12, 6),
(13, 9),
(14, 1),
(14, 2),
(14, 3),
(14, 4),
(14, 5),
(14, 6),
(14, 7),
(14, 8),
(15, 9),
(16, 9),
(17, 9),
(18, 9),
(18, 10),
(18, 11),
(18, 12),
(19, 9),
(19, 10),
(19, 11),
(19, 12),
(20, 6),
(20, 9),
(20, 10),
(20, 11),
(20, 12),
(21, 6),
(22, 6),
(22, 9),
(22, 10),
(22, 11),
(22, 12),
(23, 6),
(23, 9),
(23, 10),
(23, 11),
(23, 12),
(24, 6),
(25, 6),
(25, 9),
(25, 10),
(25, 11),
(25, 12),
(26, 6),
(26, 9),
(26, 10),
(26, 11),
(26, 12),
(27, 6),
(27, 9),
(27, 10),
(27, 11),
(27, 12),
(28, 6),
(28, 9),
(28, 10),
(28, 11),
(28, 12),
(29, 6),
(29, 9),
(29, 10),
(29, 11),
(29, 12),
(30, 9),
(30, 10),
(30, 11),
(30, 12),
(31, 9),
(31, 10),
(31, 11),
(31, 12),
(32, 9),
(32, 10),
(32, 11),
(32, 12),
(33, 9),
(33, 10),
(33, 11),
(33, 12),
(34, 6),
(34, 9),
(34, 10),
(34, 11),
(34, 12),
(35, 9),
(35, 10),
(35, 11),
(35, 12),
(36, 9),
(36, 10),
(36, 11),
(36, 12),
(37, 9),
(37, 10),
(37, 11),
(37, 12),
(38, 9),
(38, 10),
(38, 11),
(38, 12),
(39, 9),
(39, 10),
(39, 11),
(39, 12),
(40, 9),
(40, 10),
(40, 11),
(40, 12);

-- --------------------------------------------------------

--
-- Estructura de tabla para la tabla `ps_cart`
--

CREATE TABLE `ps_cart` (
  `id_cart` int(10) UNSIGNED NOT NULL,
  `id_shop_group` int(11) UNSIGNED NOT NULL DEFAULT 1,
  `id_shop` int(11) UNSIGNED NOT NULL DEFAULT 1,
  `id_carrier` int(10) UNSIGNED NOT NULL,
  `delivery_option` text NOT NULL,
  `id_lang` int(10) UNSIGNED NOT NULL,
  `id_address_delivery` int(10) UNSIGNED NOT NULL,
  `id_address_invoice` int(10) UNSIGNED NOT NULL,
  `id_currency` int(10) UNSIGNED NOT NULL,
  `id_customer` int(10) UNSIGNED NOT NULL,
  `id_guest` int(10) UNSIGNED NOT NULL,
  `secure_key` varchar(32) NOT NULL DEFAULT '-1',
  `recyclable` tinyint(1) UNSIGNED NOT NULL DEFAULT 1,
  `gift` tinyint(1) UNSIGNED NOT NULL DEFAULT 0,
  `gift_message` text DEFAULT NULL,
  `mobile_theme` tinyint(1) NOT NULL DEFAULT 0,
  `allow_seperated_package` tinyint(1) UNSIGNED NOT NULL DEFAULT 0,
  `date_add` datetime NOT NULL,
  `date_upd` datetime NOT NULL,
  `checkout_session_data` mediumtext DEFAULT NULL
) ENGINE=InnoDB DEFAULT CHARSET=utf8;

--
-- Volcado de datos para la tabla `ps_cart`
--

INSERT INTO `ps_cart` (`id_cart`, `id_shop_group`, `id_shop`, `id_carrier`, `delivery_option`, `id_lang`, `id_address_delivery`, `id_address_invoice`, `id_currency`, `id_customer`, `id_guest`, `secure_key`, `recyclable`, `gift`, `gift_message`, `mobile_theme`, `allow_seperated_package`, `date_add`, `date_upd`, `checkout_session_data`) VALUES
(15, 1, 1, 4, '{\"10\":\"4,\"}', 1, 10, 10, 1, 1, 0, 'f5e6cc95fd7785ce7b2dc2a8e83b8dbc', 0, 0, '', 0, 0, '2020-05-19 09:46:19', '2020-05-21 10:27:40', '{\"checkout-personal-information-step\":{\"step_is_reachable\":true,\"step_is_complete\":true},\"checkout-addresses-step\":{\"step_is_reachable\":true,\"step_is_complete\":true,\"use_same_address\":true},\"checkout-delivery-step\":{\"step_is_reachable\":true,\"step_is_complete\":true},\"checkout-payment-step\":{\"step_is_reachable\":true,\"step_is_complete\":false},\"checksum\":\"0ea9f77888dc19124c8a6cbb149adea579893685\"}'),
(18, 1, 1, 4, '{\"7\":\"4,\"}', 1, 7, 7, 1, 2, 0, '5909400f8b2408cf989cfd531fc68e08', 0, 0, '', 0, 0, '2020-05-20 20:26:38', '2020-05-20 20:27:16', '{\"checkout-personal-information-step\":{\"step_is_reachable\":true,\"step_is_complete\":true},\"checkout-addresses-step\":{\"step_is_reachable\":true,\"step_is_complete\":true,\"use_same_address\":true},\"checkout-delivery-step\":{\"step_is_reachable\":true,\"step_is_complete\":true},\"checkout-payment-step\":{\"step_is_reachable\":true,\"step_is_complete\":false},\"checksum\":\"6b1b5a7c2a818f4cc6377a07b580da85827e18f7\"}'),
(20, 1, 1, 23, '{\"17\":\"23,\"}', 1, 17, 17, 1, 1, 0, 'f5e6cc95fd7785ce7b2dc2a8e83b8dbc', 0, 0, '', 0, 0, '2020-05-21 10:29:24', '2020-06-15 18:06:02', '{\"checkout-personal-information-step\":{\"step_is_reachable\":true,\"step_is_complete\":true},\"checkout-addresses-step\":{\"step_is_reachable\":true,\"step_is_complete\":true,\"use_same_address\":false},\"checkout-delivery-step\":{\"step_is_reachable\":true,\"step_is_complete\":true},\"checkout-payment-step\":{\"step_is_reachable\":true,\"step_is_complete\":false},\"checksum\":\"9adb7a922a2e0355cc49fb7697df9756a5589c60\"}'),
(21, 1, 1, 11, '{\"7\":\"11,\"}', 1, 7, 7, 1, 2, 0, '5909400f8b2408cf989cfd531fc68e08', 0, 0, '', 0, 0, '2020-05-21 12:25:01', '2020-05-21 12:27:36', '{\"checkout-personal-information-step\":{\"step_is_reachable\":true,\"step_is_complete\":true},\"checkout-addresses-step\":{\"step_is_reachable\":true,\"step_is_complete\":true,\"use_same_address\":true},\"checkout-delivery-step\":{\"step_is_reachable\":true,\"step_is_complete\":true},\"checkout-payment-step\":{\"step_is_reachable\":true,\"step_is_complete\":false},\"checksum\":\"77e1ea6d45664412b0f2566c81be95f504151913\"}'),
(22, 1, 1, 4, '{\"7\":\"4,\"}', 1, 7, 7, 1, 2, 0, '5909400f8b2408cf989cfd531fc68e08', 0, 0, '', 0, 0, '2020-05-21 13:44:24', '2020-05-21 18:07:39', '{\"checkout-personal-information-step\":{\"step_is_reachable\":true,\"step_is_complete\":true},\"checkout-addresses-step\":{\"step_is_reachable\":true,\"step_is_complete\":true,\"use_same_address\":true},\"checkout-delivery-step\":{\"step_is_reachable\":true,\"step_is_complete\":true},\"checkout-payment-step\":{\"step_is_reachable\":true,\"step_is_complete\":false},\"checksum\":\"7531cfd594beb5c77a1513e0c137aed6b8540732\"}'),
(32, 1, 1, 20, '{\"13\":\"20,\"}', 1, 13, 13, 1, 2, 292, '5909400f8b2408cf989cfd531fc68e08', 0, 0, '', 0, 0, '2020-06-02 00:19:29', '2020-06-02 00:20:01', '{\"checkout-personal-information-step\":{\"step_is_reachable\":true,\"step_is_complete\":true},\"checkout-addresses-step\":{\"step_is_reachable\":true,\"step_is_complete\":true,\"use_same_address\":true},\"checkout-delivery-step\":{\"step_is_reachable\":true,\"step_is_complete\":true},\"checkout-payment-step\":{\"step_is_reachable\":true,\"step_is_complete\":false},\"checksum\":\"2874609eb96565857778a465280979bac23579b2\"}'),
(34, 1, 1, 33, '{\"20\":\"33,\"}', 1, 20, 20, 1, 8, 326, 'ffde5312a8ff327dbed0a1840d28920b', 0, 0, '', 0, 0, '2020-06-03 15:31:47', '2020-06-16 12:38:11', '{\"checkout-personal-information-step\":{\"step_is_reachable\":true,\"step_is_complete\":true},\"checkout-addresses-step\":{\"step_is_reachable\":true,\"step_is_complete\":true,\"use_same_address\":true},\"checkout-delivery-step\":{\"step_is_reachable\":true,\"step_is_complete\":true},\"checkout-payment-step\":{\"step_is_reachable\":true,\"step_is_complete\":false},\"checksum\":\"bab28b52f2ac1bec72807ba00d306256be309654\"}'),
(38, 1, 1, 23, '{\"15\":\"23,\"}', 1, 15, 15, 1, 7, 547, '2ddeb26374597137b78421c16715eac7', 0, 0, '', 0, 0, '2020-06-11 15:37:25', '2020-06-11 15:40:43', '{\"checkout-personal-information-step\":{\"step_is_reachable\":true,\"step_is_complete\":true},\"checkout-addresses-step\":{\"step_is_reachable\":true,\"step_is_complete\":true,\"use_same_address\":true},\"checkout-delivery-step\":{\"step_is_reachable\":true,\"step_is_complete\":true},\"checkout-payment-step\":{\"step_is_reachable\":true,\"step_is_complete\":false},\"checksum\":\"5944b6a2223539b4884558dac7a5f359cf78d405\"}'),
(42, 1, 1, 23, '{\"18\":\"23,\"}', 1, 18, 18, 1, 1, 0, 'f5e6cc95fd7785ce7b2dc2a8e83b8dbc', 0, 0, '', 0, 0, '2020-06-15 19:06:48', '2020-06-15 19:36:50', '{\"checkout-personal-information-step\":{\"step_is_reachable\":true,\"step_is_complete\":true},\"checkout-addresses-step\":{\"step_is_reachable\":true,\"step_is_complete\":true,\"use_same_address\":true},\"checkout-delivery-step\":{\"step_is_reachable\":true,\"step_is_complete\":true},\"checkout-payment-step\":{\"step_is_reachable\":true,\"step_is_complete\":false},\"checksum\":\"111f49bb6f109cc937192631fb3531cd1d393b88\"}'),
(69, 1, 1, 39, '{\"23\":\"39,\"}', 1, 23, 23, 1, 14, 0, '0952f0564662e3082d7f8ad7f3546751', 0, 0, '', 0, 0, '2020-06-23 10:38:47', '2020-06-23 10:45:31', '{\"checkout-personal-information-step\":{\"step_is_reachable\":true,\"step_is_complete\":true},\"checkout-addresses-step\":{\"step_is_reachable\":true,\"step_is_complete\":true,\"use_same_address\":true},\"checkout-delivery-step\":{\"step_is_reachable\":true,\"step_is_complete\":true},\"checkout-payment-step\":{\"step_is_reachable\":true,\"step_is_complete\":false},\"checksum\":\"97af4cdd15c1da162acf445e0dc94d14588760b2\"}'),
(73, 1, 1, 39, '{\"24\":\"39,\"}', 1, 24, 24, 1, 16, 0, 'e289c24b84346b186db61bf94bb157db', 0, 0, '', 0, 0, '2020-06-24 18:40:08', '2020-06-25 15:45:31', '{\"checkout-personal-information-step\":{\"step_is_reachable\":true,\"step_is_complete\":true},\"checkout-addresses-step\":{\"step_is_reachable\":true,\"step_is_complete\":true,\"use_same_address\":true},\"checkout-delivery-step\":{\"step_is_reachable\":true,\"step_is_complete\":true},\"checkout-payment-step\":{\"step_is_reachable\":true,\"step_is_complete\":false},\"checksum\":\"0cf960bbfee822f96cd5c4cec18d9c2f24a6d8cc\"}'),
(89, 1, 1, 39, '{\"26\":\"39,\"}', 1, 26, 26, 1, 18, 0, '7c01790cc203d6e864085d364242c3ee', 0, 0, '', 0, 0, '2020-07-03 17:30:42', '2020-07-05 01:29:55', '{\"checkout-personal-information-step\":{\"step_is_reachable\":true,\"step_is_complete\":true},\"checkout-addresses-step\":{\"step_is_reachable\":true,\"step_is_complete\":true,\"use_same_address\":true},\"checkout-delivery-step\":{\"step_is_reachable\":true,\"step_is_complete\":true},\"checkout-payment-step\":{\"step_is_reachable\":true,\"step_is_complete\":false},\"checksum\":\"1750f441302ac7b3e743f969ecaadf8efc60d2c1\"}'),
(109, 1, 1, 39, '{\"28\":\"39,\"}', 1, 28, 28, 1, 21, 0, 'b1ba9e0300d39acb37431d5e81b294a0', 0, 0, '', 0, 0, '2020-07-18 15:37:35', '2020-07-18 15:59:53', '{\"checkout-personal-information-step\":{\"step_is_reachable\":true,\"step_is_complete\":true},\"checkout-addresses-step\":{\"step_is_reachable\":true,\"step_is_complete\":true,\"use_same_address\":true},\"checkout-delivery-step\":{\"step_is_reachable\":true,\"step_is_complete\":true},\"checkout-payment-step\":{\"step_is_reachable\":true,\"step_is_complete\":false},\"checksum\":\"149f55e2f3aaed4599c8d91f4c874c65dabadb00\"}'),
(112, 1, 1, 39, '{\"30\":\"39,\"}', 1, 30, 30, 1, 22, 0, '7c5f734cb214759dd3350d79d69f8067', 0, 0, '', 0, 0, '2020-07-29 04:22:12', '2020-07-29 20:04:25', '{\"checkout-personal-information-step\":{\"step_is_reachable\":true,\"step_is_complete\":true},\"checkout-addresses-step\":{\"step_is_reachable\":true,\"step_is_complete\":true,\"use_same_address\":true},\"checkout-delivery-step\":{\"step_is_reachable\":true,\"step_is_complete\":true},\"checkout-payment-step\":{\"step_is_reachable\":true,\"step_is_complete\":false},\"checksum\":\"e8953f6dbcc0e45e35dde84c113c2da56369e016\"}'),
(123, 1, 1, 39, '{\"19\":\"39,\"}', 1, 19, 19, 1, 1, 0, 'f5e6cc95fd7785ce7b2dc2a8e83b8dbc', 0, 0, '', 0, 0, '2020-08-13 12:23:08', '2020-08-18 18:51:24', '{\"checkout-personal-information-step\":{\"step_is_reachable\":true,\"step_is_complete\":true},\"checkout-addresses-step\":{\"step_is_reachable\":true,\"step_is_complete\":true,\"use_same_address\":true},\"checkout-delivery-step\":{\"step_is_reachable\":true,\"step_is_complete\":true},\"checkout-payment-step\":{\"step_is_reachable\":true,\"step_is_complete\":false},\"checksum\":\"a218c61fbf21dda482afb56160a47104e95854c9\"}'),
(133, 1, 1, 39, '{\"34\":\"39,\"}', 1, 34, 34, 1, 27, 0, '24eb9ef473af4cb561fd7088e849faf7', 0, 0, '', 0, 0, '2020-08-22 18:11:27', '2020-08-22 18:24:03', '{\"checkout-personal-information-step\":{\"step_is_reachable\":true,\"step_is_complete\":true},\"checkout-addresses-step\":{\"step_is_reachable\":true,\"step_is_complete\":true,\"use_same_address\":true},\"checkout-delivery-step\":{\"step_is_reachable\":true,\"step_is_complete\":true},\"checkout-payment-step\":{\"step_is_reachable\":true,\"step_is_complete\":false},\"checksum\":\"f9a4c562b9811f6f3170cab5c8e04276671bb8da\"}'),
(137, 1, 1, 39, '{\"35\":\"39,\"}', 1, 35, 35, 1, 28, 0, '453b266845ff5e8f51f9f128d58c754c', 0, 0, '', 0, 0, '2020-08-25 11:45:43', '2020-08-25 12:33:03', '{\"checkout-personal-information-step\":{\"step_is_reachable\":true,\"step_is_complete\":true},\"checkout-addresses-step\":{\"step_is_reachable\":true,\"step_is_complete\":true,\"use_same_address\":true},\"checkout-delivery-step\":{\"step_is_reachable\":true,\"step_is_complete\":true},\"checkout-payment-step\":{\"step_is_reachable\":true,\"step_is_complete\":false},\"checksum\":\"c332a24b03e29176fd95cd6440ec11b226886426\"}'),
(138, 1, 1, 39, '{\"13\":\"39,\"}', 1, 13, 13, 1, 2, 0, '5909400f8b2408cf989cfd531fc68e08', 0, 0, '', 0, 0, '2020-08-25 12:55:48', '2020-08-25 13:20:10', '{\"checkout-personal-information-step\":{\"step_is_reachable\":true,\"step_is_complete\":true},\"checkout-addresses-step\":{\"step_is_reachable\":true,\"step_is_complete\":true,\"use_same_address\":true},\"checkout-delivery-step\":{\"step_is_reachable\":true,\"step_is_complete\":true},\"checkout-payment-step\":{\"step_is_reachable\":true,\"step_is_complete\":false},\"checksum\":\"d9ee41297720091c786df2c92bce76053ebcaebd\"}'),
(139, 1, 1, 39, '{\"13\":\"39,\"}', 1, 13, 13, 1, 2, 0, '5909400f8b2408cf989cfd531fc68e08', 0, 0, '', 0, 0, '2020-08-25 19:25:05', '2020-08-31 19:43:00', '{\"checkout-personal-information-step\":{\"step_is_reachable\":true,\"step_is_complete\":true},\"checkout-addresses-step\":{\"step_is_reachable\":true,\"step_is_complete\":true,\"use_same_address\":true},\"checkout-delivery-step\":{\"step_is_reachable\":true,\"step_is_complete\":true},\"checkout-payment-step\":{\"step_is_reachable\":true,\"step_is_complete\":false},\"checksum\":\"fe77b852e64ef690ac7aaa8dca74b34605f62d2d\"}'),
(140, 1, 1, 0, '', 1, 0, 0, 1, 0, 0, '', 0, 0, '', 0, 0, '2020-08-26 02:36:34', '2020-08-26 06:18:24', NULL),
(141, 1, 1, 0, '', 1, 0, 0, 1, 0, 0, '', 0, 0, '', 0, 0, '2020-08-26 06:18:56', '2020-08-26 06:19:04', NULL),
(142, 1, 1, 0, '', 1, 0, 0, 1, 0, 0, '', 0, 0, '', 0, 0, '2020-08-27 21:35:03', '2020-08-27 21:35:26', NULL),
(143, 1, 1, 0, '', 1, 0, 0, 1, 0, 0, '', 0, 0, '', 0, 0, '2020-08-28 17:50:08', '2020-08-28 17:50:08', NULL),
(144, 1, 1, 0, '', 1, 0, 0, 1, 0, 0, '', 0, 0, '', 0, 0, '2020-08-29 12:03:04', '2020-08-29 12:03:43', NULL),
(145, 1, 1, 0, '', 1, 0, 0, 1, 29, 0, '2b9a45fca031adf22362077448805a66', 0, 0, '', 0, 0, '2020-08-30 10:09:57', '2020-08-30 12:32:22', NULL),
(146, 1, 1, 39, '{\"13\":\"39,\"}', 1, 13, 13, 1, 2, 0, '5909400f8b2408cf989cfd531fc68e08', 0, 0, '', 0, 0, '2020-08-31 19:48:12', '2020-09-01 19:09:55', '{\"checkout-personal-information-step\":{\"step_is_reachable\":true,\"step_is_complete\":true},\"checkout-addresses-step\":{\"step_is_reachable\":true,\"step_is_complete\":true,\"use_same_address\":true},\"checkout-delivery-step\":{\"step_is_reachable\":true,\"step_is_complete\":true},\"checkout-payment-step\":{\"step_is_reachable\":true,\"step_is_complete\":false},\"checksum\":\"048e4e692f0c33bd49ff4e738d25d9e011768cae\"}'),
(147, 1, 1, 39, '{\"13\":\"39,\"}', 1, 13, 13, 1, 2, 0, '5909400f8b2408cf989cfd531fc68e08', 0, 0, '', 0, 0, '2020-08-31 19:51:32', '2020-08-31 19:55:29', '{\"checkout-personal-information-step\":{\"step_is_reachable\":true,\"step_is_complete\":true},\"checkout-addresses-step\":{\"step_is_reachable\":true,\"step_is_complete\":true,\"use_same_address\":true},\"checkout-delivery-step\":{\"step_is_reachable\":true,\"step_is_complete\":true},\"checkout-payment-step\":{\"step_is_reachable\":true,\"step_is_complete\":false},\"checksum\":\"fce8e0567d7dfbc683e15c4b098cbb97f92357ab\"}'),
(148, 1, 1, 0, '', 1, 13, 13, 1, 2, 0, '5909400f8b2408cf989cfd531fc68e08', 0, 0, '', 0, 0, '2020-08-31 19:56:43', '2020-08-31 19:56:43', NULL),
(149, 1, 1, 39, '{\"36\":\"39,\"}', 1, 36, 36, 1, 30, 0, '9d058561793263eb75419b7789a2596d', 0, 0, '', 0, 0, '2020-08-31 23:17:59', '2020-09-01 00:53:17', '{\"checkout-personal-information-step\":{\"step_is_reachable\":true,\"step_is_complete\":true},\"checkout-addresses-step\":{\"step_is_reachable\":true,\"step_is_complete\":true,\"use_same_address\":true},\"checkout-delivery-step\":{\"step_is_reachable\":true,\"step_is_complete\":true},\"checkout-payment-step\":{\"step_is_reachable\":true,\"step_is_complete\":false},\"checksum\":\"01ce13ebb6451f84db1dcbc8e3e766c7c24566ee\"}'),
(150, 1, 1, 39, '{\"13\":\"39,\"}', 1, 13, 13, 1, 2, 0, '5909400f8b2408cf989cfd531fc68e08', 0, 0, '', 0, 0, '2020-09-01 19:11:29', '2020-09-01 19:11:51', '{\"checkout-personal-information-step\":{\"step_is_reachable\":true,\"step_is_complete\":true},\"checkout-addresses-step\":{\"step_is_reachable\":true,\"step_is_complete\":true,\"use_same_address\":true},\"checkout-delivery-step\":{\"step_is_reachable\":true,\"step_is_complete\":true},\"checkout-payment-step\":{\"step_is_reachable\":true,\"step_is_complete\":false},\"checksum\":\"ce94e665012a6383cfeb6ce765a1df5abefb5083\"}'),
(151, 1, 1, 39, '{\"13\":\"39,\"}', 1, 13, 13, 1, 2, 0, '5909400f8b2408cf989cfd531fc68e08', 0, 0, '', 0, 0, '2020-09-01 19:13:40', '2020-09-01 19:13:53', '{\"checkout-personal-information-step\":{\"step_is_reachable\":true,\"step_is_complete\":true},\"checkout-addresses-step\":{\"step_is_reachable\":true,\"step_is_complete\":true,\"use_same_address\":true},\"checkout-delivery-step\":{\"step_is_reachable\":true,\"step_is_complete\":true},\"checkout-payment-step\":{\"step_is_reachable\":true,\"step_is_complete\":false},\"checksum\":\"ce94e665012a6383cfeb6ce765a1df5abefb5083\"}'),
(152, 1, 1, 39, '{\"13\":\"39,\"}', 1, 13, 13, 1, 2, 0, '5909400f8b2408cf989cfd531fc68e08', 0, 0, '', 0, 0, '2020-09-01 19:18:17', '2020-09-01 19:18:33', '{\"checkout-personal-information-step\":{\"step_is_reachable\":true,\"step_is_complete\":true},\"checkout-addresses-step\":{\"step_is_reachable\":true,\"step_is_complete\":true,\"use_same_address\":true},\"checkout-delivery-step\":{\"step_is_reachable\":true,\"step_is_complete\":true},\"checkout-payment-step\":{\"step_is_reachable\":true,\"step_is_complete\":false},\"checksum\":\"048e4e692f0c33bd49ff4e738d25d9e011768cae\"}'),
(153, 1, 1, 39, '{\"13\":\"39,\"}', 1, 13, 13, 1, 2, 0, '5909400f8b2408cf989cfd531fc68e08', 0, 0, '', 0, 0, '2020-09-01 19:19:22', '2020-09-01 19:21:34', '{\"checkout-personal-information-step\":{\"step_is_reachable\":true,\"step_is_complete\":true},\"checkout-addresses-step\":{\"step_is_reachable\":true,\"step_is_complete\":true,\"use_same_address\":true},\"checkout-delivery-step\":{\"step_is_reachable\":true,\"step_is_complete\":true},\"checkout-payment-step\":{\"step_is_reachable\":true,\"step_is_complete\":false},\"checksum\":\"048e4e692f0c33bd49ff4e738d25d9e011768cae\"}'),
(154, 1, 1, 39, '{\"13\":\"39,\"}', 1, 13, 13, 1, 2, 0, '5909400f8b2408cf989cfd531fc68e08', 0, 0, '', 0, 0, '2020-09-01 19:22:34', '2020-09-01 19:22:57', '{\"checkout-personal-information-step\":{\"step_is_reachable\":true,\"step_is_complete\":true},\"checkout-addresses-step\":{\"step_is_reachable\":true,\"step_is_complete\":true,\"use_same_address\":true},\"checkout-delivery-step\":{\"step_is_reachable\":true,\"step_is_complete\":true},\"checkout-payment-step\":{\"step_is_reachable\":true,\"step_is_complete\":false},\"checksum\":\"048e4e692f0c33bd49ff4e738d25d9e011768cae\"}'),
(155, 1, 1, 39, '{\"13\":\"39,\"}', 1, 13, 13, 1, 2, 0, '5909400f8b2408cf989cfd531fc68e08', 0, 0, '', 0, 0, '2020-09-01 19:27:04', '2020-09-01 19:27:23', '{\"checkout-personal-information-step\":{\"step_is_reachable\":true,\"step_is_complete\":true},\"checkout-addresses-step\":{\"step_is_reachable\":true,\"step_is_complete\":true,\"use_same_address\":true},\"checkout-delivery-step\":{\"step_is_reachable\":true,\"step_is_complete\":true},\"checkout-payment-step\":{\"step_is_reachable\":true,\"step_is_complete\":false},\"checksum\":\"7b61450e5f0eb9a0f2fe541ec446196d4a387ab3\"}'),
(156, 1, 1, 0, '', 1, 36, 36, 1, 30, 0, '9d058561793263eb75419b7789a2596d', 0, 0, '', 0, 0, '2020-09-01 20:49:43', '2020-09-01 20:49:48', NULL),
(157, 1, 1, 39, '{\"39\":\"39,\"}', 1, 39, 39, 1, 31, 0, '5b7fe7eb2a79c846f18d7a67116f876e', 0, 0, '', 0, 0, '2020-09-02 04:53:50', '2020-09-02 04:55:48', '{\"checkout-personal-information-step\":{\"step_is_reachable\":true,\"step_is_complete\":true},\"checkout-addresses-step\":{\"step_is_reachable\":true,\"step_is_complete\":true,\"use_same_address\":true},\"checkout-delivery-step\":{\"step_is_reachable\":true,\"step_is_complete\":true},\"checkout-payment-step\":{\"step_is_reachable\":true,\"step_is_complete\":false},\"checksum\":\"e3dcf204bc437d58d2b72ac35b59224c39eed6d3\"}'),
(158, 1, 1, 39, '{\"13\":\"39,\"}', 1, 13, 13, 1, 2, 0, '5909400f8b2408cf989cfd531fc68e08', 0, 0, '', 0, 0, '2020-09-02 05:39:15', '2020-09-02 05:39:51', '{\"checkout-personal-information-step\":{\"step_is_reachable\":true,\"step_is_complete\":true},\"checkout-addresses-step\":{\"step_is_reachable\":true,\"step_is_complete\":true,\"use_same_address\":true},\"checkout-delivery-step\":{\"step_is_reachable\":true,\"step_is_complete\":true},\"checkout-payment-step\":{\"step_is_reachable\":true,\"step_is_complete\":false},\"checksum\":\"7b61450e5f0eb9a0f2fe541ec446196d4a387ab3\"}'),
(159, 1, 1, 0, '', 1, 40, 40, 1, 32, 0, '22f0a4d3e95450213aa7d6df64810f47', 0, 0, '', 0, 0, '2020-09-02 11:12:58', '2020-09-02 11:15:52', '{\"checkout-personal-information-step\":{\"step_is_reachable\":true,\"step_is_complete\":true},\"checkout-addresses-step\":{\"step_is_reachable\":true,\"step_is_complete\":true,\"use_same_address\":true},\"checkout-delivery-step\":{\"step_is_reachable\":true,\"step_is_complete\":false},\"checkout-payment-step\":{\"step_is_reachable\":false,\"step_is_complete\":false},\"checksum\":\"3e1024560bdfa87fb3bae4dc3dd71528ec3cf498\"}'),
(160, 1, 1, 39, '{\"39\":\"39,\"}', 1, 39, 39, 1, 31, 0, '5b7fe7eb2a79c846f18d7a67116f876e', 0, 0, '', 0, 0, '2020-09-03 06:15:33', '2020-09-03 06:17:02', '{\"checkout-personal-information-step\":{\"step_is_reachable\":true,\"step_is_complete\":true},\"checkout-addresses-step\":{\"step_is_reachable\":true,\"step_is_complete\":true,\"use_same_address\":true},\"checkout-delivery-step\":{\"step_is_reachable\":true,\"step_is_complete\":true},\"checkout-payment-step\":{\"step_is_reachable\":true,\"step_is_complete\":false},\"checksum\":\"e3dcf204bc437d58d2b72ac35b59224c39eed6d3\"}'),
(161, 1, 1, 0, '', 1, 39, 39, 1, 31, 0, '5b7fe7eb2a79c846f18d7a67116f876e', 0, 0, '', 0, 0, '2020-09-03 06:19:22', '2020-09-19 03:31:21', NULL),
(162, 1, 1, 39, '{\"13\":\"39,\"}', 1, 13, 13, 1, 2, 0, '5909400f8b2408cf989cfd531fc68e08', 0, 0, '', 0, 0, '2020-09-07 19:45:45', '2020-09-07 20:02:31', '{\"checkout-personal-information-step\":{\"step_is_reachable\":true,\"step_is_complete\":true},\"checkout-addresses-step\":{\"step_is_reachable\":true,\"step_is_complete\":true,\"use_same_address\":true},\"checkout-delivery-step\":{\"step_is_reachable\":true,\"step_is_complete\":true},\"checkout-payment-step\":{\"step_is_reachable\":true,\"step_is_complete\":false},\"checksum\":\"c7259dd2a0d99165ef432cc5d34fed159b2295b5\"}'),
(163, 1, 1, 39, '{\"13\":\"39,\"}', 1, 13, 13, 1, 2, 0, '5909400f8b2408cf989cfd531fc68e08', 0, 0, '', 0, 0, '2020-09-07 20:05:23', '2020-09-07 20:30:42', '{\"checkout-personal-information-step\":{\"step_is_reachable\":true,\"step_is_complete\":true},\"checkout-addresses-step\":{\"step_is_reachable\":true,\"step_is_complete\":true,\"use_same_address\":true},\"checkout-delivery-step\":{\"step_is_reachable\":true,\"step_is_complete\":true},\"checkout-payment-step\":{\"step_is_reachable\":true,\"step_is_complete\":false},\"checksum\":\"49ef3292f5e468e250f5df68938b0d7c6824e06a\"}'),
(164, 1, 1, 39, '{\"13\":\"39,\"}', 1, 13, 13, 1, 2, 0, '5909400f8b2408cf989cfd531fc68e08', 0, 0, '', 0, 0, '2020-09-08 06:10:12', '2020-09-08 09:44:53', '{\"checkout-personal-information-step\":{\"step_is_reachable\":true,\"step_is_complete\":true},\"checkout-addresses-step\":{\"step_is_reachable\":true,\"step_is_complete\":true,\"use_same_address\":true},\"checkout-delivery-step\":{\"step_is_reachable\":true,\"step_is_complete\":true},\"checkout-payment-step\":{\"step_is_reachable\":true,\"step_is_complete\":false},\"checksum\":\"450d557ca1ce68e0f3485c86246fc52fe0d5d7f0\"}'),
(165, 0, 1, 0, '', 1, 3, 3, 1, 0, 0, '', 0, 0, '', 0, 0, '2020-09-08 09:45:39', '2020-09-08 09:45:39', NULL),
(166, 1, 1, 39, '{\"13\":\"39,\"}', 1, 13, 13, 1, 2, 0, '5909400f8b2408cf989cfd531fc68e08', 0, 0, '', 0, 0, '2020-09-08 10:13:07', '2020-09-08 10:24:43', '{\"checkout-personal-information-step\":{\"step_is_reachable\":true,\"step_is_complete\":true},\"checkout-addresses-step\":{\"step_is_reachable\":true,\"step_is_complete\":true,\"use_same_address\":true},\"checkout-delivery-step\":{\"step_is_reachable\":true,\"step_is_complete\":true},\"checkout-payment-step\":{\"step_is_reachable\":true,\"step_is_complete\":false},\"checksum\":\"f10c8d6ddce2bbd9c9193a26e72f037014fa4e62\"}'),
(167, 1, 1, 0, '', 1, 0, 0, 1, 0, 0, '', 0, 0, '', 0, 0, '2020-09-08 11:39:21', '2020-09-08 11:43:46', NULL),
(168, 1, 1, 0, '', 1, 13, 13, 1, 2, 0, '5909400f8b2408cf989cfd531fc68e08', 0, 0, '', 0, 0, '2020-09-08 11:40:57', '2020-09-08 11:40:57', NULL),
(169, 1, 1, 0, '', 1, 0, 0, 1, 0, 0, '', 0, 0, '', 0, 0, '2020-09-14 15:37:42', '2020-09-14 15:39:09', '{\"checkout-personal-information-step\":{\"step_is_reachable\":true,\"step_is_complete\":false},\"checkout-addresses-step\":{\"step_is_reachable\":false,\"step_is_complete\":false,\"use_same_address\":true},\"checkout-delivery-step\":{\"step_is_reachable\":false,\"step_is_complete\":false},\"checkout-payment-step\":{\"step_is_reachable\":false,\"step_is_complete\":false},\"checksum\":null}'),
(170, 1, 1, 0, '', 1, 13, 13, 1, 2, 0, '5909400f8b2408cf989cfd531fc68e08', 0, 0, '', 0, 0, '2020-09-15 16:54:01', '2020-09-15 19:12:31', NULL),
(171, 1, 1, 0, '', 1, 0, 0, 1, 0, 0, '', 0, 0, '', 0, 0, '2020-09-18 18:08:25', '2020-09-18 18:08:36', NULL),
(172, 1, 1, 0, '', 1, 0, 0, 1, 0, 0, '', 0, 0, '', 0, 0, '2020-09-19 03:32:23', '2020-09-19 03:36:57', NULL),
(173, 1, 1, 0, '', 1, 0, 0, 1, 0, 0, '', 0, 0, '', 0, 0, '2020-09-21 19:13:13', '2020-09-21 19:13:13', NULL),
(174, 1, 1, 0, '', 1, 0, 0, 1, 33, 0, '937b209ada848ea132b71187254017df', 0, 0, '', 0, 0, '2020-09-21 21:51:43', '2020-09-21 21:53:37', '{\"checkout-personal-information-step\":{\"step_is_reachable\":true,\"step_is_complete\":true},\"checkout-addresses-step\":{\"step_is_reachable\":true,\"step_is_complete\":false,\"use_same_address\":true},\"checkout-delivery-step\":{\"step_is_reachable\":false,\"step_is_complete\":false},\"checkout-payment-step\":{\"step_is_reachable\":false,\"step_is_complete\":false},\"checksum\":null}'),
(175, 1, 1, 39, '{\"41\":\"39,\"}', 1, 41, 41, 1, 34, 0, 'bf52b8cca5e192bb7aca123cef60aa6b', 0, 0, '', 0, 0, '2020-09-24 11:50:54', '2020-09-24 19:19:13', '{\"checkout-personal-information-step\":{\"step_is_reachable\":true,\"step_is_complete\":true},\"checkout-addresses-step\":{\"step_is_reachable\":true,\"step_is_complete\":true,\"use_same_address\":true},\"checkout-delivery-step\":{\"step_is_reachable\":true,\"step_is_complete\":true},\"checkout-payment-step\":{\"step_is_reachable\":true,\"step_is_complete\":false},\"checksum\":\"2c5170e4443408830879a6c642d26e5c4f45c291\"}'),
(176, 1, 1, 39, '{\"42\":\"39,\"}', 1, 42, 42, 1, 35, 0, 'c52215c2b21b90c3e45fa009a166035d', 0, 0, '', 0, 0, '2020-09-27 14:55:57', '2020-09-27 14:59:11', '{\"checkout-personal-information-step\":{\"step_is_reachable\":true,\"step_is_complete\":true},\"checkout-addresses-step\":{\"step_is_reachable\":true,\"step_is_complete\":true,\"use_same_address\":true},\"checkout-delivery-step\":{\"step_is_reachable\":true,\"step_is_complete\":true},\"checkout-payment-step\":{\"step_is_reachable\":true,\"step_is_complete\":false},\"checksum\":\"6f084d4d2a0cd5ab6aea480629f12baf4c396c79\"}'),
(177, 1, 1, 0, '', 1, 0, 0, 1, 0, 0, '', 0, 0, '', 0, 0, '2020-09-29 15:04:56', '2020-09-29 15:04:56', '{\"checkout-personal-information-step\":{\"step_is_reachable\":true,\"step_is_complete\":false},\"checkout-addresses-step\":{\"step_is_reachable\":false,\"step_is_complete\":false,\"use_same_address\":true},\"checkout-delivery-step\":{\"step_is_reachable\":false,\"step_is_complete\":false},\"checkout-payment-step\":{\"step_is_reachable\":false,\"step_is_complete\":false},\"checksum\":null}'),
(178, 1, 1, 0, '', 1, 43, 43, 1, 36, 0, 'd40f1b541991b732a45e01db62864560', 0, 0, '', 0, 0, '2020-09-30 19:00:47', '2020-09-30 20:11:55', '{\"checkout-personal-information-step\":{\"step_is_reachable\":true,\"step_is_complete\":true},\"checkout-addresses-step\":{\"step_is_reachable\":true,\"step_is_complete\":true,\"use_same_address\":true},\"checkout-delivery-step\":{\"step_is_reachable\":true,\"step_is_complete\":false},\"checkout-payment-step\":{\"step_is_reachable\":false,\"step_is_complete\":false},\"checksum\":\"0bb23a982f1d16783958b65671de87b17f2c2a2c\"}'),
(179, 1, 1, 0, '', 1, 0, 0, 1, 0, 0, '', 0, 0, '', 0, 0, '2020-10-03 11:11:40', '2020-10-03 11:11:40', NULL),
(180, 1, 1, 0, '', 1, 0, 0, 1, 0, 0, '', 0, 0, '', 0, 0, '2020-10-04 11:50:02', '2020-11-15 17:04:35', NULL),
(181, 1, 1, 0, '', 1, 0, 0, 1, 0, 0, '', 0, 0, '', 0, 0, '2020-10-06 12:58:05', '2020-10-06 12:58:05', NULL),
(182, 1, 1, 0, '', 1, 0, 0, 1, 0, 0, '', 0, 0, '', 0, 0, '2020-10-07 12:49:59', '2020-10-07 12:49:59', NULL),
(183, 1, 1, 0, '', 1, 0, 0, 1, 0, 0, '', 0, 0, '', 0, 0, '2020-10-07 18:50:10', '2020-10-07 18:50:10', NULL),
(184, 1, 1, 0, '', 1, 0, 0, 1, 0, 0, '', 0, 0, '', 0, 0, '2020-10-08 12:01:09', '2020-10-08 17:21:10', NULL),
(185, 1, 1, 0, '', 1, 0, 0, 1, 0, 0, '', 0, 0, '', 0, 0, '2020-10-09 08:13:04', '2020-10-09 08:13:04', NULL),
(186, 1, 1, 0, '', 1, 0, 0, 1, 0, 0, '', 0, 0, '', 0, 0, '2020-10-11 16:24:30', '2020-10-11 16:24:30', NULL),
(187, 1, 1, 0, '', 1, 0, 0, 1, 0, 0, '', 0, 0, '', 0, 0, '2020-10-12 21:17:36', '2020-10-12 21:18:46', NULL),
(188, 1, 1, 0, '', 1, 0, 0, 1, 0, 0, '', 0, 0, '', 0, 0, '2020-10-13 17:53:10', '2020-10-13 17:53:10', NULL),
(189, 1, 1, 0, '', 1, 0, 0, 1, 0, 0, '', 0, 0, '', 0, 0, '2020-10-13 19:52:19', '2020-10-13 19:52:19', '{\"checkout-personal-information-step\":{\"step_is_reachable\":true,\"step_is_complete\":false},\"checkout-addresses-step\":{\"step_is_reachable\":false,\"step_is_complete\":false,\"use_same_address\":true},\"checkout-delivery-step\":{\"step_is_reachable\":false,\"step_is_complete\":false},\"checkout-payment-step\":{\"step_is_reachable\":false,\"step_is_complete\":false},\"checksum\":null}'),
(190, 1, 1, 0, '', 1, 0, 0, 1, 0, 0, '', 0, 0, '', 0, 0, '2020-10-14 19:51:21', '2020-10-23 16:18:08', NULL),
(191, 1, 1, 0, '', 1, 0, 0, 1, 0, 0, '', 0, 0, '', 0, 0, '2020-10-16 22:52:51', '2020-10-16 22:52:51', NULL),
(192, 1, 1, 0, '', 1, 0, 0, 1, 0, 0, '', 0, 0, '', 0, 0, '2020-10-17 11:09:20', '2020-10-17 11:09:20', NULL),
(193, 1, 1, 0, '', 1, 0, 0, 1, 0, 0, '', 0, 0, '', 0, 0, '2020-10-19 21:58:47', '2020-10-19 21:58:47', NULL),
(194, 1, 1, 0, '', 1, 0, 0, 1, 0, 0, '', 0, 0, '', 0, 0, '2020-10-20 00:00:14', '2020-10-20 00:00:14', NULL),
(195, 1, 1, 0, '', 1, 0, 0, 1, 0, 0, '', 0, 0, '', 0, 0, '2020-10-20 02:46:20', '2020-10-20 02:46:20', '{\"checkout-personal-information-step\":{\"step_is_reachable\":true,\"step_is_complete\":false},\"checkout-addresses-step\":{\"step_is_reachable\":false,\"step_is_complete\":false,\"use_same_address\":true},\"checkout-delivery-step\":{\"step_is_reachable\":false,\"step_is_complete\":false},\"checkout-payment-step\":{\"step_is_reachable\":false,\"step_is_complete\":false},\"checksum\":null}'),
(196, 1, 1, 0, '', 1, 0, 0, 1, 0, 0, '', 0, 0, '', 0, 0, '2020-10-20 16:26:35', '2020-10-20 16:26:35', NULL),
(197, 1, 1, 0, '', 1, 0, 0, 1, 0, 0, '', 0, 0, '', 0, 0, '2020-10-20 16:26:36', '2020-10-20 16:26:36', NULL),
(198, 1, 1, 0, '', 1, 0, 0, 1, 0, 0, '', 0, 0, '', 0, 0, '2020-10-20 16:26:36', '2020-10-20 16:26:36', NULL),
(199, 1, 1, 0, '', 1, 0, 0, 1, 0, 0, '', 0, 0, '', 0, 0, '2020-10-20 16:26:37', '2020-10-20 16:26:37', NULL),
(200, 1, 1, 0, '', 1, 0, 0, 1, 0, 0, '', 0, 0, '', 0, 0, '2020-10-20 16:26:37', '2020-10-20 16:26:37', NULL),
(201, 1, 1, 0, '', 1, 0, 0, 1, 0, 0, '', 0, 0, '', 0, 0, '2020-10-20 16:26:37', '2020-10-20 16:26:37', NULL),
(202, 1, 1, 0, '', 1, 0, 0, 1, 0, 0, '', 0, 0, '', 0, 0, '2020-10-20 18:12:09', '2020-10-20 18:12:09', NULL),
(203, 1, 1, 0, '', 1, 0, 0, 1, 0, 0, '', 0, 0, '', 0, 0, '2020-10-20 19:02:20', '2020-10-20 19:02:20', NULL),
(204, 1, 1, 0, '', 1, 0, 0, 1, 0, 0, '', 0, 0, '', 0, 0, '2020-10-21 19:44:35', '2020-10-21 19:44:35', NULL),
(205, 1, 1, 39, '{\"44\":\"39,\"}', 1, 44, 44, 1, 37, 0, 'e28b61e39ae1191ca12764612f0be204', 0, 0, '', 0, 0, '2020-10-21 23:02:22', '2020-10-21 23:31:49', '{\"checkout-personal-information-step\":{\"step_is_reachable\":true,\"step_is_complete\":true},\"checkout-addresses-step\":{\"step_is_reachable\":true,\"step_is_complete\":true,\"use_same_address\":true},\"checkout-delivery-step\":{\"step_is_reachable\":true,\"step_is_complete\":true},\"checkout-payment-step\":{\"step_is_reachable\":true,\"step_is_complete\":false},\"checksum\":\"e475578850218536e60c715b38186ddad5dc17e8\"}'),
(206, 1, 1, 0, '', 1, 0, 0, 1, 0, 0, '', 0, 0, '', 0, 0, '2020-10-21 23:23:16', '2020-10-21 23:23:16', NULL),
(207, 1, 1, 0, '', 1, 0, 0, 1, 0, 0, '', 0, 0, '', 0, 0, '2020-10-22 06:53:19', '2020-10-22 06:53:19', NULL),
(208, 1, 1, 40, '{\"13\":\"40,\"}', 1, 13, 13, 1, 2, 0, '5909400f8b2408cf989cfd531fc68e08', 0, 0, '', 0, 0, '2020-10-22 10:39:09', '2020-10-22 10:50:26', '{\"checkout-personal-information-step\":{\"step_is_reachable\":true,\"step_is_complete\":true},\"checkout-addresses-step\":{\"step_is_reachable\":true,\"step_is_complete\":true,\"use_same_address\":true},\"checkout-delivery-step\":{\"step_is_reachable\":true,\"step_is_complete\":true},\"checkout-payment-step\":{\"step_is_reachable\":true,\"step_is_complete\":false},\"checksum\":\"814e0677d30e72678520b97e6ce67a1e64128e73\"}'),
(209, 1, 1, 0, '', 1, 0, 0, 1, 0, 0, '', 0, 0, '', 0, 0, '2020-10-23 10:59:50', '2020-10-23 10:59:50', NULL),
(210, 1, 1, 0, '', 1, 0, 0, 1, 0, 0, '', 0, 0, '', 0, 0, '2020-10-23 23:02:31', '2020-10-23 23:02:31', NULL),
(211, 1, 1, 0, '', 1, 0, 0, 1, 38, 0, '9f466b9396284824a84519cff5afa4cd', 0, 0, '', 0, 0, '2020-10-24 14:30:20', '2020-10-24 14:39:49', NULL),
(212, 1, 1, 0, '', 1, 0, 0, 1, 0, 0, '', 0, 0, '', 0, 0, '2020-10-25 18:18:10', '2020-10-25 18:18:10', NULL),
(213, 1, 1, 40, '{\"45\":\"40,\"}', 1, 45, 45, 1, 39, 0, 'a33411b48ef13bf27baf162faeb08739', 0, 0, '', 0, 0, '2020-10-26 00:13:31', '2020-10-26 00:25:18', '{\"checkout-personal-information-step\":{\"step_is_reachable\":true,\"step_is_complete\":true},\"checkout-addresses-step\":{\"step_is_reachable\":true,\"step_is_complete\":true,\"use_same_address\":true},\"checkout-delivery-step\":{\"step_is_reachable\":true,\"step_is_complete\":true},\"checkout-payment-step\":{\"step_is_reachable\":true,\"step_is_complete\":false},\"checksum\":\"497734320a2fab29e57b4ccc968a6ce6036c5891\"}'),
(214, 1, 1, 40, '{\"46\":\"40,\"}', 1, 46, 46, 1, 40, 0, 'f434d8366080ee6d17089653925b80e2', 0, 0, '', 0, 0, '2020-10-27 10:43:04', '2020-10-27 13:28:38', '{\"checkout-personal-information-step\":{\"step_is_reachable\":true,\"step_is_complete\":true},\"checkout-addresses-step\":{\"step_is_reachable\":true,\"step_is_complete\":true,\"use_same_address\":true},\"checkout-delivery-step\":{\"step_is_reachable\":true,\"step_is_complete\":true},\"checkout-payment-step\":{\"step_is_reachable\":true,\"step_is_complete\":false},\"checksum\":\"9764eb43013472cf5fffe79fe8f0e2c77774930e\"}'),
(215, 1, 1, 40, '{\"47\":\"40,\"}', 1, 47, 47, 1, 41, 0, '3de8b10b4c02459caa8238971245e926', 0, 0, '', 0, 0, '2020-10-27 18:31:18', '2020-10-27 18:34:15', '{\"checkout-personal-information-step\":{\"step_is_reachable\":true,\"step_is_complete\":true},\"checkout-addresses-step\":{\"step_is_reachable\":true,\"step_is_complete\":true,\"use_same_address\":true},\"checkout-delivery-step\":{\"step_is_reachable\":true,\"step_is_complete\":true},\"checkout-payment-step\":{\"step_is_reachable\":true,\"step_is_complete\":false},\"checksum\":\"ce4e11340b471d971c3083cbd764ac54fe429c34\"}'),
(216, 1, 1, 0, '', 1, 0, 0, 1, 42, 0, '0c2c9b19c2f379fcea4e7221ce0aea74', 0, 0, '', 0, 0, '2020-10-27 21:14:23', '2020-10-27 21:18:03', '{\"checkout-personal-information-step\":{\"step_is_reachable\":true,\"step_is_complete\":true},\"checkout-addresses-step\":{\"step_is_reachable\":true,\"step_is_complete\":false,\"use_same_address\":true},\"checkout-delivery-step\":{\"step_is_reachable\":false,\"step_is_complete\":false},\"checkout-payment-step\":{\"step_is_reachable\":false,\"step_is_complete\":false},\"checksum\":null}'),
(217, 1, 1, 0, '', 1, 0, 0, 1, 0, 0, '', 0, 0, '', 0, 0, '2020-10-27 22:11:45', '2020-10-27 22:11:46', NULL),
(218, 1, 1, 0, '', 1, 0, 0, 1, 43, 0, '701eb040ac49a1ca10738170f5281f99', 0, 0, '', 0, 0, '2020-10-28 06:24:23', '2020-10-28 06:28:26', '{\"checkout-personal-information-step\":{\"step_is_reachable\":true,\"step_is_complete\":true},\"checkout-addresses-step\":{\"step_is_reachable\":true,\"step_is_complete\":false,\"use_same_address\":true},\"checkout-delivery-step\":{\"step_is_reachable\":false,\"step_is_complete\":false},\"checkout-payment-step\":{\"step_is_reachable\":false,\"step_is_complete\":false},\"checksum\":null}'),
(219, 1, 1, 40, '{\"48\":\"40,\"}', 1, 48, 48, 1, 44, 0, '7883c873226fbfd4401d1021db8003e0', 0, 0, '', 0, 0, '2020-10-28 12:51:57', '2020-10-28 15:03:58', '{\"checkout-personal-information-step\":{\"step_is_reachable\":true,\"step_is_complete\":true},\"checkout-addresses-step\":{\"step_is_reachable\":true,\"step_is_complete\":true,\"use_same_address\":true},\"checkout-delivery-step\":{\"step_is_reachable\":true,\"step_is_complete\":true},\"checkout-payment-step\":{\"step_is_reachable\":true,\"step_is_complete\":false},\"checksum\":\"22b4c05c621fefb438ced2af433d039fc271aa49\"}'),
(220, 1, 1, 40, '{\"13\":\"40,\"}', 1, 13, 13, 1, 2, 0, '5909400f8b2408cf989cfd531fc68e08', 0, 0, '', 0, 0, '2020-10-28 13:00:22', '2020-10-28 13:02:05', '{\"checkout-personal-information-step\":{\"step_is_reachable\":true,\"step_is_complete\":true},\"checkout-addresses-step\":{\"step_is_reachable\":true,\"step_is_complete\":true,\"use_same_address\":true},\"checkout-delivery-step\":{\"step_is_reachable\":true,\"step_is_complete\":true},\"checkout-payment-step\":{\"step_is_reachable\":true,\"step_is_complete\":false},\"checksum\":\"b3208177445c97d4db3b694eb2b2130445d1e453\"}'),
(221, 1, 1, 0, '', 1, 48, 48, 1, 44, 0, '7883c873226fbfd4401d1021db8003e0', 0, 0, '', 0, 0, '2020-10-28 15:55:34', '2020-10-28 15:55:34', NULL),
(222, 1, 1, 40, '{\"48\":\"40,\"}', 1, 48, 48, 1, 44, 0, '7883c873226fbfd4401d1021db8003e0', 0, 0, '', 0, 0, '2020-10-29 10:55:22', '2020-10-29 10:55:22', '{\"checkout-personal-information-step\":{\"step_is_reachable\":true,\"step_is_complete\":true},\"checkout-addresses-step\":{\"step_is_reachable\":true,\"step_is_complete\":false,\"use_same_address\":true},\"checkout-delivery-step\":{\"step_is_reachable\":false,\"step_is_complete\":false},\"checkout-payment-step\":{\"step_is_reachable\":false,\"step_is_complete\":false},\"checksum\":\"78ab15a0b21e4bfb2404f807c90da8b54c1b5372\"}'),
(223, 1, 1, 40, '{\"48\":\"40,\"}', 1, 48, 48, 1, 44, 0, '7883c873226fbfd4401d1021db8003e0', 0, 0, '', 0, 0, '2020-10-29 10:56:02', '2020-10-29 10:56:02', '{\"checkout-personal-information-step\":{\"step_is_reachable\":true,\"step_is_complete\":true},\"checkout-addresses-step\":{\"step_is_reachable\":true,\"step_is_complete\":false,\"use_same_address\":true},\"checkout-delivery-step\":{\"step_is_reachable\":false,\"step_is_complete\":false},\"checkout-payment-step\":{\"step_is_reachable\":false,\"step_is_complete\":false},\"checksum\":\"78ab15a0b21e4bfb2404f807c90da8b54c1b5372\"}'),
(224, 1, 1, 0, '', 1, 0, 0, 1, 0, 0, '', 0, 0, '', 0, 0, '2020-10-30 14:48:53', '2020-10-30 14:48:53', NULL),
(225, 1, 1, 0, '', 1, 0, 0, 1, 0, 0, '', 0, 0, '', 0, 0, '2020-10-31 13:29:52', '2020-10-31 13:29:52', NULL),
(226, 1, 1, 0, '', 1, 0, 0, 1, 0, 0, '', 0, 0, '', 0, 0, '2020-11-01 00:28:59', '2020-11-01 00:28:59', '{\"checkout-personal-information-step\":{\"step_is_reachable\":true,\"step_is_complete\":false},\"checkout-addresses-step\":{\"step_is_reachable\":false,\"step_is_complete\":false,\"use_same_address\":true},\"checkout-delivery-step\":{\"step_is_reachable\":false,\"step_is_complete\":false},\"checkout-payment-step\":{\"step_is_reachable\":false,\"step_is_complete\":false},\"checksum\":null}'),
(227, 1, 1, 0, '', 1, 0, 0, 1, 0, 0, '', 0, 0, '', 0, 0, '2020-11-01 12:34:25', '2020-11-01 12:34:41', '{\"checkout-personal-information-step\":{\"step_is_reachable\":true,\"step_is_complete\":false},\"checkout-addresses-step\":{\"step_is_reachable\":false,\"step_is_complete\":false,\"use_same_address\":true},\"checkout-delivery-step\":{\"step_is_reachable\":false,\"step_is_complete\":false},\"checkout-payment-step\":{\"step_is_reachable\":false,\"step_is_complete\":false},\"checksum\":null}'),
(228, 1, 1, 0, '', 1, 0, 0, 1, 45, 0, 'b815d0872900825bc965ab1899ac3a34', 0, 0, '', 0, 0, '2020-11-01 18:15:40', '2020-11-01 18:17:49', '{\"checkout-personal-information-step\":{\"step_is_reachable\":true,\"step_is_complete\":true},\"checkout-addresses-step\":{\"step_is_reachable\":true,\"step_is_complete\":false,\"use_same_address\":true},\"checkout-delivery-step\":{\"step_is_reachable\":false,\"step_is_complete\":false},\"checkout-payment-step\":{\"step_is_reachable\":false,\"step_is_complete\":false},\"checksum\":\"560d5d0a10bd6193470399fa8e9476338d94a020\"}'),
(229, 1, 1, 0, '', 1, 0, 0, 1, 0, 0, '', 0, 0, '', 0, 0, '2020-11-02 08:31:47', '2020-11-02 08:31:47', NULL),
(230, 1, 1, 40, '{\"49\":\"40,\"}', 1, 49, 49, 1, 46, 0, '9266ecb8b1b667b05d8d6b025210e690', 0, 0, '', 0, 0, '2020-11-02 11:39:04', '2020-11-02 14:21:50', '{\"checkout-personal-information-step\":{\"step_is_reachable\":true,\"step_is_complete\":true},\"checkout-addresses-step\":{\"step_is_reachable\":true,\"step_is_complete\":true,\"use_same_address\":true},\"checkout-delivery-step\":{\"step_is_reachable\":true,\"step_is_complete\":true},\"checkout-payment-step\":{\"step_is_reachable\":true,\"step_is_complete\":false},\"checksum\":\"414e9fed155dac99e05ec4efb196437c9de30454\"}'),
(231, 1, 1, 0, '', 1, 0, 0, 1, 0, 0, '', 0, 0, '', 0, 0, '2020-11-02 15:30:29', '2020-11-02 15:30:29', NULL),
(232, 1, 1, 0, '', 1, 0, 0, 1, 0, 0, '', 0, 0, '', 0, 0, '2020-11-02 16:27:56', '2020-11-02 16:27:56', NULL),
(233, 1, 1, 0, '', 1, 0, 0, 1, 0, 0, '', 0, 0, '', 0, 0, '2020-11-03 12:05:50', '2020-11-03 12:06:26', NULL),
(234, 1, 1, 0, '', 1, 13, 13, 1, 2, 0, '5909400f8b2408cf989cfd531fc68e08', 0, 0, '', 0, 0, '2020-11-04 17:10:46', '2020-11-04 17:10:46', NULL),
(235, 1, 1, 0, '', 1, 0, 0, 1, 2, 0, '5909400f8b2408cf989cfd531fc68e08', 0, 0, '', 0, 0, '2020-11-04 17:39:42', '2020-11-04 17:41:10', '{\"checkout-personal-information-step\":{\"step_is_reachable\":true,\"step_is_complete\":false},\"checkout-addresses-step\":{\"step_is_reachable\":false,\"step_is_complete\":false,\"use_same_address\":true},\"checkout-delivery-step\":{\"step_is_reachable\":false,\"step_is_complete\":false},\"checkout-payment-step\":{\"step_is_reachable\":false,\"step_is_complete\":false},\"checksum\":null}'),
(236, 1, 1, 0, '', 1, 0, 0, 1, 2, 0, '5909400f8b2408cf989cfd531fc68e08', 0, 0, '', 0, 0, '2020-11-04 17:41:29', '2020-11-04 17:54:00', '{\"checkout-personal-information-step\":{\"step_is_reachable\":true,\"step_is_complete\":true},\"checkout-addresses-step\":{\"step_is_reachable\":true,\"step_is_complete\":false,\"use_same_address\":true},\"checkout-delivery-step\":{\"step_is_reachable\":false,\"step_is_complete\":false},\"checkout-payment-step\":{\"step_is_reachable\":false,\"step_is_complete\":false},\"checksum\":null}'),
(237, 1, 1, 0, '', 1, 0, 0, 1, 0, 0, '', 0, 0, '', 0, 0, '2020-11-04 20:47:51', '2020-11-04 20:47:51', NULL),
(238, 1, 1, 0, '', 1, 0, 0, 1, 0, 0, '', 0, 0, '', 0, 0, '2020-11-06 16:39:01', '2020-11-06 16:39:01', NULL),
(239, 1, 1, 40, '{\"50\":\"40,\"}', 1, 50, 50, 1, 47, 0, '924bc6ae4f2219e79460c267ba5700f8', 0, 0, '', 0, 0, '2020-11-11 08:25:51', '2020-11-16 15:04:52', '{\"checkout-personal-information-step\":{\"step_is_reachable\":true,\"step_is_complete\":true},\"checkout-addresses-step\":{\"step_is_reachable\":true,\"step_is_complete\":true,\"use_same_address\":true},\"checkout-delivery-step\":{\"step_is_reachable\":true,\"step_is_complete\":true},\"checkout-payment-step\":{\"step_is_reachable\":true,\"step_is_complete\":false},\"checksum\":\"fa92628b19f00c3de3595875105cf72fee6958f5\"}'),
(240, 1, 1, 0, '', 1, 0, 0, 1, 0, 0, '', 0, 0, '', 0, 0, '2020-11-11 10:25:50', '2020-11-11 10:25:51', NULL),
(241, 1, 1, 0, '', 1, 0, 0, 1, 0, 0, '', 0, 0, '', 0, 0, '2020-11-11 12:48:01', '2020-11-11 12:48:01', NULL),
(242, 1, 1, 0, '', 1, 0, 0, 1, 0, 0, '', 0, 0, '', 0, 0, '2020-11-12 06:30:31', '2020-11-12 06:30:31', NULL),
(243, 1, 1, 40, '{\"51\":\"40,\"}', 1, 51, 51, 1, 48, 0, '6c4a6ee60d65e863d470ae074f3a5166', 0, 0, '', 0, 0, '2020-11-13 12:33:51', '2020-11-13 12:45:50', '{\"checkout-personal-information-step\":{\"step_is_reachable\":true,\"step_is_complete\":true},\"checkout-addresses-step\":{\"step_is_reachable\":true,\"step_is_complete\":true,\"use_same_address\":true},\"checkout-delivery-step\":{\"step_is_reachable\":true,\"step_is_complete\":true},\"checkout-payment-step\":{\"step_is_reachable\":true,\"step_is_complete\":false},\"checksum\":\"38b3811592b79dd93b06af38021570b46b0f1137\"}'),
(244, 1, 1, 0, '', 1, 52, 52, 1, 49, 0, '65820a9c5ed83466f87938d247f2a5b0', 0, 0, '', 0, 0, '2020-11-13 15:51:53', '2020-11-13 15:56:07', '{\"checkout-personal-information-step\":{\"step_is_reachable\":true,\"step_is_complete\":true},\"checkout-addresses-step\":{\"step_is_reachable\":true,\"step_is_complete\":true,\"use_same_address\":true},\"checkout-delivery-step\":{\"step_is_reachable\":true,\"step_is_complete\":false},\"checkout-payment-step\":{\"step_is_reachable\":false,\"step_is_complete\":false},\"checksum\":\"35a5297e727bc43d90017a41605b58c54a31f9c8\"}'),
(245, 1, 1, 0, '', 1, 0, 0, 1, 0, 0, '', 0, 0, '', 0, 0, '2020-11-15 11:48:22', '2020-11-15 11:48:22', NULL),
(246, 1, 1, 40, '{\"53\":\"40,\"}', 1, 53, 53, 1, 50, 0, '19867a25b9307a128f12cc5f6c23a2b8', 0, 0, '', 0, 0, '2020-11-16 14:02:51', '2020-11-16 14:13:48', '{\"checkout-personal-information-step\":{\"step_is_reachable\":true,\"step_is_complete\":true},\"checkout-addresses-step\":{\"step_is_reachable\":true,\"step_is_complete\":true,\"use_same_address\":true},\"checkout-delivery-step\":{\"step_is_reachable\":true,\"step_is_complete\":true},\"checkout-payment-step\":{\"step_is_reachable\":true,\"step_is_complete\":false},\"checksum\":\"f7fbfb52b9e944c108bc689854dccdf3cb61c0c9\"}'),
(247, 1, 1, 0, '', 1, 0, 0, 1, 0, 0, '', 0, 0, '', 0, 0, '2020-11-16 19:32:56', '2020-11-16 19:32:56', '{\"checkout-personal-information-step\":{\"step_is_reachable\":true,\"step_is_complete\":false},\"checkout-addresses-step\":{\"step_is_reachable\":false,\"step_is_complete\":false,\"use_same_address\":true},\"checkout-delivery-step\":{\"step_is_reachable\":false,\"step_is_complete\":false},\"checkout-payment-step\":{\"step_is_reachable\":false,\"step_is_complete\":false},\"checksum\":null}'),
(248, 1, 1, 40, '{\"54\":\"40,\"}', 1, 54, 54, 1, 2, 0, '5909400f8b2408cf989cfd531fc68e08', 0, 0, '', 0, 0, '2020-11-17 11:16:49', '2020-11-17 11:19:48', '{\"checkout-personal-information-step\":{\"step_is_reachable\":true,\"step_is_complete\":true},\"checkout-addresses-step\":{\"step_is_reachable\":true,\"step_is_complete\":true,\"use_same_address\":true},\"checkout-delivery-step\":{\"step_is_reachable\":true,\"step_is_complete\":true},\"checkout-payment-step\":{\"step_is_reachable\":true,\"step_is_complete\":false},\"checksum\":\"ea29dc1f228b058820250d3afdd2c10b0ba5ffbe\"}'),
(249, 1, 1, 0, '', 1, 0, 0, 1, 0, 0, '', 0, 0, '', 0, 0, '2020-11-17 15:01:52', '2020-11-17 15:01:52', NULL),
(250, 1, 1, 0, '', 1, 0, 0, 1, 0, 0, '', 0, 0, '', 0, 0, '2020-11-18 15:42:17', '2020-11-18 15:42:17', '{\"checkout-personal-information-step\":{\"step_is_reachable\":true,\"step_is_complete\":false},\"checkout-addresses-step\":{\"step_is_reachable\":false,\"step_is_complete\":false,\"use_same_address\":true},\"checkout-delivery-step\":{\"step_is_reachable\":false,\"step_is_complete\":false},\"checkout-payment-step\":{\"step_is_reachable\":false,\"step_is_complete\":false},\"checksum\":null}'),
(251, 1, 1, 0, '', 1, 0, 0, 1, 0, 0, '', 0, 0, '', 0, 0, '2020-11-18 22:43:58', '2020-11-18 22:43:58', NULL),
(252, 1, 1, 0, '', 1, 0, 0, 1, 0, 0, '', 0, 0, '', 0, 0, '2020-11-19 22:40:40', '2020-11-19 22:59:32', NULL),
(253, 1, 1, 0, '', 1, 0, 0, 1, 0, 0, '', 0, 0, '', 0, 0, '2020-11-21 11:56:52', '2020-11-21 11:56:52', NULL),
(254, 1, 1, 0, '', 1, 0, 0, 1, 0, 0, '', 0, 0, '', 0, 0, '2020-11-21 15:29:30', '2020-11-21 15:29:30', NULL),
(255, 1, 1, 40, '{\"50\":\"40,\"}', 1, 50, 50, 1, 47, 0, '924bc6ae4f2219e79460c267ba5700f8', 0, 0, '', 0, 0, '2020-11-24 09:52:23', '2020-11-24 09:52:23', NULL),
(256, 1, 1, 0, '', 1, 0, 0, 1, 0, 0, '', 0, 0, '', 0, 0, '2020-11-24 21:31:03', '2020-11-26 11:02:44', '{\"checkout-personal-information-step\":{\"step_is_reachable\":true,\"step_is_complete\":false},\"checkout-addresses-step\":{\"step_is_reachable\":false,\"step_is_complete\":false,\"use_same_address\":true},\"checkout-delivery-step\":{\"step_is_reachable\":false,\"step_is_complete\":false},\"checkout-payment-step\":{\"step_is_reachable\":false,\"step_is_complete\":false},\"checksum\":null}'),
(257, 1, 1, 0, '', 1, 0, 0, 1, 0, 0, '', 0, 0, '', 0, 0, '2020-11-25 11:57:26', '2020-11-25 11:57:26', '{\"checkout-personal-information-step\":{\"step_is_reachable\":true,\"step_is_complete\":false},\"checkout-addresses-step\":{\"step_is_reachable\":false,\"step_is_complete\":false,\"use_same_address\":true},\"checkout-delivery-step\":{\"step_is_reachable\":false,\"step_is_complete\":false},\"checkout-payment-step\":{\"step_is_reachable\":false,\"step_is_complete\":false},\"checksum\":null}'),
(258, 1, 1, 0, '', 1, 0, 0, 1, 0, 0, '', 0, 0, '', 0, 0, '2020-11-25 16:05:42', '2020-11-25 16:06:28', NULL),
(259, 1, 1, 0, '', 1, 0, 0, 1, 0, 0, '', 0, 0, '', 0, 0, '2020-11-25 23:27:12', '2020-11-25 23:36:29', NULL),
(260, 1, 1, 0, '', 1, 0, 0, 1, 0, 0, '', 0, 0, '', 0, 0, '2020-11-26 12:48:34', '2020-11-26 12:49:56', '{\"checkout-personal-information-step\":{\"step_is_reachable\":true,\"step_is_complete\":false},\"checkout-addresses-step\":{\"step_is_reachable\":false,\"step_is_complete\":false,\"use_same_address\":true},\"checkout-delivery-step\":{\"step_is_reachable\":false,\"step_is_complete\":false},\"checkout-payment-step\":{\"step_is_reachable\":false,\"step_is_complete\":false},\"checksum\":null}'),
(261, 1, 1, 0, '', 1, 55, 55, 1, 51, 0, 'b2e22a416cd8a23b9f957bdefc21af06', 0, 0, '', 0, 0, '2020-11-27 10:08:06', '2020-11-27 15:58:52', '{\"checkout-personal-information-step\":{\"step_is_reachable\":true,\"step_is_complete\":true},\"checkout-addresses-step\":{\"step_is_reachable\":true,\"step_is_complete\":true,\"use_same_address\":true},\"checkout-delivery-step\":{\"step_is_reachable\":true,\"step_is_complete\":false},\"checkout-payment-step\":{\"step_is_reachable\":false,\"step_is_complete\":false},\"checksum\":\"5848919e28eafdc42ac4669e01e5fe879d07ac67\"}'),
(262, 1, 1, 0, '', 1, 0, 0, 1, 0, 0, '', 0, 0, '', 0, 0, '2020-11-27 11:14:39', '2020-11-27 11:14:39', NULL),
(263, 1, 1, 0, '', 1, 0, 0, 1, 0, 0, '', 0, 0, '', 0, 0, '2020-11-27 17:22:22', '2020-11-27 17:22:22', NULL),
(264, 1, 1, 0, '', 1, 0, 0, 1, 0, 0, '', 0, 0, '', 0, 0, '2020-11-28 13:25:41', '2020-11-28 13:25:41', NULL),
(265, 1, 1, 0, '', 1, 0, 0, 1, 0, 0, '', 0, 0, '', 0, 0, '2020-11-29 12:43:56', '2020-11-29 12:44:09', NULL),
(266, 1, 1, 0, '', 1, 0, 0, 1, 0, 0, '', 0, 0, '', 0, 0, '2020-11-30 01:38:16', '2020-11-30 01:38:16', NULL),
(267, 1, 1, 0, '', 1, 0, 0, 1, 0, 0, '', 0, 0, '', 0, 0, '2020-11-30 08:02:42', '2020-12-02 08:41:37', '{\"checkout-personal-information-step\":{\"step_is_reachable\":true,\"step_is_complete\":false},\"checkout-addresses-step\":{\"step_is_reachable\":false,\"step_is_complete\":false,\"use_same_address\":true},\"checkout-delivery-step\":{\"step_is_reachable\":false,\"step_is_complete\":false},\"checkout-payment-step\":{\"step_is_reachable\":false,\"step_is_complete\":false},\"checksum\":null}');
INSERT INTO `ps_cart` (`id_cart`, `id_shop_group`, `id_shop`, `id_carrier`, `delivery_option`, `id_lang`, `id_address_delivery`, `id_address_invoice`, `id_currency`, `id_customer`, `id_guest`, `secure_key`, `recyclable`, `gift`, `gift_message`, `mobile_theme`, `allow_seperated_package`, `date_add`, `date_upd`, `checkout_session_data`) VALUES
(268, 1, 1, 0, '', 1, 0, 0, 1, 0, 0, '', 0, 0, '', 0, 0, '2020-11-30 14:44:27', '2020-11-30 14:44:27', '{\"checkout-personal-information-step\":{\"step_is_reachable\":true,\"step_is_complete\":false},\"checkout-addresses-step\":{\"step_is_reachable\":false,\"step_is_complete\":false,\"use_same_address\":true},\"checkout-delivery-step\":{\"step_is_reachable\":false,\"step_is_complete\":false},\"checkout-payment-step\":{\"step_is_reachable\":false,\"step_is_complete\":false},\"checksum\":null}'),
(269, 1, 1, 40, '{\"64\":\"40,\"}', 1, 64, 64, 1, 61, 0, '29a4d63962844577a659610161650c77', 0, 0, '', 0, 0, '2020-11-30 14:44:35', '2020-12-10 13:48:50', '{\"checkout-personal-information-step\":{\"step_is_reachable\":true,\"step_is_complete\":true},\"checkout-addresses-step\":{\"step_is_reachable\":true,\"step_is_complete\":true,\"use_same_address\":true},\"checkout-delivery-step\":{\"step_is_reachable\":true,\"step_is_complete\":true},\"checkout-payment-step\":{\"step_is_reachable\":true,\"step_is_complete\":false},\"checksum\":\"6c9fc7db17b4a2168a3a95ed36d50a2fa3fbb81b\"}'),
(270, 1, 1, 0, '', 1, 0, 0, 1, 0, 0, '', 0, 0, '', 0, 0, '2020-11-30 14:45:57', '2020-11-30 14:45:57', NULL),
(271, 1, 1, 40, '{\"56\":\"40,\"}', 1, 56, 56, 1, 52, 0, '097f08ba83cd0ca44c5ad87f08b6bdba', 0, 0, '', 0, 0, '2020-11-30 22:44:53', '2020-11-30 22:48:51', '{\"checkout-personal-information-step\":{\"step_is_reachable\":true,\"step_is_complete\":true},\"checkout-addresses-step\":{\"step_is_reachable\":true,\"step_is_complete\":true,\"use_same_address\":true},\"checkout-delivery-step\":{\"step_is_reachable\":true,\"step_is_complete\":true},\"checkout-payment-step\":{\"step_is_reachable\":true,\"step_is_complete\":false},\"checksum\":\"40e47304656b8375936ab1e590c0f4354945d94c\"}'),
(272, 1, 1, 0, '', 1, 0, 0, 1, 0, 0, '', 0, 0, '', 0, 0, '2020-12-01 00:21:20', '2020-12-01 00:21:21', '{\"checkout-personal-information-step\":{\"step_is_reachable\":true,\"step_is_complete\":false},\"checkout-addresses-step\":{\"step_is_reachable\":false,\"step_is_complete\":false,\"use_same_address\":true},\"checkout-delivery-step\":{\"step_is_reachable\":false,\"step_is_complete\":false},\"checkout-payment-step\":{\"step_is_reachable\":false,\"step_is_complete\":false},\"checksum\":null}'),
(273, 1, 1, 40, '{\"57\":\"40,\"}', 1, 57, 57, 1, 53, 0, 'da7325640a577dd9299281c2f6755323', 0, 0, '', 0, 0, '2020-12-01 09:28:24', '2020-12-01 09:30:42', '{\"checkout-personal-information-step\":{\"step_is_reachable\":true,\"step_is_complete\":true},\"checkout-addresses-step\":{\"step_is_reachable\":true,\"step_is_complete\":true,\"use_same_address\":true},\"checkout-delivery-step\":{\"step_is_reachable\":true,\"step_is_complete\":true},\"checkout-payment-step\":{\"step_is_reachable\":true,\"step_is_complete\":false},\"checksum\":\"11d5902187ae4eaac8a0b8e23c66dac4d4c19ec8\"}'),
(274, 1, 1, 0, '', 1, 0, 0, 1, 54, 0, '3e7f8b3c8a71b5b8e5362e942e04f76b', 0, 0, '', 0, 0, '2020-12-01 17:09:25', '2020-12-01 17:10:37', '{\"checkout-personal-information-step\":{\"step_is_reachable\":true,\"step_is_complete\":true},\"checkout-addresses-step\":{\"step_is_reachable\":true,\"step_is_complete\":false,\"use_same_address\":true},\"checkout-delivery-step\":{\"step_is_reachable\":false,\"step_is_complete\":false},\"checkout-payment-step\":{\"step_is_reachable\":false,\"step_is_complete\":false},\"checksum\":\"8c7d8db2050c141bad197d41314fe8b6af37a0c6\"}'),
(275, 1, 1, 40, '{\"58\":\"40,\"}', 1, 58, 58, 1, 55, 0, '01fb911cd258bbd2b79a6d1f77d79df3', 0, 0, '', 0, 0, '2020-12-01 19:45:08', '2020-12-01 19:55:51', '{\"checkout-personal-information-step\":{\"step_is_reachable\":true,\"step_is_complete\":true},\"checkout-addresses-step\":{\"step_is_reachable\":true,\"step_is_complete\":true,\"use_same_address\":true},\"checkout-delivery-step\":{\"step_is_reachable\":true,\"step_is_complete\":true},\"checkout-payment-step\":{\"step_is_reachable\":true,\"step_is_complete\":false},\"checksum\":\"4fdfe6c11472bab376999fb823f712f81d37edec\"}'),
(276, 1, 1, 40, '{\"58\":\"40,\"}', 1, 58, 58, 1, 55, 0, '01fb911cd258bbd2b79a6d1f77d79df3', 0, 0, '', 0, 0, '2020-12-01 20:00:25', '2020-12-01 20:05:07', '{\"checkout-personal-information-step\":{\"step_is_reachable\":true,\"step_is_complete\":true},\"checkout-addresses-step\":{\"step_is_reachable\":true,\"step_is_complete\":true,\"use_same_address\":true},\"checkout-delivery-step\":{\"step_is_reachable\":true,\"step_is_complete\":true},\"checkout-payment-step\":{\"step_is_reachable\":true,\"step_is_complete\":false},\"checksum\":\"4fdfe6c11472bab376999fb823f712f81d37edec\"}'),
(277, 1, 1, 40, '{\"59\":\"40,\"}', 1, 59, 59, 1, 56, 0, '06a645edf0e44e449bf11985a31d8152', 0, 0, '', 0, 0, '2020-12-02 08:42:28', '2020-12-02 08:45:58', '{\"checkout-personal-information-step\":{\"step_is_reachable\":true,\"step_is_complete\":true},\"checkout-addresses-step\":{\"step_is_reachable\":true,\"step_is_complete\":true,\"use_same_address\":true},\"checkout-delivery-step\":{\"step_is_reachable\":true,\"step_is_complete\":true},\"checkout-payment-step\":{\"step_is_reachable\":true,\"step_is_complete\":false},\"checksum\":\"b158dbd0783fb14c8cfb94579cdb802fce461eaf\"}'),
(278, 1, 1, 0, '', 1, 0, 0, 1, 57, 0, '9622a538b78b08f02d18085bd42dfd49', 0, 0, '', 0, 0, '2020-12-02 08:52:19', '2020-12-02 08:52:20', NULL),
(279, 1, 1, 0, '', 1, 60, 60, 1, 57, 0, '9622a538b78b08f02d18085bd42dfd49', 0, 0, '', 0, 0, '2020-12-02 08:53:21', '2020-12-02 09:00:23', NULL),
(280, 1, 1, 0, '', 1, 0, 0, 1, 0, 0, '', 0, 0, '', 0, 0, '2020-12-02 18:14:46', '2020-12-02 18:30:26', '{\"checkout-personal-information-step\":{\"step_is_reachable\":true,\"step_is_complete\":false},\"checkout-addresses-step\":{\"step_is_reachable\":false,\"step_is_complete\":false,\"use_same_address\":true},\"checkout-delivery-step\":{\"step_is_reachable\":false,\"step_is_complete\":false},\"checkout-payment-step\":{\"step_is_reachable\":false,\"step_is_complete\":false},\"checksum\":null}'),
(281, 1, 1, 0, '', 1, 0, 0, 1, 0, 0, '', 0, 0, '', 0, 0, '2020-12-02 18:15:45', '2020-12-02 18:15:45', NULL),
(282, 1, 1, 0, '', 1, 0, 0, 1, 0, 0, '', 0, 0, '', 0, 0, '2020-12-02 18:15:46', '2020-12-02 18:15:46', NULL),
(283, 1, 1, 0, '', 1, 0, 0, 1, 0, 0, '', 0, 0, '', 0, 0, '2020-12-03 02:27:31', '2020-12-03 02:27:31', NULL),
(284, 1, 1, 0, '', 1, 0, 0, 1, 0, 0, '', 0, 0, '', 0, 0, '2020-12-03 02:58:14', '2020-12-03 03:00:48', NULL),
(285, 1, 1, 0, '', 1, 61, 61, 1, 58, 0, 'e69d8a9f9896fc3fd43f6097530e652c', 0, 0, '', 0, 0, '2020-12-03 10:36:29', '2020-12-03 13:23:27', '{\"checkout-personal-information-step\":{\"step_is_reachable\":true,\"step_is_complete\":true},\"checkout-addresses-step\":{\"step_is_reachable\":true,\"step_is_complete\":true,\"use_same_address\":true},\"checkout-delivery-step\":{\"step_is_reachable\":true,\"step_is_complete\":true},\"checkout-payment-step\":{\"step_is_reachable\":true,\"step_is_complete\":false},\"checksum\":\"72ea361c2ec8428f4b289e8c6eca42a7e940284f\"}'),
(286, 1, 1, 0, '', 1, 0, 0, 1, 0, 0, '', 0, 0, '', 0, 0, '2020-12-03 12:59:25', '2020-12-03 12:59:25', NULL),
(287, 1, 1, 40, '{\"54\":\"40,\"}', 1, 54, 54, 1, 2, 0, '5909400f8b2408cf989cfd531fc68e08', 0, 0, '', 0, 0, '2020-12-03 13:43:44', '2020-12-03 13:46:42', '{\"checkout-personal-information-step\":{\"step_is_reachable\":true,\"step_is_complete\":true},\"checkout-addresses-step\":{\"step_is_reachable\":true,\"step_is_complete\":true,\"use_same_address\":true},\"checkout-delivery-step\":{\"step_is_reachable\":true,\"step_is_complete\":true},\"checkout-payment-step\":{\"step_is_reachable\":true,\"step_is_complete\":false},\"checksum\":\"2ebdadb26674df073b57d4a26f01e18ebfc21f9d\"}'),
(288, 1, 1, 0, '', 1, 19, 19, 1, 1, 0, 'f5e6cc95fd7785ce7b2dc2a8e83b8dbc', 0, 0, '', 0, 0, '2020-12-03 15:16:32', '2020-12-22 08:34:20', '{\"checkout-personal-information-step\":{\"step_is_reachable\":true,\"step_is_complete\":true},\"checkout-addresses-step\":{\"step_is_reachable\":true,\"step_is_complete\":true,\"use_same_address\":true},\"checkout-delivery-step\":{\"step_is_reachable\":true,\"step_is_complete\":true},\"checkout-payment-step\":{\"step_is_reachable\":true,\"step_is_complete\":false},\"checksum\":\"bba919f178559ed7df6df3cb42cffe419c5f9fc5\"}'),
(289, 1, 1, 40, '{\"54\":\"40,\"}', 1, 54, 54, 1, 2, 0, '5909400f8b2408cf989cfd531fc68e08', 0, 0, '', 0, 0, '2020-12-04 09:05:16', '2020-12-04 09:05:37', '{\"checkout-personal-information-step\":{\"step_is_reachable\":true,\"step_is_complete\":true},\"checkout-addresses-step\":{\"step_is_reachable\":true,\"step_is_complete\":true,\"use_same_address\":true},\"checkout-delivery-step\":{\"step_is_reachable\":true,\"step_is_complete\":true},\"checkout-payment-step\":{\"step_is_reachable\":true,\"step_is_complete\":false},\"checksum\":\"71d3f67c595ca27bdc5e9a5c58fde4711a46953c\"}'),
(290, 1, 1, 40, '{\"62\":\"40,\"}', 1, 62, 62, 1, 59, 0, '9b610a19a64f60a9ec2c3974154593d2', 0, 0, '', 0, 0, '2020-12-04 12:35:09', '2020-12-04 12:36:25', '{\"checkout-personal-information-step\":{\"step_is_reachable\":true,\"step_is_complete\":true},\"checkout-addresses-step\":{\"step_is_reachable\":true,\"step_is_complete\":true,\"use_same_address\":true},\"checkout-delivery-step\":{\"step_is_reachable\":true,\"step_is_complete\":true},\"checkout-payment-step\":{\"step_is_reachable\":true,\"step_is_complete\":false},\"checksum\":\"39eed4dabdfac8a6bd8d02fbcf48866bfccc44ec\"}'),
(291, 1, 1, 40, '{\"63\":\"40,\"}', 1, 63, 63, 1, 60, 0, '19795fda5a0f068740062d36e045f05a', 0, 0, '', 0, 0, '2020-12-04 12:58:58', '2020-12-04 13:00:23', '{\"checkout-personal-information-step\":{\"step_is_reachable\":true,\"step_is_complete\":true},\"checkout-addresses-step\":{\"step_is_reachable\":true,\"step_is_complete\":true,\"use_same_address\":true},\"checkout-delivery-step\":{\"step_is_reachable\":true,\"step_is_complete\":true},\"checkout-payment-step\":{\"step_is_reachable\":true,\"step_is_complete\":false},\"checksum\":\"fab6da018e2fee72ed3b52b310539c27723d4e08\"}'),
(292, 1, 1, 40, '{\"54\":\"40,\"}', 1, 54, 54, 1, 2, 0, '5909400f8b2408cf989cfd531fc68e08', 0, 0, '', 0, 0, '2020-12-04 14:01:23', '2020-12-04 14:01:47', '{\"checkout-personal-information-step\":{\"step_is_reachable\":true,\"step_is_complete\":true},\"checkout-addresses-step\":{\"step_is_reachable\":true,\"step_is_complete\":true,\"use_same_address\":true},\"checkout-delivery-step\":{\"step_is_reachable\":true,\"step_is_complete\":true},\"checkout-payment-step\":{\"step_is_reachable\":true,\"step_is_complete\":false},\"checksum\":\"753ab8741325ee51faada352f7ff7e45cacfd232\"}'),
(293, 1, 1, 0, '', 1, 0, 0, 1, 0, 0, '', 0, 0, '', 0, 0, '2020-12-04 19:55:51', '2020-12-04 19:55:51', NULL),
(294, 1, 1, 0, '', 1, 0, 0, 1, 0, 0, '', 0, 0, '', 0, 0, '2020-12-05 10:08:09', '2020-12-05 10:08:09', '{\"checkout-personal-information-step\":{\"step_is_reachable\":true,\"step_is_complete\":false},\"checkout-addresses-step\":{\"step_is_reachable\":false,\"step_is_complete\":false,\"use_same_address\":true},\"checkout-delivery-step\":{\"step_is_reachable\":false,\"step_is_complete\":false},\"checkout-payment-step\":{\"step_is_reachable\":false,\"step_is_complete\":false},\"checksum\":null}'),
(295, 1, 1, 0, '', 1, 0, 0, 1, 0, 0, '', 0, 0, '', 0, 0, '2020-12-05 17:50:21', '2020-12-05 17:50:21', NULL),
(296, 1, 1, 0, '', 1, 0, 0, 1, 0, 0, '', 0, 0, '', 0, 0, '2020-12-10 16:38:24', '2020-12-10 16:38:24', NULL),
(297, 1, 1, 0, '', 1, 0, 0, 1, 0, 0, '', 0, 0, '', 0, 0, '2020-12-10 18:37:34', '2020-12-10 18:37:34', '{\"checkout-personal-information-step\":{\"step_is_reachable\":true,\"step_is_complete\":false},\"checkout-addresses-step\":{\"step_is_reachable\":false,\"step_is_complete\":false,\"use_same_address\":true},\"checkout-delivery-step\":{\"step_is_reachable\":false,\"step_is_complete\":false},\"checkout-payment-step\":{\"step_is_reachable\":false,\"step_is_complete\":false},\"checksum\":null}'),
(298, 1, 1, 0, '', 1, 0, 0, 1, 0, 0, '', 0, 0, '', 0, 0, '2020-12-10 23:56:34', '2020-12-10 23:56:34', '{\"checkout-personal-information-step\":{\"step_is_reachable\":true,\"step_is_complete\":false},\"checkout-addresses-step\":{\"step_is_reachable\":false,\"step_is_complete\":false,\"use_same_address\":true},\"checkout-delivery-step\":{\"step_is_reachable\":false,\"step_is_complete\":false},\"checkout-payment-step\":{\"step_is_reachable\":false,\"step_is_complete\":false},\"checksum\":null}'),
(299, 1, 1, 0, '', 1, 0, 0, 1, 0, 0, '', 0, 0, '', 0, 0, '2020-12-14 10:14:26', '2020-12-14 10:15:22', NULL),
(300, 1, 1, 0, '', 1, 0, 0, 1, 0, 0, '', 0, 0, '', 0, 0, '2020-12-15 17:46:40', '2020-12-15 17:47:05', NULL),
(301, 1, 1, 0, '', 1, 0, 0, 1, 0, 0, '', 0, 0, '', 0, 0, '2020-12-15 18:26:43', '2020-12-15 18:26:43', NULL),
(302, 1, 1, 0, '', 1, 0, 0, 1, 0, 0, '', 0, 0, '', 0, 0, '2020-12-16 00:42:41', '2020-12-16 00:42:41', NULL),
(303, 1, 1, 0, '', 1, 0, 0, 1, 0, 0, '', 0, 0, '', 0, 0, '2020-12-16 17:12:40', '2020-12-16 17:12:40', NULL),
(304, 1, 1, 0, '', 1, 0, 0, 1, 0, 0, '', 0, 0, '', 0, 0, '2020-12-17 15:17:34', '2020-12-17 15:17:34', NULL),
(305, 1, 1, 0, '', 1, 0, 0, 1, 0, 0, '', 0, 0, '', 0, 0, '2020-12-19 01:26:06', '2020-12-19 01:26:06', NULL),
(306, 1, 1, 0, '', 1, 0, 0, 1, 0, 0, '', 0, 0, '', 0, 0, '2020-12-20 14:38:00', '2020-12-20 14:39:50', NULL),
(307, 1, 1, 0, '', 1, 0, 0, 1, 0, 0, '', 0, 0, '', 0, 0, '2020-12-20 22:29:50', '2020-12-20 22:29:50', NULL),
(308, 1, 1, 40, '{\"65\":\"40,\"}', 1, 65, 65, 1, 62, 0, 'cefb44b3af07a2d1811d4bc0a1076c83', 0, 0, '', 0, 0, '2020-12-21 10:11:02', '2020-12-21 10:46:19', '{\"checkout-personal-information-step\":{\"step_is_reachable\":true,\"step_is_complete\":true},\"checkout-addresses-step\":{\"step_is_reachable\":true,\"step_is_complete\":true,\"use_same_address\":true},\"checkout-delivery-step\":{\"step_is_reachable\":true,\"step_is_complete\":true},\"checkout-payment-step\":{\"step_is_reachable\":true,\"step_is_complete\":false},\"checksum\":\"d5f9948e8443c9d23655f6ec2703cf0c45370974\"}'),
(309, 1, 1, 0, '', 1, 0, 0, 1, 0, 0, '', 0, 0, '', 0, 0, '2020-12-22 10:43:40', '2020-12-22 10:43:40', NULL),
(310, 1, 1, 0, '', 1, 0, 0, 1, 63, 0, '006fbef41b5fa6a5ab58984435be3de0', 0, 0, '', 0, 0, '2020-12-22 16:48:45', '2020-12-22 17:05:54', '{\"checkout-personal-information-step\":{\"step_is_reachable\":true,\"step_is_complete\":true},\"checkout-addresses-step\":{\"step_is_reachable\":true,\"step_is_complete\":false,\"use_same_address\":true},\"checkout-delivery-step\":{\"step_is_reachable\":false,\"step_is_complete\":false},\"checkout-payment-step\":{\"step_is_reachable\":false,\"step_is_complete\":false},\"checksum\":null}'),
(311, 1, 1, 0, '', 1, 0, 0, 1, 0, 0, '', 0, 0, '', 0, 0, '2020-12-22 20:43:29', '2020-12-22 20:43:29', NULL),
(312, 1, 1, 0, '', 1, 64, 64, 1, 61, 0, '29a4d63962844577a659610161650c77', 0, 0, '', 0, 0, '2020-12-23 12:01:04', '2020-12-23 12:01:05', NULL),
(313, 1, 1, 40, '{\"66\":\"40,\"}', 1, 66, 66, 1, 64, 0, '740e4a3bec0fd31dad4f1ada91d7182b', 0, 0, '', 0, 0, '2020-12-23 14:10:51', '2020-12-23 14:14:24', '{\"checkout-personal-information-step\":{\"step_is_reachable\":true,\"step_is_complete\":true},\"checkout-addresses-step\":{\"step_is_reachable\":true,\"step_is_complete\":true,\"use_same_address\":true},\"checkout-delivery-step\":{\"step_is_reachable\":true,\"step_is_complete\":true},\"checkout-payment-step\":{\"step_is_reachable\":true,\"step_is_complete\":false},\"checksum\":\"245d0a34cb049a9a0ea1d640e5cdd33e33130da7\"}'),
(314, 1, 1, 0, '', 1, 0, 0, 1, 0, 0, '', 0, 0, '', 0, 0, '2020-12-24 23:10:50', '2020-12-24 23:10:50', NULL),
(315, 1, 1, 0, '', 1, 0, 0, 1, 0, 0, '', 0, 0, '', 0, 0, '2020-12-26 12:17:16', '2020-12-26 12:17:16', NULL),
(316, 1, 1, 0, '', 1, 0, 0, 1, 0, 0, '', 0, 0, '', 0, 0, '2020-12-28 10:39:40', '2020-12-28 10:39:40', NULL),
(317, 1, 1, 0, '', 1, 0, 0, 1, 0, 0, '', 0, 0, '', 0, 0, '2020-12-28 13:18:38', '2020-12-28 13:18:38', NULL),
(318, 1, 1, 0, '', 1, 0, 0, 1, 0, 0, '', 0, 0, '', 0, 0, '2020-12-28 23:25:14', '2020-12-28 23:25:44', '{\"checkout-personal-information-step\":{\"step_is_reachable\":true,\"step_is_complete\":false},\"checkout-addresses-step\":{\"step_is_reachable\":false,\"step_is_complete\":false,\"use_same_address\":true},\"checkout-delivery-step\":{\"step_is_reachable\":false,\"step_is_complete\":false},\"checkout-payment-step\":{\"step_is_reachable\":false,\"step_is_complete\":false},\"checksum\":null}'),
(319, 1, 1, 0, '', 1, 67, 67, 1, 65, 0, 'edec70d96df79e5cb41f6c739beaf48c', 0, 0, '', 0, 0, '2020-12-29 10:30:33', '2020-12-29 10:32:37', '{\"checkout-personal-information-step\":{\"step_is_reachable\":true,\"step_is_complete\":true},\"checkout-addresses-step\":{\"step_is_reachable\":true,\"step_is_complete\":true,\"use_same_address\":true},\"checkout-delivery-step\":{\"step_is_reachable\":true,\"step_is_complete\":false},\"checkout-payment-step\":{\"step_is_reachable\":false,\"step_is_complete\":false},\"checksum\":\"b518a0ed4cb6697dc01251db79daa05908bdfca8\"}'),
(320, 1, 1, 0, '', 1, 0, 0, 1, 0, 0, '', 0, 0, '', 0, 0, '2020-12-29 11:37:16', '2020-12-29 11:39:01', NULL),
(321, 1, 1, 0, '', 1, 0, 0, 1, 0, 0, '', 0, 0, '', 0, 0, '2020-12-30 18:20:33', '2020-12-30 18:20:33', NULL),
(322, 1, 1, 40, '{\"68\":\"40,\"}', 1, 68, 68, 1, 66, 0, '70e36f6f60de7687b5182999a5e19055', 0, 0, '', 0, 0, '2020-12-30 22:09:04', '2020-12-30 22:16:04', '{\"checkout-personal-information-step\":{\"step_is_reachable\":true,\"step_is_complete\":true},\"checkout-addresses-step\":{\"step_is_reachable\":true,\"step_is_complete\":true,\"use_same_address\":true},\"checkout-delivery-step\":{\"step_is_reachable\":true,\"step_is_complete\":true},\"checkout-payment-step\":{\"step_is_reachable\":true,\"step_is_complete\":false},\"checksum\":\"974a436b41b8b198aa120760b2f0b90d9dae2470\"}'),
(323, 1, 1, 0, '', 1, 0, 0, 1, 0, 0, '', 0, 0, '', 0, 0, '2021-01-02 20:43:07', '2021-01-02 20:43:07', NULL),
(324, 1, 1, 0, '', 1, 0, 0, 1, 0, 0, '', 0, 0, '', 0, 0, '2021-01-04 19:47:47', '2021-01-04 19:47:47', NULL),
(325, 1, 1, 0, '', 1, 0, 0, 1, 0, 0, '', 0, 0, '', 0, 0, '2021-01-04 19:56:03', '2021-01-04 19:56:22', '{\"checkout-personal-information-step\":{\"step_is_reachable\":true,\"step_is_complete\":false},\"checkout-addresses-step\":{\"step_is_reachable\":false,\"step_is_complete\":false,\"use_same_address\":true},\"checkout-delivery-step\":{\"step_is_reachable\":false,\"step_is_complete\":false},\"checkout-payment-step\":{\"step_is_reachable\":false,\"step_is_complete\":false},\"checksum\":null}'),
(326, 1, 1, 0, '', 1, 0, 0, 1, 0, 0, '', 0, 0, '', 0, 0, '2021-01-04 20:12:37', '2021-01-04 20:12:37', NULL),
(327, 1, 1, 0, '', 1, 0, 0, 1, 0, 0, '', 0, 0, '', 0, 0, '2021-01-04 23:55:24', '2021-01-04 23:55:24', NULL),
(328, 1, 1, 0, '', 1, 0, 0, 1, 0, 0, '', 0, 0, '', 0, 0, '2021-01-06 07:54:34', '2021-01-06 07:54:34', NULL),
(329, 1, 1, 0, '', 1, 0, 0, 1, 0, 0, '', 0, 0, '', 0, 0, '2021-01-07 13:34:06', '2021-01-07 13:34:06', NULL),
(330, 1, 1, 0, '', 1, 0, 0, 1, 0, 0, '', 0, 0, '', 0, 0, '2021-01-08 09:54:32', '2021-01-08 09:55:04', '{\"checkout-personal-information-step\":{\"step_is_reachable\":true,\"step_is_complete\":false},\"checkout-addresses-step\":{\"step_is_reachable\":false,\"step_is_complete\":false,\"use_same_address\":true},\"checkout-delivery-step\":{\"step_is_reachable\":false,\"step_is_complete\":false},\"checkout-payment-step\":{\"step_is_reachable\":false,\"step_is_complete\":false},\"checksum\":null}'),
(331, 1, 1, 0, '', 1, 0, 0, 1, 0, 0, '', 0, 0, '', 0, 0, '2021-01-09 12:49:05', '2021-01-09 12:49:06', NULL),
(332, 1, 1, 40, '{\"69\":\"40,\"}', 1, 69, 69, 1, 67, 0, 'd453f390a5081f355ee0baa77b654527', 0, 0, '', 0, 0, '2021-01-11 09:23:29', '2021-01-11 09:27:14', '{\"checkout-personal-information-step\":{\"step_is_reachable\":true,\"step_is_complete\":true},\"checkout-addresses-step\":{\"step_is_reachable\":true,\"step_is_complete\":true,\"use_same_address\":true},\"checkout-delivery-step\":{\"step_is_reachable\":true,\"step_is_complete\":true},\"checkout-payment-step\":{\"step_is_reachable\":true,\"step_is_complete\":false},\"checksum\":\"bd37289aa812210e3053ec440001a5d29b154991\"}'),
(333, 1, 1, 0, '', 1, 70, 70, 1, 68, 0, '472383664ca0dd884da43505be06c844', 0, 0, '', 0, 0, '2021-01-11 15:08:31', '2021-01-11 20:30:03', '{\"checkout-personal-information-step\":{\"step_is_reachable\":true,\"step_is_complete\":true},\"checkout-addresses-step\":{\"step_is_reachable\":true,\"step_is_complete\":true,\"use_same_address\":true},\"checkout-delivery-step\":{\"step_is_reachable\":true,\"step_is_complete\":true},\"checkout-payment-step\":{\"step_is_reachable\":true,\"step_is_complete\":false},\"checksum\":\"352991aaff175a1e186d8d21005d34174e1755bf\"}'),
(334, 1, 1, 0, '', 1, 72, 72, 1, 69, 0, '795aa36b67d891fe383e1beff77857e3', 0, 0, '', 0, 0, '2021-01-11 19:38:26', '2021-01-12 15:03:48', '{\"checkout-personal-information-step\":{\"step_is_reachable\":true,\"step_is_complete\":true},\"checkout-addresses-step\":{\"step_is_reachable\":true,\"step_is_complete\":true,\"use_same_address\":true},\"checkout-delivery-step\":{\"step_is_reachable\":true,\"step_is_complete\":false},\"checkout-payment-step\":{\"step_is_reachable\":false,\"step_is_complete\":false},\"checksum\":\"8e4cff86f3ae35722887b18604ee2324e3de8eca\"}'),
(335, 1, 1, 0, '', 1, 71, 71, 1, 69, 0, '795aa36b67d891fe383e1beff77857e3', 0, 0, '', 0, 0, '2021-01-12 15:07:11', '2021-01-12 15:11:20', '{\"checkout-personal-information-step\":{\"step_is_reachable\":true,\"step_is_complete\":true},\"checkout-addresses-step\":{\"step_is_reachable\":true,\"step_is_complete\":false,\"use_same_address\":true},\"checkout-delivery-step\":{\"step_is_reachable\":false,\"step_is_complete\":false},\"checkout-payment-step\":{\"step_is_reachable\":false,\"step_is_complete\":false},\"checksum\":\"a18945c554f71517e6d42e060d693d4121866445\"}'),
(336, 1, 1, 0, '', 1, 73, 73, 1, 70, 0, 'e19e17000c59d4bfb5f73c7abea53df2', 0, 0, '', 0, 0, '2021-01-12 15:38:54', '2021-01-12 16:30:53', '{\"checkout-personal-information-step\":{\"step_is_reachable\":true,\"step_is_complete\":true},\"checkout-addresses-step\":{\"step_is_reachable\":true,\"step_is_complete\":true,\"use_same_address\":true},\"checkout-delivery-step\":{\"step_is_reachable\":true,\"step_is_complete\":true},\"checkout-payment-step\":{\"step_is_reachable\":true,\"step_is_complete\":false},\"checksum\":\"4ccc273eb053a92e0b0e2651cf693161f6b487b3\"}'),
(337, 1, 1, 40, '{\"74\":\"40,\"}', 1, 74, 74, 1, 71, 0, 'a6f3be7c0232544e922ffa8bb28a1df4', 0, 0, '', 0, 0, '2021-01-12 15:54:24', '2021-01-12 15:58:24', '{\"checkout-personal-information-step\":{\"step_is_reachable\":true,\"step_is_complete\":true},\"checkout-addresses-step\":{\"step_is_reachable\":true,\"step_is_complete\":true,\"use_same_address\":true},\"checkout-delivery-step\":{\"step_is_reachable\":true,\"step_is_complete\":true},\"checkout-payment-step\":{\"step_is_reachable\":true,\"step_is_complete\":false},\"checksum\":\"5c15b9cca2dcc58efb337dad34917a4f8de7278e\"}'),
(338, 1, 1, 0, '', 1, 0, 0, 1, 0, 0, '', 0, 0, '', 0, 0, '2021-01-12 23:08:04', '2021-01-12 23:10:03', '{\"checkout-personal-information-step\":{\"step_is_reachable\":true,\"step_is_complete\":false},\"checkout-addresses-step\":{\"step_is_reachable\":false,\"step_is_complete\":false,\"use_same_address\":true},\"checkout-delivery-step\":{\"step_is_reachable\":false,\"step_is_complete\":false},\"checkout-payment-step\":{\"step_is_reachable\":false,\"step_is_complete\":false},\"checksum\":null}'),
(339, 1, 1, 40, '{\"75\":\"40,\"}', 1, 75, 75, 1, 72, 0, '69263e639f825dc91253efc9a284dbff', 0, 0, '', 0, 0, '2021-01-13 07:52:13', '2021-01-13 07:54:06', '{\"checkout-personal-information-step\":{\"step_is_reachable\":true,\"step_is_complete\":true},\"checkout-addresses-step\":{\"step_is_reachable\":true,\"step_is_complete\":true,\"use_same_address\":true},\"checkout-delivery-step\":{\"step_is_reachable\":true,\"step_is_complete\":true},\"checkout-payment-step\":{\"step_is_reachable\":true,\"step_is_complete\":false},\"checksum\":\"979bd8ce6b3e48d1bcea847e04174760a1430c66\"}'),
(340, 1, 1, 0, '', 1, 0, 0, 1, 0, 0, '', 0, 0, '', 0, 0, '2021-01-13 14:22:51', '2021-01-13 14:22:51', '{\"checkout-personal-information-step\":{\"step_is_reachable\":true,\"step_is_complete\":false},\"checkout-addresses-step\":{\"step_is_reachable\":false,\"step_is_complete\":false,\"use_same_address\":true},\"checkout-delivery-step\":{\"step_is_reachable\":false,\"step_is_complete\":false},\"checkout-payment-step\":{\"step_is_reachable\":false,\"step_is_complete\":false},\"checksum\":null}'),
(341, 1, 1, 0, '', 1, 76, 76, 1, 73, 0, '5c91634bf9c5282fca3d49a431018160', 0, 0, '', 0, 0, '2021-01-15 18:31:41', '2021-01-15 19:48:10', '{\"checkout-personal-information-step\":{\"step_is_reachable\":true,\"step_is_complete\":true},\"checkout-addresses-step\":{\"step_is_reachable\":true,\"step_is_complete\":true,\"use_same_address\":true},\"checkout-delivery-step\":{\"step_is_reachable\":true,\"step_is_complete\":false},\"checkout-payment-step\":{\"step_is_reachable\":false,\"step_is_complete\":false},\"checksum\":\"21087206433ad51356019fd76218eaca84789cce\"}'),
(342, 1, 1, 0, '', 1, 0, 0, 1, 0, 0, '', 0, 0, '', 0, 0, '2021-01-17 00:43:46', '2021-01-17 00:43:46', '{\"checkout-personal-information-step\":{\"step_is_reachable\":true,\"step_is_complete\":false},\"checkout-addresses-step\":{\"step_is_reachable\":false,\"step_is_complete\":false,\"use_same_address\":true},\"checkout-delivery-step\":{\"step_is_reachable\":false,\"step_is_complete\":false},\"checkout-payment-step\":{\"step_is_reachable\":false,\"step_is_complete\":false},\"checksum\":null}'),
(343, 1, 1, 0, '', 1, 0, 0, 1, 0, 0, '', 0, 0, '', 0, 0, '2021-01-17 16:15:29', '2021-01-17 16:15:29', NULL),
(344, 1, 1, 0, '', 1, 0, 0, 1, 74, 0, 'ac99f50bff7ca73988c594b9f073c115', 0, 0, '', 0, 0, '2021-01-18 20:29:28', '2021-01-25 13:22:32', '{\"checkout-personal-information-step\":{\"step_is_reachable\":true,\"step_is_complete\":true},\"checkout-addresses-step\":{\"step_is_reachable\":true,\"step_is_complete\":false,\"use_same_address\":true},\"checkout-delivery-step\":{\"step_is_reachable\":false,\"step_is_complete\":false},\"checkout-payment-step\":{\"step_is_reachable\":false,\"step_is_complete\":false},\"checksum\":\"6b7408cae892fb67d50b6b3b1b0e2d515899e775\"}'),
(345, 1, 1, 0, '', 1, 0, 0, 1, 0, 0, '', 0, 0, '', 0, 0, '2021-01-18 20:45:09', '2021-01-18 20:45:09', NULL),
(346, 1, 1, 40, '{\"77\":\"40,\"}', 1, 77, 77, 1, 75, 0, '1f32a7442dbed29f615cf06310279259', 0, 0, '', 0, 0, '2021-01-18 20:49:03', '2021-01-18 21:01:56', '{\"checkout-personal-information-step\":{\"step_is_reachable\":true,\"step_is_complete\":true},\"checkout-addresses-step\":{\"step_is_reachable\":true,\"step_is_complete\":true,\"use_same_address\":true},\"checkout-delivery-step\":{\"step_is_reachable\":true,\"step_is_complete\":true},\"checkout-payment-step\":{\"step_is_reachable\":true,\"step_is_complete\":false},\"checksum\":\"12b745fae2f2f60d3ac74c99d8139839e691e23a\"}'),
(347, 1, 1, 40, '{\"78\":\"40,\"}', 1, 78, 78, 1, 76, 0, 'b9452578381904e9d5ce3d7ad9601388', 0, 0, '', 0, 0, '2021-01-19 08:30:25', '2021-01-19 08:32:57', '{\"checkout-personal-information-step\":{\"step_is_reachable\":true,\"step_is_complete\":true},\"checkout-addresses-step\":{\"step_is_reachable\":true,\"step_is_complete\":true,\"use_same_address\":true},\"checkout-delivery-step\":{\"step_is_reachable\":true,\"step_is_complete\":true},\"checkout-payment-step\":{\"step_is_reachable\":true,\"step_is_complete\":false},\"checksum\":\"27d3fab5c83867719f9b8955dfdaa85284eaab02\"}'),
(348, 1, 1, 0, '', 1, 74, 74, 1, 71, 0, 'a6f3be7c0232544e922ffa8bb28a1df4', 0, 0, '', 0, 0, '2021-01-19 12:13:59', '2021-01-19 12:13:59', NULL),
(349, 1, 1, 0, '', 1, 0, 0, 1, 77, 0, 'efaa0caae6672400889c008467bcd264', 0, 0, '', 0, 0, '2021-01-19 12:54:09', '2021-01-19 12:55:37', NULL),
(350, 1, 1, 0, '', 1, 0, 0, 1, 78, 0, '3985f9112abbc15e3590ccaeb9ffb023', 0, 0, '', 0, 0, '2021-01-19 17:51:16', '2021-01-19 17:57:55', NULL),
(351, 1, 1, 40, '{\"54\":\"40,\"}', 1, 54, 54, 1, 2, 0, '5909400f8b2408cf989cfd531fc68e08', 0, 0, '', 0, 0, '2021-01-21 15:21:37', '2021-01-21 15:22:23', '{\"checkout-personal-information-step\":{\"step_is_reachable\":true,\"step_is_complete\":true},\"checkout-addresses-step\":{\"step_is_reachable\":true,\"step_is_complete\":true,\"use_same_address\":true},\"checkout-delivery-step\":{\"step_is_reachable\":true,\"step_is_complete\":true},\"checkout-payment-step\":{\"step_is_reachable\":true,\"step_is_complete\":false},\"checksum\":\"d21e6a3153efef98feb5025d024cf49f7a293879\"}'),
(352, 1, 1, 0, '', 1, 0, 0, 1, 0, 0, '', 0, 0, '', 0, 0, '2021-01-22 14:44:11', '2021-01-22 14:47:02', NULL),
(353, 1, 1, 0, '', 1, 0, 0, 1, 0, 0, '', 0, 0, '', 0, 0, '2021-01-23 03:12:03', '2021-01-23 03:12:03', NULL),
(354, 1, 1, 0, '', 1, 0, 0, 1, 0, 0, '', 0, 0, '', 0, 0, '2021-01-24 12:51:37', '2021-01-24 12:51:37', NULL),
(355, 1, 1, 40, '{\"79\":\"40,\"}', 1, 79, 79, 1, 79, 0, '97247fe1bf8eb053f203507aafa2739a', 0, 0, '', 0, 0, '2021-01-25 17:16:43', '2021-01-25 17:20:53', '{\"checkout-personal-information-step\":{\"step_is_reachable\":true,\"step_is_complete\":true},\"checkout-addresses-step\":{\"step_is_reachable\":true,\"step_is_complete\":true,\"use_same_address\":true},\"checkout-delivery-step\":{\"step_is_reachable\":true,\"step_is_complete\":true},\"checkout-payment-step\":{\"step_is_reachable\":true,\"step_is_complete\":false},\"checksum\":\"5e64e3621bff4701f9266f19ffba6cc76d918534\"}'),
(356, 1, 1, 0, '', 1, 0, 0, 1, 0, 0, '', 0, 0, '', 0, 0, '2021-01-25 17:30:50', '2021-01-25 17:31:27', '{\"checkout-personal-information-step\":{\"step_is_reachable\":true,\"step_is_complete\":false},\"checkout-addresses-step\":{\"step_is_reachable\":false,\"step_is_complete\":false,\"use_same_address\":true},\"checkout-delivery-step\":{\"step_is_reachable\":false,\"step_is_complete\":false},\"checkout-payment-step\":{\"step_is_reachable\":false,\"step_is_complete\":false},\"checksum\":null}'),
(357, 1, 1, 0, '', 1, 0, 0, 1, 0, 0, '', 0, 0, '', 0, 0, '2021-01-26 16:21:20', '2021-01-26 16:21:20', '{\"checkout-personal-information-step\":{\"step_is_reachable\":true,\"step_is_complete\":false},\"checkout-addresses-step\":{\"step_is_reachable\":false,\"step_is_complete\":false,\"use_same_address\":true},\"checkout-delivery-step\":{\"step_is_reachable\":false,\"step_is_complete\":false},\"checkout-payment-step\":{\"step_is_reachable\":false,\"step_is_complete\":false},\"checksum\":null}'),
(358, 1, 1, 0, '', 1, 0, 0, 1, 0, 0, '', 0, 0, '', 0, 0, '2021-01-27 12:51:16', '2021-01-27 12:52:58', NULL),
(359, 1, 1, 0, '', 1, 0, 0, 1, 0, 0, '', 0, 0, '', 0, 0, '2021-01-28 14:25:13', '2021-01-28 14:26:19', NULL),
(360, 1, 1, 0, '', 1, 0, 0, 1, 0, 0, '', 0, 0, '', 0, 0, '2021-01-28 14:29:56', '2021-01-28 14:42:35', '{\"checkout-personal-information-step\":{\"step_is_reachable\":true,\"step_is_complete\":false},\"checkout-addresses-step\":{\"step_is_reachable\":false,\"step_is_complete\":false,\"use_same_address\":true},\"checkout-delivery-step\":{\"step_is_reachable\":false,\"step_is_complete\":false},\"checkout-payment-step\":{\"step_is_reachable\":false,\"step_is_complete\":false},\"checksum\":null}'),
(361, 1, 1, 0, '', 1, 0, 0, 1, 0, 0, '', 0, 0, '', 0, 0, '2021-01-28 21:00:42', '2021-01-28 21:00:42', NULL),
(362, 1, 1, 40, '{\"80\":\"40,\"}', 1, 80, 80, 1, 80, 0, 'a207365626504e3427d176eaf239ca99', 0, 0, '', 0, 0, '2021-02-01 21:24:10', '2021-02-01 21:29:28', '{\"checkout-personal-information-step\":{\"step_is_reachable\":true,\"step_is_complete\":true},\"checkout-addresses-step\":{\"step_is_reachable\":true,\"step_is_complete\":true,\"use_same_address\":true},\"checkout-delivery-step\":{\"step_is_reachable\":true,\"step_is_complete\":true},\"checkout-payment-step\":{\"step_is_reachable\":true,\"step_is_complete\":false},\"checksum\":\"952c96df4de362086ff7649cb10e26959949f820\"}'),
(363, 1, 1, 40, '{\"81\":\"40,\"}', 1, 81, 81, 1, 81, 0, '1d8a4d2f9240aae320d9a7586de029ee', 0, 0, '', 0, 0, '2021-02-02 09:33:07', '2021-02-02 09:37:13', '{\"checkout-personal-information-step\":{\"step_is_reachable\":true,\"step_is_complete\":true},\"checkout-addresses-step\":{\"step_is_reachable\":true,\"step_is_complete\":true,\"use_same_address\":true},\"checkout-delivery-step\":{\"step_is_reachable\":true,\"step_is_complete\":true},\"checkout-payment-step\":{\"step_is_reachable\":true,\"step_is_complete\":false},\"checksum\":\"c0ee53c4f73ca1916676c2972bcb10f5fb96503f\"}'),
(364, 1, 1, 0, '', 1, 0, 0, 1, 0, 0, '', 0, 0, '', 0, 0, '2021-02-03 18:01:50', '2021-02-03 18:01:50', NULL),
(365, 1, 1, 40, '{\"82\":\"40,\"}', 1, 82, 82, 1, 82, 0, '201c872f5aa998d3bc50084736649ea0', 0, 0, '', 0, 0, '2021-02-04 19:09:00', '2021-02-04 19:34:11', '{\"checkout-personal-information-step\":{\"step_is_reachable\":true,\"step_is_complete\":true},\"checkout-addresses-step\":{\"step_is_reachable\":true,\"step_is_complete\":true,\"use_same_address\":true},\"checkout-delivery-step\":{\"step_is_reachable\":true,\"step_is_complete\":true},\"checkout-payment-step\":{\"step_is_reachable\":true,\"step_is_complete\":false},\"checksum\":\"2aa4290c99a254f090bd9051cffbd6bbb964601a\"}'),
(366, 1, 1, 0, '', 1, 0, 0, 1, 0, 0, '', 0, 0, '', 0, 0, '2021-02-04 19:21:56', '2021-02-05 01:35:56', '{\"checkout-personal-information-step\":{\"step_is_reachable\":true,\"step_is_complete\":false},\"checkout-addresses-step\":{\"step_is_reachable\":false,\"step_is_complete\":false,\"use_same_address\":true},\"checkout-delivery-step\":{\"step_is_reachable\":false,\"step_is_complete\":false},\"checkout-payment-step\":{\"step_is_reachable\":false,\"step_is_complete\":false},\"checksum\":null}'),
(367, 1, 1, 0, '', 1, 0, 0, 1, 0, 0, '', 0, 0, '', 0, 0, '2021-02-12 18:04:29', '2021-02-12 18:04:29', NULL),
(368, 1, 1, 0, '', 1, 0, 0, 1, 0, 0, '', 0, 0, '', 0, 0, '2021-02-15 12:54:01', '2021-02-15 12:54:58', NULL),
(369, 1, 1, 40, '{\"83\":\"40,\"}', 1, 83, 83, 1, 83, 0, '901d2daeb72ab10998b005e292e642bc', 0, 0, '', 0, 0, '2021-02-15 17:13:09', '2021-02-15 17:17:22', '{\"checkout-personal-information-step\":{\"step_is_reachable\":true,\"step_is_complete\":true},\"checkout-addresses-step\":{\"step_is_reachable\":true,\"step_is_complete\":true,\"use_same_address\":true},\"checkout-delivery-step\":{\"step_is_reachable\":true,\"step_is_complete\":true},\"checkout-payment-step\":{\"step_is_reachable\":true,\"step_is_complete\":false},\"checksum\":\"8518397c51f289184c3b11577d93e3eb4d029739\"}'),
(370, 1, 1, 40, '{\"84\":\"40,\"}', 1, 84, 84, 1, 84, 0, '7178228cdf1e2a1b5580c61867c71c49', 0, 0, '', 0, 0, '2021-02-20 12:10:51', '2021-02-20 12:24:03', '{\"checkout-personal-information-step\":{\"step_is_reachable\":true,\"step_is_complete\":true},\"checkout-addresses-step\":{\"step_is_reachable\":true,\"step_is_complete\":true,\"use_same_address\":true},\"checkout-delivery-step\":{\"step_is_reachable\":true,\"step_is_complete\":true},\"checkout-payment-step\":{\"step_is_reachable\":true,\"step_is_complete\":false},\"checksum\":\"2a2029fe26c08ac3d731cc6891d02b82c198227f\"}'),
(371, 1, 1, 0, '', 1, 0, 0, 1, 0, 0, '', 0, 0, '', 0, 0, '2021-02-20 19:35:29', '2021-02-20 19:35:29', NULL),
(372, 1, 1, 0, '', 1, 0, 0, 1, 0, 0, '', 0, 0, '', 0, 0, '2021-02-21 10:53:45', '2021-02-21 10:53:45', NULL),
(373, 1, 1, 40, '{\"85\":\"40,\"}', 1, 85, 85, 1, 85, 0, '23f3e37212c36241339d0e9c13c8a878', 0, 0, '', 0, 0, '2021-02-22 11:58:35', '2021-02-22 12:00:50', '{\"checkout-personal-information-step\":{\"step_is_reachable\":true,\"step_is_complete\":true},\"checkout-addresses-step\":{\"step_is_reachable\":true,\"step_is_complete\":true,\"use_same_address\":true},\"checkout-delivery-step\":{\"step_is_reachable\":true,\"step_is_complete\":true},\"checkout-payment-step\":{\"step_is_reachable\":true,\"step_is_complete\":false},\"checksum\":\"c98a3d0827d34f61f0256b590f9a627d09798bb6\"}'),
(374, 1, 1, 0, '', 1, 0, 0, 1, 0, 0, '', 0, 0, '', 0, 0, '2021-02-23 10:29:54', '2021-02-23 10:29:54', NULL),
(375, 1, 1, 0, '', 1, 0, 0, 1, 0, 0, '', 0, 0, '', 0, 0, '2021-02-24 02:44:08', '2021-02-24 02:44:08', NULL),
(376, 1, 1, 0, '', 1, 0, 0, 1, 0, 0, '', 0, 0, '', 0, 0, '2021-02-24 11:44:17', '2021-02-24 11:44:17', NULL),
(377, 1, 1, 0, '', 1, 0, 0, 1, 0, 0, '', 0, 0, '', 0, 0, '2021-02-25 07:05:35', '2021-02-25 07:05:35', NULL),
(378, 1, 1, 40, '{\"86\":\"40,\"}', 1, 86, 86, 1, 86, 0, '523f99eb84068413c8dce8edf8c14330', 0, 0, '', 0, 0, '2021-02-25 13:48:30', '2021-02-25 18:06:27', '{\"checkout-personal-information-step\":{\"step_is_reachable\":true,\"step_is_complete\":true},\"checkout-addresses-step\":{\"step_is_reachable\":true,\"step_is_complete\":true,\"use_same_address\":true},\"checkout-delivery-step\":{\"step_is_reachable\":true,\"step_is_complete\":true},\"checkout-payment-step\":{\"step_is_reachable\":true,\"step_is_complete\":false},\"checksum\":\"bee730389dbc112f54e1219e3beaf228c1dbf5ee\"}'),
(379, 1, 1, 0, '', 1, 0, 0, 1, 0, 0, '', 0, 0, '', 0, 0, '2021-02-25 17:57:17', '2021-02-25 17:57:17', NULL),
(380, 1, 1, 0, '', 1, 0, 0, 1, 0, 0, '', 0, 0, '', 0, 0, '2021-03-01 12:55:16', '2021-03-01 12:55:16', '{\"checkout-personal-information-step\":{\"step_is_reachable\":true,\"step_is_complete\":false},\"checkout-addresses-step\":{\"step_is_reachable\":false,\"step_is_complete\":false,\"use_same_address\":true},\"checkout-delivery-step\":{\"step_is_reachable\":false,\"step_is_complete\":false},\"checkout-payment-step\":{\"step_is_reachable\":false,\"step_is_complete\":false},\"checksum\":null}'),
(381, 1, 1, 0, '', 1, 0, 0, 1, 0, 0, '', 0, 0, '', 0, 0, '2021-03-03 20:00:39', '2021-03-03 20:00:39', NULL),
(382, 1, 1, 0, '', 1, 0, 0, 1, 0, 0, '', 0, 0, '', 0, 0, '2021-03-04 17:25:49', '2021-03-04 17:25:49', NULL),
(383, 1, 1, 0, '', 1, 0, 0, 1, 0, 0, '', 0, 0, '', 0, 0, '2021-03-06 17:11:53', '2021-03-06 17:11:53', NULL),
(384, 1, 1, 0, '', 1, 0, 0, 1, 0, 0, '', 0, 0, '', 0, 0, '2021-03-07 14:49:20', '2021-03-07 14:49:20', NULL),
(385, 1, 1, 0, '', 1, 0, 0, 1, 87, 0, '9f6cbaac2167c7a8514e1eeb9528afb4', 0, 0, '', 0, 0, '2021-03-09 08:54:35', '2021-03-09 08:54:40', NULL),
(386, 1, 1, 0, '', 1, 0, 0, 1, 0, 0, '', 0, 0, '', 0, 0, '2021-03-09 16:33:58', '2021-03-09 16:33:58', NULL),
(387, 1, 1, 0, '', 1, 84, 84, 1, 84, 0, '7178228cdf1e2a1b5580c61867c71c49', 0, 0, '', 0, 0, '2021-03-10 16:17:43', '2021-03-10 16:17:54', NULL),
(388, 1, 1, 0, '', 1, 0, 0, 1, 0, 0, '', 0, 0, '', 0, 0, '2021-03-10 16:37:51', '2021-03-10 16:37:51', '{\"checkout-personal-information-step\":{\"step_is_reachable\":true,\"step_is_complete\":false},\"checkout-addresses-step\":{\"step_is_reachable\":false,\"step_is_complete\":false,\"use_same_address\":true},\"checkout-delivery-step\":{\"step_is_reachable\":false,\"step_is_complete\":false},\"checkout-payment-step\":{\"step_is_reachable\":false,\"step_is_complete\":false},\"checksum\":null}'),
(389, 1, 1, 0, '', 1, 0, 0, 1, 0, 0, '', 0, 0, '', 0, 0, '2021-03-10 21:50:00', '2021-03-10 21:50:00', NULL),
(390, 1, 1, 40, '{\"87\":\"40,\"}', 1, 87, 87, 1, 88, 0, 'ec1d390e413829e1b6b02299ebb49a8d', 0, 0, '', 0, 0, '2021-03-11 12:53:24', '2021-03-11 14:36:31', '{\"checkout-personal-information-step\":{\"step_is_reachable\":true,\"step_is_complete\":true},\"checkout-addresses-step\":{\"step_is_reachable\":true,\"step_is_complete\":true,\"use_same_address\":true},\"checkout-delivery-step\":{\"step_is_reachable\":true,\"step_is_complete\":true},\"checkout-payment-step\":{\"step_is_reachable\":true,\"step_is_complete\":false},\"checksum\":\"6c49b08f20668dac4cad7a009775ca1989a7c698\"}'),
(391, 1, 1, 40, '{\"88\":\"40,\"}', 1, 88, 88, 1, 89, 0, 'a5d33a99d3dac92f6036bee8e78f7e1b', 0, 0, '', 0, 0, '2021-03-11 16:28:55', '2021-03-11 16:34:23', '{\"checkout-personal-information-step\":{\"step_is_reachable\":true,\"step_is_complete\":true},\"checkout-addresses-step\":{\"step_is_reachable\":true,\"step_is_complete\":true,\"use_same_address\":true},\"checkout-delivery-step\":{\"step_is_reachable\":true,\"step_is_complete\":true},\"checkout-payment-step\":{\"step_is_reachable\":true,\"step_is_complete\":false},\"checksum\":\"4a01feecb85f865f48b5a2366c895b2270195c8e\"}'),
(392, 1, 1, 0, '', 1, 88, 88, 1, 89, 0, 'a5d33a99d3dac92f6036bee8e78f7e1b', 0, 0, '', 0, 0, '2021-03-11 16:44:49', '2021-03-11 16:44:49', NULL),
(393, 1, 1, 40, '{\"88\":\"40,\"}', 1, 88, 88, 1, 89, 0, 'a5d33a99d3dac92f6036bee8e78f7e1b', 0, 0, '', 0, 0, '2021-03-11 16:45:05', '2021-03-11 16:45:05', '{\"checkout-personal-information-step\":{\"step_is_reachable\":true,\"step_is_complete\":true},\"checkout-addresses-step\":{\"step_is_reachable\":true,\"step_is_complete\":false,\"use_same_address\":true},\"checkout-delivery-step\":{\"step_is_reachable\":false,\"step_is_complete\":false},\"checkout-payment-step\":{\"step_is_reachable\":false,\"step_is_complete\":false},\"checksum\":\"4a01feecb85f865f48b5a2366c895b2270195c8e\"}'),
(394, 1, 1, 0, '', 1, 88, 88, 1, 89, 0, 'a5d33a99d3dac92f6036bee8e78f7e1b', 0, 0, '', 0, 0, '2021-03-11 19:40:02', '2021-03-11 19:40:02', NULL),
(395, 1, 1, 0, '', 1, 88, 88, 1, 89, 0, 'a5d33a99d3dac92f6036bee8e78f7e1b', 0, 0, '', 0, 0, '2021-03-11 19:40:17', '2021-03-15 09:44:10', '{\"checkout-personal-information-step\":{\"step_is_reachable\":true,\"step_is_complete\":true},\"checkout-addresses-step\":{\"step_is_reachable\":true,\"step_is_complete\":false,\"use_same_address\":true},\"checkout-delivery-step\":{\"step_is_reachable\":false,\"step_is_complete\":false},\"checkout-payment-step\":{\"step_is_reachable\":false,\"step_is_complete\":false},\"checksum\":\"4a01feecb85f865f48b5a2366c895b2270195c8e\"}'),
(396, 1, 1, 40, '{\"89\":\"40,\"}', 1, 89, 89, 1, 90, 0, 'dce25ec19a2aa53c6513959ceaa8b549', 0, 0, '', 0, 0, '2021-03-11 21:16:27', '2021-03-11 21:20:48', '{\"checkout-personal-information-step\":{\"step_is_reachable\":true,\"step_is_complete\":true},\"checkout-addresses-step\":{\"step_is_reachable\":true,\"step_is_complete\":true,\"use_same_address\":true},\"checkout-delivery-step\":{\"step_is_reachable\":true,\"step_is_complete\":true},\"checkout-payment-step\":{\"step_is_reachable\":true,\"step_is_complete\":false},\"checksum\":\"3f3ae94b2ef37a524634d123cd4faca0bb8b6275\"}'),
(397, 1, 1, 0, '', 1, 0, 0, 1, 0, 0, '', 0, 0, '', 0, 0, '2021-03-12 03:25:47', '2021-03-12 03:25:47', NULL),
(398, 1, 1, 0, '', 1, 87, 87, 1, 88, 0, 'ec1d390e413829e1b6b02299ebb49a8d', 0, 0, '', 0, 0, '2021-03-12 10:30:12', '2021-03-12 10:30:12', NULL),
(399, 1, 1, 40, '{\"88\":\"40,\"}', 1, 88, 88, 1, 89, 0, 'a5d33a99d3dac92f6036bee8e78f7e1b', 0, 0, '', 0, 0, '2021-03-15 09:44:20', '2021-03-15 09:44:20', '{\"checkout-personal-information-step\":{\"step_is_reachable\":true,\"step_is_complete\":true},\"checkout-addresses-step\":{\"step_is_reachable\":true,\"step_is_complete\":false,\"use_same_address\":true},\"checkout-delivery-step\":{\"step_is_reachable\":false,\"step_is_complete\":false},\"checkout-payment-step\":{\"step_is_reachable\":false,\"step_is_complete\":false},\"checksum\":\"4a01feecb85f865f48b5a2366c895b2270195c8e\"}'),
(400, 1, 1, 0, '', 1, 0, 0, 1, 0, 0, '', 0, 0, '', 0, 0, '2021-03-15 21:04:56', '2021-03-15 21:05:42', '{\"checkout-personal-information-step\":{\"step_is_reachable\":true,\"step_is_complete\":false},\"checkout-addresses-step\":{\"step_is_reachable\":false,\"step_is_complete\":false,\"use_same_address\":true},\"checkout-delivery-step\":{\"step_is_reachable\":false,\"step_is_complete\":false},\"checkout-payment-step\":{\"step_is_reachable\":false,\"step_is_complete\":false},\"checksum\":null}'),
(401, 1, 1, 0, '', 1, 84, 84, 1, 84, 0, '7178228cdf1e2a1b5580c61867c71c49', 0, 0, '', 0, 0, '2021-03-17 12:27:24', '2021-03-17 12:27:24', NULL),
(402, 1, 1, 0, '', 1, 0, 0, 1, 0, 0, '', 0, 0, '', 0, 0, '2021-03-17 18:14:02', '2021-03-20 19:31:05', NULL),
(403, 1, 1, 40, '{\"90\":\"40,\"}', 1, 90, 90, 1, 91, 0, 'dbec2b3685418059c23800118213f5fc', 0, 0, '', 0, 0, '2021-03-18 15:18:10', '2021-03-19 13:11:39', '{\"checkout-personal-information-step\":{\"step_is_reachable\":true,\"step_is_complete\":true},\"checkout-addresses-step\":{\"step_is_reachable\":true,\"step_is_complete\":true,\"use_same_address\":true},\"checkout-delivery-step\":{\"step_is_reachable\":true,\"step_is_complete\":true},\"checkout-payment-step\":{\"step_is_reachable\":true,\"step_is_complete\":false},\"checksum\":\"75192256b0fdd402ea38bd3deb3540e6f48bf3ac\"}'),
(404, 1, 1, 40, '{\"88\":\"40,\"}', 1, 88, 88, 1, 89, 0, 'a5d33a99d3dac92f6036bee8e78f7e1b', 0, 0, '', 0, 0, '2021-03-18 20:19:02', '2021-03-18 20:19:02', NULL),
(405, 1, 1, 40, '{\"84\":\"40,\"}', 1, 84, 84, 1, 84, 0, '7178228cdf1e2a1b5580c61867c71c49', 0, 0, '', 0, 0, '2021-03-22 07:46:42', '2021-03-22 07:46:42', '{\"checkout-personal-information-step\":{\"step_is_reachable\":true,\"step_is_complete\":true},\"checkout-addresses-step\":{\"step_is_reachable\":true,\"step_is_complete\":false,\"use_same_address\":true},\"checkout-delivery-step\":{\"step_is_reachable\":false,\"step_is_complete\":false},\"checkout-payment-step\":{\"step_is_reachable\":false,\"step_is_complete\":false},\"checksum\":\"2a2029fe26c08ac3d731cc6891d02b82c198227f\"}'),
(406, 1, 1, 40, '{\"84\":\"40,\"}', 1, 84, 84, 1, 84, 0, '7178228cdf1e2a1b5580c61867c71c49', 0, 0, '', 0, 0, '2021-03-22 23:51:06', '2021-03-22 23:51:06', '{\"checkout-personal-information-step\":{\"step_is_reachable\":true,\"step_is_complete\":true},\"checkout-addresses-step\":{\"step_is_reachable\":true,\"step_is_complete\":false,\"use_same_address\":true},\"checkout-delivery-step\":{\"step_is_reachable\":false,\"step_is_complete\":false},\"checkout-payment-step\":{\"step_is_reachable\":false,\"step_is_complete\":false},\"checksum\":\"2a2029fe26c08ac3d731cc6891d02b82c198227f\"}'),
(407, 1, 1, 0, '', 1, 0, 0, 1, 0, 0, '', 0, 0, '', 0, 0, '2021-03-24 17:52:29', '2021-03-24 17:52:29', NULL),
(408, 1, 1, 40, '{\"91\":\"40,\"}', 1, 91, 91, 1, 92, 0, '8b860ee96d8e1f06f1dbff1565b29819', 0, 0, '', 0, 0, '2021-03-25 00:00:35', '2021-03-25 14:53:19', '{\"checkout-personal-information-step\":{\"step_is_reachable\":true,\"step_is_complete\":true},\"checkout-addresses-step\":{\"step_is_reachable\":true,\"step_is_complete\":true,\"use_same_address\":true},\"checkout-delivery-step\":{\"step_is_reachable\":true,\"step_is_complete\":true},\"checkout-payment-step\":{\"step_is_reachable\":true,\"step_is_complete\":false},\"checksum\":\"b61ac06f8af13132df8b8032314c04fcc583a547\"}'),
(409, 1, 1, 0, '', 1, 0, 0, 1, 0, 0, '', 0, 0, '', 0, 0, '2021-03-25 11:10:21', '2021-03-25 11:10:21', NULL),
(410, 1, 1, 0, '', 1, 92, 92, 1, 93, 0, '6381a7cb92ab539f3589a31617ef14ce', 0, 0, '', 0, 0, '2021-03-25 12:44:31', '2021-03-26 08:30:31', '{\"checkout-personal-information-step\":{\"step_is_reachable\":true,\"step_is_complete\":true},\"checkout-addresses-step\":{\"step_is_reachable\":true,\"step_is_complete\":true,\"use_same_address\":true},\"checkout-delivery-step\":{\"step_is_reachable\":true,\"step_is_complete\":true},\"checkout-payment-step\":{\"step_is_reachable\":true,\"step_is_complete\":false},\"checksum\":\"4803f188ee9768a71bec3e3eb5302a164ccd80f5\"}'),
(411, 1, 1, 0, '', 1, 0, 0, 1, 0, 0, '', 0, 0, '', 0, 0, '2021-03-25 17:55:39', '2021-03-25 17:55:39', NULL),
(412, 1, 1, 40, '{\"93\":\"40,\"}', 1, 93, 93, 1, 94, 0, 'b7e61db40f598b2464c07a2cd60ad9f0', 0, 0, '', 0, 0, '2021-03-26 08:38:53', '2021-03-26 08:45:48', '{\"checkout-personal-information-step\":{\"step_is_reachable\":true,\"step_is_complete\":true},\"checkout-addresses-step\":{\"step_is_reachable\":true,\"step_is_complete\":true,\"use_same_address\":true},\"checkout-delivery-step\":{\"step_is_reachable\":true,\"step_is_complete\":true},\"checkout-payment-step\":{\"step_is_reachable\":true,\"step_is_complete\":false},\"checksum\":\"fdb9335f9b3514f7b9554b198b4d5c90314886b0\"}'),
(413, 1, 1, 0, '', 1, 0, 0, 1, 0, 0, '', 0, 0, '', 0, 0, '2021-03-28 17:44:36', '2021-03-28 17:44:36', NULL),
(414, 1, 1, 0, '', 1, 0, 0, 1, 0, 0, '', 0, 0, '', 0, 0, '2021-03-29 14:15:41', '2021-03-29 14:15:41', NULL),
(415, 1, 1, 0, '', 1, 0, 0, 1, 0, 0, '', 0, 0, '', 0, 0, '2021-03-30 13:39:24', '2021-03-30 13:39:24', '{\"checkout-personal-information-step\":{\"step_is_reachable\":true,\"step_is_complete\":false},\"checkout-addresses-step\":{\"step_is_reachable\":false,\"step_is_complete\":false,\"use_same_address\":true},\"checkout-delivery-step\":{\"step_is_reachable\":false,\"step_is_complete\":false},\"checkout-payment-step\":{\"step_is_reachable\":false,\"step_is_complete\":false},\"checksum\":null}'),
(416, 1, 1, 0, '', 1, 94, 94, 1, 95, 0, '2bcdf47b30bc75941bd970b531dedb91', 0, 0, '', 0, 0, '2021-04-01 01:02:46', '2021-04-01 12:20:36', '{\"checkout-personal-information-step\":{\"step_is_reachable\":true,\"step_is_complete\":true},\"checkout-addresses-step\":{\"step_is_reachable\":true,\"step_is_complete\":true,\"use_same_address\":true},\"checkout-delivery-step\":{\"step_is_reachable\":true,\"step_is_complete\":true},\"checkout-payment-step\":{\"step_is_reachable\":true,\"step_is_complete\":false},\"checksum\":\"6bc501986a943fef34273949c672bed3dd9fbd5f\"}'),
(417, 1, 1, 40, '{\"95\":\"40,\"}', 1, 95, 95, 1, 96, 0, '1339edbb9e1525807305d010cb4a1bf0', 0, 0, '', 0, 0, '2021-04-01 12:21:31', '2021-04-01 12:25:23', '{\"checkout-personal-information-step\":{\"step_is_reachable\":true,\"step_is_complete\":true},\"checkout-addresses-step\":{\"step_is_reachable\":true,\"step_is_complete\":true,\"use_same_address\":true},\"checkout-delivery-step\":{\"step_is_reachable\":true,\"step_is_complete\":true},\"checkout-payment-step\":{\"step_is_reachable\":true,\"step_is_complete\":false},\"checksum\":\"105619da1659924a6906d9780e4c55e643ca951f\"}');
INSERT INTO `ps_cart` (`id_cart`, `id_shop_group`, `id_shop`, `id_carrier`, `delivery_option`, `id_lang`, `id_address_delivery`, `id_address_invoice`, `id_currency`, `id_customer`, `id_guest`, `secure_key`, `recyclable`, `gift`, `gift_message`, `mobile_theme`, `allow_seperated_package`, `date_add`, `date_upd`, `checkout_session_data`) VALUES
(418, 1, 1, 0, '', 1, 0, 0, 1, 0, 0, '', 0, 0, '', 0, 0, '2021-04-01 21:09:16', '2021-04-01 21:09:16', '{\"checkout-personal-information-step\":{\"step_is_reachable\":true,\"step_is_complete\":false},\"checkout-addresses-step\":{\"step_is_reachable\":false,\"step_is_complete\":false,\"use_same_address\":true},\"checkout-delivery-step\":{\"step_is_reachable\":false,\"step_is_complete\":false},\"checkout-payment-step\":{\"step_is_reachable\":false,\"step_is_complete\":false},\"checksum\":null}'),
(419, 1, 1, 0, '', 1, 0, 0, 1, 0, 0, '', 0, 0, '', 0, 0, '2021-04-02 19:10:25', '2021-04-02 19:10:25', NULL),
(420, 1, 1, 0, '', 1, 96, 96, 1, 97, 0, 'be0801cb68476262fd8b7c911910f792', 0, 0, '', 0, 0, '2021-04-05 16:23:38', '2021-04-16 16:24:14', '{\"checkout-personal-information-step\":{\"step_is_reachable\":true,\"step_is_complete\":true},\"checkout-addresses-step\":{\"step_is_reachable\":true,\"step_is_complete\":true,\"use_same_address\":true},\"checkout-delivery-step\":{\"step_is_reachable\":true,\"step_is_complete\":true},\"checkout-payment-step\":{\"step_is_reachable\":true,\"step_is_complete\":false},\"checksum\":\"be96f7cf59c349bb965d376d07a1682378309cb0\"}'),
(421, 1, 1, 0, '', 1, 0, 0, 1, 0, 0, '', 0, 0, '', 0, 0, '2021-04-05 21:58:15', '2021-04-05 21:58:15', NULL),
(422, 1, 1, 0, '', 1, 0, 0, 1, 0, 0, '', 0, 0, '', 0, 0, '2021-04-06 19:10:36', '2021-04-06 19:10:36', NULL),
(423, 1, 1, 0, '', 1, 0, 0, 1, 0, 0, '', 0, 0, '', 0, 0, '2021-04-10 12:19:46', '2021-04-10 12:19:57', NULL),
(424, 1, 1, 0, '', 1, 0, 0, 1, 0, 0, '', 0, 0, '', 0, 0, '2021-04-13 11:23:37', '2021-04-13 11:23:37', '{\"checkout-personal-information-step\":{\"step_is_reachable\":true,\"step_is_complete\":false},\"checkout-addresses-step\":{\"step_is_reachable\":false,\"step_is_complete\":false,\"use_same_address\":true},\"checkout-delivery-step\":{\"step_is_reachable\":false,\"step_is_complete\":false},\"checkout-payment-step\":{\"step_is_reachable\":false,\"step_is_complete\":false},\"checksum\":null}'),
(425, 1, 1, 0, '', 1, 0, 0, 1, 0, 0, '', 0, 0, '', 0, 0, '2021-04-13 23:42:07', '2021-04-13 23:42:07', NULL),
(426, 1, 1, 0, '', 1, 0, 0, 1, 0, 0, '', 0, 0, '', 0, 0, '2021-04-15 13:41:16', '2021-04-15 13:46:15', '{\"checkout-personal-information-step\":{\"step_is_reachable\":true,\"step_is_complete\":false},\"checkout-addresses-step\":{\"step_is_reachable\":false,\"step_is_complete\":false,\"use_same_address\":true},\"checkout-delivery-step\":{\"step_is_reachable\":false,\"step_is_complete\":false},\"checkout-payment-step\":{\"step_is_reachable\":false,\"step_is_complete\":false},\"checksum\":null}'),
(427, 1, 1, 0, '', 1, 0, 0, 1, 0, 0, '', 0, 0, '', 0, 0, '2021-04-16 15:00:19', '2021-04-16 15:00:19', '{\"checkout-personal-information-step\":{\"step_is_reachable\":true,\"step_is_complete\":false},\"checkout-addresses-step\":{\"step_is_reachable\":false,\"step_is_complete\":false,\"use_same_address\":true},\"checkout-delivery-step\":{\"step_is_reachable\":false,\"step_is_complete\":false},\"checkout-payment-step\":{\"step_is_reachable\":false,\"step_is_complete\":false},\"checksum\":null}'),
(428, 1, 1, 0, '', 1, 97, 97, 1, 98, 0, '82e549be57191f56aac30d260c92ad5c', 0, 0, '', 0, 0, '2021-04-16 16:19:41', '2021-04-16 16:23:15', '{\"checkout-personal-information-step\":{\"step_is_reachable\":true,\"step_is_complete\":true},\"checkout-addresses-step\":{\"step_is_reachable\":true,\"step_is_complete\":true,\"use_same_address\":true},\"checkout-delivery-step\":{\"step_is_reachable\":true,\"step_is_complete\":true},\"checkout-payment-step\":{\"step_is_reachable\":true,\"step_is_complete\":false},\"checksum\":\"f052caa5d24dc3aea57d9f1ef4ea773d22964b2c\"}'),
(429, 1, 1, 0, '', 1, 0, 0, 1, 99, 0, '1e5c3614c655392798765f5599a2d4a1', 0, 0, '', 0, 0, '2021-04-18 17:04:17', '2021-04-18 17:04:25', NULL),
(430, 1, 1, 0, '', 1, 0, 0, 1, 0, 0, '', 0, 0, '', 0, 0, '2021-04-18 18:42:06', '2021-04-18 18:42:06', NULL),
(431, 1, 1, 0, '', 1, 0, 0, 1, 0, 0, '', 0, 0, '', 0, 0, '2021-04-19 04:36:07', '2021-04-19 04:36:07', NULL),
(432, 1, 1, 0, '', 1, 0, 0, 1, 0, 0, '', 0, 0, '', 0, 0, '2021-04-20 00:22:13', '2021-04-20 00:22:43', NULL),
(433, 1, 1, 0, '', 1, 0, 0, 1, 0, 0, '', 0, 0, '', 0, 0, '2021-04-21 20:56:46', '2021-04-21 20:56:46', NULL),
(434, 1, 1, 0, '', 1, 0, 0, 1, 0, 0, '', 0, 0, '', 0, 0, '2021-04-23 02:05:49', '2021-04-23 02:05:49', NULL),
(435, 1, 1, 0, '', 1, 0, 0, 1, 0, 0, '', 0, 0, '', 0, 0, '2021-04-27 23:31:28', '2021-04-27 23:31:28', NULL),
(436, 1, 1, 0, '', 1, 0, 0, 1, 0, 0, '', 0, 0, '', 0, 0, '2021-04-29 01:58:01', '2021-04-29 01:58:01', NULL),
(437, 1, 1, 0, '', 1, 0, 0, 1, 0, 0, '', 0, 0, '', 0, 0, '2021-04-29 20:03:18', '2021-04-29 20:03:18', NULL),
(438, 1, 1, 0, '', 1, 0, 0, 1, 0, 0, '', 0, 0, '', 0, 0, '2021-04-30 00:52:13', '2021-04-30 00:52:13', NULL),
(439, 1, 1, 0, '', 1, 0, 0, 1, 0, 0, '', 0, 0, '', 0, 0, '2021-04-30 00:52:13', '2021-04-30 00:53:20', NULL),
(440, 1, 1, 0, '', 1, 0, 0, 1, 0, 0, '', 0, 0, '', 0, 0, '2021-04-30 22:03:52', '2021-04-30 22:03:52', NULL),
(441, 1, 1, 0, '', 1, 0, 0, 1, 0, 0, '', 0, 0, '', 0, 0, '2021-05-03 23:48:37', '2021-05-03 23:48:37', NULL),
(442, 1, 1, 40, '{\"98\":\"40,\"}', 1, 98, 98, 1, 100, 0, '33741ba8f153726cc9d27d814bceeac6', 0, 0, '', 0, 0, '2021-05-04 15:18:48', '2021-05-04 15:23:54', '{\"checkout-personal-information-step\":{\"step_is_reachable\":true,\"step_is_complete\":true},\"checkout-addresses-step\":{\"step_is_reachable\":true,\"step_is_complete\":true,\"use_same_address\":true},\"checkout-delivery-step\":{\"step_is_reachable\":true,\"step_is_complete\":true},\"checkout-payment-step\":{\"step_is_reachable\":true,\"step_is_complete\":false},\"checksum\":\"7a799ef37c4e58cb2efc8958af5e8d00441117e3\"}'),
(443, 1, 1, 0, '', 1, 0, 0, 1, 101, 0, 'a270308728396f7ae017246f17dafaa9', 0, 0, '', 0, 0, '2021-05-05 14:10:31', '2021-05-05 14:10:39', NULL),
(444, 1, 1, 0, '', 1, 0, 0, 1, 0, 0, '', 0, 0, '', 0, 0, '2021-05-05 14:59:15', '2021-05-05 14:59:15', NULL),
(445, 1, 1, 0, '', 1, 0, 0, 1, 0, 0, '', 0, 0, '', 0, 0, '2021-05-05 21:46:18', '2021-05-05 21:46:18', NULL),
(446, 1, 1, 0, '', 1, 0, 0, 1, 0, 0, '', 0, 0, '', 0, 0, '2021-05-07 00:37:10', '2021-05-07 00:37:10', NULL),
(447, 1, 1, 0, '', 1, 0, 0, 1, 0, 0, '', 0, 0, '', 0, 0, '2021-05-08 14:35:27', '2021-05-08 14:35:27', '{\"checkout-personal-information-step\":{\"step_is_reachable\":true,\"step_is_complete\":false},\"checkout-addresses-step\":{\"step_is_reachable\":false,\"step_is_complete\":false,\"use_same_address\":true},\"checkout-delivery-step\":{\"step_is_reachable\":false,\"step_is_complete\":false},\"checkout-payment-step\":{\"step_is_reachable\":false,\"step_is_complete\":false},\"checksum\":null}'),
(448, 1, 1, 40, '{\"99\":\"40,\"}', 1, 101, 99, 1, 102, 0, 'f64640b61ea423193cf23645ff0e4518', 0, 0, '', 0, 0, '2021-05-10 12:31:11', '2021-05-11 14:07:56', '{\"checkout-personal-information-step\":{\"step_is_reachable\":true,\"step_is_complete\":true},\"checkout-addresses-step\":{\"step_is_reachable\":true,\"step_is_complete\":true,\"use_same_address\":true},\"checkout-delivery-step\":{\"step_is_reachable\":true,\"step_is_complete\":true},\"checkout-payment-step\":{\"step_is_reachable\":true,\"step_is_complete\":false},\"checksum\":\"bca3a6c4c4aa1f7e91c37c26e3b7833a952fa790\"}'),
(449, 1, 1, 0, '', 1, 0, 0, 1, 0, 0, '', 0, 0, '', 0, 0, '2021-05-10 16:41:51', '2021-05-10 16:50:30', NULL),
(450, 1, 1, 40, '{\"100\":\"40,\"}', 1, 100, 100, 1, 103, 0, '08e8e697a6b9123e609d9929653d431e', 0, 0, '', 0, 0, '2021-05-10 16:54:22', '2021-05-10 16:56:39', '{\"checkout-personal-information-step\":{\"step_is_reachable\":true,\"step_is_complete\":true},\"checkout-addresses-step\":{\"step_is_reachable\":true,\"step_is_complete\":true,\"use_same_address\":true},\"checkout-delivery-step\":{\"step_is_reachable\":true,\"step_is_complete\":true},\"checkout-payment-step\":{\"step_is_reachable\":true,\"step_is_complete\":false},\"checksum\":\"c73b25ed15dec6dbb5496792ca53de4ee8985abb\"}'),
(451, 1, 1, 0, '', 1, 0, 0, 1, 0, 0, '', 0, 0, '', 0, 0, '2021-05-11 02:43:25', '2021-05-11 02:43:25', NULL),
(453, 1, 1, 40, '{\"102\":\"40,\"}', 1, 102, 102, 1, 104, 0, '573e4339fba8ae5eda3ee6fa1b4f02c5', 0, 0, '', 0, 0, '2021-05-12 22:29:44', '2021-05-12 22:32:57', '{\"checkout-personal-information-step\":{\"step_is_reachable\":true,\"step_is_complete\":true},\"checkout-addresses-step\":{\"step_is_reachable\":true,\"step_is_complete\":true,\"use_same_address\":true},\"checkout-delivery-step\":{\"step_is_reachable\":true,\"step_is_complete\":true},\"checkout-payment-step\":{\"step_is_reachable\":true,\"step_is_complete\":false},\"checksum\":\"8d87ee668bebaaa74e25d84729a3a66a7352f6df\"}'),
(454, 1, 1, 0, '', 1, 0, 0, 1, 0, 0, '', 0, 0, '', 0, 0, '2021-05-13 04:35:35', '2021-05-13 04:35:35', NULL),
(455, 1, 1, 0, '', 1, 0, 0, 1, 0, 0, '', 0, 0, '', 0, 0, '2021-05-13 13:11:46', '2021-05-14 00:57:59', NULL),
(456, 1, 1, 0, '', 1, 0, 0, 1, 0, 0, '', 0, 0, '', 0, 0, '2021-05-14 05:17:52', '2021-05-14 05:17:52', NULL),
(457, 1, 1, 0, '', 1, 0, 0, 1, 0, 0, '', 0, 0, '', 0, 0, '2021-05-15 15:27:23', '2021-05-15 15:27:23', NULL),
(458, 1, 1, 0, '', 1, 0, 0, 1, 0, 0, '', 0, 0, '', 0, 0, '2021-05-17 03:24:54', '2021-05-17 03:24:54', NULL),
(459, 1, 1, 0, '', 1, 0, 0, 1, 105, 0, '52b252e7a6fce9cf252be035ab418453', 0, 0, '', 0, 0, '2021-05-18 02:15:58', '2021-05-18 02:16:04', NULL),
(460, 1, 1, 0, '', 1, 0, 0, 1, 0, 0, '', 0, 0, '', 0, 0, '2021-05-20 03:41:00', '2021-05-20 03:41:00', NULL),
(461, 1, 1, 0, '', 1, 0, 0, 1, 106, 0, '0f985855b6d844c0fa996018f92eade7', 0, 0, '', 0, 0, '2021-05-20 23:57:50', '2021-05-20 23:57:52', NULL),
(462, 1, 1, 0, '', 1, 0, 0, 1, 0, 0, '', 0, 0, '', 0, 0, '2021-05-21 15:27:39', '2021-05-21 15:35:18', NULL),
(463, 1, 1, 0, '', 1, 0, 0, 1, 107, 0, '07806f87d9e99e32ee78dc072b2721f0', 0, 0, '', 0, 0, '2021-05-21 20:05:51', '2021-05-21 20:05:53', NULL),
(464, 1, 1, 0, '', 1, 0, 0, 1, 0, 0, '', 0, 0, '', 0, 0, '2021-05-21 21:37:21', '2021-05-21 21:37:21', NULL),
(465, 1, 1, 0, '', 1, 0, 0, 1, 108, 0, 'abfd05ee57f0bf913aaa1e2995068f0f', 0, 0, '', 0, 0, '2021-05-23 02:09:47', '2021-05-23 02:09:50', NULL),
(466, 1, 1, 0, '', 1, 0, 0, 1, 0, 0, '', 0, 0, '', 0, 0, '2021-05-23 04:33:10', '2021-05-23 04:33:10', NULL),
(467, 1, 1, 0, '', 1, 0, 0, 1, 0, 0, '', 0, 0, '', 0, 0, '2021-05-25 23:04:38', '2021-05-25 23:04:38', NULL),
(468, 1, 1, 0, '', 1, 0, 0, 1, 0, 0, '', 0, 0, '', 0, 0, '2021-05-27 12:46:25', '2021-05-27 12:46:25', NULL),
(469, 1, 1, 0, '', 1, 0, 0, 1, 0, 0, '', 0, 0, '', 0, 0, '2021-05-27 13:48:37', '2021-05-27 13:48:37', NULL),
(470, 1, 1, 0, '', 1, 0, 0, 1, 0, 0, '', 0, 0, '', 0, 0, '2021-05-29 13:14:03', '2021-05-29 13:14:03', NULL),
(471, 1, 1, 40, '{\"104\":\"40,\"}', 1, 104, 104, 1, 109, 0, '931b74139a4169d4ed802edbbe85a99c', 0, 0, '', 0, 0, '2021-05-29 23:01:12', '2021-05-29 23:19:17', '{\"checkout-personal-information-step\":{\"step_is_reachable\":true,\"step_is_complete\":true},\"checkout-addresses-step\":{\"step_is_reachable\":true,\"step_is_complete\":true,\"use_same_address\":true},\"checkout-delivery-step\":{\"step_is_reachable\":true,\"step_is_complete\":true},\"checkout-payment-step\":{\"step_is_reachable\":true,\"step_is_complete\":false},\"checksum\":\"f9213d1de4925da7ae4ef1f90cb94f76f820e43c\"}'),
(472, 1, 1, 0, '', 1, 0, 0, 1, 0, 0, '', 0, 0, '', 0, 0, '2021-05-30 12:39:52', '2021-05-30 12:39:52', NULL),
(473, 1, 1, 0, '', 1, 0, 0, 1, 0, 0, '', 0, 0, '', 0, 0, '2021-05-30 15:15:38', '2021-05-30 15:15:38', NULL),
(474, 1, 1, 0, '', 1, 103, 103, 1, 109, 0, '931b74139a4169d4ed802edbbe85a99c', 0, 0, '', 0, 0, '2021-06-01 12:56:57', '2021-06-01 12:56:57', NULL),
(475, 1, 1, 0, '', 1, 0, 0, 1, 110, 0, '26588e540b95bd0d89ae744afd9bba04', 0, 0, '', 0, 0, '2021-06-02 13:30:32', '2021-06-02 13:30:34', NULL),
(476, 1, 1, 0, '', 1, 0, 0, 1, 0, 0, '', 0, 0, '', 0, 0, '2021-06-08 17:46:07', '2021-06-08 17:46:07', NULL),
(477, 1, 1, 0, '', 1, 0, 0, 1, 0, 0, '', 0, 0, '', 0, 0, '2021-06-10 19:51:55', '2021-06-10 19:51:55', NULL),
(478, 1, 1, 40, '{\"105\":\"40,\"}', 1, 105, 105, 1, 111, 0, '65cb6bddb512d045020016a31cf3d297', 0, 0, '', 0, 0, '2021-06-11 21:30:18', '2021-06-11 22:52:34', '{\"checkout-personal-information-step\":{\"step_is_reachable\":true,\"step_is_complete\":true},\"checkout-addresses-step\":{\"step_is_reachable\":true,\"step_is_complete\":true,\"use_same_address\":true},\"checkout-delivery-step\":{\"step_is_reachable\":true,\"step_is_complete\":true},\"checkout-payment-step\":{\"step_is_reachable\":true,\"step_is_complete\":false},\"checksum\":\"790df2f9d1e4a5500c5b172cc432afebfc2d1efe\"}'),
(479, 1, 1, 0, '', 1, 0, 0, 1, 0, 0, '', 0, 0, '', 0, 0, '2021-06-13 02:54:14', '2021-06-13 02:54:14', NULL),
(480, 1, 1, 0, '', 1, 0, 0, 1, 0, 0, '', 0, 0, '', 0, 0, '2021-06-13 14:29:34', '2021-06-13 14:29:34', NULL),
(481, 1, 1, 0, '', 1, 0, 0, 1, 0, 0, '', 0, 0, '', 0, 0, '2021-06-14 12:55:23', '2021-06-14 12:55:23', NULL),
(482, 1, 1, 0, '', 1, 0, 0, 1, 0, 0, '', 0, 0, '', 0, 0, '2021-06-16 03:40:54', '2021-06-16 03:40:54', NULL),
(483, 1, 1, 0, '', 1, 0, 0, 1, 0, 0, '', 0, 0, '', 0, 0, '2021-06-16 06:57:22', '2021-06-16 06:57:22', NULL),
(484, 1, 1, 0, '', 1, 0, 0, 1, 0, 0, '', 0, 0, '', 0, 0, '2021-06-18 19:17:00', '2021-06-18 19:17:00', NULL),
(485, 1, 1, 40, '{\"106\":\"40,\"}', 1, 106, 106, 1, 112, 0, 'ef830c6564ada94b7dea2d64b64423b1', 0, 0, '', 0, 0, '2021-06-18 20:51:14', '2021-06-18 20:54:44', '{\"checkout-personal-information-step\":{\"step_is_reachable\":true,\"step_is_complete\":true},\"checkout-addresses-step\":{\"step_is_reachable\":true,\"step_is_complete\":true,\"use_same_address\":true},\"checkout-delivery-step\":{\"step_is_reachable\":true,\"step_is_complete\":true},\"checkout-payment-step\":{\"step_is_reachable\":true,\"step_is_complete\":false},\"checksum\":\"03d52fdc22ee42f1eb62c0ff02446a06532cb9a3\"}'),
(486, 1, 1, 0, '', 1, 0, 0, 1, 113, 0, '5a906ef6cc11c66de4aa71f0dc5ef74f', 0, 0, '', 0, 0, '2021-06-22 02:44:53', '2021-06-22 02:44:59', NULL),
(487, 1, 1, 0, '', 1, 0, 0, 1, 0, 0, '', 0, 0, '', 0, 0, '2021-06-22 19:22:24', '2021-06-22 19:22:24', NULL),
(488, 1, 1, 0, '', 1, 0, 0, 1, 114, 0, '3b31952dc308cee39c6169e0ce29cc93', 0, 0, '', 0, 0, '2021-06-23 14:16:41', '2021-06-23 14:16:43', NULL),
(489, 1, 1, 0, '', 1, 0, 0, 1, 115, 0, 'c1d536e041eb69a6f42a5fbfbfa3aec8', 0, 0, '', 0, 0, '2021-06-23 23:46:27', '2021-06-23 23:46:29', NULL),
(490, 1, 1, 0, '', 1, 0, 0, 1, 0, 0, '', 0, 0, '', 0, 0, '2021-06-25 20:03:25', '2021-06-25 20:03:25', NULL),
(491, 1, 1, 0, '', 1, 0, 0, 1, 0, 0, '', 0, 0, '', 0, 0, '2021-06-28 09:30:01', '2021-06-28 09:30:01', NULL),
(492, 1, 1, 0, '', 1, 0, 0, 1, 0, 0, '', 0, 0, '', 0, 0, '2021-07-01 21:12:59', '2021-07-01 21:12:59', NULL),
(493, 1, 1, 0, '', 1, 0, 0, 1, 0, 0, '', 0, 0, '', 0, 0, '2021-07-03 20:42:49', '2021-07-03 20:42:49', NULL),
(494, 1, 1, 0, '', 1, 0, 0, 1, 0, 0, '', 0, 0, '', 0, 0, '2021-07-06 05:00:17', '2021-07-06 05:00:17', NULL),
(495, 1, 1, 0, '', 1, 0, 0, 1, 0, 0, '', 0, 0, '', 0, 0, '2021-07-07 01:53:34', '2021-07-07 01:53:34', NULL),
(496, 1, 1, 0, '', 1, 107, 107, 1, 116, 0, '59c1074aa4a1ff80b6b9129deededc13', 0, 0, '', 0, 0, '2021-07-08 22:55:37', '2021-07-13 08:16:20', NULL),
(497, 1, 1, 40, '{\"107\":\"40,\"}', 1, 107, 107, 1, 116, 0, '59c1074aa4a1ff80b6b9129deededc13', 0, 0, '', 0, 0, '2021-07-09 20:40:30', '2021-07-09 20:43:45', '{\"checkout-personal-information-step\":{\"step_is_reachable\":true,\"step_is_complete\":true},\"checkout-addresses-step\":{\"step_is_reachable\":true,\"step_is_complete\":true,\"use_same_address\":true},\"checkout-delivery-step\":{\"step_is_reachable\":true,\"step_is_complete\":true},\"checkout-payment-step\":{\"step_is_reachable\":true,\"step_is_complete\":false},\"checksum\":\"a6bcf602e08e7ffe65c7a5338a81cdaab8429c1a\"}'),
(498, 1, 1, 0, '', 1, 0, 0, 1, 0, 0, '', 0, 0, '', 0, 0, '2021-07-10 05:29:15', '2021-07-10 05:29:15', NULL),
(499, 1, 1, 0, '', 1, 0, 0, 1, 0, 0, '', 0, 0, '', 0, 0, '2021-07-11 05:23:07', '2021-07-11 05:23:07', NULL),
(500, 1, 1, 0, '', 1, 0, 0, 1, 0, 0, '', 0, 0, '', 0, 0, '2021-07-11 18:24:24', '2021-07-11 18:24:24', NULL),
(501, 1, 1, 0, '', 1, 0, 0, 1, 0, 0, '', 0, 0, '', 0, 0, '2021-07-12 23:14:18', '2021-07-12 23:14:18', NULL),
(502, 1, 1, 0, '', 1, 0, 0, 1, 0, 0, '', 0, 0, '', 0, 0, '2021-07-14 06:54:18', '2021-07-14 06:54:18', NULL),
(503, 1, 1, 40, '{\"108\":\"40,\"}', 1, 108, 108, 1, 117, 0, '7676edf849591152be7fdf46b190d444', 0, 0, '', 0, 0, '2021-07-14 14:31:32', '2021-07-16 18:40:39', '{\"checkout-personal-information-step\":{\"step_is_reachable\":true,\"step_is_complete\":true},\"checkout-addresses-step\":{\"step_is_reachable\":true,\"step_is_complete\":true,\"use_same_address\":true},\"checkout-delivery-step\":{\"step_is_reachable\":true,\"step_is_complete\":true},\"checkout-payment-step\":{\"step_is_reachable\":true,\"step_is_complete\":false},\"checksum\":\"e86ad8f44de34850e136e107ba0613b34b9b51bd\"}'),
(504, 1, 1, 40, '{\"107\":\"40,\"}', 1, 107, 107, 1, 116, 0, '59c1074aa4a1ff80b6b9129deededc13', 0, 0, '', 0, 0, '2021-07-16 09:36:15', '2021-07-16 09:36:15', '{\"checkout-personal-information-step\":{\"step_is_reachable\":true,\"step_is_complete\":true},\"checkout-addresses-step\":{\"step_is_reachable\":true,\"step_is_complete\":false,\"use_same_address\":true},\"checkout-delivery-step\":{\"step_is_reachable\":false,\"step_is_complete\":false},\"checkout-payment-step\":{\"step_is_reachable\":false,\"step_is_complete\":false},\"checksum\":\"a6bcf602e08e7ffe65c7a5338a81cdaab8429c1a\"}'),
(505, 1, 1, 0, '', 1, 0, 0, 1, 0, 0, '', 0, 0, '', 0, 0, '2021-07-16 17:00:42', '2021-07-16 17:00:43', NULL),
(506, 1, 1, 0, '', 1, 0, 0, 1, 0, 0, '', 0, 0, '', 0, 0, '2021-07-16 17:51:28', '2021-07-16 17:51:28', NULL),
(507, 1, 1, 0, '', 1, 0, 0, 1, 0, 0, '', 0, 0, '', 0, 0, '2021-07-19 16:43:51', '2021-07-19 16:43:51', '{\"checkout-personal-information-step\":{\"step_is_reachable\":true,\"step_is_complete\":false},\"checkout-addresses-step\":{\"step_is_reachable\":false,\"step_is_complete\":false,\"use_same_address\":true},\"checkout-delivery-step\":{\"step_is_reachable\":false,\"step_is_complete\":false},\"checkout-payment-step\":{\"step_is_reachable\":false,\"step_is_complete\":false},\"checksum\":null}'),
(508, 1, 1, 0, '', 1, 0, 0, 1, 0, 0, '', 0, 0, '', 0, 0, '2021-07-19 17:22:40', '2021-07-19 17:23:08', NULL),
(509, 1, 1, 0, '', 1, 0, 0, 1, 0, 0, '', 0, 0, '', 0, 0, '2021-07-19 22:30:21', '2021-07-19 22:31:16', NULL),
(510, 1, 1, 0, '', 1, 0, 0, 1, 0, 0, '', 0, 0, '', 0, 0, '2021-07-20 13:54:19', '2021-07-20 13:54:19', NULL),
(511, 1, 1, 0, '', 1, 0, 0, 1, 0, 0, '', 0, 0, '', 0, 0, '2021-07-21 08:06:26', '2021-07-21 08:06:26', NULL),
(512, 1, 1, 0, '', 1, 0, 0, 1, 0, 0, '', 0, 0, '', 0, 0, '2021-07-21 21:33:24', '2021-07-21 21:33:24', NULL),
(513, 1, 1, 0, '', 1, 0, 0, 1, 0, 0, '', 0, 0, '', 0, 0, '2021-07-22 02:23:58', '2021-07-22 02:23:58', NULL),
(514, 1, 1, 0, '', 1, 0, 0, 1, 0, 0, '', 0, 0, '', 0, 0, '2021-07-22 10:38:51', '2021-07-22 10:39:53', '{\"checkout-personal-information-step\":{\"step_is_reachable\":true,\"step_is_complete\":false},\"checkout-addresses-step\":{\"step_is_reachable\":false,\"step_is_complete\":false,\"use_same_address\":true},\"checkout-delivery-step\":{\"step_is_reachable\":false,\"step_is_complete\":false},\"checkout-payment-step\":{\"step_is_reachable\":false,\"step_is_complete\":false},\"checksum\":null}'),
(515, 1, 1, 0, '', 1, 0, 0, 1, 0, 0, '', 0, 0, '', 0, 0, '2021-07-22 13:14:25', '2021-07-22 13:27:52', '{\"checkout-personal-information-step\":{\"step_is_reachable\":true,\"step_is_complete\":false},\"checkout-addresses-step\":{\"step_is_reachable\":false,\"step_is_complete\":false,\"use_same_address\":true},\"checkout-delivery-step\":{\"step_is_reachable\":false,\"step_is_complete\":false},\"checkout-payment-step\":{\"step_is_reachable\":false,\"step_is_complete\":false},\"checksum\":null}'),
(516, 1, 1, 0, '', 1, 0, 0, 1, 0, 0, '', 0, 0, '', 0, 0, '2021-07-25 21:16:33', '2021-07-25 21:16:33', NULL),
(517, 1, 1, 0, '', 1, 0, 0, 1, 0, 0, '', 0, 0, '', 0, 0, '2021-07-27 05:18:23', '2021-07-27 05:18:23', NULL),
(518, 1, 1, 0, '', 1, 0, 0, 1, 0, 0, '', 0, 0, '', 0, 0, '2021-07-27 19:33:06', '2021-07-27 19:33:06', NULL),
(519, 1, 1, 40, '{\"109\":\"40,\"}', 1, 109, 109, 1, 118, 0, '44d437f69dceb3258b921267cb306117', 0, 0, '', 0, 0, '2021-07-28 13:04:28', '2021-07-28 13:10:40', '{\"checkout-personal-information-step\":{\"step_is_reachable\":true,\"step_is_complete\":true},\"checkout-addresses-step\":{\"step_is_reachable\":true,\"step_is_complete\":true,\"use_same_address\":true},\"checkout-delivery-step\":{\"step_is_reachable\":true,\"step_is_complete\":true},\"checkout-payment-step\":{\"step_is_reachable\":true,\"step_is_complete\":false},\"checksum\":\"395c70a5ed63021f758fc7583fff2de11491b1d3\"}'),
(520, 1, 1, 0, '', 1, 0, 0, 1, 119, 0, '8a9a5c7ad2065367d45261f37f7b49ba', 0, 0, '', 0, 0, '2021-07-28 13:09:29', '2021-07-28 13:14:28', '{\"checkout-personal-information-step\":{\"step_is_reachable\":true,\"step_is_complete\":true},\"checkout-addresses-step\":{\"step_is_reachable\":true,\"step_is_complete\":false,\"use_same_address\":true},\"checkout-delivery-step\":{\"step_is_reachable\":false,\"step_is_complete\":false},\"checkout-payment-step\":{\"step_is_reachable\":false,\"step_is_complete\":false},\"checksum\":null}'),
(521, 1, 1, 40, '{\"110\":\"40,\"}', 1, 110, 110, 1, 120, 0, 'e3777d92365b3d04c02317883091b245', 0, 0, '', 0, 0, '2021-07-28 20:48:37', '2021-07-28 21:03:51', '{\"checkout-personal-information-step\":{\"step_is_reachable\":true,\"step_is_complete\":true},\"checkout-addresses-step\":{\"step_is_reachable\":true,\"step_is_complete\":true,\"use_same_address\":true},\"checkout-delivery-step\":{\"step_is_reachable\":true,\"step_is_complete\":true},\"checkout-payment-step\":{\"step_is_reachable\":true,\"step_is_complete\":false},\"checksum\":\"d0690a2f464cb6ca6528796bf69121535fe61539\"}'),
(522, 1, 1, 40, '{\"110\":\"40,\"}', 1, 110, 110, 1, 120, 0, 'e3777d92365b3d04c02317883091b245', 0, 0, '', 0, 0, '2021-07-28 21:10:21', '2021-07-28 21:10:21', '{\"checkout-personal-information-step\":{\"step_is_reachable\":true,\"step_is_complete\":true},\"checkout-addresses-step\":{\"step_is_reachable\":true,\"step_is_complete\":false,\"use_same_address\":true},\"checkout-delivery-step\":{\"step_is_reachable\":false,\"step_is_complete\":false},\"checkout-payment-step\":{\"step_is_reachable\":false,\"step_is_complete\":false},\"checksum\":\"a7fb4729d53e030d34ccaa8d0b856ae1ec4ba995\"}'),
(523, 1, 1, 40, '{\"110\":\"40,\"}', 1, 110, 110, 1, 120, 0, 'e3777d92365b3d04c02317883091b245', 0, 0, '', 0, 0, '2021-07-29 10:23:44', '2021-07-29 10:23:47', '{\"checkout-personal-information-step\":{\"step_is_reachable\":true,\"step_is_complete\":true},\"checkout-addresses-step\":{\"step_is_reachable\":true,\"step_is_complete\":false,\"use_same_address\":true},\"checkout-delivery-step\":{\"step_is_reachable\":false,\"step_is_complete\":false},\"checkout-payment-step\":{\"step_is_reachable\":false,\"step_is_complete\":false},\"checksum\":\"a7fb4729d53e030d34ccaa8d0b856ae1ec4ba995\"}'),
(524, 1, 1, 40, '{\"110\":\"40,\"}', 1, 110, 110, 1, 120, 0, 'e3777d92365b3d04c02317883091b245', 0, 0, '', 0, 0, '2021-07-29 12:01:43', '2021-07-29 12:01:43', '{\"checkout-personal-information-step\":{\"step_is_reachable\":true,\"step_is_complete\":true},\"checkout-addresses-step\":{\"step_is_reachable\":true,\"step_is_complete\":false,\"use_same_address\":true},\"checkout-delivery-step\":{\"step_is_reachable\":false,\"step_is_complete\":false},\"checkout-payment-step\":{\"step_is_reachable\":false,\"step_is_complete\":false},\"checksum\":\"a7fb4729d53e030d34ccaa8d0b856ae1ec4ba995\"}'),
(525, 1, 1, 0, '', 1, 0, 0, 1, 0, 0, '', 0, 0, '', 0, 0, '2021-07-30 11:07:59', '2021-07-30 11:07:59', NULL),
(526, 1, 1, 0, '', 1, 0, 0, 1, 0, 0, '', 0, 0, '', 0, 0, '2021-07-30 13:42:07', '2021-07-30 13:42:07', NULL),
(527, 1, 1, 0, '', 1, 0, 0, 1, 0, 0, '', 0, 0, '', 0, 0, '2021-08-01 03:05:12', '2021-08-01 03:05:12', NULL),
(528, 1, 1, 0, '', 1, 0, 0, 1, 0, 0, '', 0, 0, '', 0, 0, '2021-08-04 23:08:18', '2021-08-04 23:11:45', '{\"checkout-personal-information-step\":{\"step_is_reachable\":true,\"step_is_complete\":false},\"checkout-addresses-step\":{\"step_is_reachable\":false,\"step_is_complete\":false,\"use_same_address\":true},\"checkout-delivery-step\":{\"step_is_reachable\":false,\"step_is_complete\":false},\"checkout-payment-step\":{\"step_is_reachable\":false,\"step_is_complete\":false},\"checksum\":null}'),
(529, 1, 1, 0, '', 1, 111, 111, 1, 121, 0, 'ac6f5ad22450fab36c3a02ee89b0a217', 0, 0, '', 0, 0, '2021-08-07 17:16:07', '2021-08-07 17:26:50', '{\"checkout-personal-information-step\":{\"step_is_reachable\":true,\"step_is_complete\":true},\"checkout-addresses-step\":{\"step_is_reachable\":true,\"step_is_complete\":true,\"use_same_address\":true},\"checkout-delivery-step\":{\"step_is_reachable\":true,\"step_is_complete\":true},\"checkout-payment-step\":{\"step_is_reachable\":true,\"step_is_complete\":false},\"checksum\":\"dbd4116f023ebcc18752b23565b78401124addf6\"}'),
(530, 1, 1, 0, '', 1, 0, 0, 1, 0, 0, '', 0, 0, '', 0, 0, '2021-08-07 20:51:44', '2021-08-07 20:51:44', NULL),
(531, 1, 1, 0, '', 1, 0, 0, 1, 0, 0, '', 0, 0, '', 0, 0, '2021-08-08 05:00:38', '2021-08-08 05:00:38', NULL),
(532, 1, 1, 0, '', 1, 0, 0, 1, 0, 0, '', 0, 0, '', 0, 0, '2021-08-08 16:48:56', '2021-08-08 16:49:15', NULL),
(533, 1, 1, 0, '', 1, 0, 0, 1, 0, 0, '', 0, 0, '', 0, 0, '2021-08-08 19:05:19', '2021-08-08 19:05:19', NULL),
(534, 1, 1, 0, '', 1, 0, 0, 1, 0, 0, '', 0, 0, '', 0, 0, '2021-08-11 02:59:32', '2021-08-11 02:59:32', NULL),
(535, 1, 1, 0, '', 1, 0, 0, 1, 0, 0, '', 0, 0, '', 0, 0, '2021-08-12 19:43:19', '2021-08-12 19:43:19', NULL),
(536, 1, 1, 0, '', 1, 0, 0, 1, 0, 0, '', 0, 0, '', 0, 0, '2021-08-16 09:13:26', '2021-08-16 09:13:26', '{\"checkout-personal-information-step\":{\"step_is_reachable\":true,\"step_is_complete\":false},\"checkout-addresses-step\":{\"step_is_reachable\":false,\"step_is_complete\":false,\"use_same_address\":true},\"checkout-delivery-step\":{\"step_is_reachable\":false,\"step_is_complete\":false},\"checkout-payment-step\":{\"step_is_reachable\":false,\"step_is_complete\":false},\"checksum\":null}'),
(537, 1, 1, 0, '', 1, 0, 0, 1, 0, 0, '', 0, 0, '', 0, 0, '2021-08-18 03:18:53', '2021-08-18 03:18:53', NULL),
(538, 1, 1, 0, '', 1, 0, 0, 1, 0, 0, '', 0, 0, '', 0, 0, '2021-08-18 22:43:16', '2021-08-18 22:43:16', NULL),
(539, 1, 1, 0, '', 1, 0, 0, 1, 122, 0, 'ed910d3d783eebf0b4224e00193795da', 0, 0, '', 0, 0, '2021-08-20 02:47:07', '2021-08-20 02:47:08', NULL),
(540, 1, 1, 0, '', 1, 0, 0, 1, 123, 0, 'dfd154f1aa31f4e87eb923067640808b', 0, 0, '', 0, 0, '2021-08-22 03:17:17', '2021-08-22 03:17:32', NULL),
(541, 1, 1, 0, '', 1, 0, 0, 1, 0, 0, '', 0, 0, '', 0, 0, '2021-08-23 12:33:31', '2021-08-23 12:33:31', NULL),
(542, 1, 1, 0, '', 1, 0, 0, 1, 0, 0, '', 0, 0, '', 0, 0, '2021-08-23 14:57:25', '2021-08-23 14:57:25', NULL),
(543, 1, 1, 0, '', 1, 0, 0, 1, 0, 0, '', 0, 0, '', 0, 0, '2021-08-25 00:12:07', '2021-08-25 00:12:07', NULL),
(544, 1, 1, 40, '{\"112\":\"40,\"}', 1, 112, 112, 1, 124, 0, '504f38ba391055ead4acd3c411a96d09', 0, 0, '', 0, 0, '2021-08-28 14:10:16', '2021-08-28 14:32:22', '{\"checkout-personal-information-step\":{\"step_is_reachable\":true,\"step_is_complete\":true},\"checkout-addresses-step\":{\"step_is_reachable\":true,\"step_is_complete\":true,\"use_same_address\":true},\"checkout-delivery-step\":{\"step_is_reachable\":true,\"step_is_complete\":true},\"checkout-payment-step\":{\"step_is_reachable\":true,\"step_is_complete\":false},\"checksum\":\"f21f1d0bf0b2ba1e27892ca193b97808be14dada\"}'),
(545, 1, 1, 0, '', 1, 0, 0, 1, 0, 0, '', 0, 0, '', 0, 0, '2021-08-28 20:08:43', '2021-08-28 20:08:43', NULL),
(546, 1, 1, 0, '', 1, 0, 0, 1, 0, 0, '', 0, 0, '', 0, 0, '2021-08-29 19:32:06', '2021-08-29 19:32:26', NULL),
(547, 1, 1, 0, '', 1, 0, 0, 1, 0, 0, '', 0, 0, '', 0, 0, '2021-08-30 17:07:06', '2021-08-30 17:07:06', NULL),
(548, 1, 1, 0, '', 1, 0, 0, 1, 0, 0, '', 0, 0, '', 0, 0, '2021-08-31 11:24:37', '2021-08-31 11:24:53', NULL),
(549, 1, 1, 0, '', 1, 0, 0, 1, 0, 0, '', 0, 0, '', 0, 0, '2021-08-31 22:14:22', '2021-08-31 22:14:22', NULL),
(550, 1, 1, 0, '', 1, 0, 0, 1, 0, 0, '', 0, 0, '', 0, 0, '2021-08-31 23:21:31', '2021-08-31 23:21:31', NULL),
(551, 1, 1, 0, '', 1, 0, 0, 1, 0, 0, '', 0, 0, '', 0, 0, '2021-09-04 14:43:03', '2021-09-04 14:43:03', NULL),
(552, 1, 1, 40, '{\"113\":\"40,\"}', 1, 113, 113, 1, 125, 0, '0eb7b8471f330a1918bb5b8e23b58599', 0, 0, '', 0, 0, '2021-09-04 14:51:42', '2021-09-04 16:58:24', '{\"checkout-personal-information-step\":{\"step_is_reachable\":true,\"step_is_complete\":true},\"checkout-addresses-step\":{\"step_is_reachable\":true,\"step_is_complete\":true,\"use_same_address\":true},\"checkout-delivery-step\":{\"step_is_reachable\":true,\"step_is_complete\":true},\"checkout-payment-step\":{\"step_is_reachable\":true,\"step_is_complete\":false},\"checksum\":\"59d8a1abe1ee3b57145c165d2c15cfed1f9955c1\"}'),
(553, 1, 1, 0, '', 1, 0, 0, 1, 0, 0, '', 0, 0, '', 0, 0, '2021-09-05 21:39:00', '2021-09-05 21:39:00', NULL),
(554, 1, 1, 0, '', 1, 0, 0, 1, 0, 0, '', 0, 0, '', 0, 0, '2021-09-05 22:53:05', '2021-09-05 22:53:05', NULL),
(555, 1, 1, 0, '', 1, 0, 0, 1, 126, 0, '8f98a944e5f13c776f5e3bd350e8a267', 0, 0, '', 0, 0, '2021-09-06 17:33:29', '2021-09-06 17:34:49', '{\"checkout-personal-information-step\":{\"step_is_reachable\":true,\"step_is_complete\":true},\"checkout-addresses-step\":{\"step_is_reachable\":true,\"step_is_complete\":false,\"use_same_address\":true},\"checkout-delivery-step\":{\"step_is_reachable\":false,\"step_is_complete\":false},\"checkout-payment-step\":{\"step_is_reachable\":false,\"step_is_complete\":false},\"checksum\":\"b99b64192dc5566b4461ed11abb564945fc52488\"}'),
(556, 1, 1, 40, '{\"114\":\"40,\"}', 1, 114, 114, 1, 127, 0, '63eb61c94fd4daaf314660a631a1dcf1', 0, 0, '', 0, 0, '2021-09-07 19:38:36', '2021-09-07 19:43:53', '{\"checkout-personal-information-step\":{\"step_is_reachable\":true,\"step_is_complete\":true},\"checkout-addresses-step\":{\"step_is_reachable\":true,\"step_is_complete\":true,\"use_same_address\":true},\"checkout-delivery-step\":{\"step_is_reachable\":true,\"step_is_complete\":true},\"checkout-payment-step\":{\"step_is_reachable\":true,\"step_is_complete\":false},\"checksum\":\"2c364e61c16b7c3aae7695945c16a13e5ac8bb5a\"}'),
(557, 1, 1, 0, '', 1, 0, 0, 1, 0, 0, '', 0, 0, '', 0, 0, '2021-09-10 16:42:33', '2021-09-10 16:42:41', '{\"checkout-personal-information-step\":{\"step_is_reachable\":true,\"step_is_complete\":false},\"checkout-addresses-step\":{\"step_is_reachable\":false,\"step_is_complete\":false,\"use_same_address\":true},\"checkout-delivery-step\":{\"step_is_reachable\":false,\"step_is_complete\":false},\"checkout-payment-step\":{\"step_is_reachable\":false,\"step_is_complete\":false},\"checksum\":null}'),
(558, 1, 1, 0, '', 1, 0, 0, 1, 128, 0, '3e2b2e53c109ef60b7b31445890d487d', 0, 0, '', 0, 0, '2021-09-13 19:26:19', '2021-09-13 19:26:21', NULL),
(559, 1, 1, 0, '', 1, 0, 0, 1, 0, 0, '', 0, 0, '', 0, 0, '2021-09-14 13:25:12', '2021-09-14 13:25:12', NULL),
(560, 1, 1, 0, '', 1, 0, 0, 1, 0, 0, '', 0, 0, '', 0, 0, '2021-09-15 17:01:10', '2021-09-15 17:01:10', NULL),
(561, 1, 1, 40, '{\"115\":\"40,\"}', 1, 115, 115, 1, 129, 0, '2e78e1fb17398f74ef9bc2c9d087c358', 0, 0, '', 0, 0, '2021-09-16 14:18:19', '2021-09-16 14:21:35', '{\"checkout-personal-information-step\":{\"step_is_reachable\":true,\"step_is_complete\":true},\"checkout-addresses-step\":{\"step_is_reachable\":true,\"step_is_complete\":true,\"use_same_address\":true},\"checkout-delivery-step\":{\"step_is_reachable\":true,\"step_is_complete\":true},\"checkout-payment-step\":{\"step_is_reachable\":true,\"step_is_complete\":false},\"checksum\":\"f6149585f0bb4b31492b40e3ae02f4d9dd52d832\"}'),
(562, 1, 1, 0, '', 1, 0, 0, 1, 0, 0, '', 0, 0, '', 0, 0, '2021-09-18 21:48:59', '2021-09-18 21:48:59', '{\"checkout-personal-information-step\":{\"step_is_reachable\":true,\"step_is_complete\":false},\"checkout-addresses-step\":{\"step_is_reachable\":false,\"step_is_complete\":false,\"use_same_address\":true},\"checkout-delivery-step\":{\"step_is_reachable\":false,\"step_is_complete\":false},\"checkout-payment-step\":{\"step_is_reachable\":false,\"step_is_complete\":false},\"checksum\":null}'),
(563, 1, 1, 0, '', 1, 0, 0, 1, 0, 0, '', 0, 0, '', 0, 0, '2021-09-20 00:13:58', '2021-09-20 00:13:58', NULL),
(564, 1, 1, 0, '', 1, 0, 0, 1, 0, 0, '', 0, 0, '', 0, 0, '2021-09-22 20:18:13', '2021-09-24 09:47:15', NULL),
(565, 1, 1, 0, '', 1, 0, 0, 1, 0, 0, '', 0, 0, '', 0, 0, '2021-09-23 11:00:14', '2021-09-23 11:00:33', NULL),
(566, 1, 1, 0, '', 1, 0, 0, 1, 0, 0, '', 0, 0, '', 0, 0, '2021-09-24 16:59:03', '2021-09-24 16:59:03', NULL),
(567, 1, 1, 40, '{\"117\":\"40,\"}', 1, 117, 117, 1, 131, 0, '78a4bf3b5bf5893fb24030f1083f8166', 0, 0, '', 0, 0, '2021-09-24 17:05:07', '2021-09-28 11:25:04', '{\"checkout-personal-information-step\":{\"step_is_reachable\":true,\"step_is_complete\":true},\"checkout-addresses-step\":{\"step_is_reachable\":true,\"step_is_complete\":true,\"use_same_address\":true},\"checkout-delivery-step\":{\"step_is_reachable\":true,\"step_is_complete\":true},\"checkout-payment-step\":{\"step_is_reachable\":true,\"step_is_complete\":false},\"checksum\":\"edcde66dbac6116a530c412e010681b3aafaa6f7\"}'),
(568, 1, 1, 0, '', 1, 0, 0, 1, 0, 0, '', 0, 0, '', 0, 0, '2021-09-25 12:28:29', '2021-09-29 17:21:21', NULL),
(569, 1, 1, 40, '{\"116\":\"40,\"}', 1, 116, 116, 1, 130, 0, 'f18dd9bf6ad7126e54c0b0d6791f2f5f', 0, 0, '', 0, 0, '2021-09-27 20:06:27', '2021-09-27 20:19:35', '{\"checkout-personal-information-step\":{\"step_is_reachable\":true,\"step_is_complete\":true},\"checkout-addresses-step\":{\"step_is_reachable\":true,\"step_is_complete\":true,\"use_same_address\":true},\"checkout-delivery-step\":{\"step_is_reachable\":true,\"step_is_complete\":true},\"checkout-payment-step\":{\"step_is_reachable\":true,\"step_is_complete\":false},\"checksum\":\"3992b6d92a0683622dd102564026ec5118ca7873\"}'),
(570, 1, 1, 0, '', 1, 54, 54, 1, 2, 0, '5909400f8b2408cf989cfd531fc68e08', 0, 0, '', 0, 0, '2021-09-28 18:58:14', '2021-09-29 10:19:49', '{\"checkout-personal-information-step\":{\"step_is_reachable\":true,\"step_is_complete\":true},\"checkout-addresses-step\":{\"step_is_reachable\":true,\"step_is_complete\":true,\"use_same_address\":true},\"checkout-delivery-step\":{\"step_is_reachable\":true,\"step_is_complete\":true},\"checkout-payment-step\":{\"step_is_reachable\":true,\"step_is_complete\":false},\"checksum\":\"50a6406173e019d99084710290e2842d8fef740d\"}'),
(571, 1, 1, 0, '', 1, 0, 0, 1, 132, 0, '61ce060ebcd3823a5f4a7df18abb9ce2', 0, 0, '', 0, 0, '2021-09-28 20:27:54', '2021-09-28 20:35:47', '{\"checkout-personal-information-step\":{\"step_is_reachable\":true,\"step_is_complete\":true},\"checkout-addresses-step\":{\"step_is_reachable\":true,\"step_is_complete\":false,\"use_same_address\":true},\"checkout-delivery-step\":{\"step_is_reachable\":false,\"step_is_complete\":false},\"checkout-payment-step\":{\"step_is_reachable\":false,\"step_is_complete\":false},\"checksum\":null}'),
(572, 1, 1, 0, '', 1, 0, 0, 1, 0, 0, '', 0, 0, '', 0, 0, '2021-09-29 10:15:05', '2021-09-29 17:00:26', NULL),
(573, 1, 1, 0, '', 1, 0, 0, 1, 0, 0, '', 0, 0, '', 0, 0, '2021-09-29 10:54:12', '2021-09-29 11:21:09', NULL),
(574, 1, 1, 0, '', 1, 0, 0, 1, 0, 0, '', 0, 0, '', 0, 0, '2021-09-29 17:13:37', '2021-09-29 17:13:37', NULL),
(575, 1, 1, 0, '', 1, 0, 0, 1, 0, 0, '', 0, 0, '', 0, 0, '2021-10-01 13:33:06', '2021-10-01 13:33:07', NULL),
(576, 1, 1, 0, '', 1, 118, 118, 1, 133, 0, '7e3ce9445996fb99e482e37f51d08103', 0, 0, '', 0, 0, '2021-10-01 18:01:06', '2021-10-01 18:11:49', '{\"checkout-personal-information-step\":{\"step_is_reachable\":true,\"step_is_complete\":true},\"checkout-addresses-step\":{\"step_is_reachable\":true,\"step_is_complete\":true,\"use_same_address\":true},\"checkout-delivery-step\":{\"step_is_reachable\":true,\"step_is_complete\":true},\"checkout-payment-step\":{\"step_is_reachable\":true,\"step_is_complete\":false},\"checksum\":\"1f06d824c9b7174424afc7bd8365aec9833926a8\"}'),
(577, 1, 1, 0, '', 1, 0, 0, 1, 0, 0, '', 0, 0, '', 0, 0, '2021-10-03 18:38:43', '2021-10-03 18:38:43', NULL),
(578, 1, 1, 40, '{\"119\":\"40,\"}', 1, 119, 119, 1, 134, 0, '9bfbb54779b18fb06b802c3a0be27dc9', 0, 0, '', 0, 0, '2021-10-04 01:46:37', '2021-10-04 01:56:30', '{\"checkout-personal-information-step\":{\"step_is_reachable\":true,\"step_is_complete\":true},\"checkout-addresses-step\":{\"step_is_reachable\":true,\"step_is_complete\":true,\"use_same_address\":true},\"checkout-delivery-step\":{\"step_is_reachable\":true,\"step_is_complete\":true},\"checkout-payment-step\":{\"step_is_reachable\":true,\"step_is_complete\":false},\"checksum\":\"8e8dd951bd46e2b6302612f749267972e740bad2\"}'),
(579, 1, 1, 0, '', 1, 0, 0, 1, 0, 0, '', 0, 0, '', 0, 0, '2021-10-05 11:14:29', '2021-10-05 11:16:16', '{\"checkout-personal-information-step\":{\"step_is_reachable\":true,\"step_is_complete\":false},\"checkout-addresses-step\":{\"step_is_reachable\":false,\"step_is_complete\":false,\"use_same_address\":true},\"checkout-delivery-step\":{\"step_is_reachable\":false,\"step_is_complete\":false},\"checkout-payment-step\":{\"step_is_reachable\":false,\"step_is_complete\":false},\"checksum\":null}'),
(580, 1, 1, 0, '', 1, 121, 121, 1, 137, 0, '9e7886e6b57d50e9148b1e168415fc1c', 0, 0, '', 0, 0, '2021-10-05 13:47:34', '2021-10-12 12:16:01', '{\"checkout-personal-information-step\":{\"step_is_reachable\":true,\"step_is_complete\":true},\"checkout-addresses-step\":{\"step_is_reachable\":true,\"step_is_complete\":true,\"use_same_address\":true},\"checkout-delivery-step\":{\"step_is_reachable\":true,\"step_is_complete\":true},\"checkout-payment-step\":{\"step_is_reachable\":true,\"step_is_complete\":false},\"checksum\":\"5de38e55cfaad35b03f1a90a289c6dbc96d3c310\"}'),
(581, 1, 1, 0, '', 1, 0, 0, 1, 0, 0, '', 0, 0, '', 0, 0, '2021-10-05 14:55:43', '2021-10-05 14:55:43', '{\"checkout-personal-information-step\":{\"step_is_reachable\":true,\"step_is_complete\":false},\"checkout-addresses-step\":{\"step_is_reachable\":false,\"step_is_complete\":false,\"use_same_address\":true},\"checkout-delivery-step\":{\"step_is_reachable\":false,\"step_is_complete\":false},\"checkout-payment-step\":{\"step_is_reachable\":false,\"step_is_complete\":false},\"checksum\":null}'),
(582, 1, 1, 0, '', 1, 0, 0, 1, 0, 0, '', 0, 0, '', 0, 0, '2021-10-06 02:05:09', '2021-10-06 02:05:09', NULL),
(583, 1, 1, 0, '', 1, 0, 0, 1, 0, 0, '', 0, 0, '', 0, 0, '2021-10-06 13:57:10', '2021-10-06 13:57:10', '{\"checkout-personal-information-step\":{\"step_is_reachable\":true,\"step_is_complete\":false},\"checkout-addresses-step\":{\"step_is_reachable\":false,\"step_is_complete\":false,\"use_same_address\":true},\"checkout-delivery-step\":{\"step_is_reachable\":false,\"step_is_complete\":false},\"checkout-payment-step\":{\"step_is_reachable\":false,\"step_is_complete\":false},\"checksum\":null}'),
(584, 1, 1, 40, '{\"120\":\"40,\"}', 1, 120, 120, 1, 135, 0, 'e7bd38f9b536b76ed488e849292394da', 0, 0, '', 0, 0, '2021-10-06 15:06:56', '2021-10-06 15:09:54', '{\"checkout-personal-information-step\":{\"step_is_reachable\":true,\"step_is_complete\":true},\"checkout-addresses-step\":{\"step_is_reachable\":true,\"step_is_complete\":true,\"use_same_address\":true},\"checkout-delivery-step\":{\"step_is_reachable\":true,\"step_is_complete\":true},\"checkout-payment-step\":{\"step_is_reachable\":true,\"step_is_complete\":false},\"checksum\":\"197e7e4f2ee9d532a982bb1e399c1114338d30c3\"}'),
(585, 1, 1, 0, '', 1, 0, 0, 1, 0, 0, '', 0, 0, '', 0, 0, '2021-10-06 17:23:20', '2021-10-06 17:23:20', NULL),
(586, 1, 1, 0, '', 1, 0, 0, 1, 136, 0, '6b6f975aa54577db4e3cd62f2cce4b91', 0, 0, '', 0, 0, '2021-10-07 09:13:27', '2021-10-13 19:11:43', NULL),
(587, 1, 1, 0, '', 1, 0, 0, 1, 0, 0, '', 0, 0, '', 0, 0, '2021-10-07 14:26:48', '2021-10-07 14:26:48', '{\"checkout-personal-information-step\":{\"step_is_reachable\":true,\"step_is_complete\":false},\"checkout-addresses-step\":{\"step_is_reachable\":false,\"step_is_complete\":false,\"use_same_address\":true},\"checkout-delivery-step\":{\"step_is_reachable\":false,\"step_is_complete\":false},\"checkout-payment-step\":{\"step_is_reachable\":false,\"step_is_complete\":false},\"checksum\":null}'),
(588, 1, 1, 40, '{\"122\":\"40,\"}', 1, 122, 122, 1, 138, 0, '494e5085485b290f01a5867548e3dc61', 0, 0, '', 0, 0, '2021-10-12 11:35:28', '2021-10-13 11:54:53', '{\"checkout-personal-information-step\":{\"step_is_reachable\":true,\"step_is_complete\":true},\"checkout-addresses-step\":{\"step_is_reachable\":true,\"step_is_complete\":true,\"use_same_address\":true},\"checkout-delivery-step\":{\"step_is_reachable\":true,\"step_is_complete\":true},\"checkout-payment-step\":{\"step_is_reachable\":true,\"step_is_complete\":false},\"checksum\":\"bfca1be6c00da92104751a87bac32fb19419902a\"}'),
(589, 1, 1, 0, '', 1, 0, 0, 1, 142, 0, '0ca45e04235abb41741bc47a47f6dea9', 0, 0, '', 0, 0, '2021-10-12 11:51:33', '2021-10-27 08:05:58', '{\"checkout-personal-information-step\":{\"step_is_reachable\":true,\"step_is_complete\":true},\"checkout-addresses-step\":{\"step_is_reachable\":true,\"step_is_complete\":false,\"use_same_address\":true},\"checkout-delivery-step\":{\"step_is_reachable\":false,\"step_is_complete\":false},\"checkout-payment-step\":{\"step_is_reachable\":false,\"step_is_complete\":false},\"checksum\":null}'),
(590, 1, 1, 0, '', 1, 0, 0, 1, 0, 0, '', 0, 0, '', 0, 0, '2021-10-12 12:01:17', '2021-10-12 12:01:32', '{\"checkout-personal-information-step\":{\"step_is_reachable\":true,\"step_is_complete\":false},\"checkout-addresses-step\":{\"step_is_reachable\":false,\"step_is_complete\":false,\"use_same_address\":true},\"checkout-delivery-step\":{\"step_is_reachable\":false,\"step_is_complete\":false},\"checkout-payment-step\":{\"step_is_reachable\":false,\"step_is_complete\":false},\"checksum\":null}'),
(591, 1, 1, 0, '', 1, 121, 121, 1, 137, 0, '9e7886e6b57d50e9148b1e168415fc1c', 0, 0, '', 0, 0, '2021-10-12 12:16:16', '2021-10-12 12:16:16', NULL),
(592, 1, 1, 0, '', 1, 0, 0, 1, 0, 0, '', 0, 0, '', 0, 0, '2021-10-13 12:41:39', '2021-11-03 11:31:00', '{\"checkout-personal-information-step\":{\"step_is_reachable\":true,\"step_is_complete\":false},\"checkout-addresses-step\":{\"step_is_reachable\":false,\"step_is_complete\":false,\"use_same_address\":true},\"checkout-delivery-step\":{\"step_is_reachable\":false,\"step_is_complete\":false},\"checkout-payment-step\":{\"step_is_reachable\":false,\"step_is_complete\":false},\"checksum\":null}'),
(593, 1, 1, 0, '', 1, 0, 0, 1, 0, 0, '', 0, 0, '', 0, 0, '2021-10-13 13:13:35', '2021-10-13 13:19:03', '{\"checkout-personal-information-step\":{\"step_is_reachable\":true,\"step_is_complete\":false},\"checkout-addresses-step\":{\"step_is_reachable\":false,\"step_is_complete\":false,\"use_same_address\":true},\"checkout-delivery-step\":{\"step_is_reachable\":false,\"step_is_complete\":false},\"checkout-payment-step\":{\"step_is_reachable\":false,\"step_is_complete\":false},\"checksum\":null}'),
(594, 1, 1, 0, '', 1, 0, 0, 1, 0, 0, '', 0, 0, '', 0, 0, '2021-10-13 17:48:20', '2021-10-13 17:49:05', NULL),
(595, 1, 1, 0, '', 1, 0, 0, 1, 0, 0, '', 0, 0, '', 0, 0, '2021-10-14 11:53:18', '2021-10-14 11:53:18', '{\"checkout-personal-information-step\":{\"step_is_reachable\":true,\"step_is_complete\":false},\"checkout-addresses-step\":{\"step_is_reachable\":false,\"step_is_complete\":false,\"use_same_address\":true},\"checkout-delivery-step\":{\"step_is_reachable\":false,\"step_is_complete\":false},\"checkout-payment-step\":{\"step_is_reachable\":false,\"step_is_complete\":false},\"checksum\":null}'),
(596, 1, 1, 0, '', 1, 0, 0, 1, 0, 0, '', 0, 0, '', 0, 0, '2021-10-19 11:41:07', '2021-10-19 11:41:07', NULL),
(597, 1, 1, 0, '', 1, 0, 0, 1, 0, 0, '', 0, 0, '', 0, 0, '2021-10-19 16:42:38', '2021-10-19 16:42:38', NULL),
(598, 1, 1, 0, '', 1, 0, 0, 1, 0, 0, '', 0, 0, '', 0, 0, '2021-10-19 18:27:20', '2021-10-19 18:27:20', NULL),
(599, 1, 1, 0, '', 1, 0, 0, 1, 0, 0, '', 0, 0, '', 0, 0, '2021-10-19 18:55:07', '2021-10-19 18:55:36', NULL),
(600, 1, 1, 0, '', 1, 0, 0, 1, 0, 0, '', 0, 0, '', 0, 0, '2021-10-19 19:56:36', '2021-10-19 19:56:36', NULL),
(601, 1, 1, 0, '', 1, 0, 0, 1, 0, 0, '', 0, 0, '', 0, 0, '2021-10-21 16:22:01', '2021-11-03 21:55:11', NULL),
(602, 1, 1, 40, '{\"123\":\"40,\"}', 1, 123, 123, 1, 139, 0, '02ac8f736d8c95bc45f163a877a62468', 0, 0, '', 0, 0, '2021-10-22 14:49:09', '2021-10-22 14:58:57', '{\"checkout-personal-information-step\":{\"step_is_reachable\":true,\"step_is_complete\":true},\"checkout-addresses-step\":{\"step_is_reachable\":true,\"step_is_complete\":true,\"use_same_address\":true},\"checkout-delivery-step\":{\"step_is_reachable\":true,\"step_is_complete\":true},\"checkout-payment-step\":{\"step_is_reachable\":true,\"step_is_complete\":false},\"checksum\":\"be7e721e96e364030ec617e29ba0a0a2a65fbf7a\"}'),
(603, 1, 1, 0, '', 1, 0, 0, 1, 0, 0, '', 0, 0, '', 0, 0, '2021-10-23 20:28:44', '2021-10-23 20:28:44', NULL),
(604, 1, 1, 0, '', 1, 0, 0, 1, 140, 0, '1985676c7a1c9034561e67b27d6c60d2', 0, 0, '', 0, 0, '2021-10-24 08:51:00', '2021-10-24 08:51:56', '{\"checkout-personal-information-step\":{\"step_is_reachable\":true,\"step_is_complete\":true},\"checkout-addresses-step\":{\"step_is_reachable\":true,\"step_is_complete\":false,\"use_same_address\":true},\"checkout-delivery-step\":{\"step_is_reachable\":false,\"step_is_complete\":false},\"checkout-payment-step\":{\"step_is_reachable\":false,\"step_is_complete\":false},\"checksum\":\"2ba0326ab29054b4a924dcb76c7726d789fd6540\"}'),
(605, 1, 1, 0, '', 1, 0, 0, 1, 0, 0, '', 0, 0, '', 0, 0, '2021-10-24 10:34:32', '2021-10-24 10:34:32', '{\"checkout-personal-information-step\":{\"step_is_reachable\":true,\"step_is_complete\":false},\"checkout-addresses-step\":{\"step_is_reachable\":false,\"step_is_complete\":false,\"use_same_address\":true},\"checkout-delivery-step\":{\"step_is_reachable\":false,\"step_is_complete\":false},\"checkout-payment-step\":{\"step_is_reachable\":false,\"step_is_complete\":false},\"checksum\":null}'),
(606, 1, 1, 40, '{\"124\":\"40,\"}', 1, 124, 124, 1, 141, 0, 'e6ab68f8d35d72ee7cb1026b5b33fb6d', 0, 0, '', 0, 0, '2021-10-25 11:12:00', '2021-10-25 11:13:44', '{\"checkout-personal-information-step\":{\"step_is_reachable\":true,\"step_is_complete\":true},\"checkout-addresses-step\":{\"step_is_reachable\":true,\"step_is_complete\":true,\"use_same_address\":true},\"checkout-delivery-step\":{\"step_is_reachable\":true,\"step_is_complete\":true},\"checkout-payment-step\":{\"step_is_reachable\":true,\"step_is_complete\":false},\"checksum\":\"a35354db715203ce0bf2c2eb341f03de4bd68f20\"}'),
(607, 1, 1, 0, '', 1, 0, 0, 1, 0, 0, '', 0, 0, '', 0, 0, '2021-10-25 17:25:47', '2021-10-25 17:25:47', NULL),
(608, 1, 1, 0, '', 1, 0, 0, 1, 0, 0, '', 0, 0, '', 0, 0, '2021-10-25 18:34:55', '2021-10-25 18:34:55', NULL),
(609, 1, 1, 0, '', 1, 0, 0, 1, 0, 0, '', 0, 0, '', 0, 0, '2021-10-26 08:42:27', '2021-10-26 08:42:55', NULL),
(610, 1, 1, 0, '', 1, 0, 0, 1, 0, 0, '', 0, 0, '', 0, 0, '2021-10-26 20:33:42', '2021-10-26 20:33:42', NULL),
(611, 1, 1, 0, '', 1, 122, 122, 1, 138, 0, '494e5085485b290f01a5867548e3dc61', 0, 0, '', 0, 0, '2021-10-28 10:26:52', '2021-10-28 10:26:52', NULL),
(612, 1, 1, 0, '', 1, 0, 0, 1, 0, 0, '', 0, 0, '', 0, 0, '2021-10-28 12:00:54', '2021-10-28 12:00:54', '{\"checkout-personal-information-step\":{\"step_is_reachable\":true,\"step_is_complete\":false},\"checkout-addresses-step\":{\"step_is_reachable\":false,\"step_is_complete\":false,\"use_same_address\":true},\"checkout-delivery-step\":{\"step_is_reachable\":false,\"step_is_complete\":false},\"checkout-payment-step\":{\"step_is_reachable\":false,\"step_is_complete\":false},\"checksum\":null}'),
(613, 1, 1, 0, '', 1, 0, 0, 1, 0, 0, '', 0, 0, '', 0, 0, '2021-10-30 00:26:33', '2021-10-30 00:26:33', NULL),
(614, 1, 1, 0, '', 1, 0, 0, 1, 0, 0, '', 0, 0, '', 0, 0, '2021-11-01 01:01:00', '2021-11-01 01:01:00', NULL),
(615, 1, 1, 0, '', 1, 0, 0, 1, 0, 0, '', 0, 0, '', 0, 0, '2021-11-01 20:44:52', '2021-11-01 20:44:52', '{\"checkout-personal-information-step\":{\"step_is_reachable\":true,\"step_is_complete\":false},\"checkout-addresses-step\":{\"step_is_reachable\":false,\"step_is_complete\":false,\"use_same_address\":true},\"checkout-delivery-step\":{\"step_is_reachable\":false,\"step_is_complete\":false},\"checkout-payment-step\":{\"step_is_reachable\":false,\"step_is_complete\":false},\"checksum\":null}'),
(616, 1, 1, 0, '', 1, 0, 0, 1, 0, 0, '', 0, 0, '', 0, 0, '2021-11-02 00:22:38', '2021-11-02 00:22:38', NULL),
(617, 1, 1, 0, '', 1, 0, 0, 1, 143, 0, '35c6f38bc94302583d3798348ce88715', 0, 0, '', 0, 0, '2021-11-02 17:18:42', '2021-11-02 17:20:16', '{\"checkout-personal-information-step\":{\"step_is_reachable\":true,\"step_is_complete\":true},\"checkout-addresses-step\":{\"step_is_reachable\":true,\"step_is_complete\":false,\"use_same_address\":true},\"checkout-delivery-step\":{\"step_is_reachable\":false,\"step_is_complete\":false},\"checkout-payment-step\":{\"step_is_reachable\":false,\"step_is_complete\":false},\"checksum\":\"20cc68c243296a3859100571ab05fa84aca1d678\"}'),
(618, 1, 1, 0, '', 1, 0, 0, 1, 0, 0, '', 0, 0, '', 0, 0, '2021-11-03 10:42:50', '2021-11-03 10:42:50', NULL);
INSERT INTO `ps_cart` (`id_cart`, `id_shop_group`, `id_shop`, `id_carrier`, `delivery_option`, `id_lang`, `id_address_delivery`, `id_address_invoice`, `id_currency`, `id_customer`, `id_guest`, `secure_key`, `recyclable`, `gift`, `gift_message`, `mobile_theme`, `allow_seperated_package`, `date_add`, `date_upd`, `checkout_session_data`) VALUES
(619, 1, 1, 40, '{\"122\":\"40,\"}', 1, 122, 122, 1, 138, 0, '494e5085485b290f01a5867548e3dc61', 0, 0, '', 0, 0, '2021-11-03 11:26:02', '2021-11-03 11:26:36', '{\"checkout-personal-information-step\":{\"step_is_reachable\":true,\"step_is_complete\":true},\"checkout-addresses-step\":{\"step_is_reachable\":true,\"step_is_complete\":true,\"use_same_address\":true},\"checkout-delivery-step\":{\"step_is_reachable\":true,\"step_is_complete\":true},\"checkout-payment-step\":{\"step_is_reachable\":true,\"step_is_complete\":false},\"checksum\":\"8a75953e7668df3c00ab0b4ff2eb52ae5c209809\"}'),
(620, 1, 1, 0, '', 1, 125, 125, 1, 144, 0, 'b72bdcbaec3462dc2bc5041313d1d28b', 0, 0, '', 0, 0, '2021-11-04 00:13:04', '2021-11-04 00:16:28', '{\"checkout-personal-information-step\":{\"step_is_reachable\":true,\"step_is_complete\":true},\"checkout-addresses-step\":{\"step_is_reachable\":true,\"step_is_complete\":true,\"use_same_address\":true},\"checkout-delivery-step\":{\"step_is_reachable\":true,\"step_is_complete\":true},\"checkout-payment-step\":{\"step_is_reachable\":true,\"step_is_complete\":false},\"checksum\":\"46971c5e0858496c5d9584a41332cd3dba15bb86\"}'),
(621, 1, 1, 0, '', 1, 0, 0, 1, 0, 0, '', 0, 0, '', 0, 0, '2021-11-04 15:52:27', '2021-11-04 15:52:27', NULL),
(622, 1, 1, 0, '', 1, 0, 0, 1, 0, 0, '', 0, 0, '', 0, 0, '2021-11-05 05:28:55', '2021-11-05 05:28:55', NULL),
(623, 1, 1, 40, '{\"122\":\"40,\"}', 1, 122, 122, 1, 138, 0, '494e5085485b290f01a5867548e3dc61', 0, 0, '', 0, 0, '2021-11-05 10:21:09', '2021-11-15 08:28:27', '{\"checkout-personal-information-step\":{\"step_is_reachable\":true,\"step_is_complete\":true},\"checkout-addresses-step\":{\"step_is_reachable\":true,\"step_is_complete\":true,\"use_same_address\":true},\"checkout-delivery-step\":{\"step_is_reachable\":true,\"step_is_complete\":true},\"checkout-payment-step\":{\"step_is_reachable\":true,\"step_is_complete\":false},\"checksum\":\"f9f02833dc485093d53eba8f3efafc7fc7984e7d\"}'),
(624, 1, 1, 40, '{\"128\":\"40,\"}', 1, 128, 128, 1, 147, 0, '83115b7060ae7649c772583c10315c7d', 0, 0, '', 0, 0, '2021-11-05 15:31:06', '2021-11-09 12:58:22', '{\"checkout-personal-information-step\":{\"step_is_reachable\":true,\"step_is_complete\":true},\"checkout-addresses-step\":{\"step_is_reachable\":true,\"step_is_complete\":true,\"use_same_address\":true},\"checkout-delivery-step\":{\"step_is_reachable\":true,\"step_is_complete\":true},\"checkout-payment-step\":{\"step_is_reachable\":true,\"step_is_complete\":false},\"checksum\":\"0bba6d5f05f7b38431d9fa5bb51ee4ef33904d31\"}'),
(625, 1, 1, 0, '', 1, 0, 0, 1, 0, 0, '', 0, 0, '', 0, 0, '2021-11-06 06:25:23', '2021-11-06 06:25:23', NULL),
(626, 1, 1, 40, '{\"126\":\"40,\"}', 1, 126, 126, 1, 145, 0, '96fba89176497e7e25108bb3d5c6451c', 0, 0, '', 0, 0, '2021-11-06 17:25:15', '2021-11-06 17:29:39', '{\"checkout-personal-information-step\":{\"step_is_reachable\":true,\"step_is_complete\":true},\"checkout-addresses-step\":{\"step_is_reachable\":true,\"step_is_complete\":true,\"use_same_address\":true},\"checkout-delivery-step\":{\"step_is_reachable\":true,\"step_is_complete\":true},\"checkout-payment-step\":{\"step_is_reachable\":true,\"step_is_complete\":false},\"checksum\":\"9b315e9307589dde9adeb1d3c50ef466287553b1\"}'),
(627, 1, 1, 0, '', 1, 0, 0, 1, 0, 0, '', 0, 0, '', 0, 0, '2021-11-07 15:47:16', '2021-11-07 15:47:16', '{\"checkout-personal-information-step\":{\"step_is_reachable\":true,\"step_is_complete\":false},\"checkout-addresses-step\":{\"step_is_reachable\":false,\"step_is_complete\":false,\"use_same_address\":true},\"checkout-delivery-step\":{\"step_is_reachable\":false,\"step_is_complete\":false},\"checkout-payment-step\":{\"step_is_reachable\":false,\"step_is_complete\":false},\"checksum\":null}'),
(628, 1, 1, 40, '{\"127\":\"40,\"}', 1, 127, 127, 1, 146, 0, '51436e3075322e6c79b35cfac00234af', 0, 0, '', 0, 0, '2021-11-08 19:53:57', '2021-11-08 20:00:35', '{\"checkout-personal-information-step\":{\"step_is_reachable\":true,\"step_is_complete\":true},\"checkout-addresses-step\":{\"step_is_reachable\":true,\"step_is_complete\":true,\"use_same_address\":true},\"checkout-delivery-step\":{\"step_is_reachable\":true,\"step_is_complete\":true},\"checkout-payment-step\":{\"step_is_reachable\":true,\"step_is_complete\":false},\"checksum\":\"96b8e8f53f84585d7afcfc138b3b4af4694c9c72\"}'),
(629, 1, 1, 40, '{\"127\":\"40,\"}', 1, 127, 127, 1, 146, 0, '51436e3075322e6c79b35cfac00234af', 0, 0, '', 0, 0, '2021-11-09 08:32:15', '2021-11-09 11:50:52', '{\"checkout-personal-information-step\":{\"step_is_reachable\":true,\"step_is_complete\":true},\"checkout-addresses-step\":{\"step_is_reachable\":true,\"step_is_complete\":true,\"use_same_address\":true},\"checkout-delivery-step\":{\"step_is_reachable\":true,\"step_is_complete\":true},\"checkout-payment-step\":{\"step_is_reachable\":true,\"step_is_complete\":false},\"checksum\":\"96b8e8f53f84585d7afcfc138b3b4af4694c9c72\"}'),
(630, 1, 1, 40, '{\"127\":\"40,\"}', 1, 127, 127, 1, 146, 0, '51436e3075322e6c79b35cfac00234af', 0, 0, '', 0, 0, '2021-11-09 12:03:49', '2021-11-09 12:03:49', NULL),
(631, 1, 1, 40, '{\"124\":\"40,\"}', 1, 124, 124, 1, 141, 0, 'e6ab68f8d35d72ee7cb1026b5b33fb6d', 0, 0, '', 0, 0, '2021-11-09 12:53:01', '2021-11-19 12:28:14', '{\"checkout-personal-information-step\":{\"step_is_reachable\":true,\"step_is_complete\":true},\"checkout-addresses-step\":{\"step_is_reachable\":true,\"step_is_complete\":true,\"use_same_address\":true},\"checkout-delivery-step\":{\"step_is_reachable\":true,\"step_is_complete\":true},\"checkout-payment-step\":{\"step_is_reachable\":true,\"step_is_complete\":false},\"checksum\":\"6163eb402e2c035e2539ae10679d5e2d2e61cf93\"}'),
(632, 1, 1, 40, '{\"129\":\"40,\"}', 1, 129, 129, 1, 146, 0, '51436e3075322e6c79b35cfac00234af', 0, 0, '', 0, 0, '2021-11-09 13:00:26', '2021-11-09 13:03:11', '{\"checkout-personal-information-step\":{\"step_is_reachable\":true,\"step_is_complete\":true},\"checkout-addresses-step\":{\"step_is_reachable\":true,\"step_is_complete\":true,\"use_same_address\":true},\"checkout-delivery-step\":{\"step_is_reachable\":true,\"step_is_complete\":true},\"checkout-payment-step\":{\"step_is_reachable\":true,\"step_is_complete\":false},\"checksum\":\"4cf4b15bffe24bd27a2f31e503251bd8057d2f7f\"}'),
(633, 1, 1, 40, '{\"129\":\"40,\"}', 1, 129, 129, 1, 146, 0, '51436e3075322e6c79b35cfac00234af', 0, 0, '', 0, 0, '2021-11-09 13:11:56', '2021-11-09 13:13:44', '{\"checkout-personal-information-step\":{\"step_is_reachable\":true,\"step_is_complete\":true},\"checkout-addresses-step\":{\"step_is_reachable\":true,\"step_is_complete\":true,\"use_same_address\":true},\"checkout-delivery-step\":{\"step_is_reachable\":true,\"step_is_complete\":true},\"checkout-payment-step\":{\"step_is_reachable\":true,\"step_is_complete\":false},\"checksum\":\"4cf4b15bffe24bd27a2f31e503251bd8057d2f7f\"}'),
(634, 1, 1, 40, '{\"130\":\"40,\"}', 1, 130, 130, 1, 148, 0, '1025de82263829a5ee0110e9b121f0c0', 0, 0, '', 0, 0, '2021-11-09 13:15:02', '2021-11-09 13:16:42', '{\"checkout-personal-information-step\":{\"step_is_reachable\":true,\"step_is_complete\":true},\"checkout-addresses-step\":{\"step_is_reachable\":true,\"step_is_complete\":true,\"use_same_address\":true},\"checkout-delivery-step\":{\"step_is_reachable\":true,\"step_is_complete\":true},\"checkout-payment-step\":{\"step_is_reachable\":true,\"step_is_complete\":false},\"checksum\":\"08992d1fd2f89c6c5ac5ee6fdec309c9eb3a7b2b\"}'),
(635, 1, 1, 0, '', 1, 129, 129, 1, 146, 0, '51436e3075322e6c79b35cfac00234af', 0, 0, '', 0, 0, '2021-11-11 21:42:35', '2021-11-11 21:42:35', NULL),
(636, 1, 1, 40, '{\"129\":\"40,\"}', 1, 129, 129, 1, 146, 0, '51436e3075322e6c79b35cfac00234af', 0, 0, '', 0, 0, '2021-11-11 21:42:35', '2021-11-11 21:43:35', '{\"checkout-personal-information-step\":{\"step_is_reachable\":true,\"step_is_complete\":true},\"checkout-addresses-step\":{\"step_is_reachable\":true,\"step_is_complete\":true,\"use_same_address\":true},\"checkout-delivery-step\":{\"step_is_reachable\":true,\"step_is_complete\":true},\"checkout-payment-step\":{\"step_is_reachable\":true,\"step_is_complete\":false},\"checksum\":\"4cf4b15bffe24bd27a2f31e503251bd8057d2f7f\"}'),
(637, 1, 1, 0, '', 1, 0, 0, 1, 0, 0, '', 0, 0, '', 0, 0, '2021-11-11 22:19:35', '2021-11-11 22:19:35', NULL),
(638, 1, 1, 0, '', 1, 0, 0, 1, 0, 0, '', 0, 0, '', 0, 0, '2021-11-12 18:13:34', '2021-11-12 18:13:34', '{\"checkout-personal-information-step\":{\"step_is_reachable\":true,\"step_is_complete\":false},\"checkout-addresses-step\":{\"step_is_reachable\":false,\"step_is_complete\":false,\"use_same_address\":true},\"checkout-delivery-step\":{\"step_is_reachable\":false,\"step_is_complete\":false},\"checkout-payment-step\":{\"step_is_reachable\":false,\"step_is_complete\":false},\"checksum\":null}'),
(639, 1, 1, 0, '', 1, 0, 0, 1, 0, 0, '', 0, 0, '', 0, 0, '2021-11-13 09:25:11', '2021-11-13 09:25:11', NULL),
(640, 1, 1, 0, '', 1, 0, 0, 1, 0, 0, '', 0, 0, '', 0, 0, '2021-11-14 13:08:30', '2021-11-14 13:08:30', NULL),
(641, 1, 1, 0, '', 1, 0, 0, 1, 0, 0, '', 0, 0, '', 0, 0, '2021-11-17 15:46:05', '2021-11-17 15:46:05', NULL),
(642, 1, 1, 0, '', 1, 131, 131, 1, 149, 0, 'fb438d05a8bf7d62412f6e7855a30dff', 0, 0, '', 0, 0, '2021-11-19 11:41:20', '2021-11-19 11:44:54', '{\"checkout-personal-information-step\":{\"step_is_reachable\":true,\"step_is_complete\":true},\"checkout-addresses-step\":{\"step_is_reachable\":true,\"step_is_complete\":true,\"use_same_address\":true},\"checkout-delivery-step\":{\"step_is_reachable\":true,\"step_is_complete\":false},\"checkout-payment-step\":{\"step_is_reachable\":false,\"step_is_complete\":false},\"checksum\":\"07584958f0f41076360bf76d17440ffee34750e4\"}'),
(644, 1, 1, 0, '', 1, 0, 0, 1, 0, 0, '', 0, 0, '', 0, 0, '2021-11-21 22:51:03', '2021-11-21 22:51:03', NULL),
(645, 1, 1, 0, '', 1, 0, 0, 1, 0, 0, '', 0, 0, '', 0, 0, '2021-11-22 12:24:00', '2021-11-22 12:24:00', NULL),
(646, 1, 1, 40, '{\"132\":\"40,\"}', 1, 132, 132, 1, 150, 0, 'c8035b0426dcbda23729d70f1d8cf802', 0, 0, '', 0, 0, '2021-11-24 12:27:26', '2021-11-24 12:30:03', '{\"checkout-personal-information-step\":{\"step_is_reachable\":true,\"step_is_complete\":true},\"checkout-addresses-step\":{\"step_is_reachable\":true,\"step_is_complete\":true,\"use_same_address\":true},\"checkout-delivery-step\":{\"step_is_reachable\":true,\"step_is_complete\":true},\"checkout-payment-step\":{\"step_is_reachable\":true,\"step_is_complete\":false},\"checksum\":\"5ffefe5b5dcfa0b3c58d1b41f04c523613005046\"}'),
(647, 1, 1, 40, '{\"133\":\"40,\"}', 1, 133, 133, 1, 151, 0, '341967568fde2167601bf6c6b7b47def', 0, 0, '', 0, 0, '2021-11-26 22:27:04', '2021-11-26 22:34:08', '{\"checkout-personal-information-step\":{\"step_is_reachable\":true,\"step_is_complete\":true},\"checkout-addresses-step\":{\"step_is_reachable\":true,\"step_is_complete\":true,\"use_same_address\":true},\"checkout-delivery-step\":{\"step_is_reachable\":true,\"step_is_complete\":true},\"checkout-payment-step\":{\"step_is_reachable\":true,\"step_is_complete\":false},\"checksum\":\"a754fe93eaf1139ead096631390dc52d190271ce\"}'),
(648, 1, 1, 0, '', 1, 0, 0, 1, 0, 0, '', 0, 0, '', 0, 0, '2021-11-27 10:25:49', '2021-11-27 10:25:49', '{\"checkout-personal-information-step\":{\"step_is_reachable\":true,\"step_is_complete\":false},\"checkout-addresses-step\":{\"step_is_reachable\":false,\"step_is_complete\":false,\"use_same_address\":true},\"checkout-delivery-step\":{\"step_is_reachable\":false,\"step_is_complete\":false},\"checkout-payment-step\":{\"step_is_reachable\":false,\"step_is_complete\":false},\"checksum\":null}'),
(649, 1, 1, 0, '', 1, 133, 133, 1, 151, 0, '341967568fde2167601bf6c6b7b47def', 0, 0, '', 0, 0, '2021-11-27 12:21:08', '2021-11-27 12:21:08', NULL),
(650, 1, 1, 0, '', 1, 0, 0, 1, 0, 0, '', 0, 0, '', 0, 0, '2021-11-28 13:50:16', '2021-11-28 13:50:16', NULL),
(651, 1, 1, 40, '{\"135\":\"40,\"}', 1, 135, 135, 1, 152, 0, '382db1df6b0402b871f35f0b43e92699', 0, 0, '', 0, 0, '2021-11-28 19:25:06', '2021-11-28 19:36:07', '{\"checkout-personal-information-step\":{\"step_is_reachable\":true,\"step_is_complete\":true},\"checkout-addresses-step\":{\"step_is_reachable\":true,\"step_is_complete\":true,\"use_same_address\":true},\"checkout-delivery-step\":{\"step_is_reachable\":true,\"step_is_complete\":true},\"checkout-payment-step\":{\"step_is_reachable\":true,\"step_is_complete\":false},\"checksum\":\"676809581440f314d5017860e3e4023d7db7e617\"}'),
(652, 1, 1, 40, '{\"136\":\"40,\"}', 1, 136, 136, 1, 153, 0, 'ca1e51d56391907759f9b6daf21fc67f', 0, 0, '', 0, 0, '2021-11-28 22:04:37', '2021-11-28 22:13:25', '{\"checkout-personal-information-step\":{\"step_is_reachable\":true,\"step_is_complete\":true},\"checkout-addresses-step\":{\"step_is_reachable\":true,\"step_is_complete\":true,\"use_same_address\":true},\"checkout-delivery-step\":{\"step_is_reachable\":true,\"step_is_complete\":true},\"checkout-payment-step\":{\"step_is_reachable\":true,\"step_is_complete\":false},\"checksum\":\"f4395bfaa4b9e3e9d870f00fe30342bd3ac96d1d\"}'),
(653, 1, 1, 0, '', 1, 133, 133, 1, 151, 0, '341967568fde2167601bf6c6b7b47def', 0, 0, '', 0, 0, '2021-11-29 14:20:41', '2021-11-29 14:20:41', NULL),
(654, 1, 1, 0, '', 1, 0, 0, 1, 0, 0, '', 0, 0, '', 0, 0, '2021-11-29 15:35:33', '2021-11-29 15:35:34', NULL),
(655, 1, 1, 40, '{\"137\":\"40,\"}', 1, 137, 137, 1, 154, 0, '1f2efe1a3bfdb60c598a24dba4b24660', 0, 0, '', 0, 0, '2021-11-30 07:38:33', '2021-11-30 07:41:53', '{\"checkout-personal-information-step\":{\"step_is_reachable\":true,\"step_is_complete\":true},\"checkout-addresses-step\":{\"step_is_reachable\":true,\"step_is_complete\":true,\"use_same_address\":true},\"checkout-delivery-step\":{\"step_is_reachable\":true,\"step_is_complete\":true},\"checkout-payment-step\":{\"step_is_reachable\":true,\"step_is_complete\":false},\"checksum\":\"6284d8901a09153dd469519a49986b0e9bcba773\"}'),
(656, 1, 1, 40, '{\"136\":\"40,\"}', 1, 136, 136, 1, 153, 0, 'ca1e51d56391907759f9b6daf21fc67f', 0, 0, '', 0, 0, '2021-11-30 20:57:06', '2021-11-30 20:57:06', NULL),
(658, 1, 1, 0, '', 1, 0, 0, 1, 0, 0, '', 0, 0, '', 0, 0, '2021-12-04 09:11:59', '2021-12-04 09:11:59', NULL),
(659, 1, 1, 0, '', 1, 0, 0, 1, 0, 0, '', 0, 0, '', 0, 0, '2021-12-05 21:44:52', '2021-12-05 21:44:52', '{\"checkout-personal-information-step\":{\"step_is_reachable\":true,\"step_is_complete\":false},\"checkout-addresses-step\":{\"step_is_reachable\":false,\"step_is_complete\":false,\"use_same_address\":true},\"checkout-delivery-step\":{\"step_is_reachable\":false,\"step_is_complete\":false},\"checkout-payment-step\":{\"step_is_reachable\":false,\"step_is_complete\":false},\"checksum\":null}'),
(660, 1, 1, 40, '{\"138\":\"40,\"}', 1, 138, 138, 1, 155, 0, '73c10b2a4c8ec1d09ec9f5e6f9dc678e', 0, 0, '', 0, 0, '2021-12-06 11:32:10', '2021-12-06 11:58:10', '{\"checkout-personal-information-step\":{\"step_is_reachable\":true,\"step_is_complete\":true},\"checkout-addresses-step\":{\"step_is_reachable\":true,\"step_is_complete\":false,\"use_same_address\":true},\"checkout-delivery-step\":{\"step_is_reachable\":false,\"step_is_complete\":false},\"checkout-payment-step\":{\"step_is_reachable\":false,\"step_is_complete\":false},\"checksum\":\"9c9b56761050d53012ee968c18cf95b45e06181a\"}'),
(661, 1, 1, 0, '', 1, 0, 0, 1, 0, 0, '', 0, 0, '', 0, 0, '2021-12-06 15:10:39', '2021-12-06 15:10:39', NULL),
(662, 1, 1, 40, '{\"139\":\"40,\"}', 1, 139, 139, 1, 156, 0, '316eff4bb11e72ef4004fb0cae0d9b96', 0, 0, '', 0, 0, '2021-12-08 02:55:15', '2021-12-13 17:38:27', '{\"checkout-personal-information-step\":{\"step_is_reachable\":true,\"step_is_complete\":true},\"checkout-addresses-step\":{\"step_is_reachable\":true,\"step_is_complete\":true,\"use_same_address\":true},\"checkout-delivery-step\":{\"step_is_reachable\":true,\"step_is_complete\":true},\"checkout-payment-step\":{\"step_is_reachable\":true,\"step_is_complete\":false},\"checksum\":\"eae95a5bcfe6935d62f6a49beae45b56cc2bb576\"}'),
(663, 1, 1, 0, '', 1, 0, 0, 1, 0, 0, '', 0, 0, '', 0, 0, '2021-12-10 10:44:21', '2021-12-10 10:44:21', '{\"checkout-personal-information-step\":{\"step_is_reachable\":true,\"step_is_complete\":false},\"checkout-addresses-step\":{\"step_is_reachable\":false,\"step_is_complete\":false,\"use_same_address\":true},\"checkout-delivery-step\":{\"step_is_reachable\":false,\"step_is_complete\":false},\"checkout-payment-step\":{\"step_is_reachable\":false,\"step_is_complete\":false},\"checksum\":null}'),
(664, 1, 1, 0, '', 1, 54, 54, 1, 2, 0, '5909400f8b2408cf989cfd531fc68e08', 0, 0, '', 0, 0, '2021-12-13 14:50:46', '2021-12-13 14:52:34', '{\"checkout-personal-information-step\":{\"step_is_reachable\":true,\"step_is_complete\":true},\"checkout-addresses-step\":{\"step_is_reachable\":true,\"step_is_complete\":true,\"use_same_address\":true},\"checkout-delivery-step\":{\"step_is_reachable\":true,\"step_is_complete\":false},\"checkout-payment-step\":{\"step_is_reachable\":false,\"step_is_complete\":false},\"checksum\":\"502036512f960ca604dca724a40497704b3362e5\"}'),
(665, 1, 1, 0, '', 1, 124, 124, 1, 141, 0, 'e6ab68f8d35d72ee7cb1026b5b33fb6d', 0, 0, '', 0, 0, '2021-12-14 10:09:45', '2022-03-03 10:25:45', '{\"checkout-personal-information-step\":{\"step_is_reachable\":true,\"step_is_complete\":true},\"checkout-addresses-step\":{\"step_is_reachable\":true,\"step_is_complete\":true,\"use_same_address\":true},\"checkout-delivery-step\":{\"step_is_reachable\":true,\"step_is_complete\":true},\"checkout-payment-step\":{\"step_is_reachable\":true,\"step_is_complete\":false},\"checksum\":\"6461909a0ed8409797a1ffe766c49ced58209b73\"}'),
(666, 1, 1, 0, '', 1, 0, 0, 1, 0, 0, '', 0, 0, '', 0, 0, '2021-12-14 10:20:17', '2021-12-14 10:20:50', NULL),
(667, 1, 1, 40, '{\"140\":\"40,\"}', 1, 140, 140, 1, 157, 0, '42b121fad7f19b849e17e4475c360db7', 0, 0, '', 0, 0, '2021-12-14 11:53:13', '2021-12-14 11:55:37', '{\"checkout-personal-information-step\":{\"step_is_reachable\":true,\"step_is_complete\":true},\"checkout-addresses-step\":{\"step_is_reachable\":true,\"step_is_complete\":true,\"use_same_address\":true},\"checkout-delivery-step\":{\"step_is_reachable\":true,\"step_is_complete\":true},\"checkout-payment-step\":{\"step_is_reachable\":true,\"step_is_complete\":false},\"checksum\":\"81ee3548da0fd98726f30cd77be2e318551681a8\"}'),
(668, 1, 1, 40, '{\"140\":\"40,\"}', 1, 140, 140, 1, 157, 0, '42b121fad7f19b849e17e4475c360db7', 0, 0, '', 0, 0, '2021-12-14 13:11:55', '2021-12-14 13:11:55', NULL),
(669, 1, 1, 0, '', 1, 0, 0, 1, 0, 0, '', 0, 0, '', 0, 0, '2021-12-14 14:23:10', '2021-12-14 14:23:10', NULL),
(670, 1, 1, 0, '', 1, 0, 0, 1, 0, 0, '', 0, 0, '', 0, 0, '2021-12-14 14:24:14', '2021-12-14 14:24:44', NULL),
(671, 1, 1, 40, '{\"141\":\"40,\"}', 1, 141, 141, 1, 158, 0, '491153a415d76d6425f23b778744b009', 0, 0, '', 0, 0, '2021-12-14 16:51:19', '2021-12-14 16:53:02', '{\"checkout-personal-information-step\":{\"step_is_reachable\":true,\"step_is_complete\":true},\"checkout-addresses-step\":{\"step_is_reachable\":true,\"step_is_complete\":true,\"use_same_address\":true},\"checkout-delivery-step\":{\"step_is_reachable\":true,\"step_is_complete\":true},\"checkout-payment-step\":{\"step_is_reachable\":true,\"step_is_complete\":false},\"checksum\":\"52985eaaeef5b0ddf22f4fc5aa1f72b89cdd991a\"}'),
(672, 1, 1, 0, '', 1, 0, 0, 1, 0, 0, '', 0, 0, '', 0, 0, '2021-12-16 01:01:19', '2021-12-16 01:01:19', '{\"checkout-personal-information-step\":{\"step_is_reachable\":true,\"step_is_complete\":false},\"checkout-addresses-step\":{\"step_is_reachable\":false,\"step_is_complete\":false,\"use_same_address\":true},\"checkout-delivery-step\":{\"step_is_reachable\":false,\"step_is_complete\":false},\"checkout-payment-step\":{\"step_is_reachable\":false,\"step_is_complete\":false},\"checksum\":null}'),
(673, 1, 1, 40, '{\"140\":\"40,\"}', 1, 140, 140, 1, 157, 0, '42b121fad7f19b849e17e4475c360db7', 0, 0, '', 0, 0, '2021-12-16 13:35:31', '2021-12-16 13:35:31', NULL),
(674, 1, 1, 0, '', 1, 0, 0, 1, 0, 0, '', 0, 0, '', 0, 0, '2021-12-16 15:30:22', '2021-12-16 15:30:22', NULL),
(675, 1, 1, 0, '', 1, 0, 0, 1, 0, 0, '', 0, 0, '', 0, 0, '2021-12-17 12:24:38', '2021-12-17 12:24:38', NULL),
(676, 1, 1, 0, '', 1, 0, 0, 1, 0, 0, '', 0, 0, '', 0, 0, '2021-12-19 02:03:57', '2021-12-19 02:03:57', NULL),
(677, 1, 1, 40, '{\"139\":\"40,\"}', 1, 139, 139, 1, 156, 0, '316eff4bb11e72ef4004fb0cae0d9b96', 0, 0, '', 0, 0, '2021-12-19 03:18:50', '2021-12-19 03:18:50', '{\"checkout-personal-information-step\":{\"step_is_reachable\":true,\"step_is_complete\":true},\"checkout-addresses-step\":{\"step_is_reachable\":true,\"step_is_complete\":false,\"use_same_address\":true},\"checkout-delivery-step\":{\"step_is_reachable\":false,\"step_is_complete\":false},\"checkout-payment-step\":{\"step_is_reachable\":false,\"step_is_complete\":false},\"checksum\":\"b31437f0ce29bec1fc4b372bbc9743d5074d636e\"}'),
(678, 1, 1, 40, '{\"142\":\"40,\"}', 1, 142, 142, 1, 160, 0, '13229d669f2a82d5043aa454400f57d9', 0, 0, '', 0, 0, '2021-12-20 09:03:06', '2021-12-21 00:48:56', '{\"checkout-personal-information-step\":{\"step_is_reachable\":true,\"step_is_complete\":true},\"checkout-addresses-step\":{\"step_is_reachable\":true,\"step_is_complete\":true,\"use_same_address\":true},\"checkout-delivery-step\":{\"step_is_reachable\":true,\"step_is_complete\":true},\"checkout-payment-step\":{\"step_is_reachable\":true,\"step_is_complete\":false},\"checksum\":\"b06bea8b5add9f5078ffab1785b14d76289bf9a1\"}'),
(679, 1, 1, 0, '', 1, 0, 0, 1, 0, 0, '', 0, 0, '', 0, 0, '2021-12-20 12:12:48', '2021-12-20 12:12:48', '{\"checkout-personal-information-step\":{\"step_is_reachable\":true,\"step_is_complete\":false},\"checkout-addresses-step\":{\"step_is_reachable\":false,\"step_is_complete\":false,\"use_same_address\":true},\"checkout-delivery-step\":{\"step_is_reachable\":false,\"step_is_complete\":false},\"checkout-payment-step\":{\"step_is_reachable\":false,\"step_is_complete\":false},\"checksum\":null}'),
(680, 1, 1, 0, '', 1, 0, 0, 1, 159, 0, '39c62981633be28c09025846f3acfc81', 0, 0, '', 0, 0, '2021-12-20 14:47:27', '2021-12-20 14:49:58', '{\"checkout-personal-information-step\":{\"step_is_reachable\":true,\"step_is_complete\":true},\"checkout-addresses-step\":{\"step_is_reachable\":true,\"step_is_complete\":false,\"use_same_address\":true},\"checkout-delivery-step\":{\"step_is_reachable\":false,\"step_is_complete\":false},\"checkout-payment-step\":{\"step_is_reachable\":false,\"step_is_complete\":false},\"checksum\":null}'),
(681, 1, 1, 0, '', 1, 0, 0, 1, 0, 0, '', 0, 0, '', 0, 0, '2021-12-22 11:36:44', '2021-12-22 11:36:44', NULL),
(682, 1, 1, 0, '', 1, 0, 0, 1, 0, 0, '', 0, 0, '', 0, 0, '2021-12-22 18:45:24', '2021-12-22 18:46:14', NULL),
(683, 1, 1, 0, '', 1, 0, 0, 1, 0, 0, '', 0, 0, '', 0, 0, '2021-12-22 21:28:55', '2021-12-22 21:28:55', '{\"checkout-personal-information-step\":{\"step_is_reachable\":true,\"step_is_complete\":false},\"checkout-addresses-step\":{\"step_is_reachable\":false,\"step_is_complete\":false,\"use_same_address\":true},\"checkout-delivery-step\":{\"step_is_reachable\":false,\"step_is_complete\":false},\"checkout-payment-step\":{\"step_is_reachable\":false,\"step_is_complete\":false},\"checksum\":null}'),
(684, 1, 1, 0, '', 1, 0, 0, 1, 0, 0, '', 0, 0, '', 0, 0, '2021-12-22 23:50:35', '2021-12-22 23:50:35', '{\"checkout-personal-information-step\":{\"step_is_reachable\":true,\"step_is_complete\":false},\"checkout-addresses-step\":{\"step_is_reachable\":false,\"step_is_complete\":false,\"use_same_address\":true},\"checkout-delivery-step\":{\"step_is_reachable\":false,\"step_is_complete\":false},\"checkout-payment-step\":{\"step_is_reachable\":false,\"step_is_complete\":false},\"checksum\":null}'),
(686, 1, 1, 40, '{\"143\":\"40,\"}', 1, 143, 143, 1, 161, 0, '4c34f3a7489c871d26a4bb4cddeefb8d', 0, 0, '', 0, 0, '2021-12-24 09:02:37', '2021-12-24 09:06:43', '{\"checkout-personal-information-step\":{\"step_is_reachable\":true,\"step_is_complete\":true},\"checkout-addresses-step\":{\"step_is_reachable\":true,\"step_is_complete\":true,\"use_same_address\":true},\"checkout-delivery-step\":{\"step_is_reachable\":true,\"step_is_complete\":true},\"checkout-payment-step\":{\"step_is_reachable\":true,\"step_is_complete\":false},\"checksum\":\"31a864e0882d0bebc32bb28b1caff8c68fac4583\"}'),
(687, 1, 1, 0, '', 1, 0, 0, 1, 0, 0, '', 0, 0, '', 0, 0, '2021-12-24 09:43:53', '2021-12-24 09:43:53', '{\"checkout-personal-information-step\":{\"step_is_reachable\":true,\"step_is_complete\":false},\"checkout-addresses-step\":{\"step_is_reachable\":false,\"step_is_complete\":false,\"use_same_address\":true},\"checkout-delivery-step\":{\"step_is_reachable\":false,\"step_is_complete\":false},\"checkout-payment-step\":{\"step_is_reachable\":false,\"step_is_complete\":false},\"checksum\":null}'),
(688, 1, 1, 0, '', 1, 0, 0, 1, 0, 0, '', 0, 0, '', 0, 0, '2021-12-26 00:23:19', '2021-12-26 00:23:19', NULL),
(689, 1, 1, 40, '{\"142\":\"40,\"}', 1, 142, 142, 1, 160, 0, '13229d669f2a82d5043aa454400f57d9', 0, 0, '', 0, 0, '2021-12-27 15:55:48', '2021-12-27 16:01:06', '{\"checkout-personal-information-step\":{\"step_is_reachable\":true,\"step_is_complete\":true},\"checkout-addresses-step\":{\"step_is_reachable\":true,\"step_is_complete\":true,\"use_same_address\":true},\"checkout-delivery-step\":{\"step_is_reachable\":true,\"step_is_complete\":true},\"checkout-payment-step\":{\"step_is_reachable\":true,\"step_is_complete\":false},\"checksum\":\"b06bea8b5add9f5078ffab1785b14d76289bf9a1\"}'),
(690, 1, 1, 0, '', 1, 0, 0, 1, 0, 0, '', 0, 0, '', 0, 0, '2021-12-28 14:12:04', '2021-12-28 14:12:04', NULL),
(691, 1, 1, 0, '', 1, 0, 0, 1, 0, 0, '', 0, 0, '', 0, 0, '2021-12-29 15:21:14', '2021-12-29 15:21:14', '{\"checkout-personal-information-step\":{\"step_is_reachable\":true,\"step_is_complete\":false},\"checkout-addresses-step\":{\"step_is_reachable\":false,\"step_is_complete\":false,\"use_same_address\":true},\"checkout-delivery-step\":{\"step_is_reachable\":false,\"step_is_complete\":false},\"checkout-payment-step\":{\"step_is_reachable\":false,\"step_is_complete\":false},\"checksum\":null}'),
(692, 1, 1, 0, '', 1, 0, 0, 1, 0, 0, '', 0, 0, '', 0, 0, '2021-12-29 15:42:41', '2021-12-29 15:42:41', NULL),
(693, 1, 1, 0, '', 1, 0, 0, 1, 162, 0, 'bed6c0c8a2ce21b1fdaa25ce8ac275c7', 0, 0, '', 0, 0, '2021-12-29 22:52:24', '2021-12-30 14:02:47', '{\"checkout-personal-information-step\":{\"step_is_reachable\":true,\"step_is_complete\":true},\"checkout-addresses-step\":{\"step_is_reachable\":true,\"step_is_complete\":false,\"use_same_address\":true},\"checkout-delivery-step\":{\"step_is_reachable\":false,\"step_is_complete\":false},\"checkout-payment-step\":{\"step_is_reachable\":false,\"step_is_complete\":false},\"checksum\":null}'),
(694, 1, 1, 40, '{\"146\":\"40,\"}', 1, 146, 146, 1, 166, 0, '9f1249154a535b3d1b0440e14c133fbd', 0, 0, '', 0, 0, '2021-12-30 17:41:50', '2022-01-03 15:42:55', '{\"checkout-personal-information-step\":{\"step_is_reachable\":true,\"step_is_complete\":true},\"checkout-addresses-step\":{\"step_is_reachable\":true,\"step_is_complete\":true,\"use_same_address\":true},\"checkout-delivery-step\":{\"step_is_reachable\":true,\"step_is_complete\":true},\"checkout-payment-step\":{\"step_is_reachable\":true,\"step_is_complete\":false},\"checksum\":\"f2e3d47689e0aa767760156b9f6fd6257f1c8a82\"}'),
(695, 1, 1, 40, '{\"144\":\"40,\"}', 1, 144, 144, 1, 163, 0, 'ba5672e922d545591ebb26d782703fd8', 0, 0, '', 0, 0, '2021-12-31 10:43:44', '2021-12-31 10:47:19', '{\"checkout-personal-information-step\":{\"step_is_reachable\":true,\"step_is_complete\":true},\"checkout-addresses-step\":{\"step_is_reachable\":true,\"step_is_complete\":true,\"use_same_address\":true},\"checkout-delivery-step\":{\"step_is_reachable\":true,\"step_is_complete\":true},\"checkout-payment-step\":{\"step_is_reachable\":true,\"step_is_complete\":false},\"checksum\":\"929a996844e58185cc8014df609bd257f0f9cdca\"}'),
(696, 1, 1, 0, '', 1, 0, 0, 1, 0, 0, '', 0, 0, '', 0, 0, '2022-01-02 10:39:32', '2022-01-02 10:39:32', NULL),
(697, 1, 1, 0, '', 1, 0, 0, 1, 164, 0, '1e184d380410e6766224485f8452cd29', 0, 0, '', 0, 0, '2022-01-03 09:15:55', '2022-01-03 09:21:33', '{\"checkout-personal-information-step\":{\"step_is_reachable\":true,\"step_is_complete\":true},\"checkout-addresses-step\":{\"step_is_reachable\":true,\"step_is_complete\":false,\"use_same_address\":true},\"checkout-delivery-step\":{\"step_is_reachable\":false,\"step_is_complete\":false},\"checkout-payment-step\":{\"step_is_reachable\":false,\"step_is_complete\":false},\"checksum\":null}'),
(698, 1, 1, 40, '{\"145\":\"40,\"}', 1, 145, 145, 1, 165, 0, '2bcb6c238787f02ee1f0ba97472583da', 0, 0, '', 0, 0, '2022-01-03 12:50:09', '2022-01-03 13:13:15', '{\"checkout-personal-information-step\":{\"step_is_reachable\":true,\"step_is_complete\":true},\"checkout-addresses-step\":{\"step_is_reachable\":true,\"step_is_complete\":true,\"use_same_address\":true},\"checkout-delivery-step\":{\"step_is_reachable\":true,\"step_is_complete\":true},\"checkout-payment-step\":{\"step_is_reachable\":true,\"step_is_complete\":false},\"checksum\":\"6b3566f8e82e07fa2fba4d42da42ac6664dd8ab7\"}'),
(699, 1, 1, 40, '{\"145\":\"40,\"}', 1, 145, 145, 1, 165, 0, '2bcb6c238787f02ee1f0ba97472583da', 0, 0, '', 0, 0, '2022-01-03 13:23:10', '2022-01-03 13:24:50', '{\"checkout-personal-information-step\":{\"step_is_reachable\":true,\"step_is_complete\":true},\"checkout-addresses-step\":{\"step_is_reachable\":true,\"step_is_complete\":true,\"use_same_address\":true},\"checkout-delivery-step\":{\"step_is_reachable\":true,\"step_is_complete\":true},\"checkout-payment-step\":{\"step_is_reachable\":true,\"step_is_complete\":false},\"checksum\":\"6b3566f8e82e07fa2fba4d42da42ac6664dd8ab7\"}'),
(706, 1, 1, 39, '{\"42\":\"39,\"}', 1, 42, 42, 1, 35, 0, 'c52215c2b21b90c3e45fa009a166035d', 0, 0, '', 0, 0, '2022-01-03 14:21:46', '2022-01-03 14:21:46', NULL),
(707, 1, 1, 4, '{\"10\":\"4,\"}', 1, 10, 19, 1, 1, 0, 'f5e6cc95fd7785ce7b2dc2a8e83b8dbc', 0, 0, '', 0, 0, '2022-01-03 14:22:04', '2022-01-03 14:22:04', NULL),
(713, 1, 1, 33, '{\"20\":\"33,\"}', 1, 20, 20, 1, 8, 326, 'ffde5312a8ff327dbed0a1840d28920b', 0, 0, '', 0, 0, '2022-01-03 14:23:34', '2022-01-03 14:23:34', NULL),
(719, 1, 1, 39, '{\"36\":\"39,\"}', 1, 36, 36, 1, 30, 0, '9d058561793263eb75419b7789a2596d', 0, 0, '', 0, 0, '2022-01-03 14:24:49', '2022-01-03 14:24:49', NULL),
(720, 1, 1, 0, '', 1, 0, 0, 1, 0, 0, '', 0, 0, '', 0, 0, '2022-01-03 23:10:21', '2022-01-03 23:10:21', NULL),
(722, 1, 1, 0, '', 1, 146, 146, 1, 166, 0, '9f1249154a535b3d1b0440e14c133fbd', 0, 0, '', 0, 0, '2022-01-05 10:02:02', '2022-01-05 10:02:04', '{\"checkout-personal-information-step\":{\"step_is_reachable\":true,\"step_is_complete\":true},\"checkout-addresses-step\":{\"step_is_reachable\":true,\"step_is_complete\":false,\"use_same_address\":true},\"checkout-delivery-step\":{\"step_is_reachable\":false,\"step_is_complete\":false},\"checkout-payment-step\":{\"step_is_reachable\":false,\"step_is_complete\":false},\"checksum\":\"344b0f38d3c0ad443b8d14680b2ab18ba06090c5\"}'),
(723, 1, 1, 40, '{\"146\":\"40,\"}', 1, 146, 146, 1, 166, 0, '9f1249154a535b3d1b0440e14c133fbd', 0, 0, '', 0, 0, '2022-01-05 10:02:57', '2022-01-13 14:53:53', '{\"checkout-personal-information-step\":{\"step_is_reachable\":true,\"step_is_complete\":true},\"checkout-addresses-step\":{\"step_is_reachable\":true,\"step_is_complete\":true,\"use_same_address\":true},\"checkout-delivery-step\":{\"step_is_reachable\":true,\"step_is_complete\":true},\"checkout-payment-step\":{\"step_is_reachable\":true,\"step_is_complete\":false},\"checksum\":\"8f9f02353d2a422198bb76d0826955f0a7520d67\"}'),
(724, 1, 1, 40, '{\"147\":\"40,\"}', 1, 147, 147, 1, 168, 0, '90a56e77ac31b4beb31ac7974959f8de', 0, 0, '', 0, 0, '2022-01-06 16:59:53', '2022-01-06 17:01:59', '{\"checkout-personal-information-step\":{\"step_is_reachable\":true,\"step_is_complete\":true},\"checkout-addresses-step\":{\"step_is_reachable\":true,\"step_is_complete\":true,\"use_same_address\":true},\"checkout-delivery-step\":{\"step_is_reachable\":true,\"step_is_complete\":true},\"checkout-payment-step\":{\"step_is_reachable\":true,\"step_is_complete\":false},\"checksum\":\"504f39a72f6a4cff91642e36a40b0c888d0b7d2d\"}'),
(725, 1, 1, 0, '', 1, 0, 0, 1, 0, 0, '', 0, 0, '', 0, 0, '2022-01-08 20:16:24', '2022-01-08 20:17:55', NULL),
(726, 1, 1, 0, '', 1, 0, 0, 1, 0, 0, '', 0, 0, '', 0, 0, '2022-01-09 16:21:51', '2022-01-09 16:21:51', NULL),
(727, 1, 1, 40, '{\"148\":\"40,\"}', 1, 148, 148, 1, 169, 0, '1853ca0263bc7f0111161b940493c75b', 0, 0, '', 0, 0, '2022-01-10 11:22:49', '2022-01-10 11:26:30', '{\"checkout-personal-information-step\":{\"step_is_reachable\":true,\"step_is_complete\":true},\"checkout-addresses-step\":{\"step_is_reachable\":true,\"step_is_complete\":true,\"use_same_address\":true},\"checkout-delivery-step\":{\"step_is_reachable\":true,\"step_is_complete\":true},\"checkout-payment-step\":{\"step_is_reachable\":true,\"step_is_complete\":false},\"checksum\":\"9ddbcb49fe07b297af7d5edc2c14d079a6851b00\"}'),
(728, 1, 1, 0, '', 1, 0, 0, 1, 0, 0, '', 0, 0, '', 0, 0, '2022-01-10 14:45:59', '2022-01-10 14:45:59', NULL),
(729, 1, 1, 0, '', 1, 0, 0, 1, 0, 0, '', 0, 0, '', 0, 0, '2022-01-10 23:36:05', '2022-01-10 23:36:05', NULL),
(730, 1, 1, 40, '{\"149\":\"40,\"}', 1, 149, 149, 1, 170, 0, '6d2a183d2378895f2a311ad5a81651f5', 0, 0, '', 0, 0, '2022-01-11 12:09:26', '2022-01-11 12:14:01', '{\"checkout-personal-information-step\":{\"step_is_reachable\":true,\"step_is_complete\":true},\"checkout-addresses-step\":{\"step_is_reachable\":true,\"step_is_complete\":true,\"use_same_address\":true},\"checkout-delivery-step\":{\"step_is_reachable\":true,\"step_is_complete\":true},\"checkout-payment-step\":{\"step_is_reachable\":true,\"step_is_complete\":false},\"checksum\":\"a97ff70ccc03d161f14b0f2c0302d9807cb64ef0\"}'),
(731, 1, 1, 0, '', 1, 0, 0, 1, 0, 0, '', 0, 0, '', 0, 0, '2022-01-12 14:12:41', '2022-01-12 14:12:41', NULL),
(732, 1, 1, 0, '', 1, 0, 0, 1, 0, 0, '', 0, 0, '', 0, 0, '2022-01-13 11:05:34', '2022-01-18 10:54:47', '{\"checkout-personal-information-step\":{\"step_is_reachable\":true,\"step_is_complete\":false},\"checkout-addresses-step\":{\"step_is_reachable\":false,\"step_is_complete\":false,\"use_same_address\":true},\"checkout-delivery-step\":{\"step_is_reachable\":false,\"step_is_complete\":false},\"checkout-payment-step\":{\"step_is_reachable\":false,\"step_is_complete\":false},\"checksum\":null}'),
(733, 1, 1, 0, '', 1, 0, 0, 1, 0, 0, '', 0, 0, '', 0, 0, '2022-01-15 12:45:29', '2022-01-15 12:45:42', NULL),
(734, 1, 1, 0, '', 1, 0, 0, 1, 0, 0, '', 0, 0, '', 0, 0, '2022-01-16 00:44:20', '2022-01-16 00:44:20', NULL),
(735, 1, 1, 0, '', 1, 0, 0, 1, 0, 0, '', 0, 0, '', 0, 0, '2022-01-16 14:38:33', '2022-01-16 14:38:33', NULL),
(736, 1, 1, 0, '', 1, 0, 0, 1, 0, 0, '', 0, 0, '', 0, 0, '2022-01-17 02:48:09', '2022-01-17 02:48:11', NULL),
(737, 1, 1, 40, '{\"151\":\"40,\"}', 1, 151, 151, 1, 171, 0, '4d465196d025178222db093a33b52578', 0, 0, '', 0, 0, '2022-01-18 09:39:13', '2022-01-18 09:51:28', '{\"checkout-personal-information-step\":{\"step_is_reachable\":true,\"step_is_complete\":true},\"checkout-addresses-step\":{\"step_is_reachable\":true,\"step_is_complete\":true,\"use_same_address\":true},\"checkout-delivery-step\":{\"step_is_reachable\":true,\"step_is_complete\":true},\"checkout-payment-step\":{\"step_is_reachable\":true,\"step_is_complete\":false},\"checksum\":\"c5144f0e88f87bc6e4685647ba3091d3258a9d1e\"}'),
(738, 1, 1, 40, '{\"146\":\"40,\"}', 1, 146, 146, 1, 166, 0, '9f1249154a535b3d1b0440e14c133fbd', 0, 0, '', 0, 0, '2022-01-18 11:06:16', '2022-01-18 11:06:20', '{\"checkout-personal-information-step\":{\"step_is_reachable\":true,\"step_is_complete\":false},\"checkout-addresses-step\":{\"step_is_reachable\":false,\"step_is_complete\":false,\"use_same_address\":true},\"checkout-delivery-step\":{\"step_is_reachable\":false,\"step_is_complete\":false},\"checkout-payment-step\":{\"step_is_reachable\":false,\"step_is_complete\":false},\"checksum\":\"f2e3d47689e0aa767760156b9f6fd6257f1c8a82\"}'),
(739, 1, 1, 0, '', 1, 0, 0, 1, 0, 0, '', 0, 0, '', 0, 0, '2022-01-18 15:37:11', '2022-01-18 15:37:11', NULL),
(740, 1, 1, 0, '', 1, 90, 90, 1, 91, 0, 'dbec2b3685418059c23800118213f5fc', 0, 0, '', 0, 0, '2022-01-19 09:08:16', '2022-01-19 09:09:54', '{\"checkout-personal-information-step\":{\"step_is_reachable\":true,\"step_is_complete\":false},\"checkout-addresses-step\":{\"step_is_reachable\":false,\"step_is_complete\":false,\"use_same_address\":true},\"checkout-delivery-step\":{\"step_is_reachable\":false,\"step_is_complete\":false},\"checkout-payment-step\":{\"step_is_reachable\":false,\"step_is_complete\":false},\"checksum\":null}'),
(741, 1, 1, 0, '', 1, 90, 90, 1, 91, 0, 'dbec2b3685418059c23800118213f5fc', 0, 0, '', 0, 0, '2022-01-19 09:10:26', '2022-01-19 09:10:59', '{\"checkout-personal-information-step\":{\"step_is_reachable\":true,\"step_is_complete\":true},\"checkout-addresses-step\":{\"step_is_reachable\":true,\"step_is_complete\":false,\"use_same_address\":true},\"checkout-delivery-step\":{\"step_is_reachable\":false,\"step_is_complete\":false},\"checkout-payment-step\":{\"step_is_reachable\":false,\"step_is_complete\":false},\"checksum\":\"2b26754acfd78598ee6c01b611791b43159e867a\"}'),
(742, 1, 1, 0, '', 1, 90, 90, 1, 91, 0, 'dbec2b3685418059c23800118213f5fc', 0, 0, '', 0, 0, '2022-01-19 09:11:14', '2022-01-19 09:12:44', '{\"checkout-personal-information-step\":{\"step_is_reachable\":true,\"step_is_complete\":true},\"checkout-addresses-step\":{\"step_is_reachable\":true,\"step_is_complete\":true,\"use_same_address\":true},\"checkout-delivery-step\":{\"step_is_reachable\":true,\"step_is_complete\":true},\"checkout-payment-step\":{\"step_is_reachable\":true,\"step_is_complete\":false},\"checksum\":\"9bb851f77399358c2d22b34c06e2c20fac74f713\"}'),
(743, 1, 1, 40, '{\"152\":\"40,\"}', 1, 152, 152, 1, 172, 0, '9da757be9786e3b819dd402710ce6510', 0, 0, '', 0, 0, '2022-01-21 10:05:35', '2022-01-21 10:09:29', '{\"checkout-personal-information-step\":{\"step_is_reachable\":true,\"step_is_complete\":true},\"checkout-addresses-step\":{\"step_is_reachable\":true,\"step_is_complete\":true,\"use_same_address\":true},\"checkout-delivery-step\":{\"step_is_reachable\":true,\"step_is_complete\":true},\"checkout-payment-step\":{\"step_is_reachable\":true,\"step_is_complete\":false},\"checksum\":\"434d806528ef0a4f997ffe252a40901196f673d7\"}'),
(744, 1, 1, 0, '', 1, 0, 0, 1, 0, 0, '', 0, 0, '', 0, 0, '2022-01-23 13:10:34', '2022-01-23 13:10:34', NULL),
(745, 1, 1, 0, '', 1, 0, 0, 1, 0, 0, '', 0, 0, '', 0, 0, '2022-01-25 05:37:40', '2022-01-25 05:37:40', NULL),
(747, 1, 1, 0, '', 1, 0, 0, 1, 0, 0, '', 0, 0, '', 0, 0, '2022-01-30 16:06:56', '2022-01-30 16:06:56', NULL),
(748, 1, 1, 0, '', 1, 0, 0, 1, 0, 0, '', 0, 0, '', 0, 0, '2022-01-31 10:15:47', '2022-01-31 10:15:47', NULL),
(749, 1, 1, 0, '', 1, 0, 0, 1, 0, 0, '', 0, 0, '', 0, 0, '2022-01-31 12:09:28', '2022-01-31 12:09:28', NULL),
(750, 1, 1, 0, '', 1, 0, 0, 1, 0, 0, '', 0, 0, '', 0, 0, '2022-01-31 14:49:49', '2022-01-31 14:49:49', '{\"checkout-personal-information-step\":{\"step_is_reachable\":true,\"step_is_complete\":false},\"checkout-addresses-step\":{\"step_is_reachable\":false,\"step_is_complete\":false,\"use_same_address\":true},\"checkout-delivery-step\":{\"step_is_reachable\":false,\"step_is_complete\":false},\"checkout-payment-step\":{\"step_is_reachable\":false,\"step_is_complete\":false},\"checksum\":null}'),
(751, 1, 1, 0, '', 1, 0, 0, 1, 0, 0, '', 0, 0, '', 0, 0, '2022-02-01 12:52:59', '2022-02-01 12:52:59', NULL),
(752, 1, 1, 40, '{\"153\":\"40,\"}', 1, 153, 153, 1, 173, 0, '35e2f212c0dd2d65b1322568b925f37d', 0, 0, '', 0, 0, '2022-02-01 14:39:53', '2022-02-01 15:55:44', '{\"checkout-personal-information-step\":{\"step_is_reachable\":true,\"step_is_complete\":true},\"checkout-addresses-step\":{\"step_is_reachable\":true,\"step_is_complete\":true,\"use_same_address\":true},\"checkout-delivery-step\":{\"step_is_reachable\":true,\"step_is_complete\":true},\"checkout-payment-step\":{\"step_is_reachable\":true,\"step_is_complete\":false},\"checksum\":\"689638a8c09c004be9354f423c629b8192f777db\"}'),
(753, 1, 1, 40, '{\"153\":\"40,\"}', 1, 153, 153, 1, 173, 0, '35e2f212c0dd2d65b1322568b925f37d', 0, 0, '', 0, 0, '2022-02-01 15:33:11', '2022-02-01 15:59:07', '{\"checkout-personal-information-step\":{\"step_is_reachable\":true,\"step_is_complete\":true},\"checkout-addresses-step\":{\"step_is_reachable\":true,\"step_is_complete\":true,\"use_same_address\":true},\"checkout-delivery-step\":{\"step_is_reachable\":true,\"step_is_complete\":true},\"checkout-payment-step\":{\"step_is_reachable\":true,\"step_is_complete\":false},\"checksum\":\"689638a8c09c004be9354f423c629b8192f777db\"}'),
(754, 1, 1, 0, '', 1, 153, 153, 1, 173, 0, '35e2f212c0dd2d65b1322568b925f37d', 0, 0, '', 0, 0, '2022-02-01 16:02:46', '2022-02-01 16:02:46', NULL),
(756, 1, 1, 0, '', 1, 153, 153, 1, 173, 0, '35e2f212c0dd2d65b1322568b925f37d', 0, 0, '', 0, 0, '2022-02-03 09:32:25', '2022-02-03 09:32:25', NULL),
(757, 1, 1, 0, '', 1, 0, 0, 1, 0, 0, '', 0, 0, '', 0, 0, '2022-02-04 08:07:29', '2022-02-04 08:07:29', NULL),
(758, 1, 1, 40, '{\"154\":\"40,\"}', 1, 154, 154, 1, 174, 0, '6bada3ead32771e215dbe7fda3a680f9', 0, 0, '', 0, 0, '2022-02-05 09:12:38', '2022-02-05 09:15:12', '{\"checkout-personal-information-step\":{\"step_is_reachable\":true,\"step_is_complete\":true},\"checkout-addresses-step\":{\"step_is_reachable\":true,\"step_is_complete\":true,\"use_same_address\":true},\"checkout-delivery-step\":{\"step_is_reachable\":true,\"step_is_complete\":true},\"checkout-payment-step\":{\"step_is_reachable\":true,\"step_is_complete\":false},\"checksum\":\"9dea5a8d2f3ddfeea1a79c23a2cc519ba82cfbba\"}'),
(759, 1, 1, 0, '', 1, 0, 0, 1, 0, 0, '', 0, 0, '', 0, 0, '2022-02-05 11:09:57', '2022-02-05 11:09:57', NULL),
(760, 1, 1, 0, '', 1, 84, 84, 1, 84, 0, '7178228cdf1e2a1b5580c61867c71c49', 0, 0, '', 0, 0, '2022-02-07 02:16:05', '2022-02-08 01:27:28', NULL),
(762, 1, 1, 0, '', 1, 0, 0, 1, 0, 0, '', 0, 0, '', 0, 0, '2022-02-07 10:48:02', '2022-02-07 10:48:02', NULL),
(763, 1, 1, 0, '', 1, 0, 0, 1, 175, 0, '621362f47fa690c5616b479ce3499446', 0, 0, '', 0, 0, '2022-02-08 01:29:24', '2022-02-27 14:08:54', NULL),
(764, 1, 1, 0, '', 1, 0, 0, 1, 0, 0, '', 0, 0, '', 0, 0, '2022-02-09 02:36:20', '2022-02-09 02:36:20', '{\"checkout-personal-information-step\":{\"step_is_reachable\":true,\"step_is_complete\":false},\"checkout-addresses-step\":{\"step_is_reachable\":false,\"step_is_complete\":false,\"use_same_address\":true},\"checkout-delivery-step\":{\"step_is_reachable\":false,\"step_is_complete\":false},\"checkout-payment-step\":{\"step_is_reachable\":false,\"step_is_complete\":false},\"checksum\":null}'),
(765, 1, 1, 0, '', 1, 0, 0, 1, 0, 0, '', 0, 0, '', 0, 0, '2022-02-11 03:48:42', '2022-02-11 03:48:42', NULL),
(766, 1, 1, 0, '', 1, 0, 0, 1, 0, 0, '', 0, 0, '', 0, 0, '2022-02-11 18:41:34', '2022-02-11 18:41:34', NULL),
(767, 1, 1, 0, '', 1, 0, 0, 1, 0, 0, '', 0, 0, '', 0, 0, '2022-02-12 23:43:14', '2022-02-12 23:43:14', NULL),
(768, 1, 1, 0, '', 1, 0, 0, 1, 0, 0, '', 0, 0, '', 0, 0, '2022-02-13 09:06:13', '2022-02-13 09:06:13', NULL),
(769, 1, 1, 0, '', 1, 0, 0, 1, 0, 0, '', 0, 0, '', 0, 0, '2022-02-13 09:59:07', '2022-02-13 09:59:07', NULL),
(770, 1, 1, 0, '', 1, 0, 0, 1, 0, 0, '', 0, 0, '', 0, 0, '2022-02-15 00:15:04', '2022-02-15 00:15:04', NULL),
(771, 1, 1, 40, '{\"155\":\"40,\"}', 1, 155, 155, 1, 176, 0, 'c26c89922795cfc111f99feffbbf77a3', 0, 0, '', 0, 0, '2022-02-15 11:28:23', '2022-02-15 11:36:19', '{\"checkout-personal-information-step\":{\"step_is_reachable\":true,\"step_is_complete\":true},\"checkout-addresses-step\":{\"step_is_reachable\":true,\"step_is_complete\":true,\"use_same_address\":true},\"checkout-delivery-step\":{\"step_is_reachable\":true,\"step_is_complete\":true},\"checkout-payment-step\":{\"step_is_reachable\":true,\"step_is_complete\":false},\"checksum\":\"de8ae754e4b2d1036517ac90fb8ff43e15cec0b9\"}'),
(772, 1, 1, 40, '{\"156\":\"40,\"}', 1, 156, 156, 1, 177, 0, '716c66f91a72225f6b373197aa056a1e', 0, 0, '', 0, 0, '2022-02-16 19:55:01', '2022-02-16 20:10:42', '{\"checkout-personal-information-step\":{\"step_is_reachable\":true,\"step_is_complete\":true},\"checkout-addresses-step\":{\"step_is_reachable\":true,\"step_is_complete\":true,\"use_same_address\":true},\"checkout-delivery-step\":{\"step_is_reachable\":true,\"step_is_complete\":true},\"checkout-payment-step\":{\"step_is_reachable\":true,\"step_is_complete\":false},\"checksum\":\"82d8ab072186d6f4888d76b407f5ba1255fd43ae\"}'),
(773, 1, 1, 0, '', 1, 0, 0, 1, 0, 0, '', 0, 0, '', 0, 0, '2022-02-16 21:29:46', '2022-02-16 21:29:46', NULL),
(774, 1, 1, 0, '', 1, 0, 0, 1, 0, 0, '', 0, 0, '', 0, 0, '2022-02-17 12:20:55', '2022-02-17 12:20:55', NULL),
(775, 1, 1, 0, '', 1, 0, 0, 1, 0, 0, '', 0, 0, '', 0, 0, '2022-02-18 23:41:13', '2022-02-18 23:42:38', NULL),
(776, 1, 1, 0, '', 1, 157, 157, 1, 178, 0, '4ad7872dea24b533c547406dc19b7ff5', 0, 0, '', 0, 0, '2022-02-19 01:26:40', '2022-03-08 11:00:46', '{\"checkout-personal-information-step\":{\"step_is_reachable\":true,\"step_is_complete\":true},\"checkout-addresses-step\":{\"step_is_reachable\":true,\"step_is_complete\":true,\"use_same_address\":true},\"checkout-delivery-step\":{\"step_is_reachable\":true,\"step_is_complete\":true},\"checkout-payment-step\":{\"step_is_reachable\":true,\"step_is_complete\":false},\"checksum\":\"4c41bad5a4d1fe8d53849c042bf30da96a039f63\"}'),
(777, 1, 1, 0, '', 1, 0, 0, 1, 0, 0, '', 0, 0, '', 0, 0, '2022-02-19 21:44:20', '2022-02-19 21:44:20', NULL),
(778, 1, 1, 0, '', 1, 0, 0, 1, 0, 0, '', 0, 0, '', 0, 0, '2022-02-20 06:00:42', '2022-02-20 06:00:42', NULL),
(779, 1, 1, 0, '', 1, 0, 0, 1, 0, 0, '', 0, 0, '', 0, 0, '2022-02-20 11:08:15', '2022-02-20 11:08:15', NULL),
(780, 1, 1, 40, '{\"90\":\"40,\"}', 1, 90, 90, 1, 91, 0, 'dbec2b3685418059c23800118213f5fc', 0, 0, '', 0, 0, '2022-02-21 11:52:17', '2022-02-21 12:00:13', '{\"checkout-personal-information-step\":{\"step_is_reachable\":true,\"step_is_complete\":true},\"checkout-addresses-step\":{\"step_is_reachable\":true,\"step_is_complete\":true,\"use_same_address\":true},\"checkout-delivery-step\":{\"step_is_reachable\":true,\"step_is_complete\":true},\"checkout-payment-step\":{\"step_is_reachable\":true,\"step_is_complete\":false},\"checksum\":\"e3c2a467a6b7eb1ce9f49a00a9de06655d98f55d\"}'),
(781, 1, 1, 40, '{\"158\":\"40,\"}', 1, 158, 158, 1, 179, 0, '955c8eb71eaab1e60920f4474d1399f7', 0, 0, '', 0, 0, '2022-02-24 19:45:29', '2022-02-24 21:23:01', '{\"checkout-personal-information-step\":{\"step_is_reachable\":true,\"step_is_complete\":true},\"checkout-addresses-step\":{\"step_is_reachable\":true,\"step_is_complete\":true,\"use_same_address\":true},\"checkout-delivery-step\":{\"step_is_reachable\":true,\"step_is_complete\":true},\"checkout-payment-step\":{\"step_is_reachable\":true,\"step_is_complete\":false},\"checksum\":\"eab2bd550c644f425d03b37c4adcf2a93c7a0275\"}'),
(782, 1, 1, 0, '', 1, 0, 0, 1, 0, 0, '', 0, 0, '', 0, 0, '2022-02-25 20:11:02', '2022-02-25 20:11:02', NULL),
(783, 1, 1, 0, '', 1, 0, 0, 1, 0, 0, '', 0, 0, '', 0, 0, '2022-02-25 22:34:31', '2022-02-25 22:34:31', NULL),
(784, 1, 1, 0, '', 1, 0, 0, 1, 0, 0, '', 0, 0, '', 0, 0, '2022-03-01 12:48:31', '2022-03-01 12:48:31', '{\"checkout-personal-information-step\":{\"step_is_reachable\":true,\"step_is_complete\":false},\"checkout-addresses-step\":{\"step_is_reachable\":false,\"step_is_complete\":false,\"use_same_address\":true},\"checkout-delivery-step\":{\"step_is_reachable\":false,\"step_is_complete\":false},\"checkout-payment-step\":{\"step_is_reachable\":false,\"step_is_complete\":false},\"checksum\":null}'),
(785, 1, 1, 0, '', 1, 0, 0, 1, 0, 0, '', 0, 0, '', 0, 0, '2022-03-01 14:38:15', '2022-03-01 14:38:15', NULL),
(786, 1, 1, 40, '{\"159\":\"40,\"}', 1, 159, 159, 1, 180, 0, 'a35d7bdb7893bf8347da2bc4fbabeeb6', 0, 0, '', 0, 0, '2022-03-02 19:00:50', '2022-03-02 19:04:30', '{\"checkout-personal-information-step\":{\"step_is_reachable\":true,\"step_is_complete\":true},\"checkout-addresses-step\":{\"step_is_reachable\":true,\"step_is_complete\":true,\"use_same_address\":true},\"checkout-delivery-step\":{\"step_is_reachable\":true,\"step_is_complete\":true},\"checkout-payment-step\":{\"step_is_reachable\":true,\"step_is_complete\":false},\"checksum\":\"ec555615c3c99df3e4b96c519adac1e18072b32c\"}'),
(787, 1, 1, 40, '{\"160\":\"40,\"}', 1, 160, 160, 1, 181, 0, '5666686f8d669a6342c28a44ca957d35', 0, 0, '', 0, 0, '2022-03-03 18:57:36', '2022-03-03 19:02:10', '{\"checkout-personal-information-step\":{\"step_is_reachable\":true,\"step_is_complete\":true},\"checkout-addresses-step\":{\"step_is_reachable\":true,\"step_is_complete\":true,\"use_same_address\":true},\"checkout-delivery-step\":{\"step_is_reachable\":true,\"step_is_complete\":true},\"checkout-payment-step\":{\"step_is_reachable\":true,\"step_is_complete\":false},\"checksum\":\"6998c7af5d7ca1ebddb8c7461cdcc91786c3d823\"}'),
(788, 1, 1, 40, '{\"161\":\"40,\"}', 1, 161, 161, 1, 182, 0, '69ae3963079a010fbb49fa00c9d537bd', 0, 0, '', 0, 0, '2022-03-07 09:39:26', '2022-03-07 10:02:13', '{\"checkout-personal-information-step\":{\"step_is_reachable\":true,\"step_is_complete\":true},\"checkout-addresses-step\":{\"step_is_reachable\":true,\"step_is_complete\":true,\"use_same_address\":true},\"checkout-delivery-step\":{\"step_is_reachable\":true,\"step_is_complete\":true},\"checkout-payment-step\":{\"step_is_reachable\":true,\"step_is_complete\":false},\"checksum\":\"9a644b3e937d4ba26f0b4dc4f9d8156ff7f24b5a\"}'),
(789, 1, 1, 0, '', 1, 0, 0, 1, 0, 0, '', 0, 0, '', 0, 0, '2022-03-07 16:43:11', '2022-03-07 16:43:11', NULL);
INSERT INTO `ps_cart` (`id_cart`, `id_shop_group`, `id_shop`, `id_carrier`, `delivery_option`, `id_lang`, `id_address_delivery`, `id_address_invoice`, `id_currency`, `id_customer`, `id_guest`, `secure_key`, `recyclable`, `gift`, `gift_message`, `mobile_theme`, `allow_seperated_package`, `date_add`, `date_upd`, `checkout_session_data`) VALUES
(790, 1, 1, 40, '{\"162\":\"40,\"}', 1, 162, 162, 1, 183, 0, 'f60b6539e2f521e6ece2222036b58961', 0, 0, '', 0, 0, '2022-03-07 19:56:00', '2022-03-07 20:00:43', '{\"checkout-personal-information-step\":{\"step_is_reachable\":true,\"step_is_complete\":true},\"checkout-addresses-step\":{\"step_is_reachable\":true,\"step_is_complete\":true,\"use_same_address\":true},\"checkout-delivery-step\":{\"step_is_reachable\":true,\"step_is_complete\":true},\"checkout-payment-step\":{\"step_is_reachable\":true,\"step_is_complete\":false},\"checksum\":\"642fba0566950679b9bbb629595a8e8542066b5c\"}'),
(791, 1, 1, 0, '', 1, 0, 0, 1, 0, 0, '', 0, 0, '', 0, 0, '2022-03-08 14:43:57', '2022-03-08 14:53:07', NULL),
(792, 1, 1, 0, '', 1, 0, 0, 1, 0, 0, '', 0, 0, '', 0, 0, '2022-03-09 10:59:27', '2022-03-09 10:59:27', NULL),
(793, 1, 1, 0, '', 1, 160, 160, 1, 181, 0, '5666686f8d669a6342c28a44ca957d35', 0, 0, '', 0, 0, '2022-03-09 14:45:05', '2022-03-09 14:45:05', NULL),
(794, 1, 1, 40, '{\"160\":\"40,\"}', 1, 160, 160, 1, 181, 0, '5666686f8d669a6342c28a44ca957d35', 0, 0, '', 0, 0, '2022-03-09 14:45:26', '2022-03-09 14:45:26', '{\"checkout-personal-information-step\":{\"step_is_reachable\":true,\"step_is_complete\":true},\"checkout-addresses-step\":{\"step_is_reachable\":true,\"step_is_complete\":false,\"use_same_address\":true},\"checkout-delivery-step\":{\"step_is_reachable\":false,\"step_is_complete\":false},\"checkout-payment-step\":{\"step_is_reachable\":false,\"step_is_complete\":false},\"checksum\":\"6998c7af5d7ca1ebddb8c7461cdcc91786c3d823\"}'),
(795, 1, 1, 40, '{\"160\":\"40,\"}', 1, 160, 160, 1, 181, 0, '5666686f8d669a6342c28a44ca957d35', 0, 0, '', 0, 0, '2022-03-09 14:45:30', '2022-03-09 14:45:30', '{\"checkout-personal-information-step\":{\"step_is_reachable\":true,\"step_is_complete\":true},\"checkout-addresses-step\":{\"step_is_reachable\":true,\"step_is_complete\":false,\"use_same_address\":true},\"checkout-delivery-step\":{\"step_is_reachable\":false,\"step_is_complete\":false},\"checkout-payment-step\":{\"step_is_reachable\":false,\"step_is_complete\":false},\"checksum\":\"6998c7af5d7ca1ebddb8c7461cdcc91786c3d823\"}'),
(796, 1, 1, 0, '', 1, 0, 0, 1, 184, 0, '1be5801c054d627e904a31980c758dcc', 0, 0, '', 0, 0, '2022-03-09 21:38:06', '2022-03-11 18:46:57', '{\"checkout-personal-information-step\":{\"step_is_reachable\":true,\"step_is_complete\":true},\"checkout-addresses-step\":{\"step_is_reachable\":true,\"step_is_complete\":false,\"use_same_address\":true},\"checkout-delivery-step\":{\"step_is_reachable\":false,\"step_is_complete\":false},\"checkout-payment-step\":{\"step_is_reachable\":false,\"step_is_complete\":false},\"checksum\":null}'),
(797, 1, 1, 0, '', 1, 0, 0, 1, 185, 0, 'c9812171ba775735f61668239ea8ff95', 0, 0, '', 0, 0, '2022-03-10 11:33:12', '2022-03-10 11:33:24', NULL),
(798, 1, 1, 0, '', 1, 146, 146, 1, 166, 0, '9f1249154a535b3d1b0440e14c133fbd', 0, 0, '', 0, 0, '2022-03-10 18:03:24', '2022-03-10 18:03:24', NULL),
(799, 1, 1, 0, '', 1, 0, 0, 1, 0, 0, '', 0, 0, '', 0, 0, '2022-03-10 19:31:43', '2022-03-10 19:31:44', NULL),
(800, 1, 1, 0, '', 1, 0, 0, 1, 0, 0, '', 0, 0, '', 0, 0, '2022-03-11 09:57:03', '2022-03-11 09:57:29', NULL),
(801, 1, 1, 0, '', 1, 0, 0, 1, 0, 0, '', 0, 0, '', 0, 0, '2022-03-12 01:13:39', '2022-03-12 01:13:39', NULL),
(802, 1, 1, 40, '{\"163\":\"40,\"}', 1, 163, 163, 1, 186, 0, '9fe9dbce6b380764350f521abe3d66e2', 0, 0, '', 0, 0, '2022-03-12 23:06:27', '2022-03-12 23:11:17', '{\"checkout-personal-information-step\":{\"step_is_reachable\":true,\"step_is_complete\":true},\"checkout-addresses-step\":{\"step_is_reachable\":true,\"step_is_complete\":true,\"use_same_address\":true},\"checkout-delivery-step\":{\"step_is_reachable\":true,\"step_is_complete\":true},\"checkout-payment-step\":{\"step_is_reachable\":true,\"step_is_complete\":false},\"checksum\":\"8149a7c3b651ddd2a0d89952f2e9064508460efc\"}'),
(803, 1, 1, 0, '', 1, 0, 0, 1, 0, 0, '', 0, 0, '', 0, 0, '2022-03-13 14:40:47', '2022-03-13 14:40:47', NULL),
(804, 1, 1, 0, '', 1, 0, 0, 1, 0, 0, '', 0, 0, '', 0, 0, '2022-03-13 21:22:53', '2022-03-13 21:22:53', NULL),
(805, 1, 1, 0, '', 1, 0, 0, 1, 0, 0, '', 0, 0, '', 0, 0, '2022-03-15 15:43:50', '2022-03-15 15:43:50', NULL),
(806, 1, 1, 0, '', 1, 0, 0, 1, 0, 0, '', 0, 0, '', 0, 0, '2022-03-16 20:02:46', '2022-03-16 20:02:46', NULL),
(807, 1, 1, 0, '', 1, 0, 0, 1, 0, 0, '', 0, 0, '', 0, 0, '2022-03-17 10:58:45', '2022-03-17 10:58:45', NULL),
(808, 1, 1, 0, '', 1, 0, 0, 1, 0, 0, '', 0, 0, '', 0, 0, '2022-03-19 00:07:34', '2022-03-19 00:07:34', NULL),
(809, 1, 1, 0, '', 1, 0, 0, 1, 0, 0, '', 0, 0, '', 0, 0, '2022-03-20 03:52:09', '2022-03-20 03:52:09', NULL),
(810, 1, 1, 0, '', 1, 165, 165, 1, 187, 0, '405ae7acc6298172bb5c64f974a0eaa6', 0, 0, '', 0, 0, '2022-03-20 08:58:19', '2022-03-20 23:22:51', '{\"checkout-personal-information-step\":{\"step_is_reachable\":true,\"step_is_complete\":true},\"checkout-addresses-step\":{\"step_is_reachable\":true,\"step_is_complete\":true,\"use_same_address\":true},\"checkout-delivery-step\":{\"step_is_reachable\":true,\"step_is_complete\":false},\"checkout-payment-step\":{\"step_is_reachable\":false,\"step_is_complete\":false},\"checksum\":\"ec540e28fbd80c0d4ede39cdd82ae422c8abda60\"}'),
(811, 1, 1, 0, '', 1, 0, 0, 1, 0, 0, '', 0, 0, '', 0, 0, '2022-03-20 11:19:46', '2022-03-20 11:19:46', '{\"checkout-personal-information-step\":{\"step_is_reachable\":true,\"step_is_complete\":false},\"checkout-addresses-step\":{\"step_is_reachable\":false,\"step_is_complete\":false,\"use_same_address\":true},\"checkout-delivery-step\":{\"step_is_reachable\":false,\"step_is_complete\":false},\"checkout-payment-step\":{\"step_is_reachable\":false,\"step_is_complete\":false},\"checksum\":null}'),
(812, 1, 1, 0, '', 1, 164, 164, 1, 188, 0, 'b6367009eab72e0a1d3b059e55f631e4', 0, 0, '', 0, 0, '2022-03-20 15:24:35', '2022-03-20 15:26:02', '{\"checkout-personal-information-step\":{\"step_is_reachable\":true,\"step_is_complete\":true},\"checkout-addresses-step\":{\"step_is_reachable\":true,\"step_is_complete\":true,\"use_same_address\":true},\"checkout-delivery-step\":{\"step_is_reachable\":true,\"step_is_complete\":false},\"checkout-payment-step\":{\"step_is_reachable\":false,\"step_is_complete\":false},\"checksum\":\"61be66988f11862e78b689e37be0ee2c21973c5c\"}'),
(813, 1, 1, 0, '', 1, 0, 0, 1, 0, 0, '', 0, 0, '', 0, 0, '2022-03-22 10:06:35', '2022-03-22 10:06:35', NULL),
(814, 1, 1, 0, '', 1, 0, 0, 1, 0, 0, '', 0, 0, '', 0, 0, '2022-03-24 22:59:07', '2022-03-24 22:59:07', NULL),
(815, 1, 1, 0, '', 1, 0, 0, 1, 0, 0, '', 0, 0, '', 0, 0, '2022-03-25 09:22:03', '2022-03-25 09:22:03', NULL),
(816, 1, 1, 0, '', 1, 0, 0, 1, 0, 0, '', 0, 0, '', 0, 0, '2022-03-25 21:02:16', '2022-03-25 21:02:16', NULL),
(817, 1, 1, 0, '', 1, 0, 0, 1, 0, 0, '', 0, 0, '', 0, 0, '2022-03-27 11:07:35', '2022-03-27 11:07:35', NULL),
(818, 1, 1, 0, '', 1, 0, 0, 1, 0, 0, '', 0, 0, '', 0, 0, '2022-03-27 13:01:33', '2022-03-27 13:01:33', NULL),
(819, 1, 1, 0, '', 1, 0, 0, 1, 0, 0, '', 0, 0, '', 0, 0, '2022-03-29 20:44:30', '2022-03-29 20:47:13', '{\"checkout-personal-information-step\":{\"step_is_reachable\":true,\"step_is_complete\":false},\"checkout-addresses-step\":{\"step_is_reachable\":false,\"step_is_complete\":false,\"use_same_address\":true},\"checkout-delivery-step\":{\"step_is_reachable\":false,\"step_is_complete\":false},\"checkout-payment-step\":{\"step_is_reachable\":false,\"step_is_complete\":false},\"checksum\":null}'),
(820, 1, 1, 0, '', 1, 0, 0, 1, 0, 0, '', 0, 0, '', 0, 0, '2022-03-31 05:17:54', '2022-03-31 05:17:54', NULL),
(821, 1, 1, 40, '{\"166\":\"40,\"}', 1, 166, 166, 1, 189, 0, '05fcb535fa57739a9fe049706b5141d9', 0, 0, '', 0, 0, '2022-04-04 23:30:41', '2022-04-04 23:32:48', '{\"checkout-personal-information-step\":{\"step_is_reachable\":true,\"step_is_complete\":true},\"checkout-addresses-step\":{\"step_is_reachable\":true,\"step_is_complete\":true,\"use_same_address\":true},\"checkout-delivery-step\":{\"step_is_reachable\":true,\"step_is_complete\":true},\"checkout-payment-step\":{\"step_is_reachable\":true,\"step_is_complete\":false},\"checksum\":\"4a3970b85edb3e6fc548b8b6fdccdab80f46551c\"}'),
(822, 1, 1, 0, '', 1, 0, 0, 1, 0, 0, '', 0, 0, '', 0, 0, '2022-04-06 11:30:51', '2022-04-06 11:30:51', NULL),
(823, 1, 1, 0, '', 1, 0, 0, 1, 0, 0, '', 0, 0, '', 0, 0, '2022-04-06 13:45:31', '2022-04-06 13:45:31', NULL),
(824, 1, 1, 0, '', 1, 0, 0, 1, 0, 0, '', 0, 0, '', 0, 0, '2022-04-07 13:40:25', '2022-04-07 13:40:25', NULL),
(825, 1, 1, 0, '', 1, 0, 0, 1, 0, 0, '', 0, 0, '', 0, 0, '2022-04-07 15:31:50', '2022-04-07 15:31:50', NULL),
(826, 1, 1, 0, '', 1, 0, 0, 1, 0, 0, '', 0, 0, '', 0, 0, '2022-04-07 18:46:55', '2022-04-07 18:46:55', NULL),
(827, 1, 1, 0, '', 1, 0, 0, 1, 0, 0, '', 0, 0, '', 0, 0, '2022-04-09 00:05:57', '2022-04-09 00:05:57', NULL),
(828, 1, 1, 0, '', 1, 0, 0, 1, 0, 0, '', 0, 0, '', 0, 0, '2022-04-10 08:46:15', '2022-04-10 08:46:15', NULL),
(829, 1, 1, 0, '', 1, 0, 0, 1, 0, 0, '', 0, 0, '', 0, 0, '2022-04-10 20:51:16', '2022-04-10 20:51:16', NULL),
(830, 1, 1, 0, '', 1, 0, 0, 1, 0, 0, '', 0, 0, '', 0, 0, '2022-04-11 04:31:50', '2022-04-11 04:31:50', NULL),
(831, 1, 1, 0, '', 1, 0, 0, 1, 0, 0, '', 0, 0, '', 0, 0, '2022-04-12 12:15:37', '2022-04-12 12:15:37', NULL),
(832, 1, 1, 0, '', 1, 0, 0, 1, 0, 0, '', 0, 0, '', 0, 0, '2022-04-12 20:25:10', '2022-04-12 20:25:10', NULL),
(833, 1, 1, 40, '{\"167\":\"40,\"}', 1, 167, 167, 1, 190, 0, '7f59afa08b3525a92465cfde336238c8', 0, 0, '', 0, 0, '2022-04-14 14:13:45', '2022-04-14 14:19:48', '{\"checkout-personal-information-step\":{\"step_is_reachable\":true,\"step_is_complete\":true},\"checkout-addresses-step\":{\"step_is_reachable\":true,\"step_is_complete\":true,\"use_same_address\":true},\"checkout-delivery-step\":{\"step_is_reachable\":true,\"step_is_complete\":true},\"checkout-payment-step\":{\"step_is_reachable\":true,\"step_is_complete\":false},\"checksum\":\"8577814f77ed7ea5362dca803bcc9c36347e09c0\"}'),
(834, 1, 1, 0, '', 1, 0, 0, 1, 0, 0, '', 0, 0, '', 0, 0, '2022-04-14 15:54:13', '2022-04-14 15:54:13', NULL),
(835, 1, 1, 0, '', 1, 0, 0, 1, 0, 0, '', 0, 0, '', 0, 0, '2022-04-17 13:29:08', '2022-04-17 13:29:08', NULL),
(836, 1, 1, 40, '{\"169\":\"40,\"}', 1, 169, 169, 1, 192, 0, '02fff03960e6b085767d5bf55876255a', 0, 0, '', 0, 0, '2022-04-18 00:08:04', '2022-04-18 18:16:28', '{\"checkout-personal-information-step\":{\"step_is_reachable\":true,\"step_is_complete\":true},\"checkout-addresses-step\":{\"step_is_reachable\":true,\"step_is_complete\":true,\"use_same_address\":true},\"checkout-delivery-step\":{\"step_is_reachable\":true,\"step_is_complete\":true},\"checkout-payment-step\":{\"step_is_reachable\":true,\"step_is_complete\":false},\"checksum\":\"7c3cb61ee33f345ec3f8a15f79f11269e288beff\"}'),
(837, 1, 1, 0, '', 1, 0, 0, 1, 191, 0, '3c492d8cf9e967483675df53108bbfb0', 0, 0, '', 0, 0, '2022-04-18 08:55:26', '2022-04-18 08:58:41', '{\"checkout-personal-information-step\":{\"step_is_reachable\":true,\"step_is_complete\":true},\"checkout-addresses-step\":{\"step_is_reachable\":true,\"step_is_complete\":true,\"use_same_address\":true},\"checkout-delivery-step\":{\"step_is_reachable\":true,\"step_is_complete\":true},\"checkout-payment-step\":{\"step_is_reachable\":true,\"step_is_complete\":false},\"checksum\":\"897f1c345c9358db8c62fda7ec71f2be971718e7\"}'),
(838, 1, 1, 0, '', 1, 0, 0, 1, 0, 0, '', 0, 0, '', 0, 0, '2022-04-18 10:44:21', '2022-04-18 10:44:21', NULL),
(839, 1, 1, 40, '{\"169\":\"40,\"}', 1, 169, 169, 1, 192, 0, '02fff03960e6b085767d5bf55876255a', 0, 0, '', 0, 0, '2022-04-18 18:53:13', '2022-04-18 18:56:13', '{\"checkout-personal-information-step\":{\"step_is_reachable\":true,\"step_is_complete\":true},\"checkout-addresses-step\":{\"step_is_reachable\":true,\"step_is_complete\":true,\"use_same_address\":true},\"checkout-delivery-step\":{\"step_is_reachable\":true,\"step_is_complete\":true},\"checkout-payment-step\":{\"step_is_reachable\":true,\"step_is_complete\":false},\"checksum\":\"7c3cb61ee33f345ec3f8a15f79f11269e288beff\"}'),
(840, 1, 1, 0, '', 1, 0, 0, 1, 0, 0, '', 0, 0, '', 0, 0, '2022-04-19 05:58:43', '2022-04-19 05:58:43', NULL),
(842, 1, 1, 0, '', 1, 0, 0, 1, 0, 0, '', 0, 0, '', 0, 0, '2022-04-19 08:47:12', '2022-04-19 08:47:12', '{\"checkout-personal-information-step\":{\"step_is_reachable\":true,\"step_is_complete\":false},\"checkout-addresses-step\":{\"step_is_reachable\":false,\"step_is_complete\":false,\"use_same_address\":true},\"checkout-delivery-step\":{\"step_is_reachable\":false,\"step_is_complete\":false},\"checkout-payment-step\":{\"step_is_reachable\":false,\"step_is_complete\":false},\"checksum\":null}'),
(843, 1, 1, 0, '', 1, 0, 0, 1, 0, 0, '', 0, 0, '', 0, 0, '2022-04-19 11:27:02', '2022-04-19 11:27:02', NULL),
(844, 1, 1, 0, '', 1, 0, 0, 1, 0, 0, '', 0, 0, '', 0, 0, '2022-04-21 03:25:36', '2022-04-21 03:25:36', NULL),
(845, 1, 1, 0, '', 1, 0, 0, 1, 0, 0, '', 0, 0, '', 0, 0, '2022-04-22 23:40:49', '2022-04-22 23:40:49', NULL),
(846, 1, 1, 0, '', 1, 0, 0, 1, 0, 0, '', 0, 0, '', 0, 0, '2022-04-23 23:40:45', '2022-04-23 23:40:45', NULL),
(847, 1, 1, 0, '', 1, 0, 0, 1, 0, 0, '', 0, 0, '', 0, 0, '2022-04-24 02:25:52', '2022-04-24 02:25:52', NULL),
(848, 1, 1, 0, '', 1, 0, 0, 1, 0, 0, '', 0, 0, '', 0, 0, '2022-04-24 18:19:12', '2022-04-24 18:19:12', NULL),
(849, 1, 1, 0, '', 1, 0, 0, 1, 0, 0, '', 0, 0, '', 0, 0, '2022-04-26 09:50:03', '2022-04-26 09:50:03', NULL),
(850, 1, 1, 0, '', 1, 0, 0, 1, 0, 0, '', 0, 0, '', 0, 0, '2022-04-26 13:03:29', '2022-04-26 13:03:29', NULL),
(851, 1, 1, 0, '', 1, 110, 110, 1, 120, 0, 'e3777d92365b3d04c02317883091b245', 0, 0, '', 0, 0, '2022-04-27 17:26:16', '2022-04-27 17:26:16', NULL),
(852, 1, 1, 0, '', 1, 0, 0, 1, 0, 0, '', 0, 0, '', 0, 0, '2022-04-29 01:22:00', '2022-04-29 01:22:00', NULL),
(853, 1, 1, 0, '', 1, 0, 0, 1, 0, 0, '', 0, 0, '', 0, 0, '2022-05-01 19:57:48', '2022-05-01 19:57:48', NULL),
(854, 1, 1, 0, '', 1, 0, 0, 1, 0, 0, '', 0, 0, '', 0, 0, '2022-05-02 06:14:40', '2022-05-02 06:14:40', NULL),
(855, 1, 1, 0, '', 1, 0, 0, 1, 0, 0, '', 0, 0, '', 0, 0, '2022-05-05 09:41:07', '2022-05-05 09:41:07', NULL),
(856, 1, 1, 0, '', 1, 0, 0, 1, 0, 0, '', 0, 0, '', 0, 0, '2022-05-05 21:56:29', '2022-05-05 21:56:29', NULL),
(857, 1, 1, 0, '', 1, 0, 0, 1, 0, 0, '', 0, 0, '', 0, 0, '2022-05-05 22:14:35', '2022-05-05 22:17:43', NULL),
(858, 1, 1, 0, '', 1, 0, 0, 1, 0, 0, '', 0, 0, '', 0, 0, '2022-05-06 10:52:32', '2022-05-06 11:30:33', NULL),
(859, 1, 1, 0, '', 1, 0, 0, 1, 0, 0, '', 0, 0, '', 0, 0, '2022-05-07 18:13:31', '2022-05-07 18:13:31', NULL),
(860, 1, 1, 0, '', 1, 0, 0, 1, 0, 0, '', 0, 0, '', 0, 0, '2022-05-08 10:15:45', '2022-05-08 10:15:45', NULL),
(861, 1, 1, 0, '', 1, 0, 0, 1, 0, 0, '', 0, 0, '', 0, 0, '2022-05-08 16:26:03', '2022-05-08 16:26:03', NULL),
(862, 1, 1, 0, '', 1, 0, 0, 1, 0, 0, '', 0, 0, '', 0, 0, '2022-05-09 03:28:57', '2022-05-09 03:28:57', NULL),
(863, 1, 1, 0, '', 1, 0, 0, 1, 0, 0, '', 0, 0, '', 0, 0, '2022-05-15 01:21:16', '2022-05-15 01:21:16', NULL),
(864, 1, 1, 0, '', 1, 0, 0, 1, 193, 0, '49d426ae317d09c8e4df5e94e8457574', 0, 0, '', 0, 0, '2022-05-19 00:13:04', '2022-05-21 19:29:27', '{\"checkout-personal-information-step\":{\"step_is_reachable\":true,\"step_is_complete\":true},\"checkout-addresses-step\":{\"step_is_reachable\":true,\"step_is_complete\":false,\"use_same_address\":true},\"checkout-delivery-step\":{\"step_is_reachable\":false,\"step_is_complete\":false},\"checkout-payment-step\":{\"step_is_reachable\":false,\"step_is_complete\":false},\"checksum\":\"93b7c3358d87d7191ab3d180ee21917a135715da\"}'),
(865, 1, 1, 0, '', 1, 0, 0, 1, 0, 0, '', 0, 0, '', 0, 0, '2022-05-19 23:30:27', '2022-05-19 23:30:27', NULL),
(866, 1, 1, 40, '{\"170\":\"40,\"}', 1, 170, 170, 1, 194, 0, 'da855098f17080c419609191e6089e80', 0, 0, '', 0, 0, '2022-05-20 15:45:52', '2022-05-22 21:29:32', '{\"checkout-personal-information-step\":{\"step_is_reachable\":true,\"step_is_complete\":true},\"checkout-addresses-step\":{\"step_is_reachable\":true,\"step_is_complete\":true,\"use_same_address\":true},\"checkout-delivery-step\":{\"step_is_reachable\":true,\"step_is_complete\":true},\"checkout-payment-step\":{\"step_is_reachable\":true,\"step_is_complete\":false},\"checksum\":\"74b01929a2bade9c0a29d18fb052e5834353fdb1\"}'),
(867, 1, 1, 0, '', 1, 0, 0, 1, 0, 0, '', 0, 0, '', 0, 0, '2022-05-21 17:33:40', '2022-05-21 17:33:40', NULL),
(868, 1, 1, 0, '', 1, 0, 0, 1, 0, 0, '', 0, 0, '', 0, 0, '2022-05-23 04:00:06', '2022-05-23 04:00:06', NULL),
(869, 1, 1, 0, '', 1, 0, 0, 1, 195, 0, '60f3ab7c1562b8c5c990812fcea1a253', 0, 0, '', 0, 0, '2022-05-27 08:45:42', '2022-05-28 11:24:30', NULL),
(870, 1, 1, 0, '', 1, 0, 0, 1, 0, 0, '', 0, 0, '', 0, 0, '2022-05-29 01:05:08', '2022-05-29 01:05:08', NULL),
(871, 1, 1, 0, '', 1, 0, 0, 1, 0, 0, '', 0, 0, '', 0, 0, '2022-05-31 17:34:58', '2022-05-31 17:34:58', NULL),
(872, 1, 1, 0, '', 1, 0, 0, 1, 0, 0, '', 0, 0, '', 0, 0, '2022-06-05 22:35:22', '2022-06-05 22:35:22', NULL),
(873, 1, 1, 0, '', 1, 0, 0, 1, 0, 0, '', 0, 0, '', 0, 0, '2022-06-06 12:07:51', '2022-06-06 12:07:51', NULL),
(874, 1, 1, 40, '{\"171\":\"40,\"}', 1, 171, 171, 1, 196, 0, 'fd43cc201beb13b47357d37bca39818f', 0, 0, '', 0, 0, '2022-06-06 14:06:50', '2022-06-06 14:15:11', '{\"checkout-personal-information-step\":{\"step_is_reachable\":true,\"step_is_complete\":true},\"checkout-addresses-step\":{\"step_is_reachable\":true,\"step_is_complete\":true,\"use_same_address\":true},\"checkout-delivery-step\":{\"step_is_reachable\":true,\"step_is_complete\":true},\"checkout-payment-step\":{\"step_is_reachable\":true,\"step_is_complete\":false},\"checksum\":\"f050f62fc47132c6cf34e8c97912feb78d508a3f\"}'),
(875, 1, 1, 40, '{\"172\":\"40,\"}', 1, 172, 172, 1, 197, 0, 'ba306e7aa980ef0dcd0fa9efe39aacb3', 0, 0, '', 0, 0, '2022-06-06 21:15:29', '2022-06-06 21:17:20', '{\"checkout-personal-information-step\":{\"step_is_reachable\":true,\"step_is_complete\":true},\"checkout-addresses-step\":{\"step_is_reachable\":true,\"step_is_complete\":true,\"use_same_address\":true},\"checkout-delivery-step\":{\"step_is_reachable\":true,\"step_is_complete\":true},\"checkout-payment-step\":{\"step_is_reachable\":true,\"step_is_complete\":false},\"checksum\":\"f51dc8a79487ed257445ee9152324eb6fa2ec3e9\"}'),
(876, 1, 1, 40, '{\"173\":\"40,\"}', 1, 173, 173, 1, 198, 0, '29338fbb2a3bb6658f23bcad275d7a91', 0, 0, '', 0, 0, '2022-06-09 14:13:02', '2022-06-09 14:38:59', '{\"checkout-personal-information-step\":{\"step_is_reachable\":true,\"step_is_complete\":true},\"checkout-addresses-step\":{\"step_is_reachable\":true,\"step_is_complete\":true,\"use_same_address\":true},\"checkout-delivery-step\":{\"step_is_reachable\":true,\"step_is_complete\":true},\"checkout-payment-step\":{\"step_is_reachable\":true,\"step_is_complete\":false},\"checksum\":\"e6ee01f90db1deae4943ef99b5511d06b4a484b8\"}'),
(877, 1, 1, 0, '', 1, 0, 0, 1, 0, 0, '', 0, 0, '', 0, 0, '2022-06-09 14:37:04', '2022-06-09 14:37:04', NULL),
(878, 1, 1, 0, '', 1, 0, 0, 1, 0, 0, '', 0, 0, '', 0, 0, '2022-06-09 21:13:36', '2022-06-09 21:13:36', '{\"checkout-personal-information-step\":{\"step_is_reachable\":true,\"step_is_complete\":false},\"checkout-addresses-step\":{\"step_is_reachable\":false,\"step_is_complete\":false,\"use_same_address\":true},\"checkout-delivery-step\":{\"step_is_reachable\":false,\"step_is_complete\":false},\"checkout-payment-step\":{\"step_is_reachable\":false,\"step_is_complete\":false},\"checksum\":null}'),
(879, 1, 1, 40, '{\"110\":\"40,\"}', 1, 110, 110, 1, 120, 0, 'e3777d92365b3d04c02317883091b245', 0, 0, '', 0, 0, '2022-06-09 21:17:48', '2022-06-09 21:21:15', '{\"checkout-personal-information-step\":{\"step_is_reachable\":true,\"step_is_complete\":true},\"checkout-addresses-step\":{\"step_is_reachable\":true,\"step_is_complete\":true,\"use_same_address\":true},\"checkout-delivery-step\":{\"step_is_reachable\":true,\"step_is_complete\":true},\"checkout-payment-step\":{\"step_is_reachable\":true,\"step_is_complete\":false},\"checksum\":\"203f99cca61641e26b91c579bb0ffd2ba33516b0\"}'),
(880, 1, 1, 40, '{\"175\":\"40,\"}', 1, 175, 175, 1, 199, 0, 'c67ebfc059c4d7f84262137c81ff70d5', 0, 0, '', 0, 0, '2022-06-10 17:56:13', '2022-06-11 19:25:55', '{\"checkout-personal-information-step\":{\"step_is_reachable\":true,\"step_is_complete\":true},\"checkout-addresses-step\":{\"step_is_reachable\":true,\"step_is_complete\":true,\"use_same_address\":true},\"checkout-delivery-step\":{\"step_is_reachable\":true,\"step_is_complete\":true},\"checkout-payment-step\":{\"step_is_reachable\":true,\"step_is_complete\":false},\"checksum\":\"07c01d01545a95ecf60f7a06a052f8b8e9187aeb\"}'),
(881, 1, 1, 0, '', 1, 0, 0, 1, 0, 0, '', 0, 0, '', 0, 0, '2022-06-11 05:56:32', '2022-06-11 05:56:32', NULL),
(882, 1, 1, 0, '', 1, 0, 0, 1, 0, 0, '', 0, 0, '', 0, 0, '2022-06-11 14:44:05', '2022-06-11 14:44:05', NULL),
(884, 1, 1, 0, '', 1, 0, 0, 1, 0, 0, '', 0, 0, '', 0, 0, '2022-06-13 15:39:46', '2022-06-13 15:39:46', NULL),
(885, 1, 1, 0, '', 1, 0, 0, 1, 0, 0, '', 0, 0, '', 0, 0, '2022-06-15 05:32:13', '2022-06-15 05:32:13', NULL),
(886, 1, 1, 0, '', 1, 0, 0, 1, 0, 0, '', 0, 0, '', 0, 0, '2022-06-15 08:28:39', '2022-06-15 08:28:43', NULL),
(887, 1, 1, 0, '', 1, 0, 0, 1, 0, 0, '', 0, 0, '', 0, 0, '2022-06-15 13:20:29', '2022-06-15 13:20:29', NULL),
(888, 1, 1, 0, '', 1, 0, 0, 1, 0, 0, '', 0, 0, '', 0, 0, '2022-06-17 12:16:28', '2022-06-17 12:16:28', NULL),
(889, 1, 1, 0, '', 1, 0, 0, 1, 0, 0, '', 0, 0, '', 0, 0, '2022-06-19 19:07:37', '2022-06-19 19:07:37', NULL),
(890, 1, 1, 0, '', 1, 0, 0, 1, 0, 0, '', 0, 0, '', 0, 0, '2022-06-21 05:56:44', '2022-06-21 05:56:44', NULL),
(891, 1, 1, 0, '', 1, 0, 0, 1, 0, 0, '', 0, 0, '', 0, 0, '2022-06-21 23:25:09', '2022-06-21 23:25:09', NULL),
(892, 1, 1, 0, '', 1, 0, 0, 1, 0, 0, '', 0, 0, '', 0, 0, '2022-06-22 08:15:46', '2022-06-22 08:15:46', NULL),
(893, 1, 1, 0, '', 1, 176, 176, 1, 200, 0, '7bd6767a38eb648e697fbadde8364194', 0, 0, '', 0, 0, '2022-06-22 14:45:58', '2022-06-23 12:34:40', '{\"checkout-personal-information-step\":{\"step_is_reachable\":true,\"step_is_complete\":true},\"checkout-addresses-step\":{\"step_is_reachable\":true,\"step_is_complete\":true,\"use_same_address\":true},\"checkout-delivery-step\":{\"step_is_reachable\":true,\"step_is_complete\":true},\"checkout-payment-step\":{\"step_is_reachable\":true,\"step_is_complete\":false},\"checksum\":\"17d54ec1d5c7573941da1b3031fc478b23064e95\"}'),
(894, 1, 1, 40, '{\"176\":\"40,\"}', 1, 176, 176, 1, 200, 0, '7bd6767a38eb648e697fbadde8364194', 0, 0, '', 0, 0, '2022-06-23 12:02:23', '2022-06-23 12:08:52', '{\"checkout-personal-information-step\":{\"step_is_reachable\":true,\"step_is_complete\":true},\"checkout-addresses-step\":{\"step_is_reachable\":true,\"step_is_complete\":true,\"use_same_address\":true},\"checkout-delivery-step\":{\"step_is_reachable\":true,\"step_is_complete\":true},\"checkout-payment-step\":{\"step_is_reachable\":true,\"step_is_complete\":false},\"checksum\":\"17d54ec1d5c7573941da1b3031fc478b23064e95\"}'),
(895, 1, 1, 0, '', 1, 0, 0, 1, 0, 0, '', 0, 0, '', 0, 0, '2022-06-24 08:38:36', '2022-06-24 08:38:36', NULL),
(896, 1, 1, 0, '', 1, 0, 0, 1, 0, 0, '', 0, 0, '', 0, 0, '2022-06-26 14:46:46', '2022-06-26 14:46:46', NULL),
(897, 1, 1, 0, '', 1, 0, 0, 1, 0, 0, '', 0, 0, '', 0, 0, '2022-06-27 16:05:44', '2022-06-27 16:05:44', NULL),
(898, 1, 1, 0, '', 1, 0, 0, 1, 0, 0, '', 0, 0, '', 0, 0, '2022-06-28 05:35:01', '2022-06-28 05:35:01', NULL),
(899, 1, 1, 0, '', 1, 0, 0, 1, 0, 0, '', 0, 0, '', 0, 0, '2022-06-29 07:39:07', '2022-06-29 07:39:07', NULL),
(900, 1, 1, 0, '', 1, 0, 0, 1, 0, 0, '', 0, 0, '', 0, 0, '2022-06-30 14:37:12', '2022-06-30 14:37:12', NULL),
(901, 1, 1, 0, '', 1, 0, 0, 1, 0, 0, '', 0, 0, '', 0, 0, '2022-07-01 10:52:10', '2022-07-01 10:52:10', NULL),
(902, 1, 1, 0, '', 1, 0, 0, 1, 0, 0, '', 0, 0, '', 0, 0, '2022-07-02 04:16:02', '2022-07-02 04:16:02', NULL),
(903, 1, 1, 0, '', 1, 0, 0, 1, 0, 0, '', 0, 0, '', 0, 0, '2022-07-02 16:49:19', '2022-07-02 16:49:19', NULL),
(904, 1, 1, 0, '', 1, 0, 0, 1, 0, 0, '', 0, 0, '', 0, 0, '2022-07-02 16:54:25', '2022-07-02 16:54:25', NULL),
(905, 1, 1, 0, '', 1, 0, 0, 1, 0, 0, '', 0, 0, '', 0, 0, '2022-07-03 07:41:26', '2022-07-03 07:41:26', NULL),
(906, 1, 1, 0, '', 1, 0, 0, 1, 0, 0, '', 0, 0, '', 0, 0, '2022-07-03 16:01:54', '2022-07-03 16:01:54', NULL),
(907, 1, 1, 0, '', 1, 0, 0, 1, 0, 0, '', 0, 0, '', 0, 0, '2022-07-04 06:46:38', '2022-07-04 06:46:38', NULL),
(908, 1, 1, 0, '', 1, 0, 0, 1, 0, 0, '', 0, 0, '', 0, 0, '2022-07-06 12:16:24', '2022-07-06 12:16:24', NULL),
(909, 1, 1, 0, '', 1, 0, 0, 1, 0, 0, '', 0, 0, '', 0, 0, '2022-07-07 06:05:47', '2022-07-07 06:05:47', NULL),
(910, 1, 1, 0, '', 1, 0, 0, 1, 0, 0, '', 0, 0, '', 0, 0, '2022-07-08 23:19:29', '2022-07-08 23:19:29', NULL),
(911, 1, 1, 0, '', 1, 0, 0, 1, 0, 0, '', 0, 0, '', 0, 0, '2022-07-12 06:06:17', '2022-07-12 06:06:17', NULL),
(912, 1, 1, 0, '', 1, 0, 0, 1, 0, 0, '', 0, 0, '', 0, 0, '2022-07-13 07:37:54', '2022-07-13 07:37:54', NULL),
(913, 1, 1, 0, '', 1, 0, 0, 1, 0, 0, '', 0, 0, '', 0, 0, '2022-07-13 11:50:05', '2022-07-13 11:50:05', NULL),
(914, 1, 1, 0, '', 1, 0, 0, 1, 0, 0, '', 0, 0, '', 0, 0, '2022-07-13 21:51:58', '2022-07-13 21:51:58', NULL),
(915, 1, 1, 0, '', 1, 0, 0, 1, 0, 0, '', 0, 0, '', 0, 0, '2022-07-13 21:52:10', '2022-07-13 21:52:10', NULL),
(916, 1, 1, 40, '{\"177\":\"40,\"}', 1, 177, 177, 1, 201, 0, 'f959e8a866fa0e72a7ebdc6948e7a451', 0, 0, '', 0, 0, '2022-07-14 12:59:27', '2022-07-14 13:04:56', '{\"checkout-personal-information-step\":{\"step_is_reachable\":true,\"step_is_complete\":true},\"checkout-addresses-step\":{\"step_is_reachable\":true,\"step_is_complete\":true,\"use_same_address\":true},\"checkout-delivery-step\":{\"step_is_reachable\":true,\"step_is_complete\":true},\"checkout-payment-step\":{\"step_is_reachable\":true,\"step_is_complete\":false},\"checksum\":\"58a389a389c977811e0e855e26b26bdf2489c657\"}'),
(917, 1, 1, 40, '{\"178\":\"40,\"}', 1, 178, 178, 1, 202, 0, 'ae44762f91f2854a63059828f6291231', 0, 0, '', 0, 0, '2022-07-14 13:06:51', '2022-07-14 13:08:04', '{\"checkout-personal-information-step\":{\"step_is_reachable\":true,\"step_is_complete\":true},\"checkout-addresses-step\":{\"step_is_reachable\":true,\"step_is_complete\":true,\"use_same_address\":true},\"checkout-delivery-step\":{\"step_is_reachable\":true,\"step_is_complete\":true},\"checkout-payment-step\":{\"step_is_reachable\":true,\"step_is_complete\":false},\"checksum\":\"8604fc3926d35d79c44a927092e8d4edc1ae70c5\"}'),
(918, 1, 1, 0, '', 1, 0, 0, 1, 0, 0, '', 0, 0, '', 0, 0, '2022-07-14 14:40:03', '2022-07-14 14:40:03', NULL),
(919, 1, 1, 0, '', 1, 0, 0, 1, 0, 0, '', 0, 0, '', 0, 0, '2022-08-10 09:26:56', '2022-08-10 11:23:27', NULL);

-- --------------------------------------------------------

--
-- Estructura de tabla para la tabla `ps_cartabandonmentpro_cartrule`
--

CREATE TABLE `ps_cartabandonmentpro_cartrule` (
  `id` int(11) NOT NULL,
  `type` varchar(10) NOT NULL,
  `value` float NOT NULL,
  `date_start` date DEFAULT NULL,
  `date_end` date DEFAULT NULL,
  `valid` varchar(5) NOT NULL,
  `valid_value` int(11) DEFAULT NULL,
  `valid_date` date DEFAULT NULL,
  `min_amount` float DEFAULT NULL,
  `max_amount` int(11) DEFAULT NULL,
  `id_template` int(11) NOT NULL,
  `tranche` int(11) NOT NULL DEFAULT 0,
  `id_shop` int(11) NOT NULL
) ENGINE=MyISAM DEFAULT CHARSET=latin1;

-- --------------------------------------------------------

--
-- Estructura de tabla para la tabla `ps_cartabandonment_remind`
--

CREATE TABLE `ps_cartabandonment_remind` (
  `id` int(11) NOT NULL,
  `wich_remind` int(11) NOT NULL,
  `id_cart` int(11) NOT NULL,
  `send_date` date NOT NULL,
  `visualize` int(11) NOT NULL DEFAULT 0,
  `click` int(11) NOT NULL DEFAULT 0,
  `click_cart` int(11) NOT NULL DEFAULT 0
) ENGINE=MyISAM DEFAULT CHARSET=latin1;

-- --------------------------------------------------------

--
-- Estructura de tabla para la tabla `ps_cartabandonment_remind_config`
--

CREATE TABLE `ps_cartabandonment_remind_config` (
  `wich_remind` int(11) NOT NULL,
  `days` int(11) NOT NULL,
  `hours` int(11) NOT NULL,
  `active` int(11) NOT NULL,
  `id_shop` int(11) NOT NULL
) ENGINE=MyISAM DEFAULT CHARSET=latin1;

--
-- Volcado de datos para la tabla `ps_cartabandonment_remind_config`
--

INSERT INTO `ps_cartabandonment_remind_config` (`wich_remind`, `days`, `hours`, `active`, `id_shop`) VALUES
(1, 0, 2, 1, 0),
(2, 2, 0, 1, 0),
(3, 5, 0, 1, 0);

-- --------------------------------------------------------

--
-- Estructura de tabla para la tabla `ps_cartabandonment_remind_lang`
--

CREATE TABLE `ps_cartabandonment_remind_lang` (
  `wich_remind` int(11) NOT NULL,
  `id_lang` int(11) NOT NULL,
  `id_template` int(11) NOT NULL,
  `tpl_same` int(11) NOT NULL,
  `id_shop` int(11) NOT NULL
) ENGINE=MyISAM DEFAULT CHARSET=latin1;

--
-- Volcado de datos para la tabla `ps_cartabandonment_remind_lang`
--

INSERT INTO `ps_cartabandonment_remind_lang` (`wich_remind`, `id_lang`, `id_template`, `tpl_same`, `id_shop`) VALUES
(1, 1, 1, 1, 1),
(2, 1, 2, 1, 1),
(3, 1, 3, 1, 1);

-- --------------------------------------------------------

--
-- Estructura de tabla para la tabla `ps_cartabandonment_template`
--

CREATE TABLE `ps_cartabandonment_template` (
  `id_template` int(11) NOT NULL,
  `id_model` int(11) NOT NULL,
  `name` varchar(100) CHARACTER SET utf8 COLLATE utf8_bin NOT NULL,
  `id_lang` int(11) DEFAULT NULL,
  `id_shop` int(11) DEFAULT NULL,
  `active` int(11) DEFAULT NULL,
  `order` int(11) DEFAULT NULL
) ENGINE=MyISAM DEFAULT CHARSET=latin1;

--
-- Volcado de datos para la tabla `ps_cartabandonment_template`
--

INSERT INTO `ps_cartabandonment_template` (`id_template`, `id_model`, `name`, `id_lang`, `id_shop`, `active`, `order`) VALUES
(1, 1, 'Tus productos te esperan!', 1, 1, 1, 1),
(2, 1, '', 1, 1, 1, 1),
(3, 1, '', 1, 1, 1, 1);

-- --------------------------------------------------------

--
-- Estructura de tabla para la tabla `ps_cartabandonment_template_color`
--

CREATE TABLE `ps_cartabandonment_template_color` (
  `id` int(11) NOT NULL,
  `id_template` int(11) NOT NULL,
  `id_color` int(11) NOT NULL,
  `value` varchar(15) NOT NULL
) ENGINE=MyISAM DEFAULT CHARSET=latin1;

--
-- Volcado de datos para la tabla `ps_cartabandonment_template_color`
--

INSERT INTO `ps_cartabandonment_template_color` (`id`, `id_template`, `id_color`, `value`) VALUES
(52, 1, 4, 'FFFFFF'),
(56, 2, 4, 'C7C7C7'),
(60, 3, 4, 'C7C7C7');

-- --------------------------------------------------------

--
-- Estructura de tabla para la tabla `ps_cartabandonment_template_field`
--

CREATE TABLE `ps_cartabandonment_template_field` (
  `id` int(11) NOT NULL,
  `id_template` int(11) NOT NULL,
  `id_field` int(11) NOT NULL,
  `value` longtext NOT NULL,
  `column` varchar(10) NOT NULL
) ENGINE=MyISAM DEFAULT CHARSET=latin1;

--
-- Volcado de datos para la tabla `ps_cartabandonment_template_field`
--

INSERT INTO `ps_cartabandonment_template_field` (`id`, `id_template`, `id_field`, `value`, `column`) VALUES
(1, 1, 1, '0', 'center'),
(2, 1, 2, '0', 'center'),
(3, 2, 1, '0', 'center'),
(4, 2, 2, '0', 'center'),
(5, 3, 1, '0', 'center'),
(6, 3, 2, '0', 'center'),
(7, 1, 1, '0', 'center'),
(8, 1, 2, '0', 'center'),
(9, 2, 1, '0', 'center'),
(10, 2, 2, '0', 'center'),
(11, 3, 1, '0', 'center'),
(12, 3, 2, '0', 'center'),
(13, 1, 1, '0', 'center'),
(14, 1, 2, '0', 'center'),
(15, 2, 1, '0', 'center'),
(16, 2, 2, '0', 'center'),
(17, 3, 1, '0', 'center'),
(18, 3, 2, '0', 'center'),
(19, 1, 1, '0', 'center'),
(20, 1, 2, '0', 'center'),
(21, 2, 1, '0', 'center'),
(22, 2, 2, '0', 'center'),
(23, 3, 1, '0', 'center'),
(24, 3, 2, '0', 'center'),
(25, 1, 1, '0', 'center'),
(26, 1, 2, '0', 'center'),
(27, 2, 1, '0', 'center'),
(28, 2, 2, '0', 'center'),
(29, 3, 1, '0', 'center'),
(30, 3, 2, '0', 'center');

-- --------------------------------------------------------

--
-- Estructura de tabla para la tabla `ps_cartabandonment_unsubscribe`
--

CREATE TABLE `ps_cartabandonment_unsubscribe` (
  `id_customer` int(11) NOT NULL
) ENGINE=InnoDB DEFAULT CHARSET=utf8;

-- --------------------------------------------------------

--
-- Estructura de tabla para la tabla `ps_cart_cart_rule`
--

CREATE TABLE `ps_cart_cart_rule` (
  `id_cart` int(10) UNSIGNED NOT NULL,
  `id_cart_rule` int(10) UNSIGNED NOT NULL
) ENGINE=InnoDB DEFAULT CHARSET=utf8;

--
-- Volcado de datos para la tabla `ps_cart_cart_rule`
--

INSERT INTO `ps_cart_cart_rule` (`id_cart`, `id_cart_rule`) VALUES
(138, 2);

-- --------------------------------------------------------

--
-- Estructura de tabla para la tabla `ps_cart_product`
--

CREATE TABLE `ps_cart_product` (
  `id_cart` int(10) UNSIGNED NOT NULL,
  `id_product` int(10) UNSIGNED NOT NULL,
  `id_address_delivery` int(10) UNSIGNED NOT NULL DEFAULT 0,
  `id_shop` int(10) UNSIGNED NOT NULL DEFAULT 1,
  `id_product_attribute` int(10) UNSIGNED NOT NULL DEFAULT 0,
  `id_customization` int(10) UNSIGNED NOT NULL DEFAULT 0,
  `quantity` int(10) UNSIGNED NOT NULL DEFAULT 0,
  `date_add` datetime NOT NULL,
  `kbtoken` text DEFAULT NULL
) ENGINE=InnoDB DEFAULT CHARSET=utf8;

--
-- Volcado de datos para la tabla `ps_cart_product`
--

INSERT INTO `ps_cart_product` (`id_cart`, `id_product`, `id_address_delivery`, `id_shop`, `id_product_attribute`, `id_customization`, `quantity`, `date_add`, `kbtoken`) VALUES
(13, 21, 0, 1, 0, 0, 1, '2020-05-16 02:40:05', NULL),
(14, 2, 0, 1, 0, 0, 1, '2020-05-19 09:45:51', NULL),
(15, 1, 10, 1, 0, 0, 1, '2020-05-21 10:08:10', NULL),
(16, 1, 0, 1, 0, 0, 1, '2020-05-19 10:56:55', NULL),
(17, 2, 0, 1, 0, 0, 1, '2020-05-20 17:25:29', NULL),
(18, 1, 7, 1, 0, 0, 1, '2020-05-20 20:26:45', NULL),
(19, 1, 0, 1, 0, 0, 1, '2020-05-21 09:42:29', NULL),
(20, 1, 17, 1, 0, 0, 1, '2020-05-21 10:33:43', NULL),
(20, 22, 17, 1, 0, 0, 1, '2020-06-15 18:05:07', NULL),
(21, 17, 7, 1, 0, 0, 1, '2020-05-21 12:25:23', NULL),
(22, 2, 7, 1, 0, 0, 1, '2020-05-21 18:07:19', NULL),
(22, 17, 7, 1, 0, 0, 1, '2020-05-21 13:44:24', NULL),
(23, 2, 7, 1, 0, 0, 1, '2020-05-21 18:14:01', NULL),
(24, 6, 7, 1, 0, 0, 1, '2020-05-21 20:12:00', NULL),
(25, 1, 13, 1, 0, 0, 1, '2020-06-01 19:59:15', NULL),
(26, 18, 0, 1, 0, 0, 1, '2020-05-26 15:50:53', NULL),
(29, 11, 0, 1, 0, 0, 1, '2020-06-01 10:29:21', NULL),
(31, 1, 13, 1, 0, 0, 1, '2020-06-01 20:26:17', NULL),
(32, 1, 13, 1, 0, 0, 1, '2020-06-02 00:19:29', NULL),
(33, 17, 13, 1, 0, 0, 1, '2020-06-03 15:25:20', NULL),
(34, 22, 20, 1, 0, 0, 1, '2020-06-03 15:31:47', NULL),
(38, 28, 15, 1, 0, 0, 1, '2020-06-11 15:37:25', NULL),
(69, 28, 23, 1, 0, 0, 4, '2020-06-23 10:41:50', NULL),
(89, 17, 26, 1, 0, 0, 2, '2020-07-03 17:30:42', NULL),
(109, 7, 28, 1, 0, 0, 1, '2020-07-18 15:42:49', NULL),
(112, 137, 30, 1, 0, 7, 1, '2020-07-29 19:55:59', NULL),
(133, 28, 34, 1, 0, 0, 2, '2020-08-22 18:11:27', NULL),
(137, 8, 35, 1, 0, 0, 2, '2020-08-25 11:45:44', ''),
(138, 15, 13, 1, 0, 0, 4, '2020-08-25 13:09:40', ''),
(140, 15, 0, 1, 0, 0, 1, '2020-08-26 02:41:18', NULL),
(140, 16, 0, 1, 0, 0, 1, '2020-08-26 02:41:34', NULL),
(140, 135, 0, 1, 0, 0, 1, '2020-08-26 02:37:47', ''),
(140, 137, 0, 1, 0, 0, 1, '2020-08-26 06:18:04', ''),
(141, 135, 0, 1, 0, 0, 1, '2020-08-26 06:19:04', ''),
(143, 3, 0, 1, 0, 0, 2, '2020-08-28 17:50:08', ''),
(144, 151, 0, 1, 0, 0, 2, '2020-08-29 12:03:05', ''),
(149, 15, 36, 1, 0, 0, 1, '2020-09-01 00:49:27', ''),
(156, 15, 36, 1, 0, 0, 2, '2020-09-01 20:49:43', ''),
(159, 15, 40, 1, 0, 0, 1, '2020-09-02 11:12:58', ''),
(161, 135, 39, 1, 8029, 0, 2, '2020-09-19 02:39:02', NULL),
(168, 26, 13, 1, 8012, 0, 1, '2020-09-08 11:40:57', NULL),
(169, 135, 0, 1, 8030, 0, 1, '2020-09-14 15:39:09', NULL),
(170, 30, 13, 1, 8286, 0, 1, '2020-09-15 19:12:31', NULL),
(172, 135, 0, 1, 8029, 0, 3, '2020-09-19 03:32:23', NULL),
(172, 135, 0, 1, 8029, 111, 1, '2020-09-19 03:34:30', NULL),
(172, 135, 0, 1, 8029, 112, 1, '2020-09-19 03:36:57', NULL),
(173, 15, 0, 1, 0, 0, 1, '2020-09-21 19:13:13', NULL),
(174, 27, 0, 1, 8031, 0, 1, '2020-09-21 21:52:50', NULL),
(175, 8, 41, 1, 0, 0, 1, '2020-09-24 19:04:20', NULL),
(176, 6, 42, 1, 0, 0, 1, '2020-09-27 14:55:57', NULL),
(177, 10, 0, 1, 0, 0, 1, '2020-09-29 15:04:56', NULL),
(178, 43, 43, 1, 0, 0, 1, '2020-09-30 19:00:47', NULL),
(179, 15, 0, 1, 0, 0, 1, '2020-10-03 11:11:40', NULL),
(180, 23, 0, 1, 8295, 0, 2, '2020-10-04 18:42:54', NULL),
(180, 135, 0, 1, 8029, 0, 1, '2020-11-15 17:04:35', NULL),
(180, 136, 0, 1, 8019, 0, 4, '2020-10-04 11:50:02', NULL),
(180, 137, 0, 1, 8023, 0, 1, '2020-10-04 11:52:19', NULL),
(180, 155, 0, 1, 8289, 0, 1, '2020-10-04 18:42:43', NULL),
(181, 28, 0, 1, 8022, 0, 2, '2020-10-06 12:58:05', NULL),
(182, 25, 0, 1, 8017, 0, 1, '2020-10-07 12:49:59', NULL),
(183, 4, 0, 1, 0, 0, 1, '2020-10-07 18:50:10', NULL),
(185, 100, 0, 1, 0, 0, 1, '2020-10-09 08:13:04', NULL),
(186, 9, 0, 1, 0, 0, 1, '2020-10-11 16:24:30', NULL),
(187, 24, 0, 1, 8015, 0, 1, '2020-10-12 21:17:36', NULL),
(187, 156, 0, 1, 8291, 0, 1, '2020-10-12 21:18:46', NULL),
(188, 15, 0, 1, 0, 0, 1, '2020-10-13 17:53:10', NULL),
(189, 45, 0, 1, 0, 0, 1, '2020-10-13 19:52:19', NULL),
(190, 28, 0, 1, 8021, 0, 1, '2020-10-23 16:18:08', NULL),
(190, 156, 0, 1, 8291, 0, 1, '2020-10-14 19:51:21', NULL),
(191, 25, 0, 1, 8017, 0, 1, '2020-10-16 22:52:51', NULL),
(192, 157, 0, 1, 8293, 0, 1, '2020-10-17 11:09:20', NULL),
(193, 137, 0, 1, 8023, 0, 1, '2020-10-19 21:58:47', NULL),
(194, 157, 0, 1, 8293, 0, 1, '2020-10-20 00:00:14', NULL),
(195, 157, 0, 1, 8293, 0, 1, '2020-10-20 02:46:20', NULL),
(202, 24, 0, 1, 8015, 0, 1, '2020-10-20 18:12:09', NULL),
(203, 134, 0, 1, 8033, 0, 1, '2020-10-20 19:02:20', NULL),
(204, 37, 0, 1, 0, 0, 1, '2020-10-21 19:44:35', NULL),
(205, 9, 44, 1, 0, 0, 1, '2020-10-21 23:02:22', NULL),
(206, 24, 0, 1, 8015, 0, 1, '2020-10-21 23:23:16', NULL),
(207, 8, 0, 1, 0, 0, 1, '2020-10-22 06:53:19', NULL),
(208, 121, 13, 1, 0, 0, 1, '2020-10-22 10:47:14', NULL),
(209, 137, 0, 1, 8023, 0, 1, '2020-10-23 10:59:50', NULL),
(210, 97, 0, 1, 0, 0, 1, '2020-10-23 23:02:31', NULL),
(212, 30, 0, 1, 8285, 0, 1, '2020-10-25 18:18:10', NULL),
(213, 9, 45, 1, 0, 0, 1, '2020-10-26 00:13:31', NULL),
(214, 31, 46, 1, 0, 0, 1, '2020-10-27 13:25:01', NULL),
(215, 15, 47, 1, 0, 0, 1, '2020-10-27 18:31:53', NULL),
(216, 14, 0, 1, 0, 0, 1, '2020-10-27 21:14:23', NULL),
(217, 137, 0, 1, 8023, 0, 1, '2020-10-27 22:11:45', NULL),
(218, 15, 0, 1, 0, 0, 1, '2020-10-28 06:24:23', NULL),
(219, 7, 48, 1, 0, 0, 1, '2020-10-28 14:45:01', NULL),
(220, 35, 13, 1, 0, 0, 1, '2020-10-28 13:00:22', NULL),
(222, 7, 48, 1, 0, 0, 1, '2020-10-29 10:55:22', NULL),
(223, 7, 48, 1, 0, 0, 1, '2020-10-29 10:56:02', NULL),
(225, 2, 0, 1, 0, 0, 1, '2020-10-31 13:29:52', NULL),
(226, 7, 0, 1, 0, 0, 1, '2020-11-01 00:28:59', NULL),
(227, 7, 0, 1, 0, 0, 1, '2020-11-01 12:34:25', NULL),
(228, 24, 0, 1, 8015, 0, 1, '2020-11-01 18:15:40', NULL),
(229, 74, 0, 1, 0, 0, 1, '2020-11-02 08:31:47', NULL),
(230, 18, 49, 1, 0, 0, 2, '2020-11-02 11:39:04', NULL),
(231, 28, 0, 1, 8021, 0, 1, '2020-11-02 15:30:29', NULL),
(232, 12, 0, 1, 0, 0, 1, '2020-11-02 16:27:56', NULL),
(233, 9, 0, 1, 0, 0, 1, '2020-11-03 12:05:50', NULL),
(233, 17, 0, 1, 0, 0, 1, '2020-11-03 12:06:26', NULL),
(235, 135, 0, 1, 8029, 0, 1, '2020-11-04 17:39:42', NULL),
(236, 121, 0, 1, 0, 0, 1, '2020-11-04 17:41:29', NULL),
(237, 143, 0, 1, 0, 0, 1, '2020-11-04 20:47:51', NULL),
(238, 35, 0, 1, 0, 0, 1, '2020-11-06 16:39:01', NULL),
(239, 94, 50, 1, 0, 0, 1, '2020-11-16 15:02:12', NULL),
(240, 66, 0, 1, 0, 0, 1, '2020-11-11 10:25:50', NULL),
(241, 137, 0, 1, 8023, 0, 1, '2020-11-11 12:48:01', NULL),
(242, 13, 0, 1, 0, 0, 1, '2020-11-12 06:30:31', NULL),
(243, 21, 51, 1, 0, 0, 2, '2020-11-13 12:33:51', NULL),
(243, 137, 51, 1, 8023, 0, 1, '2020-11-13 12:36:30', NULL),
(244, 134, 52, 1, 8033, 0, 1, '2020-11-13 15:53:16', NULL),
(245, 45, 0, 1, 0, 0, 1, '2020-11-15 11:48:22', NULL),
(246, 80, 53, 1, 0, 0, 1, '2020-11-16 14:06:12', NULL),
(247, 43, 0, 1, 0, 0, 1, '2020-11-16 19:32:56', NULL),
(248, 135, 54, 1, 8029, 0, 2, '2020-11-17 11:17:48', NULL),
(249, 119, 0, 1, 0, 0, 1, '2020-11-17 15:01:52', NULL),
(250, 45, 0, 1, 0, 0, 1, '2020-11-18 15:42:17', NULL),
(252, 56, 0, 1, 0, 0, 1, '2020-11-19 22:40:40', NULL),
(253, 58, 0, 1, 0, 0, 1, '2020-11-21 11:56:52', NULL),
(254, 137, 0, 1, 8023, 0, 1, '2020-11-21 15:29:30', NULL),
(256, 93, 0, 1, 0, 0, 1, '2020-11-24 21:31:03', NULL),
(257, 28, 0, 1, 8022, 0, 1, '2020-11-25 11:57:26', NULL),
(259, 2, 0, 1, 0, 0, 1, '2020-11-25 23:36:29', NULL),
(259, 7, 0, 1, 0, 0, 1, '2020-11-25 23:27:12', NULL),
(260, 134, 0, 1, 8034, 0, 1, '2020-11-26 12:49:56', NULL),
(261, 44, 55, 1, 0, 0, 1, '2020-11-27 10:08:06', NULL),
(262, 24, 0, 1, 8015, 0, 1, '2020-11-27 11:14:39', NULL),
(263, 38, 0, 1, 0, 0, 1, '2020-11-27 17:22:22', NULL),
(264, 30, 0, 1, 8285, 0, 1, '2020-11-28 13:25:41', NULL),
(266, 15, 0, 1, 0, 0, 1, '2020-11-30 01:38:16', NULL),
(268, 157, 0, 1, 8293, 0, 1, '2020-11-30 14:44:27', NULL),
(269, 8, 64, 1, 0, 0, 2, '2020-12-10 13:44:25', NULL),
(269, 145, 64, 1, 0, 0, 1, '2020-12-10 13:45:20', NULL),
(270, 157, 0, 1, 8293, 0, 1, '2020-11-30 14:45:57', NULL),
(271, 157, 56, 1, 8293, 0, 1, '2020-11-30 22:44:53', NULL),
(272, 24, 0, 1, 8015, 0, 1, '2020-12-01 00:21:20', NULL),
(273, 134, 57, 1, 8033, 0, 1, '2020-12-01 09:28:24', NULL),
(274, 157, 0, 1, 8294, 0, 1, '2020-12-01 17:09:25', NULL),
(275, 137, 58, 1, 8024, 117, 1, '2020-12-01 19:51:56', NULL),
(276, 137, 58, 1, 8024, 118, 1, '2020-12-01 20:04:34', NULL),
(277, 157, 59, 1, 8294, 0, 1, '2020-12-02 08:42:28', NULL),
(281, 8, 0, 1, 0, 0, 2, '2020-12-02 18:15:45', NULL),
(282, 8, 0, 1, 0, 0, 2, '2020-12-02 18:15:46', NULL),
(283, 29, 0, 1, 8283, 0, 1, '2020-12-03 02:27:31', NULL),
(284, 1, 0, 1, 0, 0, 1, '2020-12-03 03:00:48', NULL),
(284, 5, 0, 1, 0, 0, 1, '2020-12-03 02:58:14', NULL),
(285, 8, 61, 1, 0, 0, 1, '2020-12-03 13:23:27', NULL),
(286, 19, 0, 1, 0, 0, 1, '2020-12-03 12:59:25', NULL),
(287, 121, 54, 1, 0, 0, 1, '2020-12-03 13:43:44', NULL),
(289, 150, 54, 1, 0, 0, 1, '2020-12-04 09:05:25', NULL),
(290, 157, 62, 1, 8293, 0, 1, '2020-12-04 12:35:09', NULL),
(291, 8, 63, 1, 0, 0, 1, '2020-12-04 12:58:58', NULL),
(292, 122, 54, 1, 0, 0, 1, '2020-12-04 14:01:35', NULL),
(293, 9, 0, 1, 0, 0, 1, '2020-12-04 19:55:51', NULL),
(294, 13, 0, 1, 0, 0, 1, '2020-12-05 10:08:09', NULL),
(295, 14, 0, 1, 0, 0, 1, '2020-12-05 17:50:21', NULL),
(296, 70, 0, 1, 0, 0, 1, '2020-12-10 16:38:24', NULL),
(297, 35, 0, 1, 0, 0, 1, '2020-12-10 18:37:34', NULL),
(298, 26, 0, 1, 8012, 0, 1, '2020-12-10 23:56:34', NULL),
(299, 32, 0, 1, 0, 0, 5, '2020-12-14 10:14:26', NULL),
(301, 29, 0, 1, 8283, 0, 1, '2020-12-15 18:26:43', NULL),
(302, 62, 0, 1, 0, 0, 1, '2020-12-16 00:42:41', NULL),
(303, 14, 0, 1, 0, 0, 1, '2020-12-16 17:12:40', NULL),
(304, 137, 0, 1, 8023, 0, 1, '2020-12-17 15:17:34', NULL),
(305, 23, 0, 1, 8296, 0, 1, '2020-12-19 01:26:06', NULL),
(306, 49, 0, 1, 0, 0, 1, '2020-12-20 14:39:50', NULL),
(306, 68, 0, 1, 0, 0, 1, '2020-12-20 14:38:00', NULL),
(307, 8, 0, 1, 0, 0, 2, '2020-12-20 22:29:50', NULL),
(308, 8, 65, 1, 0, 0, 2, '2020-12-21 10:11:02', NULL),
(309, 116, 0, 1, 0, 0, 1, '2020-12-22 10:43:40', NULL),
(310, 1, 0, 1, 0, 0, 1, '2020-12-22 16:48:45', NULL),
(310, 15, 0, 1, 0, 0, 1, '2020-12-22 16:51:48', NULL),
(312, 29, 64, 1, 8284, 0, 1, '2020-12-23 12:01:04', NULL),
(313, 146, 66, 1, 0, 0, 1, '2020-12-23 14:10:51', NULL),
(314, 9, 0, 1, 0, 0, 1, '2020-12-24 23:10:50', NULL),
(315, 14, 0, 1, 0, 0, 1, '2020-12-26 12:17:16', NULL),
(316, 41, 0, 1, 0, 0, 1, '2020-12-28 10:39:40', NULL),
(317, 95, 0, 1, 0, 0, 1, '2020-12-28 13:18:38', NULL),
(318, 35, 0, 1, 0, 0, 1, '2020-12-28 23:25:44', NULL),
(319, 157, 67, 1, 8293, 0, 1, '2020-12-29 10:30:33', NULL),
(320, 95, 0, 1, 0, 0, 1, '2020-12-29 11:37:16', NULL),
(321, 65, 0, 1, 0, 0, 1, '2020-12-30 18:20:33', NULL),
(322, 25, 68, 1, 8017, 0, 1, '2020-12-30 22:09:04', NULL),
(323, 56, 0, 1, 0, 0, 1, '2021-01-02 20:43:07', NULL),
(324, 95, 0, 1, 0, 0, 1, '2021-01-04 19:47:47', NULL),
(325, 157, 0, 1, 8293, 0, 1, '2021-01-04 19:56:03', NULL),
(326, 12, 0, 1, 0, 0, 1, '2021-01-04 20:12:37', NULL),
(327, 35, 0, 1, 0, 0, 1, '2021-01-04 23:55:24', NULL),
(328, 60, 0, 1, 0, 0, 1, '2021-01-06 07:54:34', NULL),
(329, 157, 0, 1, 8294, 0, 1, '2021-01-07 13:34:06', NULL),
(330, 15, 0, 1, 0, 0, 1, '2021-01-08 09:54:32', NULL),
(331, 15, 0, 1, 0, 0, 1, '2021-01-09 12:49:05', NULL),
(332, 35, 69, 1, 0, 0, 1, '2021-01-11 09:23:29', NULL),
(335, 20, 71, 1, 0, 0, 1, '2021-01-12 15:07:27', NULL),
(335, 24, 71, 1, 8015, 0, 1, '2021-01-12 15:07:11', NULL),
(337, 20, 74, 1, 0, 0, 1, '2021-01-12 15:54:38', NULL),
(337, 24, 74, 1, 8015, 0, 1, '2021-01-12 15:54:24', NULL),
(338, 6, 0, 1, 0, 0, 1, '2021-01-12 23:10:03', NULL),
(339, 148, 75, 1, 0, 0, 1, '2021-01-13 07:52:13', NULL),
(340, 43, 0, 1, 0, 0, 1, '2021-01-13 14:22:51', NULL),
(341, 45, 76, 1, 0, 0, 1, '2021-01-15 19:44:00', NULL),
(342, 51, 0, 1, 0, 0, 1, '2021-01-17 00:43:46', NULL),
(343, 8, 0, 1, 0, 0, 1, '2021-01-17 16:15:29', NULL),
(344, 45, 0, 1, 0, 0, 1, '2021-01-18 20:29:28', NULL),
(345, 74, 0, 1, 0, 0, 1, '2021-01-18 20:45:09', NULL),
(346, 45, 77, 1, 0, 0, 1, '2021-01-18 20:49:03', NULL),
(347, 35, 78, 1, 0, 0, 1, '2021-01-19 08:30:25', NULL),
(351, 173, 54, 1, 0, 0, 1, '2021-01-21 15:21:37', NULL),
(352, 24, 0, 1, 8016, 0, 2, '2021-01-22 14:47:02', NULL),
(353, 35, 0, 1, 0, 0, 1, '2021-01-23 03:12:03', NULL),
(354, 67, 0, 1, 0, 0, 1, '2021-01-24 12:51:37', NULL),
(355, 45, 79, 1, 0, 0, 1, '2021-01-25 17:16:43', NULL),
(356, 45, 0, 1, 0, 0, 1, '2021-01-25 17:30:50', NULL),
(357, 35, 0, 1, 0, 0, 1, '2021-01-26 16:21:20', NULL),
(359, 28, 0, 1, 8022, 0, 1, '2021-01-28 14:25:14', NULL),
(361, 43, 0, 1, 0, 0, 1, '2021-01-28 21:00:42', NULL),
(362, 136, 80, 1, 8019, 0, 1, '2021-02-01 21:24:10', NULL),
(363, 157, 81, 1, 8293, 0, 1, '2021-02-02 09:33:07', NULL),
(364, 27, 0, 1, 8032, 0, 1, '2021-02-03 18:01:50', NULL),
(365, 43, 82, 1, 0, 0, 1, '2021-02-04 19:09:00', NULL),
(366, 63, 0, 1, 0, 0, 1, '2021-02-05 01:35:56', NULL),
(367, 136, 0, 1, 8019, 0, 1, '2021-02-12 18:04:29', NULL),
(369, 24, 83, 1, 8015, 0, 1, '2021-02-15 17:13:09', NULL),
(370, 45, 84, 1, 0, 0, 1, '2021-02-20 12:10:51', NULL),
(371, 112, 0, 1, 0, 0, 1, '2021-02-20 19:35:29', NULL),
(373, 6, 85, 1, 0, 0, 1, '2021-02-22 11:58:35', NULL),
(375, 45, 0, 1, 0, 0, 1, '2021-02-24 02:44:08', NULL),
(376, 13, 0, 1, 0, 0, 1, '2021-02-24 11:44:17', NULL),
(377, 28, 0, 1, 8021, 0, 1, '2021-02-25 07:05:35', NULL),
(378, 108, 86, 1, 0, 0, 1, '2021-02-25 17:09:09', NULL),
(379, 108, 0, 1, 0, 0, 1, '2021-02-25 17:57:17', NULL),
(380, 121, 0, 1, 0, 0, 1, '2021-03-01 12:55:16', NULL),
(381, 47, 0, 1, 0, 0, 1, '2021-03-03 20:00:39', NULL),
(384, 32, 0, 1, 0, 0, 1, '2021-03-07 14:49:20', NULL),
(386, 35, 0, 1, 0, 0, 1, '2021-03-09 16:33:58', NULL),
(388, 87, 0, 1, 0, 0, 1, '2021-03-10 16:37:51', NULL),
(390, 157, 87, 1, 8293, 0, 1, '2021-03-11 12:56:09', NULL),
(391, 33, 88, 1, 0, 0, 1, '2021-03-11 16:30:26', NULL),
(393, 33, 88, 1, 0, 0, 1, '2021-03-11 16:45:05', NULL),
(396, 25, 89, 1, 8017, 0, 1, '2021-03-11 21:18:57', NULL),
(399, 33, 88, 1, 0, 0, 1, '2021-03-15 09:44:20', NULL),
(403, 157, 90, 1, 8294, 0, 1, '2021-03-19 13:04:03', NULL),
(404, 33, 88, 1, 0, 0, 1, '2021-03-18 20:19:02', NULL),
(405, 45, 84, 1, 0, 0, 1, '2021-03-22 07:46:42', NULL),
(406, 45, 84, 1, 0, 0, 1, '2021-03-22 23:51:06', NULL),
(407, 134, 0, 1, 8033, 0, 1, '2021-03-24 17:52:29', NULL),
(408, 100, 91, 1, 0, 0, 1, '2021-03-25 11:38:16', NULL),
(409, 13, 0, 1, 0, 0, 1, '2021-03-25 11:10:21', NULL),
(412, 8, 93, 1, 0, 0, 1, '2021-03-26 08:38:53', NULL),
(415, 87, 0, 1, 0, 0, 1, '2021-03-30 13:39:24', NULL),
(417, 157, 95, 1, 8293, 0, 1, '2021-04-01 12:21:31', NULL),
(418, 47, 0, 1, 0, 0, 1, '2021-04-01 21:09:16', NULL),
(419, 135, 0, 1, 8030, 0, 1, '2021-04-02 19:10:25', NULL),
(421, 88, 0, 1, 0, 0, 1, '2021-04-05 21:58:15', NULL),
(422, 43, 0, 1, 0, 0, 1, '2021-04-06 19:10:36', NULL),
(424, 29, 0, 1, 8283, 0, 1, '2021-04-13 11:23:37', NULL),
(425, 133, 0, 1, 0, 0, 1, '2021-04-13 23:42:07', NULL),
(427, 63, 0, 1, 0, 0, 1, '2021-04-16 15:00:19', NULL),
(430, 13, 0, 1, 0, 0, 1, '2021-04-18 18:42:06', NULL),
(432, 1, 0, 1, 0, 0, 3, '2021-04-20 00:22:15', NULL),
(435, 109, 0, 1, 0, 0, 1, '2021-04-27 23:31:28', NULL),
(438, 155, 0, 1, 8289, 0, 1, '2021-04-30 00:52:13', NULL),
(439, 156, 0, 1, 8291, 0, 3, '2021-04-30 00:53:02', NULL),
(442, 8, 98, 1, 0, 0, 2, '2021-05-04 15:18:48', NULL),
(447, 25, 0, 1, 8017, 0, 1, '2021-05-08 14:35:27', NULL),
(448, 8, 99, 1, 0, 0, 1, '2021-05-10 12:31:11', NULL),
(450, 98, 100, 1, 0, 0, 1, '2021-05-10 16:54:22', NULL),
(453, 44, 102, 1, 0, 0, 1, '2021-05-12 22:29:44', NULL),
(455, 48, 0, 1, 0, 0, 1, '2021-05-13 13:11:46', NULL),
(455, 75, 0, 1, 0, 0, 1, '2021-05-14 00:57:01', NULL),
(455, 126, 0, 1, 0, 0, 1, '2021-05-14 00:57:59', NULL),
(457, 2, 0, 1, 0, 0, 1, '2021-05-15 15:27:23', NULL),
(470, 40, 0, 1, 0, 0, 1, '2021-05-29 13:14:03', NULL),
(471, 43, 104, 1, 0, 0, 1, '2021-05-29 23:01:12', NULL),
(472, 13, 0, 1, 0, 0, 1, '2021-05-30 12:39:52', NULL),
(477, 157, 0, 1, 8294, 0, 1, '2021-06-10 19:51:55', NULL),
(478, 129, 105, 1, 0, 0, 1, '2021-06-11 22:40:38', NULL),
(480, 1, 0, 1, 0, 0, 1, '2021-06-13 14:29:34', NULL),
(485, 65, 106, 1, 0, 0, 1, '2021-06-18 20:51:14', NULL),
(496, 65, 107, 1, 0, 0, 1, '2021-07-08 22:56:14', NULL),
(497, 65, 107, 1, 0, 0, 1, '2021-07-09 20:40:30', NULL),
(499, 107, 0, 1, 0, 0, 1, '2021-07-11 05:23:07', NULL),
(500, 13, 0, 1, 0, 0, 1, '2021-07-11 18:24:24', NULL),
(503, 45, 108, 1, 0, 0, 1, '2021-07-16 16:19:54', NULL),
(504, 65, 107, 1, 0, 0, 1, '2021-07-16 09:36:15', NULL),
(505, 9, 0, 1, 0, 0, 2, '2021-07-16 17:00:42', NULL),
(506, 28, 0, 1, 8022, 0, 1, '2021-07-16 17:51:28', NULL),
(507, 35, 0, 1, 0, 0, 1, '2021-07-19 16:43:51', NULL),
(508, 2, 0, 1, 0, 0, 2, '2021-07-19 17:22:40', NULL),
(509, 9, 0, 1, 0, 0, 2, '2021-07-19 22:30:21', NULL),
(510, 11, 0, 1, 0, 0, 1, '2021-07-20 13:54:19', NULL),
(514, 45, 0, 1, 0, 0, 1, '2021-07-22 10:39:53', NULL),
(519, 68, 109, 1, 0, 0, 1, '2021-07-28 13:04:28', NULL),
(520, 9, 0, 1, 0, 0, 1, '2021-07-28 13:09:29', NULL),
(520, 13, 0, 1, 0, 0, 1, '2021-07-28 13:12:48', NULL),
(521, 157, 110, 1, 8294, 173, 1, '2021-07-28 20:57:37', NULL),
(522, 157, 110, 1, 8294, 174, 1, '2021-07-28 21:10:21', NULL),
(523, 157, 110, 1, 8294, 175, 1, '2021-07-29 10:23:47', NULL),
(524, 157, 110, 1, 8294, 176, 1, '2021-07-29 12:01:43', NULL),
(526, 9, 0, 1, 0, 0, 1, '2021-07-30 13:42:07', NULL),
(529, 45, 111, 1, 0, 0, 1, '2021-08-07 17:26:50', NULL),
(530, 6, 0, 1, 0, 0, 1, '2021-08-07 20:51:44', NULL),
(532, 38, 0, 1, 0, 0, 1, '2021-08-08 16:49:04', NULL),
(533, 15, 0, 1, 0, 0, 1, '2021-08-08 19:05:19', NULL),
(536, 24, 0, 1, 8015, 0, 1, '2021-08-16 09:13:26', NULL),
(541, 227, 0, 1, 0, 0, 1, '2021-08-23 12:33:31', NULL),
(542, 44, 0, 1, 0, 0, 1, '2021-08-23 14:57:25', NULL),
(543, 67, 0, 1, 0, 0, 1, '2021-08-25 00:12:07', NULL),
(544, 34, 112, 1, 0, 0, 1, '2021-08-28 14:10:16', NULL),
(545, 13, 0, 1, 0, 0, 1, '2021-08-28 20:08:43', NULL),
(546, 9, 0, 1, 0, 0, 2, '2021-08-29 19:32:06', NULL),
(550, 178, 0, 1, 8299, 0, 1, '2021-08-31 23:21:31', NULL),
(552, 34, 113, 1, 0, 0, 1, '2021-09-04 14:51:42', NULL),
(554, 5, 0, 1, 0, 0, 2, '2021-09-05 22:53:05', NULL),
(555, 34, 0, 1, 0, 0, 1, '2021-09-06 17:33:29', NULL),
(556, 66, 114, 1, 0, 0, 1, '2021-09-07 19:38:36', NULL),
(557, 66, 0, 1, 0, 0, 2, '2021-09-10 16:42:33', NULL),
(559, 5, 0, 1, 0, 0, 2, '2021-09-14 13:25:12', NULL),
(561, 65, 115, 1, 0, 0, 1, '2021-09-16 14:18:19', NULL),
(562, 35, 0, 1, 0, 0, 1, '2021-09-18 21:48:59', NULL),
(564, 8, 0, 1, 0, 0, 2, '2021-09-22 20:18:13', NULL),
(564, 15, 0, 1, 0, 0, 3, '2021-09-24 09:47:14', NULL),
(565, 16, 0, 1, 0, 190, 1, '2021-09-23 11:00:33', NULL),
(567, 66, 117, 1, 0, 0, 1, '2021-09-28 11:23:01', NULL),
(569, 28, 116, 1, 8022, 0, 2, '2021-09-27 20:06:27', NULL),
(570, 23, 54, 1, 8296, 0, 2, '2021-09-29 10:19:43', NULL),
(571, 15, 0, 1, 0, 0, 2, '2021-09-28 20:29:34', NULL),
(575, 13, 0, 1, 0, 0, 1, '2021-10-01 13:33:07', NULL),
(578, 64, 119, 1, 0, 0, 1, '2021-10-04 01:46:37', NULL),
(581, 396, 0, 1, 0, 0, 1, '2021-10-05 14:55:43', NULL),
(583, 64, 0, 1, 0, 0, 1, '2021-10-06 13:57:10', NULL),
(584, 7, 120, 1, 0, 0, 1, '2021-10-06 15:06:56', NULL),
(587, 65, 0, 1, 0, 0, 1, '2021-10-07 14:26:48', NULL),
(588, 16, 122, 1, 0, 0, 1, '2021-10-13 11:51:36', NULL),
(589, 33, 0, 1, 0, 0, 1, '2021-10-12 11:52:29', NULL),
(589, 133, 0, 1, 0, 0, 1, '2021-10-26 13:20:15', NULL),
(589, 155, 0, 1, 8289, 0, 1, '2021-10-12 11:51:33', NULL),
(590, 27, 0, 1, 8031, 0, 1, '2021-10-12 12:01:32', NULL),
(592, 30, 0, 1, 8285, 0, 2, '2021-11-03 10:33:25', NULL),
(592, 50, 0, 1, 0, 0, 3, '2021-10-13 12:41:39', NULL),
(592, 134, 0, 1, 8033, 0, 3, '2021-11-03 11:08:35', NULL),
(592, 136, 0, 1, 8019, 0, 2, '2021-11-03 11:29:23', NULL),
(593, 29, 0, 1, 8284, 0, 1, '2021-10-13 13:13:35', NULL),
(593, 43, 0, 1, 0, 0, 1, '2021-10-13 13:19:03', NULL),
(593, 268, 0, 1, 0, 0, 1, '2021-10-13 13:17:41', NULL),
(594, 14, 0, 1, 0, 0, 1, '2021-10-13 17:48:20', NULL),
(594, 25, 0, 1, 8017, 0, 6, '2021-10-13 17:49:05', NULL),
(595, 230, 0, 1, 0, 0, 1, '2021-10-14 11:53:18', NULL),
(596, 97, 0, 1, 0, 0, 1, '2021-10-19 11:41:07', NULL),
(599, 157, 0, 1, 8293, 0, 1, '2021-10-19 18:55:36', NULL),
(600, 31, 0, 1, 0, 0, 1, '2021-10-19 19:56:36', NULL),
(601, 38, 0, 1, 0, 0, 1, '2021-11-03 21:54:49', NULL),
(601, 87, 0, 1, 0, 0, 1, '2021-11-03 21:55:01', NULL),
(601, 122, 0, 1, 0, 0, 1, '2021-11-03 21:54:41', NULL),
(601, 263, 0, 1, 0, 0, 1, '2021-11-03 21:55:11', NULL),
(602, 85, 123, 1, 0, 0, 1, '2021-10-22 14:49:09', NULL),
(604, 314, 0, 1, 0, 0, 1, '2021-10-24 08:51:00', NULL),
(605, 43, 0, 1, 0, 0, 1, '2021-10-24 10:34:32', NULL),
(606, 176, 124, 1, 0, 0, 1, '2021-10-25 11:12:00', NULL),
(608, 26, 0, 1, 8012, 0, 2, '2021-10-25 18:34:55', NULL),
(609, 135, 0, 1, 8030, 0, 3, '2021-10-26 08:42:27', NULL),
(610, 120, 0, 1, 0, 0, 1, '2021-10-26 20:33:42', NULL),
(612, 65, 0, 1, 0, 0, 1, '2021-10-28 12:00:54', NULL),
(615, 286, 0, 1, 0, 0, 1, '2021-11-01 20:44:52', NULL),
(617, 286, 0, 1, 0, 0, 1, '2021-11-02 17:18:42', NULL),
(618, 369, 0, 1, 0, 0, 1, '2021-11-03 10:42:50', NULL),
(619, 155, 122, 1, 8289, 0, 1, '2021-11-03 11:26:15', NULL),
(621, 332, 0, 1, 0, 0, 1, '2021-11-04 15:52:27', NULL),
(623, 156, 122, 1, 8291, 0, 1, '2021-11-15 08:28:09', NULL),
(624, 131, 128, 1, 0, 0, 1, '2021-11-05 15:31:06', NULL),
(625, 65, 0, 1, 0, 0, 1, '2021-11-06 06:25:23', NULL),
(626, 65, 126, 1, 0, 0, 1, '2021-11-06 17:25:15', NULL),
(627, 112, 0, 1, 0, 0, 1, '2021-11-07 15:47:16', NULL),
(628, 314, 127, 1, 0, 0, 1, '2021-11-08 19:55:25', NULL),
(629, 314, 127, 1, 0, 0, 1, '2021-11-09 08:32:15', NULL),
(631, 412, 124, 1, 0, 0, 1, '2021-11-09 13:07:43', NULL),
(632, 314, 129, 1, 0, 0, 1, '2021-11-09 13:02:18', NULL),
(633, 314, 129, 1, 0, 0, 1, '2021-11-09 13:12:36', NULL),
(634, 99, 130, 1, 0, 0, 1, '2021-11-09 13:15:02', NULL),
(635, 314, 129, 1, 0, 0, 1, '2021-11-11 21:42:35', NULL),
(636, 314, 129, 1, 0, 0, 1, '2021-11-11 21:42:35', NULL),
(637, 67, 0, 1, 0, 0, 1, '2021-11-11 22:19:35', NULL),
(638, 67, 0, 1, 0, 0, 1, '2021-11-12 18:13:34', NULL),
(641, 28, 0, 1, 8021, 0, 1, '2021-11-17 15:46:05', NULL),
(642, 33, 131, 1, 0, 0, 1, '2021-11-19 11:43:07', NULL),
(642, 271, 131, 1, 0, 0, 1, '2021-11-19 11:41:20', NULL),
(646, 290, 132, 1, 0, 0, 1, '2021-11-24 12:27:26', NULL),
(647, 59, 133, 1, 0, 0, 1, '2021-11-26 22:27:04', NULL),
(648, 84, 0, 1, 0, 0, 1, '2021-11-27 10:25:49', NULL),
(650, 30, 0, 1, 8285, 0, 8, '2021-11-28 13:50:16', NULL),
(651, 258, 135, 1, 0, 0, 1, '2021-11-28 19:25:06', NULL),
(652, 258, 136, 1, 0, 0, 1, '2021-11-28 22:04:37', NULL),
(654, 246, 0, 1, 0, 0, 2, '2021-11-29 15:35:34', NULL),
(655, 41, 137, 1, 0, 0, 1, '2021-11-30 07:38:33', NULL),
(659, 65, 0, 1, 0, 0, 1, '2021-12-05 21:44:52', NULL),
(660, 378, 138, 1, 0, 0, 1, '2021-12-06 11:32:10', NULL),
(661, 28, 0, 1, 8022, 0, 1, '2021-12-06 15:10:39', NULL),
(662, 33, 139, 1, 0, 0, 1, '2021-12-13 17:34:55', NULL),
(663, 412, 0, 1, 0, 0, 1, '2021-12-10 10:44:21', NULL),
(664, 441, 54, 1, 0, 0, 2, '2021-12-13 14:51:21', NULL),
(666, 7, 0, 1, 0, 0, 3, '2021-12-14 10:20:17', NULL),
(667, 84, 140, 1, 0, 0, 1, '2021-12-14 11:53:13', NULL),
(669, 33, 0, 1, 0, 0, 1, '2021-12-14 14:23:10', NULL),
(670, 67, 0, 1, 0, 0, 1, '2021-12-14 14:24:44', NULL),
(670, 435, 0, 1, 0, 0, 1, '2021-12-14 14:24:14', NULL),
(671, 245, 141, 1, 0, 0, 1, '2021-12-14 16:51:19', NULL),
(672, 34, 0, 1, 0, 0, 1, '2021-12-16 01:01:19', NULL),
(674, 97, 0, 1, 0, 0, 1, '2021-12-16 15:30:22', NULL),
(676, 280, 0, 1, 0, 0, 1, '2021-12-19 02:03:57', NULL),
(677, 33, 139, 1, 0, 0, 1, '2021-12-19 03:18:50', NULL),
(678, 137, 142, 1, 8024, 0, 1, '2021-12-20 09:03:06', NULL),
(679, 330, 0, 1, 0, 0, 1, '2021-12-20 12:12:48', NULL),
(680, 328, 0, 1, 0, 0, 1, '2021-12-20 14:49:05', NULL),
(681, 33, 0, 1, 0, 0, 1, '2021-12-22 11:36:44', NULL),
(683, 366, 0, 1, 0, 0, 1, '2021-12-22 21:28:55', NULL),
(684, 371, 0, 1, 0, 0, 1, '2021-12-22 23:50:35', NULL),
(686, 12, 143, 1, 0, 0, 1, '2021-12-24 09:03:13', NULL),
(687, 64, 0, 1, 0, 0, 1, '2021-12-24 09:43:53', NULL),
(688, 340, 0, 1, 0, 0, 1, '2021-12-26 00:23:19', NULL),
(689, 137, 142, 1, 8024, 0, 1, '2021-12-27 15:55:48', NULL),
(690, 43, 0, 1, 0, 0, 1, '2021-12-28 14:12:04', NULL),
(691, 378, 0, 1, 0, 0, 1, '2021-12-29 15:21:14', NULL),
(692, 60, 0, 1, 0, 0, 1, '2021-12-29 15:42:41', NULL),
(693, 34, 0, 1, 0, 0, 1, '2021-12-29 22:53:06', NULL),
(694, 321, 146, 1, 0, 0, 1, '2021-12-30 17:41:51', NULL),
(695, 44, 144, 1, 0, 0, 1, '2021-12-31 10:43:44', NULL),
(696, 2, 0, 1, 0, 0, 1, '2022-01-02 10:39:32', NULL),
(697, 378, 0, 1, 0, 0, 1, '2022-01-03 09:15:55', NULL),
(698, 342, 145, 1, 0, 0, 1, '2022-01-03 12:50:09', NULL),
(699, 342, 145, 1, 0, 0, 1, '2022-01-03 13:23:10', NULL),
(720, 322, 0, 1, 0, 0, 1, '2022-01-03 23:10:21', NULL),
(722, 44, 146, 1, 0, 0, 1, '2022-01-05 10:02:02', NULL),
(723, 289, 146, 1, 0, 0, 1, '2022-01-05 10:02:57', NULL),
(724, 286, 147, 1, 0, 0, 1, '2022-01-06 16:59:53', NULL),
(725, 399, 0, 1, 0, 0, 1, '2022-01-08 20:16:52', NULL),
(726, 13, 0, 1, 0, 0, 1, '2022-01-09 16:21:51', NULL),
(727, 441, 148, 1, 0, 219, 1, '2022-01-10 11:25:15', NULL),
(729, 65, 0, 1, 0, 0, 1, '2022-01-10 23:36:05', NULL),
(730, 378, 149, 1, 0, 0, 1, '2022-01-11 12:09:26', NULL),
(734, 9, 0, 1, 0, 0, 1, '2022-01-16 00:44:20', NULL),
(735, 41, 0, 1, 0, 0, 1, '2022-01-16 14:38:33', NULL),
(736, 64, 0, 1, 0, 0, 2, '2022-01-17 02:48:11', NULL),
(737, 99, 151, 1, 0, 0, 1, '2022-01-18 09:39:13', NULL),
(738, 321, 0, 1, 0, 0, 1, '2022-01-18 11:06:16', NULL),
(739, 122, 0, 1, 0, 0, 1, '2022-01-18 15:37:11', NULL),
(740, 157, 90, 1, 8294, 0, 1, '2022-01-19 09:08:16', NULL),
(743, 6, 152, 1, 0, 0, 1, '2022-01-21 10:05:35', NULL),
(744, 56, 0, 1, 0, 0, 1, '2022-01-23 13:10:34', NULL),
(745, 335, 0, 1, 0, 0, 1, '2022-01-25 05:37:40', NULL),
(747, 41, 0, 1, 0, 0, 1, '2022-01-30 16:06:56', NULL),
(748, 178, 0, 1, 8300, 0, 1, '2022-01-31 10:15:47', NULL),
(750, 287, 0, 1, 0, 0, 1, '2022-01-31 14:49:49', NULL),
(752, 340, 153, 1, 0, 0, 1, '2022-02-01 15:02:17', NULL),
(753, 340, 0, 1, 0, 0, 1, '2022-02-01 15:33:37', NULL),
(754, 338, 153, 1, 0, 0, 1, '2022-02-01 16:02:46', NULL),
(757, 133, 0, 1, 0, 0, 1, '2022-02-04 08:07:29', NULL),
(758, 43, 154, 1, 0, 0, 1, '2022-02-05 09:12:38', NULL),
(760, 117, 84, 1, 0, 0, 1, '2022-02-07 02:16:05', NULL),
(762, 9, 0, 1, 0, 0, 1, '2022-02-07 10:48:02', NULL),
(764, 240, 0, 1, 0, 0, 1, '2022-02-09 02:36:20', NULL),
(766, 9, 0, 1, 0, 0, 1, '2022-02-11 18:41:34', NULL),
(770, 9, 0, 1, 0, 0, 1, '2022-02-15 00:15:04', NULL),
(771, 157, 155, 1, 8294, 0, 1, '2022-02-15 11:28:23', NULL),
(772, 31, 156, 1, 0, 0, 1, '2022-02-16 20:08:25', NULL),
(773, 422, 0, 1, 0, 0, 1, '2022-02-16 21:29:46', NULL),
(775, 198, 0, 1, 0, 0, 1, '2022-02-18 23:42:38', NULL),
(779, 112, 0, 1, 0, 0, 1, '2022-02-20 11:08:15', NULL),
(780, 157, 90, 1, 8294, 0, 1, '2022-02-21 11:56:52', NULL),
(781, 72, 158, 1, 0, 0, 1, '2022-02-24 21:18:19', NULL),
(782, 239, 0, 1, 0, 0, 1, '2022-02-25 20:11:02', NULL),
(784, 241, 0, 1, 0, 0, 1, '2022-03-01 12:48:31', NULL),
(786, 121, 159, 1, 0, 0, 1, '2022-03-02 19:00:50', NULL),
(787, 37, 160, 1, 0, 0, 1, '2022-03-03 18:57:36', NULL),
(788, 67, 161, 1, 0, 0, 1, '2022-03-07 10:01:24', NULL),
(790, 67, 162, 1, 0, 0, 1, '2022-03-07 19:56:00', NULL),
(791, 24, 0, 1, 8015, 0, 2, '2022-03-08 14:43:57', NULL),
(791, 136, 0, 1, 8019, 0, 1, '2022-03-08 14:52:37', NULL),
(791, 136, 0, 1, 8020, 0, 1, '2022-03-08 14:53:07', NULL),
(794, 37, 160, 1, 0, 0, 1, '2022-03-09 14:45:26', NULL),
(795, 37, 160, 1, 0, 0, 1, '2022-03-09 14:45:30', NULL),
(796, 408, 0, 1, 0, 0, 1, '2022-03-09 21:38:06', NULL),
(799, 14, 0, 1, 0, 0, 1, '2022-03-10 19:31:43', NULL),
(800, 32, 0, 1, 0, 0, 1, '2022-03-11 09:57:03', NULL),
(802, 276, 163, 1, 0, 0, 1, '2022-03-12 23:06:27', NULL),
(805, 394, 0, 1, 0, 0, 1, '2022-03-15 15:43:50', NULL),
(807, 318, 0, 1, 0, 0, 1, '2022-03-17 10:58:45', NULL),
(810, 288, 165, 1, 0, 0, 1, '2022-03-20 08:58:19', NULL),
(811, 25, 0, 1, 8017, 0, 1, '2022-03-20 11:19:46', NULL),
(812, 25, 164, 1, 8017, 0, 1, '2022-03-20 15:24:35', NULL),
(816, 43, 0, 1, 0, 0, 1, '2022-03-25 21:02:16', NULL),
(818, 9, 0, 1, 0, 0, 1, '2022-03-27 13:01:33', NULL),
(819, 115, 0, 1, 0, 0, 1, '2022-03-29 20:44:30', NULL),
(819, 344, 0, 1, 0, 0, 1, '2022-03-29 20:47:13', NULL),
(821, 396, 166, 1, 0, 0, 1, '2022-04-04 23:30:41', NULL),
(823, 37, 0, 1, 0, 0, 1, '2022-04-06 13:45:31', NULL),
(833, 314, 167, 1, 0, 0, 1, '2022-04-14 14:13:45', NULL),
(835, 424, 0, 1, 0, 0, 1, '2022-04-17 13:29:08', NULL),
(836, 249, 169, 1, 0, 0, 1, '2022-04-18 00:08:04', NULL),
(839, 249, 169, 1, 0, 0, 1, '2022-04-18 18:53:13', NULL),
(842, 86, 0, 1, 0, 0, 1, '2022-04-19 08:47:12', NULL),
(846, 178, 0, 1, 8300, 0, 2, '2022-04-23 23:40:45', NULL),
(850, 43, 0, 1, 0, 0, 1, '2022-04-26 13:03:29', NULL),
(857, 32, 0, 1, 0, 0, 1, '2022-05-05 22:14:35', NULL),
(857, 289, 0, 1, 0, 0, 1, '2022-05-05 22:17:43', NULL),
(858, 25, 0, 1, 8018, 0, 1, '2022-05-06 11:30:33', NULL),
(859, 66, 0, 1, 0, 0, 1, '2022-05-07 18:13:31', NULL),
(861, 286, 0, 1, 0, 0, 1, '2022-05-08 16:26:03', NULL),
(864, 157, 0, 1, 8293, 0, 1, '2022-05-19 00:13:04', NULL),
(865, 157, 0, 1, 8294, 0, 4, '2022-05-19 23:30:27', NULL),
(866, 25, 170, 1, 8017, 0, 1, '2022-05-22 21:28:18', NULL),
(871, 43, 0, 1, 0, 0, 1, '2022-05-31 17:34:58', NULL),
(872, 16, 0, 1, 0, 0, 1, '2022-06-05 22:35:22', NULL),
(873, 244, 0, 1, 0, 0, 1, '2022-06-06 12:07:51', NULL),
(874, 196, 171, 1, 0, 0, 1, '2022-06-06 14:06:50', NULL),
(875, 196, 172, 1, 0, 0, 1, '2022-06-06 21:15:29', NULL),
(876, 23, 173, 1, 8295, 0, 1, '2022-06-09 14:13:58', NULL),
(876, 24, 173, 1, 8015, 0, 1, '2022-06-09 14:13:02', NULL),
(878, 157, 0, 1, 8294, 0, 1, '2022-06-09 21:13:36', NULL),
(879, 157, 110, 1, 8294, 0, 1, '2022-06-09 21:19:52', NULL),
(880, 371, 175, 1, 0, 0, 1, '2022-06-10 17:56:13', NULL),
(882, 32, 0, 1, 0, 0, 1, '2022-06-11 14:44:05', NULL),
(886, 157, 0, 1, 8293, 0, 2, '2022-06-15 08:28:39', NULL),
(888, 9, 0, 1, 0, 0, 1, '2022-06-17 12:16:28', NULL),
(893, 156, 176, 1, 8291, 0, 1, '2022-06-23 12:33:55', NULL),
(894, 156, 176, 1, 8291, 0, 1, '2022-06-23 12:05:27', NULL),
(907, 461, 0, 1, 0, 0, 1, '2022-07-04 06:46:38', NULL),
(913, 6, 0, 1, 0, 0, 1, '2022-07-13 11:50:05', NULL),
(914, 10, 0, 1, 0, 0, 1, '2022-07-13 21:51:58', NULL),
(915, 10, 0, 1, 0, 0, 1, '2022-07-13 21:52:10', NULL),
(916, 1, 177, 1, 0, 0, 10, '2022-07-14 12:59:27', NULL),
(917, 1, 178, 1, 0, 0, 10, '2022-07-14 13:06:51', NULL),
(918, 1, 0, 1, 0, 0, 1, '2022-07-14 14:40:03', NULL),
(919, 442, 0, 1, 8304, 0, 2, '2022-08-10 09:26:56', NULL);

-- --------------------------------------------------------

--
-- Estructura de tabla para la tabla `ps_cart_rule`
--

