CREATE TABLE `ps_g_productcatalog` (
  `id_g_productcatalog` int(10) UNSIGNED NOT NULL,
  `name` varchar(255) NOT NULL,
  `file` varchar(255) NOT NULL,
  `local` varchar(255) NOT NULL,
  `config` text DEFAULT NULL,
  `mapping` text DEFAULT NULL,
  `report` text DEFAULT NULL,
  `date_add` datetime DEFAULT NULL,
  `date_up` datetime DEFAULT NULL,
  `pricingrules` text DEFAULT NULL,
  `assigncents` text DEFAULT NULL
) ENGINE=InnoDB DEFAULT CHARSET=utf8;

-- --------------------------------------------------------

--
-- Estructura de tabla para la tabla `ps_g_productcatalog_lang`
--

CREATE TABLE `ps_g_productcatalog_lang` (
  `id_g_productcatalog` int(10) UNSIGNED NOT NULL,
  `id_lang` int(10) UNSIGNED NOT NULL
) ENGINE=InnoDB DEFAULT CHARSET=utf8;

-- --------------------------------------------------------

--
-- Estructura de tabla para la tabla `ps_g_productcatalog_shop`
--

CREATE TABLE `ps_g_productcatalog_shop` (
  `id_g_productcatalog` int(10) UNSIGNED NOT NULL,
  `id_shop` int(10) UNSIGNED NOT NULL
) ENGINE=InnoDB DEFAULT CHARSET=utf8;

-- --------------------------------------------------------

--
-- Estructura de tabla para la tabla `ps_homeslider`
--

CREATE TABLE `ps_homeslider` (
  `id_homeslider_slides` int(10) UNSIGNED NOT NULL,
  `id_shop` int(10) UNSIGNED NOT NULL
) ENGINE=InnoDB DEFAULT CHARSET=utf8;

--
-- Volcado de datos para la tabla `ps_homeslider`
--

INSERT INTO `ps_homeslider` (`id_homeslider_slides`, `id_shop`) VALUES
(1, 1),
(2, 1),
(3, 1);

-- --------------------------------------------------------

--
-- Estructura de tabla para la tabla `ps_homeslider_slides`
--

CREATE TABLE `ps_homeslider_slides` (
  `id_homeslider_slides` int(10) UNSIGNED NOT NULL,
  `position` int(10) UNSIGNED NOT NULL DEFAULT 0,
  `active` tinyint(1) UNSIGNED NOT NULL DEFAULT 0
) ENGINE=InnoDB DEFAULT CHARSET=utf8;

--
-- Volcado de datos para la tabla `ps_homeslider_slides`
--

INSERT INTO `ps_homeslider_slides` (`id_homeslider_slides`, `position`, `active`) VALUES
(1, 1, 0),
(2, 2, 1),
(3, 3, 1);

-- --------------------------------------------------------

--
-- Estructura de tabla para la tabla `ps_homeslider_slides_lang`
--

CREATE TABLE `ps_homeslider_slides_lang` (
  `id_homeslider_slides` int(10) UNSIGNED NOT NULL,
  `id_lang` int(10) UNSIGNED NOT NULL,
  `title` varchar(255) NOT NULL,
  `description` text NOT NULL,
  `legend` varchar(255) NOT NULL,
  `url` varchar(255) NOT NULL,
  `image` varchar(255) NOT NULL
) ENGINE=InnoDB DEFAULT CHARSET=utf8;

--
-- Volcado de datos para la tabla `ps_homeslider_slides_lang`
--

INSERT INTO `ps_homeslider_slides_lang` (`id_homeslider_slides`, `id_lang`, `title`, `description`, `legend`, `url`, `image`) VALUES
(1, 1, 'Sample 1', '<h3>EXCEPTEUR OCCAECAT</h3>\r\n<p>Lorem ipsum dolor sit amet, consectetur adipiscing elit. Proin tristique in tortor et dignissim. Quisque non tempor leo. Maecenas egestas sem elit</p>', 'sample-1', 'https://opticabrera.com.ar/44-lentes-de-sol?q=Marca-Valeria+Mazza', 'sample-1.jpg'),
(2, 1, 'Sample 2', '<h3>EXCEPTEUR OCCAECAT</h3>\n                <p>Lorem ipsum dolor sit amet, consectetur adipiscing elit. Proin tristique in tortor et dignissim. Quisque non tempor leo. Maecenas egestas sem elit</p>', 'sample-2', 'http://www.prestashop.com/?utm_source=back-office&utm_medium=v17_homeslider&utm_campaign=back-office-ES&utm_content=download', 'sample-2.jpg'),
(3, 1, 'Sample 3', '<h3>EXCEPTEUR OCCAECAT</h3>\n                <p>Lorem ipsum dolor sit amet, consectetur adipiscing elit. Proin tristique in tortor et dignissim. Quisque non tempor leo. Maecenas egestas sem elit</p>', 'sample-3', 'http://www.prestashop.com/?utm_source=back-office&utm_medium=v17_homeslider&utm_campaign=back-office-ES&utm_content=download', 'sample-3.jpg');

-- --------------------------------------------------------

--
-- Estructura de tabla para la tabla `ps_hook`
--

CREATE TABLE `ps_hook` (
  `id_hook` int(10) UNSIGNED NOT NULL,
  `name` varchar(64) NOT NULL,
  `title` varchar(64) NOT NULL,
  `description` text DEFAULT NULL,
  `position` tinyint(1) NOT NULL DEFAULT 1
) ENGINE=InnoDB DEFAULT CHARSET=utf8;

--
-- Volcado de datos para la tabla `ps_hook`
--

INSERT INTO `ps_hook` (`id_hook`, `name`, `title`, `description`, `position`) VALUES
(1, 'actionValidateOrder', 'New orders', '', 1),
(2, 'displayMaintenance', 'Maintenance Page', 'This hook displays new elements on the maintenance page', 1),
(3, 'displayProductPageDrawer', 'Product Page Drawer', 'This hook displays content in the right sidebar of the product page', 1),
(4, 'actionPaymentConfirmation', 'Payment confirmation', 'This hook displays new elements after the payment is validated', 1),
(5, 'displayPaymentReturn', 'Payment return', '', 1),
(6, 'actionUpdateQuantity', 'Quantity update', 'Quantity is updated only when a customer effectively places their order', 1),
(7, 'displayRightColumn', 'Right column blocks', 'This hook displays new elements in the right-hand column', 1),
(8, 'displayWrapperTop', 'Main wrapper section (top)', 'This hook displays new elements in the top of the main wrapper', 1),
(9, 'displayWrapperBottom', 'Main wrapper section (bottom)', 'This hook displays new elements in the bottom of the main wrapper', 1),
(10, 'displayContentWrapperTop', 'Content wrapper section (top)', 'This hook displays new elements in the top of the content wrapper', 1),
(11, 'displayContentWrapperBottom', 'Content wrapper section (bottom)', 'This hook displays new elements in the bottom of the content wrapper', 1),
(12, 'displayLeftColumn', 'Left column blocks', 'This hook displays new elements in the left-hand column', 1),
(13, 'displayHome', 'Homepage content', 'This hook displays new elements on the homepage', 1),
(14, 'Header', 'Pages html head section', 'This hook adds additional elements in the head section of your pages (head section of html)', 1),
(15, 'actionCartSave', 'Cart creation and update', 'This hook is displayed when a product is added to the cart or if the cart\'s content is modified', 1),
(16, 'actionAuthentication', 'Successful customer authentication', 'This hook is displayed after a customer successfully signs in', 1),
(17, 'actionProductAdd', 'Product creation', 'This hook is displayed after a product is created', 1),
(18, 'actionProductUpdate', 'Product update', 'This hook is displayed after a product has been updated', 1),
(19, 'displayAfterBodyOpeningTag', 'Very top of pages', 'Use this hook for advertisement or modals you want to load first', 1),
(20, 'displayBeforeBodyClosingTag', 'Very bottom of pages', 'Use this hook for your modals or any content you want to load at the very end', 1),
(21, 'displayTop', 'Top of pages', 'This hook displays additional elements at the top of your pages', 1),
(22, 'displayNavFullWidth', 'Navigation', 'This hook displays full width navigation menu at the top of your pages', 1),
(23, 'displayRightColumnProduct', 'New elements on the product page (right column)', 'This hook displays new elements in the right-hand column of the product page', 1),
(24, 'actionProductDelete', 'Product deletion', 'This hook is called when a product is deleted', 1),
(25, 'actionObjectProductInCartDeleteBefore', 'Cart product removal', 'This hook is called before a product is removed from a cart', 1),
(26, 'actionObjectProductInCartDeleteAfter', 'Cart product removal', 'This hook is called after a product is removed from a cart', 1),
(27, 'displayFooterProduct', 'Product footer', 'This hook adds new blocks under the product\'s description', 1),
(28, 'displayInvoice', 'Invoice', 'This hook displays new blocks on the invoice (order)', 1),
(29, 'actionOrderStatusUpdate', 'Order status update - Event', 'This hook launches modules when the status of an order changes', 1),
(30, 'displayAdminOrder', 'Display new elements in the Back Office, tab AdminOrder', 'This hook launches modules when the AdminOrder tab is displayed in the Back Office', 1),
(31, 'displayAdminOrderTabOrder', 'Display new elements in Back Office, AdminOrder, panel Order', 'This hook launches modules when the AdminOrder tab is displayed in the Back Office and extends / override Order panel tabs', 1),
(32, 'displayAdminOrderTabShip', 'Display new elements in Back Office, AdminOrder, panel Shipping', 'This hook launches modules when the AdminOrder tab is displayed in the Back Office and extends / override Shipping panel tabs', 1),
(33, 'displayAdminOrderContentOrder', 'Display new elements in Back Office, AdminOrder, panel Order', 'This hook launches modules when the AdminOrder tab is displayed in the Back Office and extends / override Order panel content', 1),
(34, 'displayAdminOrderContentShip', 'Display new elements in Back Office, AdminOrder, panel Shipping', 'This hook launches modules when the AdminOrder tab is displayed in the Back Office and extends / override Shipping panel content', 1),
(35, 'displayFooter', 'Footer', 'This hook displays new blocks in the footer', 1),
(36, 'displayPDFInvoice', 'PDF Invoice', 'This hook allows you to display additional information on PDF invoices', 1),
(37, 'displayInvoiceLegalFreeText', 'PDF Invoice - Legal Free Text', 'This hook allows you to modify the legal free text on PDF invoices', 1),
(38, 'displayAdminCustomers', 'Display new elements in the Back Office, tab AdminCustomers', 'This hook launches modules when the AdminCustomers tab is displayed in the Back Office', 1),
(39, 'displayAdminCustomersAddressesItemAction', 'Display new elements in the Back Office, tab AdminCustomers, Add', 'This hook launches modules when the Addresses list into the AdminCustomers tab is displayed in the Back Office', 1),
(40, 'displayOrderConfirmation', 'Order confirmation page', 'This hook is called within an order\'s confirmation page', 1),
(41, 'actionCustomerAccountAdd', 'Successful customer account creation', 'This hook is called when a new customer creates an account successfully', 1),
(42, 'actionCustomerAccountUpdate', 'Successful customer account update', 'This hook is called when a customer updates its account successfully', 1),
(43, 'displayCustomerAccount', 'Customer account displayed in Front Office', 'This hook displays new elements on the customer account page', 1),
(44, 'actionOrderSlipAdd', 'Order slip creation', 'This hook is called when a new credit slip is added regarding client order', 1),
(45, 'displayShoppingCartFooter', 'Shopping cart footer', 'This hook displays some specific information on the shopping cart\'s page', 1),
(46, 'displayCreateAccountEmailFormBottom', 'Customer authentication form', 'This hook displays some information on the bottom of the email form', 1),
(47, 'displayAuthenticateFormBottom', 'Customer authentication form', 'This hook displays some information on the bottom of the authentication form', 1),
(48, 'displayCustomerAccountForm', 'Customer account creation form', 'This hook displays some information on the form to create a customer account', 1),
(49, 'displayAdminStatsModules', 'Stats - Modules', '', 1),
(50, 'displayAdminStatsGraphEngine', 'Graph engines', '', 1),
(51, 'actionOrderReturn', 'Returned product', 'This hook is displayed when a customer returns a product ', 1),
(52, 'displayProductAdditionalInfo', 'Product page additional info', 'This hook adds additional information on the product page', 1),
(53, 'displayBackOfficeHome', 'Administration panel homepage', 'This hook is displayed on the admin panel\'s homepage', 1),
(54, 'displayAdminStatsGridEngine', 'Grid engines', '', 1),
(55, 'actionWatermark', 'Watermark', '', 1),
(56, 'actionProductCancel', 'Product cancelled', 'This hook is called when you cancel a product in an order', 1),
(57, 'displayLeftColumnProduct', 'New elements on the product page (left column)', 'This hook displays new elements in the left-hand column of the product page', 1),
(58, 'actionProductOutOfStock', 'Out-of-stock product', 'This hook displays new action buttons if a product is out of stock', 1),
(59, 'actionProductAttributeUpdate', 'Product attribute update', 'This hook is displayed when a product\'s attribute is updated', 1),
(60, 'displayCarrierList', 'Extra carrier (module mode)', '', 1),
(61, 'displayShoppingCart', 'Shopping cart - Additional button', 'This hook displays new action buttons within the shopping cart', 1),
(62, 'actionCarrierUpdate', 'Carrier Update', 'This hook is called when a carrier is updated', 1),
(63, 'actionOrderStatusPostUpdate', 'Post update of order status', '', 1),
(64, 'displayCustomerAccountFormTop', 'Block above the form for create an account', 'This hook is displayed above the customer\'s account creation form', 1),
(65, 'displayBackOfficeHeader', 'Administration panel header', 'This hook is displayed in the header of the admin panel', 1),
(66, 'displayBackOfficeTop', 'Administration panel hover the tabs', 'This hook is displayed on the roll hover of the tabs within the admin panel', 1),
(67, 'displayAdminEndContent', 'Administration end of content', 'This hook is displayed at the end of the main content, before the footer', 1),
(68, 'displayBackOfficeFooter', 'Administration panel footer', 'This hook is displayed within the admin panel\'s footer', 1),
(69, 'actionProductAttributeDelete', 'Product attribute deletion', 'This hook is displayed when a product\'s attribute is deleted', 1),
(70, 'actionCarrierProcess', 'Carrier process', '', 1),
(71, 'displayBeforeCarrier', 'Before carriers list', 'This hook is displayed before the carrier list in Front Office', 1),
(72, 'displayAfterCarrier', 'After carriers list', 'This hook is displayed after the carrier list in Front Office', 1),
(73, 'displayOrderDetail', 'Order detail', 'This hook is displayed within the order\'s details in Front Office', 1),
(74, 'actionPaymentCCAdd', 'Payment CC added', '', 1),
(75, 'actionCategoryAdd', 'Category creation', 'This hook is displayed when a category is created', 1),
(76, 'actionCategoryUpdate', 'Category modification', 'This hook is displayed when a category is modified', 1),
(77, 'actionCategoryDelete', 'Category deletion', 'This hook is displayed when a category is deleted', 1),
(78, 'displayPaymentTop', 'Top of payment page', 'This hook is displayed at the top of the payment page', 1),
(79, 'actionHtaccessCreate', 'After htaccess creation', 'This hook is displayed after the htaccess creation', 1),
(80, 'actionAdminMetaSave', 'After saving the configuration in AdminMeta', 'This hook is displayed after saving the configuration in AdminMeta', 1),
(81, 'displayAttributeGroupForm', 'Add fields to the form \'attribute group\'', 'This hook adds fields to the form \'attribute group\'', 1),
(82, 'actionAttributeGroupSave', 'Saving an attribute group', 'This hook is called while saving an attributes group', 1),
(83, 'actionAttributeGroupDelete', 'Deleting attribute group', 'This hook is called while deleting an attributes  group', 1),
(84, 'displayFeatureForm', 'Add fields to the form \'feature\'', 'This hook adds fields to the form \'feature\'', 1),
(85, 'actionFeatureSave', 'Saving attributes\' features', 'This hook is called while saving an attributes features', 1),
(86, 'actionFeatureDelete', 'Deleting attributes\' features', 'This hook is called while deleting an attributes features', 1),
(87, 'actionProductSave', 'Saving products', 'This hook is called while saving products', 1),
(88, 'displayAttributeGroupPostProcess', 'On post-process in admin attribute group', 'This hook is called on post-process in admin attribute group', 1),
(89, 'displayFeaturePostProcess', 'On post-process in admin feature', 'This hook is called on post-process in admin feature', 1),
(90, 'displayFeatureValueForm', 'Add fields to the form \'feature value\'', 'This hook adds fields to the form \'feature value\'', 1),
(91, 'displayFeatureValuePostProcess', 'On post-process in admin feature value', 'This hook is called on post-process in admin feature value', 1),
(92, 'actionFeatureValueDelete', 'Deleting attributes\' features\' values', 'This hook is called while deleting an attributes features value', 1),
(93, 'actionFeatureValueSave', 'Saving an attributes features value', 'This hook is called while saving an attributes features value', 1),
(94, 'displayAttributeForm', 'Add fields to the form \'attribute value\'', 'This hook adds fields to the form \'attribute value\'', 1),
(95, 'actionAttributePostProcess', 'On post-process in admin feature value', 'This hook is called on post-process in admin feature value', 1),
(96, 'actionAttributeDelete', 'Deleting an attributes features value', 'This hook is called while deleting an attributes features value', 1),
(97, 'actionAttributeSave', 'Saving an attributes features value', 'This hook is called while saving an attributes features value', 1),
(98, 'actionTaxManager', 'Tax Manager Factory', '', 1),
(99, 'displayMyAccountBlock', 'My account block', 'This hook displays extra information within the \'my account\' block\"', 1),
(100, 'actionModuleInstallBefore', 'actionModuleInstallBefore', '', 1),
(101, 'actionModuleInstallAfter', 'actionModuleInstallAfter', '', 1),
(102, 'displayTopColumn', 'Top column blocks', 'This hook displays new elements in the top of columns', 1),
(103, 'displayBackOfficeCategory', 'Display new elements in the Back Office, tab AdminCategories', 'This hook launches modules when the AdminCategories tab is displayed in the Back Office', 1),
(104, 'displayProductListFunctionalButtons', 'Display new elements in the Front Office, products list', 'This hook launches modules when the products list is displayed in the Front Office', 1),
(105, 'displayNav', 'Navigation', '', 1),
(106, 'displayOverrideTemplate', 'Change the default template of current controller', '', 1),
(107, 'actionAdminLoginControllerSetMedia', 'Set media on admin login page header', 'This hook is called after adding media to admin login page header', 1),
(108, 'actionOrderEdited', 'Order edited', 'This hook is called when an order is edited', 1),
(109, 'actionEmailAddBeforeContent', 'Add extra content before mail content', 'This hook is called just before fetching mail template', 1),
(110, 'actionEmailAddAfterContent', 'Add extra content after mail content', 'This hook is called just after fetching mail template', 1),
(111, 'sendMailAlterTemplateVars', 'Alter template vars on the fly', 'This hook is called when Mail::send() is called', 1),
(112, 'displayCartExtraProductActions', 'Extra buttons in shopping cart', 'This hook adds extra buttons to the product lines, in the shopping cart', 1),
(113, 'displayPaymentByBinaries', 'Payment form generated by binaries', 'This hook displays form generated by binaries during the checkout', 1),
(114, 'additionalCustomerFormFields', 'Add fields to the Customer form', 'This hook returns an array of FormFields to add them to the customer registration form', 1),
(115, 'additionalCustomerAddressFields', 'Add fields to the Customer address form', 'This hook returns an array of FormFields to add them to the customer address registration form', 1),
(116, 'addWebserviceResources', 'Add extra webservice resource', 'This hook is called when webservice resources list in webservice controller', 1),
(117, 'displayCustomerLoginFormAfter', 'Display elements after login form', 'This hook displays new elements after the login form', 1),
(118, 'actionClearCache', 'Clear smarty cache', 'This hook is called when smarty\'s cache is cleared', 1),
(119, 'actionClearCompileCache', 'Clear smarty compile cache', 'This hook is called when smarty\'s compile cache is cleared', 1),
(120, 'actionClearSf2Cache', 'Clear Sf2 cache', 'This hook is called when the Symfony cache is cleared', 1),
(121, 'actionValidateCustomerAddressForm', 'Customer address form validation', 'This hook is called when a customer submit its address form', 1),
(122, 'displayCarrierExtraContent', 'Display additional content for a carrier (e.g pickup points)', 'This hook calls only the module related to the carrier, in order to add options when needed', 1),
(123, 'validateCustomerFormFields', 'Customer registration form validation', 'This hook is called to a module when it has sent additional fields with additionalCustomerFormFields', 1),
(124, 'displayProductExtraContent', 'Display extra content on the product page', 'This hook expects ProductExtraContent instances, which will be properly displayed by the template on the product page', 1),
(125, 'filterCmsContent', 'Filter the content page', 'This hook is called just before fetching content page', 1),
(126, 'filterCmsCategoryContent', 'Filter the content page category', 'This hook is called just before fetching content page category', 1),
(127, 'filterProductContent', 'Filter the content page product', 'This hook is called just before fetching content page product', 1),
(128, 'filterCategoryContent', 'Filter the content page category', 'This hook is called just before fetching content page category', 1),
(129, 'filterManufacturerContent', 'Filter the content page manufacturer', 'This hook is called just before fetching content page manufacturer', 1),
(130, 'filterSupplierContent', 'Filter the content page supplier', 'This hook is called just before fetching content page supplier', 1),
(131, 'filterHtmlContent', 'Filter HTML field before rending a page', 'This hook is called just before fetching a page on HTML field', 1),
(132, 'displayDashboardTop', 'Dashboard Top', 'Displays the content in the dashboard\'s top area', 1),
(133, 'actionUpdateLangAfter', 'Update \"lang\" tables', 'Update \"lang\" tables after adding or updating a language', 1),
(134, 'actionOutputHTMLBefore', 'Before HTML output', 'This hook is used to filter the whole HTML page before it is rendered (only front)', 1),
(135, 'displayAfterProductThumbs', 'Display extra content below product thumbs', 'This hook displays new elements below product images ex. additional media', 1),
(136, 'actionDispatcherBefore', 'Before dispatch', 'This hook is called at the beginning of the dispatch method of the Dispatcher', 1),
(137, 'actionDispatcherAfter', 'After dispatch', 'This hook is called at the end of the dispatch method of the Dispatcher', 1),
(138, 'filterProductSearch', 'Filter search products result', 'This hook is called in order to allow to modify search product result', 1),
(139, 'actionProductSearchAfter', 'Event triggered after search product completed', 'This hook is called after the product search. Parameters are already filter', 1),
(140, 'actionEmailSendBefore', 'Before sending an email', 'This hook is used to filter the content or the metadata of an email before sending it or even prevent its sending', 1),
(141, 'displayAdminProductsMainStepLeftColumnMiddle', 'Display new elements in back office product page, left column of', 'This hook launches modules when the back office product page is displayed', 1),
(142, 'displayAdminProductsMainStepLeftColumnBottom', 'Display new elements in back office product page, left column of', 'This hook launches modules when the back office product page is displayed', 1),
(143, 'displayAdminProductsMainStepRightColumnBottom', 'Display new elements in back office product page, right column o', 'This hook launches modules when the back office product page is displayed', 1),
(144, 'displayAdminProductsQuantitiesStepBottom', 'Display new elements in back office product page, Quantities/Com', 'This hook launches modules when the back office product page is displayed', 1),
(145, 'displayAdminProductsPriceStepBottom', 'Display new elements in back office product page, Price tab', 'This hook launches modules when the back office product page is displayed', 1),
(146, 'displayAdminProductsOptionsStepTop', 'Display new elements in back office product page, Options tab', 'This hook launches modules when the back office product page is displayed', 1),
(147, 'displayAdminProductsOptionsStepBottom', 'Display new elements in back office product page, Options tab', 'This hook launches modules when the back office product page is displayed', 1),
(148, 'displayAdminProductsSeoStepBottom', 'Display new elements in back office product page, SEO tab', 'This hook launches modules when the back office product page is displayed', 1),
(149, 'displayAdminProductsShippingStepBottom', 'Display new elements in back office product page, Shipping tab', 'This hook launches modules when the back office product page is displayed', 1),
(150, 'displayAdminProductsCombinationBottom', 'Display new elements in back office product page, Combination ta', 'This hook launches modules when the back office product page is displayed', 1),
(151, 'displayDashboardToolbarTopMenu', 'Display new elements in back office page with a dashboard, on to', 'This hook launches modules when a page with a dashboard is displayed', 1),
(152, 'displayDashboardToolbarIcons', 'Display new elements in back office page with dashboard, on icon', 'This hook launches modules when the back office with dashboard is displayed', 1),
(153, 'actionBuildFrontEndObject', 'Manage elements added to the \"prestashop\" javascript object', 'This hook allows you to customize the \"prestashop\" javascript object that is included in all front office pages', 1),
(154, 'actionFrontControllerAfterInit', 'Perform actions after front office controller initialization', 'This hook is launched after the initialization of all front office controllers', 1),
(155, 'actionAdministrationPageForm', 'Manage Administration Page form fields', 'This hook adds, update or remove fields of the Administration Page form', 1),
(156, 'actionAdministrationPageFormSave', 'Processing Administration page form', 'This hook is called when the Administration Page form is processed', 1),
(157, 'actionPerformancePageForm', 'Manage Performance Page form fields', 'This hook adds, update or remove fields of the Performance Page form', 1),
(158, 'actionPerformancePageFormSave', 'Processing Performance page form', 'This hook is called when the Performance Page form is processed', 1),
(159, 'actionMaintenancePageForm', 'Manage Maintenance Page form fields', 'This hook adds, update or remove fields of the Maintenance Page form', 1),
(160, 'actionMaintenancePageFormSave', 'Processing Maintenance page form', 'This hook is called when the Maintenance Page form is processed', 1),
(161, 'actionWebserviceKeyGridPresenterModifier', 'Modify Webservice grid view data', 'This hook allows to alter presented Webservice grid data', 1),
(162, 'actionWebserviceKeyGridDefinitionModifier', 'Modifying Webservice grid definition', 'This hook allows to alter Webservice grid columns, actions and filters', 1),
(163, 'actionWebserviceKeyGridQueryBuilderModifier', 'Modify Webservice grid query builder', 'This hook allows to alter Doctrine query builder for Webservice grid', 1),
(164, 'actionWebserviceKeyGridFilterFormModifier', 'Modify filters form for Webservice grid', 'This hook allows to alter filters form used in Webservice', 1),
(165, 'actionSqlRequestGridPresenterModifier', 'Modify SQL Manager grid view data', 'This hook allows to alter presented SQL Manager grid data', 1),
(166, 'actionSqlRequestGridDefinitionModifier', 'Modifying SQL Manager grid definition', 'This hook allows to alter SQL Manager grid columns, actions and filters', 1),
(167, 'actionSqlRequestGridQueryBuilderModifier', 'Modify SQL Manager grid query builder', 'This hook allows to alter Doctrine query builder for SQL Manager grid', 1),
(168, 'actionSqlRequestGridFilterFormModifier', 'Modify filters form for SQL Manager grid', 'This hook allows to alter filters form used in SQL Manager', 1),
(169, 'actionMetaGridPresenterModifier', 'Modify SEO and URLs grid view data', 'This hook allows to alter presented SEO and URLs grid data', 1),
(170, 'actionMetaGridDefinitionModifier', 'Modifying SEO and URLs grid definition', 'This hook allows to alter SEO and URLs grid columns, actions and filters', 1),
(171, 'actionMetaGridQueryBuilderModifier', 'Modify SEO and URLs grid query builder', 'This hook allows to alter Doctrine query builder for SEO and URLs grid', 1),
(172, 'actionMetaGridFilterFormModifier', 'Modify filters form for SEO and URLs grid', 'This hook allows to alter filters form used in SEO and URLs', 1),
(173, 'actionLogsGridPresenterModifier', 'Modify Logs grid view data', 'This hook allows to alter presented Logs grid data', 1),
(174, 'actionLogsGridDefinitionModifier', 'Modifying Logs grid definition', 'This hook allows to alter Logs grid columns, actions and filters', 1),
(175, 'actionLogsGridQueryBuilderModifier', 'Modify Logs grid query builder', 'This hook allows to alter Doctrine query builder for Logs grid', 1),
(176, 'actionLogsGridFilterFormModifier', 'Modify filters form for Logs grid', 'This hook allows to alter filters form used in Logs', 1),
(177, 'actionEmailLogsGridPresenterModifier', 'Modify E-mail grid view data', 'This hook allows to alter presented E-mail grid data', 1),
(178, 'actionEmailLogsGridDefinitionModifier', 'Modifying E-mail grid definition', 'This hook allows to alter E-mail grid columns, actions and filters', 1),
(179, 'actionEmailLogsGridQueryBuilderModifier', 'Modify E-mail grid query builder', 'This hook allows to alter Doctrine query builder for E-mail grid', 1),
(180, 'actionEmailLogsGridFilterFormModifier', 'Modify filters form for E-mail grid', 'This hook allows to alter filters form used in E-mail', 1),
(181, 'actionBackupGridPresenterModifier', 'Modify DB Backup grid view data', 'This hook allows to alter presented DB Backup grid data', 1),
(182, 'actionBackupGridDefinitionModifier', 'Modifying DB Backup grid definition', 'This hook allows to alter DB Backup grid columns, actions and filters', 1),
(183, 'actionBackupGridFilterFormModifier', 'Modify filters form for DB Backup grid', 'This hook allows to alter filters form used in DB Backup', 1),
(184, 'actionProductFlagsModifier', 'Customize product labels displayed on the product list on FO', 'This hook allows to add and remove product labels displayed on top of product images', 1),
(185, 'actionListMailThemes', 'List the available email themes and layouts', 'This hook allows to add/remove available email themes (ThemeInterface) and/or to add/remove their layouts (LayoutInterface)', 1),
(186, 'actionGetMailThemeFolder', 'Define the folder of an email theme', 'This hook allows to change the folder of an email theme (useful if you theme is in a module for example)', 1),
(187, 'actionBuildMailLayoutVariables', 'Build the variables used in email layout rendering', 'This hook allows to change the variables used when an email layout is rendered', 1),
(188, 'actionGetMailLayoutTransformations', 'Define the transformation to apply on layout', 'This hook allows to add/remove TransformationInterface used to generate an email layout', 1),
(189, 'displayProductActions', 'Display additional action button on the product page', 'This hook allow additional actions to be triggered, near the add to cart button.', 1),
(190, 'displayPersonalInformationTop', 'Content in the checkout funnel, on top of the personal informati', 'Display actions or additional content in the personal details tab of the checkout funnel.', 1),
(191, 'actionSqlRequestFormBuilderModifier', 'Modify sql request identifiable object form', 'This hook allows to modify sql request identifiable object forms content by modifying form\n          builder data or FormBuilder itself\n      ', 1),
(192, 'actionCustomerFormBuilderModifier', 'Modify customer identifiable object form', 'This hook allows to modify customer identifiable object forms content by modifying form builder\n          data or FormBuilder itself\n      ', 1),
(193, 'actionLanguageFormBuilderModifier', 'Modify language identifiable object form', 'This hook allows to modify language identifiable object forms content by modifying form builder\n          data or FormBuilder itself\n      ', 1),
(194, 'actionCurrencyFormBuilderModifier', 'Modify currency identifiable object form', 'This hook allows to modify currency identifiable object forms content by modifying form builder\n          data or FormBuilder itself\n      ', 1),
(195, 'actionWebserviceKeyFormBuilderModifier', 'Modify webservice key identifiable object form', 'This hook allows to modify webservice key identifiable object forms content by modifying form\n          builder data or FormBuilder itself\n      ', 1),
(196, 'actionMetaFormBuilderModifier', 'Modify meta identifiable object form', 'This hook allows to modify meta identifiable object forms content by modifying form builder\n          data or FormBuilder itself\n      ', 1),
(197, 'actionCategoryFormBuilderModifier', 'Modify category identifiable object form', 'This hook allows to modify category identifiable object forms content by modifying form builder\n          data or FormBuilder itself\n      ', 1),
(198, 'actionRootCategoryFormBuilderModifier', 'Modify root category identifiable object form', 'This hook allows to modify root category identifiable object forms content by modifying form\n          builder data or FormBuilder itself\n      ', 1),
(199, 'actionContactFormBuilderModifier', 'Modify contact identifiable object form', 'This hook allows to modify contact identifiable object forms content by modifying form builder\n          data or FormBuilder itself\n      ', 1),
(200, 'actionCmsPageCategoryFormBuilderModifier', 'Modify cms page category identifiable object form', 'This hook allows to modify cms page category identifiable object forms content by modifying\n          form builder data or FormBuilder itself\n      ', 1),
(201, 'actionTaxFormBuilderModifier', 'Modify tax identifiable object form', 'This hook allows to modify tax identifiable object forms content by modifying form builder data\n          or FormBuilder itself\n      ', 1),
(202, 'actionManufacturerFormBuilderModifier', 'Modify manufacturer identifiable object form', 'This hook allows to modify manufacturer identifiable object forms content by modifying form\n          builder data or FormBuilder itself\n      ', 1),
(203, 'actionEmployeeFormBuilderModifier', 'Modify employee identifiable object form', 'This hook allows to modify employee identifiable object forms content by modifying form builder\n          data or FormBuilder itself\n      ', 1),
(204, 'actionProfileFormBuilderModifier', 'Modify profile identifiable object form', 'This hook allows to modify profile identifiable object forms content by modifying form builder\n          data or FormBuilder itself\n      ', 1),
(205, 'actionCmsPageFormBuilderModifier', 'Modify cms page identifiable object form', 'This hook allows to modify cms page identifiable object forms content by modifying form builder\n          data or FormBuilder itself\n      ', 1),
(206, 'actionManufacturerAddressFormBuilderModifier', 'Modify manufacturer address identifiable object form', 'This hook allows to modify manufacturer address identifiable object forms content by modifying\n          form builder data or FormBuilder itself\n      ', 1),
(207, 'actionBeforeUpdateSqlRequestFormHandler', 'Modify sql request identifiable object data before updating it', 'This hook allows to modify sql request identifiable object forms data before it was updated\n      ', 1),
(208, 'actionBeforeUpdateCustomerFormHandler', 'Modify customer identifiable object data before updating it', 'This hook allows to modify customer identifiable object forms data before it was updated\n      ', 1),
(209, 'actionBeforeUpdateLanguageFormHandler', 'Modify language identifiable object data before updating it', 'This hook allows to modify language identifiable object forms data before it was updated\n      ', 1),
(210, 'actionBeforeUpdateCurrencyFormHandler', 'Modify currency identifiable object data before updating it', 'This hook allows to modify currency identifiable object forms data before it was updated\n      ', 1),
(211, 'actionBeforeUpdateWebserviceKeyFormHandler', 'Modify webservice key identifiable object data before updating i', 'This hook allows to modify webservice key identifiable object forms data before it was\n          updated\n      ', 1),
(212, 'actionBeforeUpdateMetaFormHandler', 'Modify meta identifiable object data before updating it', 'This hook allows to modify meta identifiable object forms data before it was updated\n      ', 1),
(213, 'actionBeforeUpdateCategoryFormHandler', 'Modify category identifiable object data before updating it', 'This hook allows to modify category identifiable object forms data before it was updated\n      ', 1),
(214, 'actionBeforeUpdateRootCategoryFormHandler', 'Modify root category identifiable object data before updating it', 'This hook allows to modify root category identifiable object forms data before it was updated\n      ', 1),
(215, 'actionBeforeUpdateContactFormHandler', 'Modify contact identifiable object data before updating it', 'This hook allows to modify contact identifiable object forms data before it was updated\n      ', 1),
(216, 'actionBeforeUpdateCmsPageCategoryFormHandler', 'Modify cms page category identifiable object data before updatin', 'This hook allows to modify cms page category identifiable object forms data before it was\n          updated\n      ', 1),
(217, 'actionBeforeUpdateTaxFormHandler', 'Modify tax identifiable object data before updating it', 'This hook allows to modify tax identifiable object forms data before it was updated\n      ', 1),
(218, 'actionBeforeUpdateManufacturerFormHandler', 'Modify manufacturer identifiable object data before updating it', 'This hook allows to modify manufacturer identifiable object forms data before it was updated\n      ', 1),
(219, 'actionBeforeUpdateEmployeeFormHandler', 'Modify employee identifiable object data before updating it', 'This hook allows to modify employee identifiable object forms data before it was updated\n      ', 1),
(220, 'actionBeforeUpdateProfileFormHandler', 'Modify profile identifiable object data before updating it', 'This hook allows to modify profile identifiable object forms data before it was updated\n      ', 1),
(221, 'actionBeforeUpdateCmsPageFormHandler', 'Modify cms page identifiable object data before updating it', 'This hook allows to modify cms page identifiable object forms data before it was updated\n      ', 1),
(222, 'actionBeforeUpdateManufacturerAddressFormHandler', 'Modify manufacturer address identifiable object data before upda', 'This hook allows to modify manufacturer address identifiable object forms data before it was\n          updated\n      ', 1),
(223, 'actionAfterUpdateSqlRequestFormHandler', 'Modify sql request identifiable object data after updating it', 'This hook allows to modify sql request identifiable object forms data after it was updated\n      ', 1),
(224, 'actionAfterUpdateCustomerFormHandler', 'Modify customer identifiable object data after updating it', 'This hook allows to modify customer identifiable object forms data after it was updated\n      ', 1),
(225, 'actionAfterUpdateLanguageFormHandler', 'Modify language identifiable object data after updating it', 'This hook allows to modify language identifiable object forms data after it was updated\n      ', 1),
(226, 'actionAfterUpdateCurrencyFormHandler', 'Modify currency identifiable object data after updating it', 'This hook allows to modify currency identifiable object forms data after it was updated\n      ', 1),
(227, 'actionAfterUpdateWebserviceKeyFormHandler', 'Modify webservice key identifiable object data after updating it', 'This hook allows to modify webservice key identifiable object forms data after it was updated\n      ', 1),
(228, 'actionAfterUpdateMetaFormHandler', 'Modify meta identifiable object data after updating it', 'This hook allows to modify meta identifiable object forms data after it was updated\n      ', 1),
(229, 'actionAfterUpdateCategoryFormHandler', 'Modify category identifiable object data after updating it', 'This hook allows to modify category identifiable object forms data after it was updated\n      ', 1),
(230, 'actionAfterUpdateRootCategoryFormHandler', 'Modify root category identifiable object data after updating it', 'This hook allows to modify root category identifiable object forms data after it was updated\n      ', 1),
(231, 'actionAfterUpdateContactFormHandler', 'Modify contact identifiable object data after updating it', 'This hook allows to modify contact identifiable object forms data after it was updated\n      ', 1),
(232, 'actionAfterUpdateCmsPageCategoryFormHandler', 'Modify cms page category identifiable object data after updating', 'This hook allows to modify cms page category identifiable object forms data after it was\n          updated\n      ', 1),
(233, 'actionAfterUpdateTaxFormHandler', 'Modify tax identifiable object data after updating it', 'This hook allows to modify tax identifiable object forms data after it was updated\n      ', 1),
(234, 'actionAfterUpdateManufacturerFormHandler', 'Modify manufacturer identifiable object data after updating it', 'This hook allows to modify manufacturer identifiable object forms data after it was updated\n      ', 1),
(235, 'actionAfterUpdateEmployeeFormHandler', 'Modify employee identifiable object data after updating it', 'This hook allows to modify employee identifiable object forms data after it was updated\n      ', 1),
(236, 'actionAfterUpdateProfileFormHandler', 'Modify profile identifiable object data after updating it', 'This hook allows to modify profile identifiable object forms data after it was updated\n      ', 1),
(237, 'actionAfterUpdateCmsPageFormHandler', 'Modify cms page identifiable object data after updating it', 'This hook allows to modify cms page identifiable object forms data after it was updated\n      ', 1),
(238, 'actionAfterUpdateManufacturerAddressFormHandler', 'Modify manufacturer address identifiable object data after updat', 'This hook allows to modify manufacturer address identifiable object forms data after it was\n          updated\n      ', 1),
(239, 'actionBeforeCreateSqlRequestFormHandler', 'Modify sql request identifiable object data before creating it', 'This hook allows to modify sql request identifiable object forms data before it was created\n      ', 1),
(240, 'actionBeforeCreateCustomerFormHandler', 'Modify customer identifiable object data before creating it', 'This hook allows to modify customer identifiable object forms data before it was created\n      ', 1),
(241, 'actionBeforeCreateLanguageFormHandler', 'Modify language identifiable object data before creating it', 'This hook allows to modify language identifiable object forms data before it was created\n      ', 1),
(242, 'actionBeforeCreateCurrencyFormHandler', 'Modify currency identifiable object data before creating it', 'This hook allows to modify currency identifiable object forms data before it was created\n      ', 1),
(243, 'actionBeforeCreateWebserviceKeyFormHandler', 'Modify webservice key identifiable object data before creating i', 'This hook allows to modify webservice key identifiable object forms data before it was\n          created\n      ', 1),
(244, 'actionBeforeCreateMetaFormHandler', 'Modify meta identifiable object data before creating it', 'This hook allows to modify meta identifiable object forms data before it was created\n      ', 1),
(245, 'actionBeforeCreateCategoryFormHandler', 'Modify category identifiable object data before creating it', 'This hook allows to modify category identifiable object forms data before it was created\n      ', 1),
(246, 'actionBeforeCreateRootCategoryFormHandler', 'Modify root category identifiable object data before creating it', 'This hook allows to modify root category identifiable object forms data before it was created\n      ', 1),
(247, 'actionBeforeCreateContactFormHandler', 'Modify contact identifiable object data before creating it', 'This hook allows to modify contact identifiable object forms data before it was created\n      ', 1),
(248, 'actionBeforeCreateCmsPageCategoryFormHandler', 'Modify cms page category identifiable object data before creatin', 'This hook allows to modify cms page category identifiable object forms data before it was\n          created\n      ', 1),
(249, 'actionBeforeCreateTaxFormHandler', 'Modify tax identifiable object data before creating it', 'This hook allows to modify tax identifiable object forms data before it was created\n      ', 1),
(250, 'actionBeforeCreateManufacturerFormHandler', 'Modify manufacturer identifiable object data before creating it', 'This hook allows to modify manufacturer identifiable object forms data before it was created\n      ', 1),
(251, 'actionBeforeCreateEmployeeFormHandler', 'Modify employee identifiable object data before creating it', 'This hook allows to modify employee identifiable object forms data before it was created\n      ', 1),
(252, 'actionBeforeCreateProfileFormHandler', 'Modify profile identifiable object data before creating it', 'This hook allows to modify profile identifiable object forms data before it was created\n      ', 1),
(253, 'actionBeforeCreateCmsPageFormHandler', 'Modify cms page identifiable object data before creating it', 'This hook allows to modify cms page identifiable object forms data before it was created\n      ', 1),
(254, 'actionBeforeCreateManufacturerAddressFormHandler', 'Modify manufacturer address identifiable object data before crea', 'This hook allows to modify manufacturer address identifiable object forms data before it was\n          created\n      ', 1),
(255, 'actionAfterCreateSqlRequestFormHandler', 'Modify sql request identifiable object data after creating it', 'This hook allows to modify sql request identifiable object forms data after it was created\n      ', 1),
(256, 'actionAfterCreateCustomerFormHandler', 'Modify customer identifiable object data after creating it', 'This hook allows to modify customer identifiable object forms data after it was created\n      ', 1),
(257, 'actionAfterCreateLanguageFormHandler', 'Modify language identifiable object data after creating it', 'This hook allows to modify language identifiable object forms data after it was created\n      ', 1),
(258, 'actionAfterCreateCurrencyFormHandler', 'Modify currency identifiable object data after creating it', 'This hook allows to modify currency identifiable object forms data after it was created\n      ', 1),
(259, 'actionAfterCreateWebserviceKeyFormHandler', 'Modify webservice key identifiable object data after creating it', 'This hook allows to modify webservice key identifiable object forms data after it was created\n      ', 1),
(260, 'actionAfterCreateMetaFormHandler', 'Modify meta identifiable object data after creating it', 'This hook allows to modify meta identifiable object forms data after it was created\n      ', 1),
(261, 'actionAfterCreateCategoryFormHandler', 'Modify category identifiable object data after creating it', 'This hook allows to modify category identifiable object forms data after it was created\n      ', 1),
(262, 'actionAfterCreateRootCategoryFormHandler', 'Modify root category identifiable object data after creating it', 'This hook allows to modify root category identifiable object forms data after it was created\n      ', 1),
(263, 'actionAfterCreateContactFormHandler', 'Modify contact identifiable object data after creating it', 'This hook allows to modify contact identifiable object forms data after it was created\n      ', 1),
(264, 'actionAfterCreateCmsPageCategoryFormHandler', 'Modify cms page category identifiable object data after creating', 'This hook allows to modify cms page category identifiable object forms data after it was\n          created\n      ', 1),
(265, 'actionAfterCreateTaxFormHandler', 'Modify tax identifiable object data after creating it', 'This hook allows to modify tax identifiable object forms data after it was created\n      ', 1),
(266, 'actionAfterCreateManufacturerFormHandler', 'Modify manufacturer identifiable object data after creating it', 'This hook allows to modify manufacturer identifiable object forms data after it was created\n      ', 1),
(267, 'actionAfterCreateEmployeeFormHandler', 'Modify employee identifiable object data after creating it', 'This hook allows to modify employee identifiable object forms data after it was created\n      ', 1),
(268, 'actionAfterCreateProfileFormHandler', 'Modify profile identifiable object data after creating it', 'This hook allows to modify profile identifiable object forms data after it was created\n      ', 1),
(269, 'actionAfterCreateCmsPageFormHandler', 'Modify cms page identifiable object data after creating it', 'This hook allows to modify cms page identifiable object forms data after it was created\n      ', 1),
(270, 'actionAfterCreateManufacturerAddressFormHandler', 'Modify manufacturer address identifiable object data after creat', 'This hook allows to modify manufacturer address identifiable object forms data after it was\n          created\n      ', 1),
(271, 'actionShippingPreferencesPageForm', 'Modify shipping preferences page options form content', 'This hook allows to modify shipping preferences page options form FormBuilder', 1),
(272, 'actionOrdersInvoicesByDateForm', 'Modify orders invoices by date options form content', 'This hook allows to modify orders invoices by date options form FormBuilder', 1),
(273, 'actionOrdersInvoicesByStatusForm', 'Modify orders invoices by status options form content', 'This hook allows to modify orders invoices by status options form FormBuilder', 1),
(274, 'actionOrdersInvoicesOptionsForm', 'Modify orders invoices options options form content', 'This hook allows to modify orders invoices options options form FormBuilder', 1),
(275, 'actionCustomerPreferencesPageForm', 'Modify customer preferences page options form content', 'This hook allows to modify customer preferences page options form FormBuilder', 1),
(276, 'actionOrderPreferencesPageForm', 'Modify order preferences page options form content', 'This hook allows to modify order preferences page options form FormBuilder', 1),
(277, 'actionProductPreferencesPageForm', 'Modify product preferences page options form content', 'This hook allows to modify product preferences page options form FormBuilder', 1),
(278, 'actionGeneralPageForm', 'Modify general page options form content', 'This hook allows to modify general page options form FormBuilder', 1),
(279, 'actionLogsPageForm', 'Modify logs page options form content', 'This hook allows to modify logs page options form FormBuilder', 1),
(280, 'actionOrderDeliverySlipOptionsForm', 'Modify order delivery slip options options form content', 'This hook allows to modify order delivery slip options options form FormBuilder', 1),
(281, 'actionOrderDeliverySlipPdfForm', 'Modify order delivery slip pdf options form content', 'This hook allows to modify order delivery slip pdf options form FormBuilder', 1),
(282, 'actionGeolocationPageForm', 'Modify geolocation page options form content', 'This hook allows to modify geolocation page options form FormBuilder', 1),
(283, 'actionLocalizationPageForm', 'Modify localization page options form content', 'This hook allows to modify localization page options form FormBuilder', 1),
(284, 'actionPaymentPreferencesForm', 'Modify payment preferences options form content', 'This hook allows to modify payment preferences options form FormBuilder', 1),
(285, 'actionEmailConfigurationForm', 'Modify email configuration options form content', 'This hook allows to modify email configuration options form FormBuilder', 1),
(286, 'actionRequestSqlForm', 'Modify request sql options form content', 'This hook allows to modify request sql options form FormBuilder', 1),
(287, 'actionBackupForm', 'Modify backup options form content', 'This hook allows to modify backup options form FormBuilder', 1),
(288, 'actionWebservicePageForm', 'Modify webservice page options form content', 'This hook allows to modify webservice page options form FormBuilder', 1),
(289, 'actionMetaPageForm', 'Modify meta page options form content', 'This hook allows to modify meta page options form FormBuilder', 1),
(290, 'actionEmployeeForm', 'Modify employee options form content', 'This hook allows to modify employee options form FormBuilder', 1),
(291, 'actionCurrencyForm', 'Modify currency options form content', 'This hook allows to modify currency options form FormBuilder', 1),
(292, 'actionShopLogoForm', 'Modify shop logo options form content', 'This hook allows to modify shop logo options form FormBuilder', 1),
(293, 'actionTaxForm', 'Modify tax options form content', 'This hook allows to modify tax options form FormBuilder', 1),
(294, 'actionMailThemeForm', 'Modify mail theme options form content', 'This hook allows to modify mail theme options form FormBuilder', 1),
(295, 'actionPerformancePageSave', 'Modify performance page options form saved data', 'This hook allows to modify data of performance page options form after it was saved\n      ', 1),
(296, 'actionMaintenancePageSave', 'Modify maintenance page options form saved data', 'This hook allows to modify data of maintenance page options form after it was saved\n      ', 1),
(297, 'actionAdministrationPageSave', 'Modify administration page options form saved data', 'This hook allows to modify data of administration page options form after it was saved\n      ', 1),
(298, 'actionShippingPreferencesPageSave', 'Modify shipping preferences page options form saved data', 'This hook allows to modify data of shipping preferences page options form after it was saved\n      ', 1),
(299, 'actionOrdersInvoicesByDateSave', 'Modify orders invoices by date options form saved data', 'This hook allows to modify data of orders invoices by date options form after it was saved\n      ', 1),
(300, 'actionOrdersInvoicesByStatusSave', 'Modify orders invoices by status options form saved data', 'This hook allows to modify data of orders invoices by status options form after it was saved\n      ', 1),
(301, 'actionOrdersInvoicesOptionsSave', 'Modify orders invoices options options form saved data', 'This hook allows to modify data of orders invoices options options form after it was saved\n      ', 1),
(302, 'actionCustomerPreferencesPageSave', 'Modify customer preferences page options form saved data', 'This hook allows to modify data of customer preferences page options form after it was saved\n      ', 1),
(303, 'actionOrderPreferencesPageSave', 'Modify order preferences page options form saved data', 'This hook allows to modify data of order preferences page options form after it was saved\n      ', 1),
(304, 'actionProductPreferencesPageSave', 'Modify product preferences page options form saved data', 'This hook allows to modify data of product preferences page options form after it was saved\n      ', 1);
INSERT INTO `ps_hook` (`id_hook`, `name`, `title`, `description`, `position`) VALUES
(305, 'actionGeneralPageSave', 'Modify general page options form saved data', 'This hook allows to modify data of general page options form after it was saved', 1),
(306, 'actionLogsPageSave', 'Modify logs page options form saved data', 'This hook allows to modify data of logs page options form after it was saved', 1),
(307, 'actionOrderDeliverySlipOptionsSave', 'Modify order delivery slip options options form saved data', 'This hook allows to modify data of order delivery slip options options form after it was\n          saved\n      ', 1),
(308, 'actionOrderDeliverySlipPdfSave', 'Modify order delivery slip pdf options form saved data', 'This hook allows to modify data of order delivery slip pdf options form after it was saved\n      ', 1),
(309, 'actionGeolocationPageSave', 'Modify geolocation page options form saved data', 'This hook allows to modify data of geolocation page options form after it was saved\n      ', 1),
(310, 'actionLocalizationPageSave', 'Modify localization page options form saved data', 'This hook allows to modify data of localization page options form after it was saved\n      ', 1),
(311, 'actionPaymentPreferencesSave', 'Modify payment preferences options form saved data', 'This hook allows to modify data of payment preferences options form after it was saved\n      ', 1),
(312, 'actionEmailConfigurationSave', 'Modify email configuration options form saved data', 'This hook allows to modify data of email configuration options form after it was saved\n      ', 1),
(313, 'actionRequestSqlSave', 'Modify request sql options form saved data', 'This hook allows to modify data of request sql options form after it was saved', 1),
(314, 'actionBackupSave', 'Modify backup options form saved data', 'This hook allows to modify data of backup options form after it was saved', 1),
(315, 'actionWebservicePageSave', 'Modify webservice page options form saved data', 'This hook allows to modify data of webservice page options form after it was saved\n      ', 1),
(316, 'actionMetaPageSave', 'Modify meta page options form saved data', 'This hook allows to modify data of meta page options form after it was saved', 1),
(317, 'actionEmployeeSave', 'Modify employee options form saved data', 'This hook allows to modify data of employee options form after it was saved', 1),
(318, 'actionCurrencySave', 'Modify currency options form saved data', 'This hook allows to modify data of currency options form after it was saved', 1),
(319, 'actionShopLogoSave', 'Modify shop logo options form saved data', 'This hook allows to modify data of shop logo options form after it was saved', 1),
(320, 'actionTaxSave', 'Modify tax options form saved data', 'This hook allows to modify data of tax options form after it was saved', 1),
(321, 'actionMailThemeSave', 'Modify mail theme options form saved data', 'This hook allows to modify data of mail theme options form after it was saved', 1),
(322, 'actionCategoryGridDefinitionModifier', 'Modify category grid definition', 'This hook allows to alter category grid columns, actions and filters', 1),
(323, 'actionEmployeeGridDefinitionModifier', 'Modify employee grid definition', 'This hook allows to alter employee grid columns, actions and filters', 1),
(324, 'actionContactGridDefinitionModifier', 'Modify contact grid definition', 'This hook allows to alter contact grid columns, actions and filters', 1),
(325, 'actionCustomerGridDefinitionModifier', 'Modify customer grid definition', 'This hook allows to alter customer grid columns, actions and filters', 1),
(326, 'actionLanguageGridDefinitionModifier', 'Modify language grid definition', 'This hook allows to alter language grid columns, actions and filters', 1),
(327, 'actionCurrencyGridDefinitionModifier', 'Modify currency grid definition', 'This hook allows to alter currency grid columns, actions and filters', 1),
(328, 'actionSupplierGridDefinitionModifier', 'Modify supplier grid definition', 'This hook allows to alter supplier grid columns, actions and filters', 1),
(329, 'actionProfileGridDefinitionModifier', 'Modify profile grid definition', 'This hook allows to alter profile grid columns, actions and filters', 1),
(330, 'actionCmsPageCategoryGridDefinitionModifier', 'Modify cms page category grid definition', 'This hook allows to alter cms page category grid columns, actions and filters', 1),
(331, 'actionTaxGridDefinitionModifier', 'Modify tax grid definition', 'This hook allows to alter tax grid columns, actions and filters', 1),
(332, 'actionManufacturerGridDefinitionModifier', 'Modify manufacturer grid definition', 'This hook allows to alter manufacturer grid columns, actions and filters', 1),
(333, 'actionManufacturerAddressGridDefinitionModifier', 'Modify manufacturer address grid definition', 'This hook allows to alter manufacturer address grid columns, actions and filters', 1),
(334, 'actionCmsPageGridDefinitionModifier', 'Modify cms page grid definition', 'This hook allows to alter cms page grid columns, actions and filters', 1),
(335, 'actionBackupGridQueryBuilderModifier', 'Modify backup grid query builder', 'This hook allows to alter Doctrine query builder for backup grid', 1),
(336, 'actionCategoryGridQueryBuilderModifier', 'Modify category grid query builder', 'This hook allows to alter Doctrine query builder for category grid', 1),
(337, 'actionEmployeeGridQueryBuilderModifier', 'Modify employee grid query builder', 'This hook allows to alter Doctrine query builder for employee grid', 1),
(338, 'actionContactGridQueryBuilderModifier', 'Modify contact grid query builder', 'This hook allows to alter Doctrine query builder for contact grid', 1),
(339, 'actionCustomerGridQueryBuilderModifier', 'Modify customer grid query builder', 'This hook allows to alter Doctrine query builder for customer grid', 1),
(340, 'actionLanguageGridQueryBuilderModifier', 'Modify language grid query builder', 'This hook allows to alter Doctrine query builder for language grid', 1),
(341, 'actionCurrencyGridQueryBuilderModifier', 'Modify currency grid query builder', 'This hook allows to alter Doctrine query builder for currency grid', 1),
(342, 'actionSupplierGridQueryBuilderModifier', 'Modify supplier grid query builder', 'This hook allows to alter Doctrine query builder for supplier grid', 1),
(343, 'actionProfileGridQueryBuilderModifier', 'Modify profile grid query builder', 'This hook allows to alter Doctrine query builder for profile grid', 1),
(344, 'actionCmsPageCategoryGridQueryBuilderModifier', 'Modify cms page category grid query builder', 'This hook allows to alter Doctrine query builder for cms page category grid', 1),
(345, 'actionTaxGridQueryBuilderModifier', 'Modify tax grid query builder', 'This hook allows to alter Doctrine query builder for tax grid', 1),
(346, 'actionManufacturerGridQueryBuilderModifier', 'Modify manufacturer grid query builder', 'This hook allows to alter Doctrine query builder for manufacturer grid', 1),
(347, 'actionManufacturerAddressGridQueryBuilderModifier', 'Modify manufacturer address grid query builder', 'This hook allows to alter Doctrine query builder for manufacturer address grid', 1),
(348, 'actionCmsPageGridQueryBuilderModifier', 'Modify cms page grid query builder', 'This hook allows to alter Doctrine query builder for cms page grid', 1),
(349, 'actionLogsGridDataModifier', 'Modify logs grid data', 'This hook allows to modify logs grid data', 1),
(350, 'actionEmailLogsGridDataModifier', 'Modify email logs grid data', 'This hook allows to modify email logs grid data', 1),
(351, 'actionSqlRequestGridDataModifier', 'Modify sql request grid data', 'This hook allows to modify sql request grid data', 1),
(352, 'actionBackupGridDataModifier', 'Modify backup grid data', 'This hook allows to modify backup grid data', 1),
(353, 'actionWebserviceKeyGridDataModifier', 'Modify webservice key grid data', 'This hook allows to modify webservice key grid data', 1),
(354, 'actionMetaGridDataModifier', 'Modify meta grid data', 'This hook allows to modify meta grid data', 1),
(355, 'actionCategoryGridDataModifier', 'Modify category grid data', 'This hook allows to modify category grid data', 1),
(356, 'actionEmployeeGridDataModifier', 'Modify employee grid data', 'This hook allows to modify employee grid data', 1),
(357, 'actionContactGridDataModifier', 'Modify contact grid data', 'This hook allows to modify contact grid data', 1),
(358, 'actionCustomerGridDataModifier', 'Modify customer grid data', 'This hook allows to modify customer grid data', 1),
(359, 'actionLanguageGridDataModifier', 'Modify language grid data', 'This hook allows to modify language grid data', 1),
(360, 'actionCurrencyGridDataModifier', 'Modify currency grid data', 'This hook allows to modify currency grid data', 1),
(361, 'actionSupplierGridDataModifier', 'Modify supplier grid data', 'This hook allows to modify supplier grid data', 1),
(362, 'actionProfileGridDataModifier', 'Modify profile grid data', 'This hook allows to modify profile grid data', 1),
(363, 'actionCmsPageCategoryGridDataModifier', 'Modify cms page category grid data', 'This hook allows to modify cms page category grid data', 1),
(364, 'actionTaxGridDataModifier', 'Modify tax grid data', 'This hook allows to modify tax grid data', 1),
(365, 'actionManufacturerGridDataModifier', 'Modify manufacturer grid data', 'This hook allows to modify manufacturer grid data', 1),
(366, 'actionManufacturerAddressGridDataModifier', 'Modify manufacturer address grid data', 'This hook allows to modify manufacturer address grid data', 1),
(367, 'actionCmsPageGridDataModifier', 'Modify cms page grid data', 'This hook allows to modify cms page grid data', 1),
(368, 'actionCategoryGridFilterFormModifier', 'Modify category grid filters', 'This hook allows to modify filters for category grid', 1),
(369, 'actionEmployeeGridFilterFormModifier', 'Modify employee grid filters', 'This hook allows to modify filters for employee grid', 1),
(370, 'actionContactGridFilterFormModifier', 'Modify contact grid filters', 'This hook allows to modify filters for contact grid', 1),
(371, 'actionCustomerGridFilterFormModifier', 'Modify customer grid filters', 'This hook allows to modify filters for customer grid', 1),
(372, 'actionLanguageGridFilterFormModifier', 'Modify language grid filters', 'This hook allows to modify filters for language grid', 1),
(373, 'actionCurrencyGridFilterFormModifier', 'Modify currency grid filters', 'This hook allows to modify filters for currency grid', 1),
(374, 'actionSupplierGridFilterFormModifier', 'Modify supplier grid filters', 'This hook allows to modify filters for supplier grid', 1),
(375, 'actionProfileGridFilterFormModifier', 'Modify profile grid filters', 'This hook allows to modify filters for profile grid', 1),
(376, 'actionCmsPageCategoryGridFilterFormModifier', 'Modify cms page category grid filters', 'This hook allows to modify filters for cms page category grid', 1),
(377, 'actionTaxGridFilterFormModifier', 'Modify tax grid filters', 'This hook allows to modify filters for tax grid', 1),
(378, 'actionManufacturerGridFilterFormModifier', 'Modify manufacturer grid filters', 'This hook allows to modify filters for manufacturer grid', 1),
(379, 'actionManufacturerAddressGridFilterFormModifier', 'Modify manufacturer address grid filters', 'This hook allows to modify filters for manufacturer address grid', 1),
(380, 'actionCmsPageGridFilterFormModifier', 'Modify cms page grid filters', 'This hook allows to modify filters for cms page grid', 1),
(381, 'actionCategoryGridPresenterModifier', 'Modify category grid template data', 'This hook allows to modify data which is about to be used in template for category grid\n      ', 1),
(382, 'actionEmployeeGridPresenterModifier', 'Modify employee grid template data', 'This hook allows to modify data which is about to be used in template for employee grid\n      ', 1),
(383, 'actionContactGridPresenterModifier', 'Modify contact grid template data', 'This hook allows to modify data which is about to be used in template for contact grid\n      ', 1),
(384, 'actionCustomerGridPresenterModifier', 'Modify customer grid template data', 'This hook allows to modify data which is about to be used in template for customer grid\n      ', 1),
(385, 'actionLanguageGridPresenterModifier', 'Modify language grid template data', 'This hook allows to modify data which is about to be used in template for language grid\n      ', 1),
(386, 'actionCurrencyGridPresenterModifier', 'Modify currency grid template data', 'This hook allows to modify data which is about to be used in template for currency grid\n      ', 1),
(387, 'actionSupplierGridPresenterModifier', 'Modify supplier grid template data', 'This hook allows to modify data which is about to be used in template for supplier grid\n      ', 1),
(388, 'actionProfileGridPresenterModifier', 'Modify profile grid template data', 'This hook allows to modify data which is about to be used in template for profile grid\n      ', 1),
(389, 'actionCmsPageCategoryGridPresenterModifier', 'Modify cms page category grid template data', 'This hook allows to modify data which is about to be used in template for cms page category\n          grid\n      ', 1),
(390, 'actionTaxGridPresenterModifier', 'Modify tax grid template data', 'This hook allows to modify data which is about to be used in template for tax grid\n      ', 1),
(391, 'actionManufacturerGridPresenterModifier', 'Modify manufacturer grid template data', 'This hook allows to modify data which is about to be used in template for manufacturer grid\n      ', 1),
(392, 'actionManufacturerAddressGridPresenterModifier', 'Modify manufacturer address grid template data', 'This hook allows to modify data which is about to be used in template for manufacturer address\n          grid\n      ', 1),
(393, 'actionCmsPageGridPresenterModifier', 'Modify cms page grid template data', 'This hook allows to modify data which is about to be used in template for cms page grid\n      ', 1),
(394, 'registerGDPRConsent', 'registerGDPRConsent', '', 1),
(395, 'dashboardZoneOne', 'dashboardZoneOne', '', 1),
(396, 'dashboardData', 'dashboardData', '', 1),
(397, 'actionObjectOrderAddAfter', 'actionObjectOrderAddAfter', '', 1),
(398, 'actionObjectCustomerAddAfter', 'actionObjectCustomerAddAfter', '', 1),
(399, 'actionObjectCustomerMessageAddAfter', 'actionObjectCustomerMessageAddAfter', '', 1),
(400, 'actionObjectCustomerThreadAddAfter', 'actionObjectCustomerThreadAddAfter', '', 1),
(401, 'actionObjectOrderReturnAddAfter', 'actionObjectOrderReturnAddAfter', '', 1),
(402, 'actionAdminControllerSetMedia', 'actionAdminControllerSetMedia', '', 1),
(403, 'dashboardZoneTwo', 'dashboardZoneTwo', '', 1),
(404, 'actionSearch', 'actionSearch', '', 1),
(405, 'gSitemapAppendUrls', 'GSitemap Append URLs', 'This hook allows a module to add URLs to a generated sitemap', 1),
(406, 'actionObjectLanguageAddAfter', 'actionObjectLanguageAddAfter', '', 1),
(407, 'paymentOptions', 'paymentOptions', '', 1),
(408, 'displayNav1', 'displayNav1', '', 1),
(409, 'actionAdminStoresControllerUpdate_optionsAfter', 'actionAdminStoresControllerUpdate_optionsAfter', '', 1),
(410, 'actionAdminCurrenciesControllerSaveAfter', 'actionAdminCurrenciesControllerSaveAfter', '', 1),
(411, 'actionModuleRegisterHookAfter', 'actionModuleRegisterHookAfter', '', 1),
(412, 'actionModuleUnRegisterHookAfter', 'actionModuleUnRegisterHookAfter', '', 1),
(413, 'actionShopDataDuplication', 'actionShopDataDuplication', '', 1),
(414, 'displayFooterBefore', 'displayFooterBefore', '', 1),
(415, 'displayAdminCustomersForm', 'displayAdminCustomersForm', '', 1),
(416, 'actionDeleteGDPRCustomer', 'actionDeleteGDPRCustomer', '', 1),
(417, 'actionExportGDPRData', 'actionExportGDPRData', '', 1),
(418, 'productSearchProvider', 'productSearchProvider', '', 1),
(419, 'displayOrderConfirmation2', 'displayOrderConfirmation2', '', 1),
(420, 'displayCrossSellingShoppingCart', 'displayCrossSellingShoppingCart', '', 1),
(421, 'actionAdminGroupsControllerSaveAfter', 'actionAdminGroupsControllerSaveAfter', '', 1),
(422, 'actionObjectCategoryUpdateAfter', 'actionObjectCategoryUpdateAfter', '', 1),
(423, 'actionObjectCategoryDeleteAfter', 'actionObjectCategoryDeleteAfter', '', 1),
(424, 'actionObjectCategoryAddAfter', 'actionObjectCategoryAddAfter', '', 1),
(425, 'actionObjectCmsUpdateAfter', 'actionObjectCmsUpdateAfter', '', 1),
(426, 'actionObjectCmsDeleteAfter', 'actionObjectCmsDeleteAfter', '', 1),
(427, 'actionObjectCmsAddAfter', 'actionObjectCmsAddAfter', '', 1),
(428, 'actionObjectSupplierUpdateAfter', 'actionObjectSupplierUpdateAfter', '', 1),
(429, 'actionObjectSupplierDeleteAfter', 'actionObjectSupplierDeleteAfter', '', 1),
(430, 'actionObjectSupplierAddAfter', 'actionObjectSupplierAddAfter', '', 1),
(431, 'actionObjectManufacturerUpdateAfter', 'actionObjectManufacturerUpdateAfter', '', 1),
(432, 'actionObjectManufacturerDeleteAfter', 'actionObjectManufacturerDeleteAfter', '', 1),
(433, 'actionObjectManufacturerAddAfter', 'actionObjectManufacturerAddAfter', '', 1),
(434, 'actionObjectProductUpdateAfter', 'actionObjectProductUpdateAfter', '', 1),
(435, 'actionObjectProductDeleteAfter', 'actionObjectProductDeleteAfter', '', 1),
(436, 'actionObjectProductAddAfter', 'actionObjectProductAddAfter', '', 1),
(437, 'displaySearch', 'displaySearch', '', 1),
(438, 'displayAdminNavBarBeforeEnd', 'displayAdminNavBarBeforeEnd', '', 1),
(439, 'displayAdminAfterHeader', 'displayAdminAfterHeader', '', 1),
(440, 'displayGDPRConsent', 'displayGDPRConsent', '', 1),
(441, 'displayNav2', '', '', 1),
(442, 'displayReassurance', '', '', 1),
(443, 'actionAdminMetaControllerUpdate_optionsAfter', 'actionAdminMetaControllerUpdate_optionsAfter', '', 1),
(444, 'actionAdminPerformanceControllerSaveAfter', 'actionAdminPerformanceControllerSaveAfter', '', 1),
(445, 'actionObjectCarrierAddAfter', 'actionObjectCarrierAddAfter', '', 1),
(446, 'actionObjectContactAddAfter', 'actionObjectContactAddAfter', '', 1),
(447, 'actionAdminThemesControllerUpdate_optionsAfter', 'actionAdminThemesControllerUpdate_optionsAfter', '', 1),
(448, 'actionObjectShopUpdateAfter', 'actionObjectShopUpdateAfter', '', 1),
(449, 'actionAdminPreferencesControllerUpdate_optionsAfter', 'actionAdminPreferencesControllerUpdate_optionsAfter', '', 1),
(450, 'actionObjectShopAddAfter', 'actionObjectShopAddAfter', '', 1),
(451, 'actionObjectShopGroupAddAfter', 'actionObjectShopGroupAddAfter', '', 1),
(452, 'actionObjectCartAddAfter', 'actionObjectCartAddAfter', '', 1),
(453, 'actionObjectEmployeeAddAfter', 'actionObjectEmployeeAddAfter', '', 1),
(454, 'actionObjectImageAddAfter', 'actionObjectImageAddAfter', '', 1),
(455, 'actionObjectCartRuleAddAfter', 'actionObjectCartRuleAddAfter', '', 1),
(456, 'actionAdminStoresControllerSaveAfter', 'actionAdminStoresControllerSaveAfter', '', 1),
(457, 'actionAdminWebserviceControllerSaveAfter', 'actionAdminWebserviceControllerSaveAfter', '', 1),
(458, 'displayMobileTopSiteMap', 'displayMobileTopSiteMap', '', 1),
(459, 'displayHeaderMenu', 'displayHeaderMenu', '', 1),
(460, 'actionObjectSlideshowAddAfter', 'actionObjectSlideshowAddAfter', '', 1),
(461, 'fieldSlideShow', 'fieldSlideShow', '', 0),
(462, 'displayFooterAfter', 'displayFooterAfter', '', 1),
(463, 'blockPosition1', 'blockPosition1', '', 1),
(464, 'blockPosition2', 'blockPosition2', '', 1),
(465, 'blockPosition3', 'blockPosition3', '', 1),
(466, 'blockPosition4', 'blockPosition4', '', 1),
(467, 'blockPosition5', 'blockPosition5', '', 1),
(468, 'blockPosition6', 'blockPosition6', '', 1),
(469, 'blockPosition7', 'blockPosition7', '', 1),
(470, 'blockPosition8', 'blockPosition8', '', 1),
(471, 'blockPosition9', 'blockPosition9', '', 1),
(472, 'blockPosition10', 'blockPosition10', '', 1),
(473, 'bannerSequence', 'bannerSequence', '', 1),
(474, 'blockFooter1', 'blockFooter1', '', 1),
(475, 'blockFooter2', 'blockFooter2', '', 1),
(476, 'blockFooter3', 'blockFooter3', '', 1),
(477, 'blockFooter4', 'blockFooter4', '', 1),
(478, 'blockFooter5', 'blockFooter5', '', 1),
(479, 'elevatezoom', 'elevatezoom', '', 1),
(480, 'Testimonials', 'Testimonials', '', 1),
(481, 'displayAdminProductsExtra', 'displayAdminProductsExtra', '', 1),
(482, 'actionAdminProductsControllerSaveAfter', 'actionAdminProductsControllerSaveAfter', '', 1),
(483, 'displayProductSizeGuide', 'displayProductSizeGuide', '', 1),
(484, 'productTab', 'productTab', '', 1),
(485, 'productTabContent', 'productTabContent', '', 1),
(486, 'displayReviewsProduct', 'displayReviewsProduct', '', 1),
(487, 'displayProductListReviews', 'displayProductListReviews', '', 1),
(488, 'displayCompareButton', 'displayCompareButton', '', 1),
(489, 'productActionsList', 'productActionsList', '', 1),
(490, 'featuredproductslider', 'featuredproductslider', '', 1),
(491, 'fieldBrandSlider', 'fieldBrandSlider', '', 0),
(492, 'specialproduct', 'specialproduct', '', 1),
(493, 'bestsellers', 'bestsellers', '', 1),
(494, 'newproductslider', 'newproductslider', '', 1),
(495, 'displaySmartBlogLeft', 'displaySmartBlogLeft', '', 1),
(496, 'moduleRoutes', 'moduleRoutes', '', 1),
(497, 'actionsbnewpost', 'actionsbnewpost', '', 1),
(498, 'actionsbupdatepost', 'actionsbupdatepost', '', 1),
(499, 'actionsbdeletepost', 'actionsbdeletepost', '', 1),
(500, 'actionsbtogglepost', 'actionsbtogglepost', '', 1),
(501, 'actionsbnewcat', 'actionsbnewcat', '', 1),
(502, 'actionsbupdatecat', 'actionsbupdatecat', '', 1),
(503, 'actionsbdeletecat', 'actionsbdeletecat', '', 1),
(504, 'actionsbtogglecat', 'actionsbtogglecat', '', 1),
(505, 'actionsbpostcomment', 'actionsbpostcomment', '', 1),
(506, 'actionsbappcomment', 'actionsbappcomment', '', 1),
(507, 'actionsbsingle', 'actionsbsingle', '', 1),
(508, 'actionsbcat', 'actionsbcat', '', 1),
(509, 'actionsbsearch', 'actionsbsearch', '', 1),
(510, 'actionsbheader', 'actionsbheader', '', 1),
(511, 'displaySmartBlogRight', 'displaySmartBlogRight', 'This is blog page Right column', 1),
(512, 'displaySmartBeforePost', 'displaySmartBeforePost', 'This is blog Single page before blog post', 1),
(513, 'displaySmartAfterPost', 'displaySmartAfterPost', '', 1),
(514, 'smartBlogHomePost', 'smartBlogHomePost', '', 1),
(515, 'actionFeatureFormBuilderModifier', 'actionFeatureFormBuilderModifier', '', 1),
(516, 'actionAfterCreateFeatureFormHandler', 'actionAfterCreateFeatureFormHandler', '', 1),
(517, 'actionAfterUpdateFeatureFormHandler', 'actionAfterUpdateFeatureFormHandler', '', 1),
(518, 'actionObjectSpecificPriceRuleUpdateBefore', 'actionObjectSpecificPriceRuleUpdateBefore', '', 1),
(519, 'actionAdminSpecificPriceRuleControllerSaveAfter', 'actionAdminSpecificPriceRuleControllerSaveAfter', '', 1),
(520, 'actionFrontControllerSetMedia', 'actionFrontControllerSetMedia', '', 1),
(521, 'actionContactFormSubmitCaptcha', 'actionContactFormSubmitCaptcha', '', 1),
(522, 'actionContactFormSubmitBefore', 'actionContactFormSubmitBefore', '', 1),
(523, 'actionProductCoverage', 'actionProductCoverage', '', 1),
(524, 'displayWhatsAppChat', 'displayWhatsAppChat', '', 1),
(525, 'displayBanner', 'displayBanner', '', 1),
(526, 'displayWhatsAppProductSocialButtons', 'displayWhatsAppProductSocialButtons', '', 1),
(527, 'displayCustomerIdentityForm', 'displayCustomerIdentityForm', '', 1),
(528, 'payment', 'payment', '', 1),
(529, 'actionAdminCartsListingFieldsModifier', 'actionAdminCartsListingFieldsModifier', '', 1),
(530, 'actionObjectCustomerUpdateBefore', 'actionObjectCustomerUpdateBefore', '', 1),
(531, 'displayproductInListCF', 'displayproductInListCF', '', 1),
(532, 'actionbeforecartupdateqty', 'actionbeforecartupdateqty', '', 1),
(533, 'actionCartUpdateQuantityBefore', 'actionCartUpdateQuantityBefore', '', 1);

-- --------------------------------------------------------

--
-- Estructura de tabla para la tabla `ps_hook_alias`
--

CREATE TABLE `ps_hook_alias` (
  `id_hook_alias` int(10) UNSIGNED NOT NULL,
  `alias` varchar(64) NOT NULL,
  `name` varchar(64) NOT NULL
) ENGINE=InnoDB DEFAULT CHARSET=utf8;

--
-- Volcado de datos para la tabla `ps_hook_alias`
--

INSERT INTO `ps_hook_alias` (`id_hook_alias`, `alias`, `name`) VALUES
(1, 'newOrder', 'actionValidateOrder'),
(2, 'paymentConfirm', 'actionPaymentConfirmation'),
(3, 'paymentReturn', 'displayPaymentReturn'),
(4, 'updateQuantity', 'actionUpdateQuantity'),
(5, 'rightColumn', 'displayRightColumn'),
(6, 'leftColumn', 'displayLeftColumn'),
(7, 'home', 'displayHome'),
(8, 'displayHeader', 'Header'),
(9, 'cart', 'actionCartSave'),
(10, 'authentication', 'actionAuthentication'),
(11, 'addproduct', 'actionProductAdd'),
(12, 'updateproduct', 'actionProductUpdate'),
(13, 'top', 'displayTop'),
(14, 'extraRight', 'displayRightColumnProduct'),
(15, 'deleteproduct', 'actionProductDelete'),
(16, 'productfooter', 'displayFooterProduct'),
(17, 'invoice', 'displayInvoice'),
(18, 'updateOrderStatus', 'actionOrderStatusUpdate'),
(19, 'adminOrder', 'displayAdminOrder'),
(20, 'footer', 'displayFooter'),
(21, 'PDFInvoice', 'displayPDFInvoice'),
(22, 'adminCustomers', 'displayAdminCustomers'),
(23, 'orderConfirmation', 'displayOrderConfirmation'),
(24, 'createAccount', 'actionCustomerAccountAdd'),
(25, 'customerAccount', 'displayCustomerAccount'),
(26, 'orderSlip', 'actionOrderSlipAdd'),
(27, 'shoppingCart', 'displayShoppingCartFooter'),
(28, 'createAccountForm', 'displayCustomerAccountForm'),
(29, 'AdminStatsModules', 'displayAdminStatsModules'),
(30, 'GraphEngine', 'displayAdminStatsGraphEngine'),
(31, 'orderReturn', 'actionOrderReturn'),
(32, 'productActions', 'displayProductAdditionalInfo'),
(33, 'displayProductButtons', 'displayProductAdditionalInfo'),
(34, 'backOfficeHome', 'displayBackOfficeHome'),
(35, 'GridEngine', 'displayAdminStatsGridEngine'),
(36, 'watermark', 'actionWatermark'),
(37, 'cancelProduct', 'actionProductCancel'),
(38, 'extraLeft', 'displayLeftColumnProduct'),
(39, 'productOutOfStock', 'actionProductOutOfStock'),
(40, 'updateProductAttribute', 'actionProductAttributeUpdate'),
(41, 'extraCarrier', 'displayCarrierList'),
(42, 'shoppingCartExtra', 'displayShoppingCart'),
(43, 'updateCarrier', 'actionCarrierUpdate'),
(44, 'postUpdateOrderStatus', 'actionOrderStatusPostUpdate'),
(45, 'createAccountTop', 'displayCustomerAccountFormTop'),
(46, 'backOfficeHeader', 'displayBackOfficeHeader'),
(47, 'backOfficeTop', 'displayBackOfficeTop'),
(48, 'backOfficeFooter', 'displayBackOfficeFooter'),
(49, 'deleteProductAttribute', 'actionProductAttributeDelete'),
(50, 'processCarrier', 'actionCarrierProcess'),
(51, 'beforeCarrier', 'displayBeforeCarrier'),
(52, 'orderDetailDisplayed', 'displayOrderDetail'),
(53, 'paymentCCAdded', 'actionPaymentCCAdd'),
(54, 'categoryAddition', 'actionCategoryAdd'),
(55, 'categoryUpdate', 'actionCategoryUpdate'),
(56, 'categoryDeletion', 'actionCategoryDelete'),
(57, 'paymentTop', 'displayPaymentTop'),
(58, 'afterCreateHtaccess', 'actionHtaccessCreate'),
(59, 'afterSaveAdminMeta', 'actionAdminMetaSave'),
(60, 'attributeGroupForm', 'displayAttributeGroupForm'),
(61, 'afterSaveAttributeGroup', 'actionAttributeGroupSave'),
(62, 'afterDeleteAttributeGroup', 'actionAttributeGroupDelete'),
(63, 'featureForm', 'displayFeatureForm'),
(64, 'afterSaveFeature', 'actionFeatureSave'),
(65, 'afterDeleteFeature', 'actionFeatureDelete'),
(66, 'afterSaveProduct', 'actionProductSave'),
(67, 'postProcessAttributeGroup', 'displayAttributeGroupPostProcess'),
(68, 'postProcessFeature', 'displayFeaturePostProcess'),
(69, 'featureValueForm', 'displayFeatureValueForm'),
(70, 'postProcessFeatureValue', 'displayFeatureValuePostProcess'),
(71, 'afterDeleteFeatureValue', 'actionFeatureValueDelete'),
(72, 'afterSaveFeatureValue', 'actionFeatureValueSave'),
(73, 'attributeForm', 'displayAttributeForm'),
(74, 'postProcessAttribute', 'actionAttributePostProcess'),
(75, 'afterDeleteAttribute', 'actionAttributeDelete'),
(76, 'afterSaveAttribute', 'actionAttributeSave'),
(77, 'taxManager', 'actionTaxManager'),
(78, 'myAccountBlock', 'displayMyAccountBlock'),
(79, 'actionBeforeCartUpdateQty', 'actionCartUpdateQuantityBefore'),
(80, 'actionBeforeAjaxDie', 'actionAjaxDieBefore'),
(81, 'actionBeforeAuthentication', 'actionAuthenticationBefore'),
(82, 'actionBeforeSubmitAccount', 'actionSubmitAccountBefore'),
(83, 'actionAfterDeleteProductInCart', 'actionDeleteProductInCartAfter');

-- --------------------------------------------------------

--
-- Estructura de tabla para la tabla `ps_hook_module`
--

CREATE TABLE `ps_hook_module` (
  `id_module` int(10) UNSIGNED NOT NULL,
  `id_shop` int(11) UNSIGNED NOT NULL DEFAULT 1,
  `id_hook` int(10) UNSIGNED NOT NULL,
  `position` tinyint(2) UNSIGNED NOT NULL
) ENGINE=InnoDB DEFAULT CHARSET=utf8;

--
-- Volcado de datos para la tabla `ps_hook_module`
--

INSERT INTO `ps_hook_module` (`id_module`, `id_shop`, `id_hook`, `position`) VALUES
(1, 1, 394, 1),
(2, 1, 396, 1),
(2, 1, 397, 1),
(2, 1, 398, 1),
(2, 1, 399, 1),
(2, 1, 400, 1),
(2, 1, 401, 1),
(2, 1, 402, 1),
(3, 1, 63, 1),
(3, 1, 403, 1),
(5, 1, 404, 1),
(6, 1, 50, 1),
(7, 1, 54, 1),
(9, 1, 406, 1),
(12, 1, 409, 1),
(13, 1, 410, 1),
(14, 1, 411, 1),
(14, 1, 412, 1),
(15, 1, 408, 1),
(16, 1, 413, 1),
(17, 1, 41, 1),
(17, 1, 42, 1),
(17, 1, 114, 1),
(17, 1, 416, 1),
(17, 1, 417, 1),
(17, 1, 530, 1),
(20, 1, 17, 1),
(20, 1, 18, 1),
(20, 1, 24, 1),
(20, 1, 76, 1),
(20, 1, 419, 1),
(20, 1, 420, 1),
(20, 1, 421, 1),
(21, 1, 14, 1),
(23, 1, 133, 1),
(24, 1, 422, 1),
(24, 1, 423, 1),
(24, 1, 424, 1),
(24, 1, 425, 1),
(24, 1, 426, 1),
(24, 1, 427, 1),
(24, 1, 428, 1),
(24, 1, 429, 1),
(24, 1, 430, 1),
(24, 1, 431, 1),
(24, 1, 432, 1),
(24, 1, 433, 1),
(24, 1, 434, 1),
(24, 1, 435, 1),
(24, 1, 436, 1),
(25, 1, 437, 1),
(26, 1, 52, 1),
(27, 1, 21, 1),
(28, 1, 35, 1),
(28, 1, 105, 1),
(30, 1, 5, 1),
(30, 1, 407, 1),
(31, 1, 49, 1),
(41, 1, 16, 1),
(41, 1, 20, 1),
(54, 1, 65, 1),
(55, 1, 1, 1),
(55, 1, 29, 1),
(55, 1, 101, 1),
(55, 1, 443, 1),
(55, 1, 444, 1),
(55, 1, 445, 1),
(55, 1, 446, 1),
(55, 1, 447, 1),
(55, 1, 448, 1),
(55, 1, 449, 1),
(55, 1, 450, 1),
(55, 1, 451, 1),
(55, 1, 452, 1),
(55, 1, 453, 1),
(55, 1, 454, 1),
(55, 1, 455, 1),
(55, 1, 456, 1),
(55, 1, 457, 1),
(57, 1, 395, 1),
(58, 1, 440, 1),
(59, 1, 132, 1),
(61, 1, 19, 1),
(61, 1, 22, 1),
(61, 1, 414, 1),
(61, 1, 442, 1),
(61, 1, 462, 1),
(61, 1, 520, 1),
(62, 1, 75, 1),
(62, 1, 77, 1),
(62, 1, 81, 1),
(62, 1, 82, 1),
(62, 1, 83, 1),
(62, 1, 84, 1),
(62, 1, 85, 1),
(62, 1, 86, 1),
(62, 1, 87, 1),
(62, 1, 88, 1),
(62, 1, 89, 1),
(62, 1, 90, 1),
(62, 1, 91, 1),
(62, 1, 92, 1),
(62, 1, 93, 1),
(62, 1, 94, 1),
(62, 1, 95, 1),
(62, 1, 97, 1),
(62, 1, 418, 1),
(62, 1, 515, 1),
(62, 1, 516, 1),
(62, 1, 517, 1),
(62, 1, 518, 1),
(62, 1, 519, 1),
(64, 1, 458, 1),
(65, 1, 459, 1),
(66, 1, 460, 1),
(66, 1, 461, 1),
(67, 1, 13, 1),
(69, 1, 27, 1),
(70, 1, 479, 1),
(71, 1, 480, 1),
(73, 1, 484, 1),
(73, 1, 485, 1),
(73, 1, 486, 1),
(73, 1, 487, 1),
(74, 1, 488, 1),
(75, 1, 124, 1),
(76, 1, 38, 1),
(76, 1, 43, 1),
(76, 1, 99, 1),
(76, 1, 104, 1),
(76, 1, 441, 1),
(76, 1, 489, 1),
(77, 1, 490, 1),
(78, 1, 491, 1),
(79, 1, 492, 1),
(80, 1, 23, 1),
(80, 1, 493, 1),
(81, 1, 494, 1),
(83, 1, 495, 1),
(88, 1, 79, 1),
(88, 1, 496, 1),
(88, 1, 497, 1),
(88, 1, 498, 1),
(88, 1, 499, 1),
(88, 1, 500, 1),
(88, 1, 501, 1),
(88, 1, 502, 1),
(88, 1, 503, 1),
(88, 1, 504, 1),
(88, 1, 505, 1),
(88, 1, 506, 1),
(88, 1, 507, 1),
(88, 1, 508, 1),
(88, 1, 509, 1),
(88, 1, 510, 1),
(89, 1, 513, 1),
(90, 1, 514, 1),
(93, 1, 521, 1),
(93, 1, 522, 1),
(94, 1, 6, 1),
(94, 1, 51, 1),
(94, 1, 58, 1),
(94, 1, 59, 1),
(94, 1, 69, 1),
(94, 1, 108, 1),
(94, 1, 523, 1),
(96, 1, 57, 1),
(96, 1, 463, 1),
(96, 1, 464, 1),
(96, 1, 465, 1),
(96, 1, 466, 1),
(96, 1, 467, 1),
(96, 1, 468, 1),
(96, 1, 469, 1),
(96, 1, 470, 1),
(96, 1, 471, 1),
(96, 1, 472, 1),
(96, 1, 473, 1),
(96, 1, 474, 1),
(96, 1, 475, 1),
(96, 1, 476, 1),
(96, 1, 477, 1),
(96, 1, 478, 1),
(99, 1, 2, 1),
(99, 1, 9, 1),
(99, 1, 40, 1),
(99, 1, 45, 1),
(99, 1, 61, 1),
(99, 1, 71, 1),
(99, 1, 78, 1),
(99, 1, 102, 1),
(99, 1, 189, 1),
(99, 1, 524, 1),
(99, 1, 525, 1),
(99, 1, 526, 1),
(99, 1, 527, 1),
(102, 1, 30, 1),
(102, 1, 36, 1),
(102, 1, 62, 1),
(102, 1, 481, 1),
(104, 1, 482, 1),
(104, 1, 483, 1),
(105, 1, 529, 1),
(106, 1, 7, 1),
(106, 1, 12, 1),
(106, 1, 48, 1),
(106, 1, 64, 1),
(106, 1, 117, 1),
(111, 1, 15, 1),
(111, 1, 31, 1),
(111, 1, 33, 1),
(111, 1, 73, 1),
(111, 1, 111, 1),
(111, 1, 112, 1),
(111, 1, 439, 1),
(111, 1, 533, 1),
(2, 1, 395, 2),
(3, 1, 396, 2),
(3, 1, 402, 2),
(4, 1, 403, 2),
(5, 1, 397, 2),
(10, 1, 12, 2),
(17, 1, 394, 2),
(17, 1, 520, 2),
(21, 1, 413, 2),
(22, 1, 441, 2),
(24, 1, 76, 2),
(25, 1, 14, 2),
(32, 1, 49, 2),
(41, 1, 41, 2),
(51, 1, 404, 2),
(55, 1, 398, 2),
(55, 1, 400, 2),
(55, 1, 409, 2),
(55, 1, 427, 2),
(55, 1, 436, 2),
(58, 1, 114, 2),
(58, 1, 416, 2),
(61, 1, 133, 2),
(64, 1, 21, 2),
(75, 1, 435, 2),
(80, 1, 17, 2),
(80, 1, 18, 2),
(80, 1, 24, 2),
(80, 1, 63, 2),
(86, 1, 495, 2),
(88, 1, 65, 2),
(90, 1, 497, 2),
(90, 1, 498, 2),
(90, 1, 499, 2),
(90, 1, 500, 2),
(93, 1, 48, 2),
(94, 1, 1, 2),
(94, 1, 43, 2),
(94, 1, 52, 2),
(94, 1, 99, 2),
(94, 1, 417, 2),
(96, 1, 7, 2),
(96, 1, 13, 2),
(96, 1, 23, 2),
(96, 1, 35, 2),
(96, 1, 105, 2),
(96, 1, 408, 2),
(96, 1, 414, 2),
(96, 1, 462, 2),
(98, 1, 5, 2),
(98, 1, 407, 2),
(99, 1, 19, 2),
(99, 1, 27, 2),
(99, 1, 57, 2),
(99, 1, 64, 2),
(102, 1, 15, 2),
(102, 1, 29, 2),
(102, 1, 40, 2),
(102, 1, 78, 2),
(102, 1, 87, 2),
(104, 1, 6, 2),
(104, 1, 481, 2),
(4, 1, 396, 3),
(4, 1, 402, 3),
(5, 1, 403, 3),
(13, 1, 441, 3),
(24, 1, 413, 3),
(27, 1, 14, 3),
(33, 1, 49, 3),
(55, 1, 397, 3),
(58, 1, 41, 3),
(58, 1, 394, 3),
(62, 1, 12, 3),
(62, 1, 76, 3),
(84, 1, 495, 3),
(94, 1, 24, 3),
(94, 1, 416, 3),
(96, 1, 21, 3),
(99, 1, 7, 3),
(99, 1, 13, 3),
(99, 1, 23, 3),
(99, 1, 35, 3),
(99, 1, 43, 3),
(99, 1, 48, 3),
(99, 1, 52, 3),
(99, 1, 65, 3),
(99, 1, 99, 3),
(99, 1, 105, 3),
(99, 1, 408, 3),
(102, 1, 5, 3),
(102, 1, 395, 3),
(102, 1, 407, 3),
(102, 1, 520, 3),
(104, 1, 1, 3),
(104, 1, 18, 3),
(111, 1, 481, 3),
(113, 1, 29, 3),
(5, 1, 396, 4),
(6, 1, 402, 4),
(34, 1, 49, 4),
(56, 1, 14, 4),
(65, 1, 413, 4),
(87, 1, 495, 4),
(94, 1, 394, 4),
(96, 1, 12, 4),
(96, 1, 441, 4),
(99, 1, 21, 4),
(102, 1, 43, 4),
(102, 1, 52, 4),
(102, 1, 65, 4),
(102, 1, 99, 4),
(104, 1, 24, 4),
(111, 1, 18, 4),
(35, 1, 49, 5),
(55, 1, 402, 5),
(63, 1, 14, 5),
(99, 1, 12, 5),
(99, 1, 441, 5),
(102, 1, 396, 5),
(104, 1, 52, 5),
(104, 1, 65, 5),
(106, 1, 21, 5),
(36, 1, 49, 6),
(58, 1, 402, 6),
(64, 1, 14, 6),
(105, 1, 65, 6),
(111, 1, 52, 6),
(37, 1, 49, 7),
(59, 1, 402, 7),
(65, 1, 14, 7),
(38, 1, 49, 8),
(66, 1, 14, 8),
(39, 1, 49, 9),
(67, 1, 14, 9),
(40, 1, 49, 10),
(69, 1, 14, 10),
(42, 1, 49, 11),
(70, 1, 14, 11),
(43, 1, 49, 12),
(73, 1, 14, 12),
(44, 1, 49, 13),
(74, 1, 14, 13),
(45, 1, 49, 14),
(76, 1, 14, 14),
(46, 1, 49, 15),
(77, 1, 14, 15),
(47, 1, 49, 16),
(78, 1, 14, 16),
(48, 1, 49, 17),
(79, 1, 14, 17),
(49, 1, 49, 18),
(80, 1, 14, 18),
(50, 1, 49, 19),
(81, 1, 14, 19),
(51, 1, 49, 20),
(82, 1, 14, 20),
(52, 1, 49, 21),
(88, 1, 14, 21),
(53, 1, 49, 22),
(90, 1, 14, 22),
(93, 1, 14, 23),
(94, 1, 14, 24),
(99, 1, 14, 25),
(102, 1, 14, 26),
(104, 1, 14, 27),
(106, 1, 14, 28),
(111, 1, 14, 29);

-- --------------------------------------------------------

--
-- Estructura de tabla para la tabla `ps_hook_module_exceptions`
--

CREATE TABLE `ps_hook_module_exceptions` (
  `id_hook_module_exceptions` int(10) UNSIGNED NOT NULL,
  `id_shop` int(11) UNSIGNED NOT NULL DEFAULT 1,
  `id_module` int(10) UNSIGNED NOT NULL,
  `id_hook` int(10) UNSIGNED NOT NULL,
  `file_name` varchar(255) DEFAULT NULL
) ENGINE=InnoDB DEFAULT CHARSET=utf8;

-- --------------------------------------------------------

--
-- Estructura de tabla para la tabla `ps_image`
--

CREATE TABLE `ps_image` (
  `id_image` int(10) UNSIGNED NOT NULL,
  `id_product` int(10) UNSIGNED NOT NULL,
  `position` smallint(2) UNSIGNED NOT NULL DEFAULT 0,
  `cover` tinyint(1) UNSIGNED DEFAULT NULL
) ENGINE=InnoDB DEFAULT CHARSET=utf8;

--
-- Volcado de datos para la tabla `ps_image`
--

INSERT INTO `ps_image` (`id_image`, `id_product`, `position`, `cover`) VALUES
(19, 17, 1, 1),
(20, 18, 1, 1),
(21, 19, 1, 1),
(22, 20, 1, 1),
(23, 21, 1, 1),
(25, 22, 2, 1),
(30, 1, 1, 1),
(31, 1, 2, NULL),
(32, 2, 1, 1),
(33, 2, 2, NULL),
(34, 3, 1, 1),
(35, 3, 2, NULL),
(36, 4, 1, 1),
(37, 4, 2, NULL),
(38, 5, 1, 1),
(39, 5, 2, NULL),
(40, 6, 1, 1),
(41, 6, 2, NULL),
(42, 7, 1, 1),
(43, 7, 2, NULL),
(44, 8, 1, 1),
(45, 8, 2, NULL),
(46, 9, 1, 1),
(47, 9, 2, NULL),
(48, 10, 1, 1),
(49, 10, 2, NULL),
(50, 11, 1, 1),
(51, 11, 2, NULL),
(52, 12, 1, 1),
(53, 12, 2, NULL),
(54, 13, 1, 1),
(55, 13, 2, NULL),
(56, 14, 1, 1),
(57, 14, 2, NULL),
(58, 15, 1, 1),
(59, 15, 2, NULL),
(60, 16, 1, 1),
(61, 16, 2, NULL),
(156, 32, 1, 1),
(157, 33, 1, 1),
(158, 34, 1, 1),
(159, 35, 1, 1),
(160, 36, 1, 1),
(161, 37, 1, 1),
(162, 38, 1, 1),
(163, 39, 1, 1),
(164, 40, 1, 1),
(165, 41, 1, 1),
(166, 42, 1, 1),
(167, 43, 1, 1),
(168, 44, 1, 1),
(169, 45, 1, 1),
(170, 46, 1, 1),
(171, 47, 1, 1),
(172, 48, 1, 1),
(173, 49, 1, 1),
(174, 50, 1, 1),
(175, 51, 1, 1),
(176, 52, 1, 1),
(177, 53, 1, 1),
(178, 54, 1, 1),
(179, 55, 1, 1),
(180, 56, 1, 1),
(181, 57, 1, 1),
(182, 58, 1, 1),
(183, 59, 1, 1),
(184, 59, 2, NULL),
(185, 60, 1, 1),
(186, 61, 1, 1),
(187, 62, 1, 1),
(188, 63, 1, 1),
(189, 64, 1, 1),
(190, 65, 1, 1),
(191, 66, 1, 1),
(192, 67, 1, 1),
(193, 29, 1, 1),
(194, 29, 2, NULL),
(195, 30, 1, 1),
(196, 30, 2, NULL),
(197, 68, 1, 1),
(198, 69, 1, 1),
(199, 70, 1, 1),
(200, 71, 1, 1),
(201, 72, 1, 1),
(202, 73, 1, 1),
(203, 74, 1, 1),
(204, 75, 1, 1),
(205, 76, 1, 1),
(206, 77, 1, 1),
(207, 78, 1, 1),
(208, 79, 1, 1),
(209, 80, 1, 1),
(210, 81, 1, 1),
(211, 82, 1, 1),
(212, 83, 1, 1),
(213, 84, 1, 1),
(214, 85, 1, 1),
(215, 86, 1, 1),
(216, 87, 1, 1),
(217, 88, 1, 1),
(218, 89, 1, 1),
(219, 90, 1, 1),
(220, 91, 1, 1),
(221, 92, 1, 1),
(222, 93, 1, 1),
(223, 94, 1, 1),
(224, 95, 1, 1),
(225, 96, 1, 1),
(226, 97, 1, 1),
(227, 98, 1, 1),
(228, 99, 1, 1),
(229, 100, 1, 1),
(230, 101, 1, 1),
(231, 102, 1, 1),
(232, 103, 1, 1),
(233, 104, 1, 1),
(234, 105, 1, 1),
(235, 106, 1, 1),
(236, 107, 1, 1),
(237, 108, 1, 1),
(238, 109, 1, 1),
(239, 110, 1, 1),
(240, 111, 1, 1),
(241, 112, 1, 1),
(242, 113, 1, 1),
(243, 114, 1, 1),
(244, 115, 1, 1),
(245, 116, 1, 1),
(246, 117, 1, 1),
(247, 119, 1, 1),
(248, 120, 1, 1),
(249, 121, 1, 1),
(250, 122, 1, 1),
(251, 123, 1, 1),
(252, 124, 1, 1),
(253, 126, 1, 1),
(255, 128, 1, 1),
(256, 129, 1, 1),
(257, 130, 1, 1),
(258, 131, 1, 1),
(259, 132, 1, 1),
(260, 133, 1, 1),
(268, 139, 1, 1),
(269, 138, 1, 1),
(273, 140, 1, 1),
(274, 141, 1, 1),
(275, 142, 1, 1),
(276, 143, 1, 1),
(277, 144, 1, 1),
(278, 145, 1, 1),
(279, 146, 1, 1),
(280, 147, 1, 1),
(281, 148, 1, 1),
(282, 149, 1, 1),
(283, 150, 1, 1),
(284, 151, 1, 1),
(285, 152, 1, 1),
(298, 23, 1, 1),
(299, 24, 1, 1),
(300, 25, 1, 1),
(301, 26, 1, 1),
(302, 27, 1, 1),
(303, 28, 1, 1),
(308, 153, 1, 1),
(309, 154, 1, 1),
(313, 155, 1, 1),
(346, 159, 1, 1),
(347, 160, 1, 1),
(348, 161, 1, 1),
(349, 162, 1, 1),
(350, 163, 1, 1),
(351, 164, 1, 1),
(352, 165, 1, 1),
(353, 166, 1, 1),
(354, 167, 1, 1),
(355, 168, 1, 1),
(356, 169, 1, 1),
(357, 170, 1, 1),
(358, 171, 1, 1),
(359, 172, 1, 1),
(360, 173, 1, 1),
(361, 174, 1, 1),
(362, 175, 1, 1),
(363, 176, 1, 1),
(377, 177, 1, 1),
(386, 134, 1, 1),
(387, 135, 1, 1),
(388, 136, 1, 1),
(391, 157, 1, 1),
(392, 178, 1, 1),
(393, 137, 1, 1),
(394, 180, 1, 1),
(395, 180, 2, NULL),
(396, 181, 1, 1),
(397, 181, 2, NULL),
(398, 182, 1, 1),
(399, 182, 2, NULL),
(400, 183, 1, 1),
(401, 183, 2, NULL),
(402, 184, 1, 1),
(403, 184, 2, NULL),
(404, 185, 1, 1),
(405, 185, 2, NULL),
(406, 186, 1, 1),
(407, 186, 2, NULL),
(408, 187, 1, 1),
(409, 187, 2, NULL),
(410, 188, 1, 1),
(411, 188, 2, NULL),
(412, 189, 1, 1),
(413, 189, 2, NULL),
(414, 190, 1, 1),
(415, 190, 2, NULL),
(418, 192, 1, 1),
(419, 192, 2, NULL),
(420, 193, 1, 1),
(421, 193, 2, NULL),
(422, 194, 1, 1),
(423, 194, 2, NULL),
(424, 195, 1, 1),
(425, 195, 2, NULL),
(426, 196, 1, 1),
(427, 196, 2, NULL),
(428, 197, 1, 1),
(429, 197, 2, NULL),
(430, 198, 1, 1),
(431, 198, 2, NULL),
(432, 199, 1, 1),
(433, 199, 2, NULL),
(434, 200, 1, 1),
(435, 200, 2, NULL),
(436, 201, 1, 1),
(437, 201, 2, NULL),
(438, 202, 1, 1),
(439, 202, 2, NULL),
(440, 203, 1, 1),
(441, 203, 2, NULL),
(442, 204, 1, 1),
(443, 204, 2, NULL),
(444, 205, 1, 1),
(445, 205, 2, NULL),
(446, 206, 1, 1),
(447, 206, 2, NULL),
(448, 207, 1, 1),
(449, 207, 2, NULL),
(450, 208, 1, 1),
(451, 208, 2, NULL),
(452, 209, 1, 1),
(453, 209, 2, NULL),
(454, 210, 1, 1),
(455, 210, 2, NULL),
(456, 211, 1, 1),
(457, 211, 2, NULL),
(458, 212, 1, 1),
(459, 212, 2, NULL),
(460, 213, 1, 1),
(461, 213, 2, NULL),
(462, 214, 1, 1),
(463, 214, 2, NULL),
(464, 215, 1, 1),
(465, 215, 2, NULL),
(466, 216, 1, 1),
(467, 216, 2, NULL),
(468, 217, 1, 1),
(469, 217, 2, NULL),
(470, 218, 1, 1),
(471, 218, 2, NULL),
(472, 219, 1, 1),
(473, 219, 2, NULL),
(474, 220, 1, 1),
(475, 220, 2, NULL),
(476, 221, 1, 1),
(477, 221, 2, NULL),
(478, 222, 1, 1),
(479, 222, 2, NULL),
(480, 223, 1, 1),
(481, 223, 2, NULL),
(482, 224, 1, 1),
(483, 224, 2, NULL),
(484, 225, 1, 1),
(485, 225, 2, NULL),
(486, 226, 1, 1),
(487, 226, 2, NULL),
(488, 227, 1, 1),
(489, 227, 2, NULL),
(490, 179, 1, 1),
(491, 179, 2, NULL),
(492, 191, 3, 1),
(493, 191, 4, NULL),
(776, 262, 1, 1),
(777, 262, 2, NULL),
(778, 263, 1, 1),
(779, 263, 2, NULL),
(780, 264, 1, 1),
(781, 264, 2, NULL),
(782, 265, 1, 1),
(783, 265, 2, NULL),
(784, 266, 1, 1),
(785, 266, 2, NULL),
(786, 267, 1, 1),
(787, 267, 2, NULL),
(788, 268, 1, 1),
(789, 268, 2, NULL),
(790, 269, 1, 1),
(791, 269, 2, NULL),
(792, 269, 3, NULL),
(793, 269, 4, NULL),
(794, 270, 1, 1),
(795, 270, 2, NULL),
(796, 270, 3, NULL),
(797, 270, 4, NULL),
(798, 271, 1, 1),
(799, 271, 2, NULL),
(800, 271, 3, NULL),
(801, 271, 4, NULL),
(802, 272, 1, 1),
(803, 272, 2, NULL),
(804, 272, 3, NULL),
(805, 272, 4, NULL),
(806, 273, 1, 1),
(807, 273, 2, NULL),
(808, 273, 3, NULL),
(809, 273, 4, NULL),
(810, 274, 1, 1),
(811, 274, 2, NULL),
(812, 274, 3, NULL),
(813, 274, 4, NULL),
(814, 275, 1, 1),
(815, 275, 2, NULL),
(816, 276, 1, 1),
(817, 276, 2, NULL),
(818, 277, 1, 1),
(819, 277, 2, NULL),
(820, 278, 1, 1),
(821, 278, 2, NULL),
(822, 279, 1, 1),
(823, 279, 2, NULL),
(824, 280, 1, 1),
(825, 280, 2, NULL),
(826, 281, 1, 1),
(827, 281, 2, NULL),
(828, 282, 1, 1),
(829, 282, 2, NULL),
(830, 282, 3, NULL),
(831, 282, 4, NULL),
(832, 283, 1, 1),
(833, 283, 2, NULL),
(834, 284, 1, 1),
(835, 284, 2, NULL),
(836, 285, 1, 1),
(837, 285, 2, NULL),
(838, 285, 3, NULL),
(839, 285, 4, NULL),
(840, 286, 1, 1),
(841, 286, 2, NULL),
(842, 287, 1, 1),
(843, 287, 2, NULL),
(844, 287, 3, NULL),
(845, 287, 4, NULL),
(846, 288, 1, 1),
(847, 288, 2, NULL),
(848, 289, 1, 1),
(849, 289, 2, NULL),
(850, 290, 1, 1),
(851, 290, 2, NULL),
(852, 291, 1, 1),
(853, 291, 2, NULL),
(854, 292, 1, 1),
(855, 292, 2, NULL),
(856, 293, 1, 1),
(857, 293, 2, NULL),
(858, 294, 1, 1),
(859, 294, 2, NULL),
(860, 295, 1, 1),
(861, 295, 2, NULL),
(862, 296, 1, 1),
(863, 296, 2, NULL),
(864, 297, 1, 1),
(865, 297, 2, NULL),
(866, 298, 1, 1),
(867, 298, 2, NULL),
(868, 299, 1, 1),
(869, 299, 2, NULL),
(870, 300, 1, 1),
(871, 300, 2, NULL),
(872, 301, 1, 1),
(873, 301, 2, NULL),
(874, 302, 1, 1),
(875, 302, 2, NULL),
(876, 303, 1, 1),
(877, 303, 2, NULL),
(878, 304, 1, 1),
(879, 304, 2, NULL),
(880, 305, 1, 1),
(881, 305, 2, NULL),
(882, 306, 1, 1),
(883, 306, 2, NULL),
(884, 307, 1, 1),
(885, 307, 2, NULL),
(886, 308, 1, 1),
(887, 308, 2, NULL),
(888, 309, 1, 1),
(889, 309, 2, NULL),
(890, 310, 1, 1),
(891, 310, 2, NULL),
(892, 311, 1, 1),
(893, 311, 2, NULL),
(894, 312, 1, 1),
(895, 312, 2, NULL),
(896, 313, 1, 1),
(897, 313, 2, NULL),
(898, 314, 1, 1),
(899, 314, 2, NULL),
(900, 315, 1, 1),
(901, 315, 2, NULL),
(902, 316, 1, 1),
(903, 316, 2, NULL),
(904, 317, 1, 1),
(905, 317, 2, NULL),
(906, 318, 1, 1),
(907, 318, 2, NULL),
(908, 319, 1, 1),
(909, 319, 2, NULL),
(910, 320, 1, 1),
(911, 320, 2, NULL),
(912, 321, 1, 1),
(913, 321, 2, NULL),
(914, 322, 1, 1),
(915, 322, 2, NULL),
(916, 323, 1, 1),
(917, 323, 2, NULL),
(918, 324, 1, 1),
(919, 324, 2, NULL),
(920, 325, 1, 1),
(921, 325, 2, NULL),
(922, 326, 1, 1),
(923, 326, 2, NULL),
(924, 327, 1, 1),
(925, 327, 2, NULL),
(926, 328, 1, 1),
(927, 328, 2, NULL),
(928, 329, 1, 1),
(929, 329, 2, NULL),
(930, 330, 1, 1),
(931, 330, 2, NULL),
(932, 331, 1, 1),
(933, 331, 2, NULL),
(934, 332, 1, 1),
(935, 332, 2, NULL),
(936, 332, 3, NULL),
(937, 332, 4, NULL),
(938, 333, 1, 1),
(939, 333, 2, NULL),
(940, 333, 3, NULL),
(941, 333, 4, NULL),
(942, 334, 1, 1),
(943, 334, 2, NULL),
(944, 334, 3, NULL),
(945, 334, 4, NULL),
(946, 335, 1, 1),
(947, 335, 2, NULL),
(948, 336, 1, 1),
(949, 336, 2, NULL),
(950, 337, 1, 1),
(951, 337, 2, NULL),
(952, 337, 3, NULL),
(953, 337, 4, NULL),
(954, 338, 1, 1),
(955, 338, 2, NULL),
(956, 339, 1, 1),
(957, 339, 2, NULL),
(958, 340, 1, 1),
(959, 340, 2, NULL),
(960, 341, 1, 1),
(961, 341, 2, NULL),
(962, 341, 3, NULL),
(963, 341, 4, NULL),
(964, 342, 1, 1),
(965, 342, 2, NULL),
(966, 342, 3, NULL),
(967, 342, 4, NULL),
(968, 343, 1, 1),
(969, 343, 2, NULL),
(970, 343, 3, NULL),
(971, 343, 4, NULL),
(972, 344, 1, 1),
(973, 344, 2, NULL),
(974, 344, 3, NULL),
(975, 344, 4, NULL),
(976, 345, 1, 1),
(977, 345, 2, NULL),
(978, 346, 1, 1),
(979, 346, 2, NULL),
(980, 347, 1, 1),
(981, 347, 2, NULL),
(982, 348, 1, 1),
(983, 348, 2, NULL),
(984, 349, 1, 1),
(985, 349, 2, NULL),
(986, 350, 1, 1),
(987, 350, 2, NULL),
(988, 351, 1, 1),
(989, 351, 2, NULL),
(990, 352, 1, 1),
(991, 352, 2, NULL),
(992, 353, 1, 1),
(993, 353, 2, NULL),
(994, 354, 1, 1),
(995, 354, 2, NULL),
(996, 355, 1, 1),
(997, 355, 2, NULL),
(998, 356, 1, 1),
(999, 356, 2, NULL),
(1000, 357, 1, 1),
(1001, 357, 2, NULL),
(1002, 358, 1, 1),
(1003, 358, 2, NULL),
(1004, 359, 1, 1),
(1005, 359, 2, NULL),
(1006, 360, 1, 1),
(1007, 360, 2, NULL),
(1008, 361, 1, 1),
(1009, 361, 2, NULL),
(1010, 362, 1, 1),
(1011, 362, 2, NULL),
(1012, 363, 1, 1),
(1013, 363, 2, NULL),
(1014, 364, 1, 1),
(1015, 364, 2, NULL),
(1016, 365, 1, 1),
(1017, 365, 2, NULL),
(1018, 366, 1, 1),
(1019, 366, 2, NULL),
(1020, 367, 1, 1),
(1021, 367, 2, NULL),
(1022, 368, 1, 1),
(1023, 368, 2, NULL),
(1024, 369, 1, 1),
(1025, 369, 2, NULL),
(1026, 370, 1, 1),
(1027, 370, 2, NULL),
(1028, 371, 1, 1),
(1029, 371, 2, NULL),
(1030, 372, 1, 1),
(1031, 372, 2, NULL),
(1032, 373, 1, 1),
(1033, 373, 2, NULL),
(1034, 374, 1, 1),
(1035, 374, 2, NULL),
(1036, 375, 1, 1),
(1037, 375, 2, NULL),
(1038, 376, 1, 1),
(1039, 376, 2, NULL),
(1040, 377, 1, 1),
(1041, 377, 2, NULL),
(1042, 378, 1, 1),
(1043, 378, 2, NULL),
(1044, 379, 1, 1),
(1045, 379, 2, NULL),
(1046, 380, 1, 1),
(1047, 380, 2, NULL),
(1048, 395, 1, 1),
(1049, 395, 2, NULL),
(1050, 396, 1, 1),
(1051, 396, 2, NULL),
(1052, 397, 1, 1),
(1053, 397, 2, NULL),
(1054, 398, 1, 1),
(1055, 398, 2, NULL),
(1056, 399, 1, 1),
(1057, 399, 2, NULL),
(1058, 394, 1, 1),
(1059, 394, 2, NULL),
(1060, 228, 1, 1),
(1061, 228, 2, NULL),
(1062, 229, 1, 1),
(1063, 229, 2, NULL),
(1064, 229, 3, NULL),
(1065, 229, 4, NULL),
(1066, 230, 1, 1),
(1067, 230, 2, NULL),
(1105, 232, 1, 1),
(1106, 233, 1, 1),
(1107, 234, 1, 1),
(1108, 235, 1, 1),
(1109, 242, 1, 1),
(1110, 243, 1, 1),
(1111, 244, 1, 1),
(1112, 247, 1, 1),
(1113, 248, 1, 1),
(1114, 249, 1, 1),
(1115, 250, 1, 1),
(1116, 251, 1, 1),
(1117, 252, 1, 1),
(1118, 253, 1, 1),
(1119, 254, 1, 1),
(1120, 255, 1, 1),
(1121, 256, 1, 1),
(1122, 257, 1, 1),
(1123, 258, 1, 1),
(1124, 259, 1, 1),
(1125, 260, 1, 1),
(1126, 261, 1, 1),
(1127, 400, 1, 1),
(1128, 401, 1, 1),
(1129, 402, 1, 1),
(1130, 403, 1, 1),
(1131, 404, 1, 1),
(1132, 405, 1, 1),
(1133, 406, 1, 1),
(1134, 407, 1, 1),
(1135, 408, 1, 1),
(1136, 409, 1, 1),
(1137, 410, 1, 1),
(1138, 411, 1, 1),
(1139, 412, 1, 1),
(1140, 413, 1, 1),
(1141, 414, 1, 1),
(1142, 237, 1, 1),
(1143, 239, 1, 1),
(1144, 240, 1, 1),
(1145, 241, 1, 1),
(1146, 245, 1, 1),
(1147, 246, 1, 1),
(1149, 415, 1, 1),
(1150, 416, 1, 1),
(1151, 416, 2, NULL),
(1152, 417, 1, 1),
(1153, 417, 2, NULL),
(1154, 418, 1, 1),
(1155, 418, 2, NULL),
(1156, 419, 1, 1),
(1157, 419, 2, NULL),
(1158, 420, 1, 1),
(1159, 420, 2, NULL),
(1160, 421, 1, 1),
(1161, 421, 2, NULL),
(1162, 422, 1, 1),
(1163, 422, 2, NULL),
(1164, 423, 1, 1),
(1165, 423, 2, NULL),
(1166, 424, 1, 1),
(1167, 424, 2, NULL),
(1168, 425, 1, 1),
(1169, 425, 2, NULL),
(1170, 426, 1, 1),
(1171, 426, 2, NULL),
(1172, 427, 1, 1),
(1173, 427, 2, NULL),
(1177, 429, 2, NULL),
(1178, 430, 1, 1),
(1179, 430, 2, NULL),
(1180, 431, 1, 1),
(1181, 431, 2, NULL),
(1182, 432, 1, 1),
(1183, 432, 2, NULL),
(1184, 433, 1, 1),
(1185, 433, 2, NULL),
(1186, 434, 1, 1),
(1187, 434, 2, NULL),
(1188, 435, 1, 1),
(1189, 435, 2, NULL),
(1190, 435, 3, NULL),
(1191, 436, 1, 1),
(1192, 436, 2, NULL),
(1193, 437, 1, 1),
(1194, 437, 2, NULL),
(1195, 438, 1, 1),
(1196, 438, 2, NULL),
(1197, 439, 1, 1),
(1198, 440, 1, 1),
(1199, 441, 1, 1),
(1201, 429, 1, 1),
(1202, 428, 3, 1),
(1203, 428, 4, NULL),
(1301, 443, 1, 1),
(1302, 443, 2, NULL),
(1303, 444, 1, 1),
(1304, 444, 2, NULL),
(1305, 445, 1, 1),
(1306, 445, 2, NULL),
(1307, 446, 1, 1),
(1308, 446, 2, NULL),
(1309, 447, 1, 1),
(1310, 447, 2, NULL),
(1311, 448, 1, 1),
(1312, 448, 2, NULL),
(1313, 449, 1, 1),
(1314, 449, 2, NULL),
(1315, 450, 1, 1),
(1316, 451, 1, 1),
(1317, 452, 1, 1),
(1318, 452, 2, NULL),
(1319, 453, 1, 1),
(1320, 453, 2, NULL),
(1321, 454, 1, 1),
(1322, 454, 2, NULL),
(1323, 455, 1, 1),
(1324, 455, 2, NULL),
(1325, 456, 1, 1),
(1326, 456, 2, NULL),
(1327, 457, 1, 1),
(1328, 457, 2, NULL),
(1329, 458, 1, 1),
(1330, 459, 1, 1),
(1331, 459, 2, NULL),
(1332, 460, 1, 1),
(1333, 460, 2, NULL),
(1334, 461, 1, 1),
(1335, 461, 2, NULL),
(1336, 462, 1, 1),
(1337, 462, 2, NULL),
(1338, 463, 1, 1),
(1339, 463, 2, NULL),
(1340, 464, 1, 1),
(1341, 464, 2, NULL),
(1342, 465, 1, 1),
(1343, 465, 2, NULL),
(1344, 466, 1, 1),
(1345, 466, 2, NULL),
(1346, 467, 1, 1),
(1347, 467, 2, NULL),
(1348, 468, 1, 1),
(1349, 468, 2, NULL),
(1350, 469, 1, 1),
(1351, 469, 2, NULL),
(1352, 470, 1, 1),
(1353, 470, 2, NULL),
(1354, 471, 1, 1),
(1355, 471, 2, NULL),
(1356, 472, 1, 1),
(1357, 472, 2, NULL),
(1358, 473, 1, 1),
(1359, 473, 2, NULL),
(1360, 474, 1, 1),
(1361, 474, 2, NULL),
(1362, 475, 1, 1),
(1363, 475, 2, NULL),
(1364, 476, 1, 1),
(1365, 476, 2, NULL),
(1366, 477, 1, 1),
(1367, 477, 2, NULL),
(1368, 478, 1, 1),
(1369, 478, 2, NULL),
(1370, 479, 1, 1),
(1371, 479, 2, NULL),
(1372, 480, 1, 1),
(1373, 480, 2, NULL),
(1374, 481, 1, 1),
(1375, 481, 2, NULL),
(1376, 482, 1, 1),
(1377, 482, 2, NULL),
(1378, 483, 1, 1),
(1379, 483, 2, NULL),
(1380, 484, 1, 1),
(1381, 484, 2, NULL),
(1382, 485, 1, 1),
(1383, 485, 2, NULL),
(1384, 486, 1, 1),
(1385, 486, 2, NULL),
(1386, 487, 1, 1),
(1387, 487, 2, NULL),
(1388, 488, 1, 1),
(1389, 488, 2, NULL),
(1390, 489, 1, 1),
(1391, 489, 2, NULL),
(1392, 490, 1, 1),
(1393, 490, 2, NULL),
(1394, 491, 1, 1),
(1395, 492, 1, 1),
(1396, 492, 2, NULL),
(1398, 31, 1, 1),
(1400, 442, 1, 1),
(1401, 493, 1, 1),
(1402, 127, 1, 1),
(1403, 156, 1, 1);

-- --------------------------------------------------------

--
-- Estructura de tabla para la tabla `ps_image_lang`
--

CREATE TABLE `ps_image_lang` (
  `id_image` int(10) UNSIGNED NOT NULL,
  `id_lang` int(10) UNSIGNED NOT NULL,
  `legend` varchar(128) DEFAULT NULL
) ENGINE=InnoDB DEFAULT CHARSET=utf8;

--
-- Volcado de datos para la tabla `ps_image_lang`
--

INSERT INTO `ps_image_lang` (`id_image`, `id_lang`, `legend`) VALUES
(19, 1, ''),
(20, 1, ''),
(21, 1, ''),
(22, 1, ''),
(23, 1, ''),
(25, 1, ''),
(30, 1, ''),
(31, 1, ''),
(32, 1, ''),
(33, 1, ''),
(34, 1, ''),
(35, 1, ''),
(36, 1, ''),
(37, 1, ''),
(38, 1, ''),
(39, 1, ''),
(40, 1, ''),
(41, 1, ''),
(42, 1, ''),
(43, 1, ''),
(44, 1, ''),
(45, 1, ''),
(46, 1, ''),
(47, 1, ''),
(48, 1, ''),
(49, 1, ''),
(50, 1, ''),
(51, 1, ''),
(52, 1, ''),
(53, 1, ''),
(54, 1, ''),
(55, 1, ''),
(56, 1, ''),
(57, 1, ''),
(58, 1, ''),
(59, 1, ''),
(60, 1, ''),
(61, 1, ''),
(156, 1, ''),
(157, 1, ''),
(158, 1, ''),
(159, 1, ''),
(160, 1, ''),
(161, 1, ''),
(162, 1, ''),
(163, 1, ''),
(164, 1, ''),
(165, 1, ''),
(166, 1, ''),
(167, 1, ''),
(168, 1, ''),
(169, 1, ''),
(170, 1, ''),
(171, 1, ''),
(172, 1, ''),
(173, 1, ''),
(174, 1, ''),
(175, 1, ''),
(176, 1, ''),
(177, 1, ''),
(178, 1, ''),
(179, 1, ''),
(180, 1, ''),
(181, 1, ''),
(182, 1, ''),
(183, 1, ''),
(184, 1, ''),
(185, 1, ''),
(186, 1, ''),
(187, 1, ''),
(188, 1, ''),
(189, 1, ''),
(190, 1, ''),
(191, 1, ''),
(192, 1, ''),
(193, 1, ''),
(194, 1, ''),
(195, 1, ''),
(196, 1, ''),
(197, 1, ''),
(198, 1, ''),
(199, 1, ''),
(200, 1, ''),
(201, 1, ''),
(202, 1, ''),
(203, 1, ''),
(204, 1, ''),
(205, 1, ''),
(206, 1, ''),
(207, 1, ''),
(208, 1, ''),
(209, 1, ''),
(210, 1, ''),
(211, 1, ''),
(212, 1, ''),
(213, 1, ''),
(214, 1, ''),
(215, 1, ''),
(216, 1, ''),
(217, 1, ''),
(218, 1, ''),
(219, 1, ''),
(220, 1, ''),
(221, 1, ''),
(222, 1, ''),
(223, 1, ''),
(224, 1, ''),
(225, 1, ''),
(226, 1, ''),
(227, 1, ''),
(228, 1, ''),
(229, 1, ''),
(230, 1, ''),
(231, 1, ''),
(232, 1, ''),
(233, 1, ''),
(234, 1, ''),
(235, 1, ''),
(236, 1, ''),
(237, 1, ''),
(238, 1, ''),
(239, 1, ''),
(240, 1, ''),
(241, 1, ''),
(242, 1, ''),
(243, 1, ''),
(244, 1, ''),
(245, 1, ''),
(246, 1, ''),
(247, 1, ''),
(248, 1, ''),
(249, 1, ''),
(250, 1, ''),
(251, 1, ''),
(252, 1, ''),
(253, 1, ''),
(255, 1, ''),
(256, 1, ''),
(257, 1, ''),
(258, 1, ''),
(259, 1, ''),
(260, 1, ''),
(268, 1, ''),
(269, 1, ''),
(273, 1, ''),
(274, 1, ''),
(275, 1, ''),
(276, 1, ''),
(277, 1, ''),
(278, 1, ''),
(279, 1, ''),
(280, 1, ''),
(281, 1, ''),
(282, 1, ''),
(283, 1, ''),
(284, 1, ''),
(285, 1, ''),
(298, 1, ''),
(299, 1, ''),
(300, 1, ''),
(301, 1, ''),
(302, 1, ''),
(303, 1, ''),
(308, 1, ''),
(309, 1, ''),
(313, 1, ''),
(346, 1, ''),
(347, 1, ''),
(348, 1, ''),
(349, 1, ''),
(350, 1, ''),
(351, 1, ''),
(352, 1, ''),
(353, 1, ''),
(354, 1, ''),
(355, 1, ''),
(356, 1, ''),
(357, 1, ''),
(358, 1, ''),
(359, 1, ''),
(360, 1, ''),
(361, 1, ''),
(362, 1, ''),
(363, 1, ''),
(377, 1, ''),
(386, 1, ''),
(387, 1, ''),
(388, 1, ''),
(391, 1, ''),
(392, 1, ''),
(393, 1, ''),
(394, 1, ''),
(395, 1, ''),
(396, 1, ''),
(397, 1, ''),
(398, 1, ''),
(399, 1, ''),
(400, 1, ''),
(401, 1, ''),
(402, 1, ''),
(403, 1, ''),
(404, 1, ''),
(405, 1, ''),
(406, 1, ''),
(407, 1, ''),
(408, 1, ''),
(409, 1, ''),
(410, 1, ''),
(411, 1, ''),
(412, 1, ''),
(413, 1, ''),
(414, 1, ''),
(415, 1, ''),
(418, 1, ''),
(419, 1, ''),
(420, 1, ''),
(421, 1, ''),
(422, 1, ''),
(423, 1, ''),
(424, 1, ''),
(425, 1, ''),
(426, 1, ''),
(427, 1, ''),
(428, 1, ''),
(429, 1, ''),
(430, 1, ''),
(431, 1, ''),
(432, 1, ''),
(433, 1, ''),
(434, 1, ''),
(435, 1, ''),
(436, 1, ''),
(437, 1, ''),
(438, 1, ''),
(439, 1, ''),
(440, 1, ''),
(441, 1, ''),
(442, 1, ''),
(443, 1, ''),
(444, 1, ''),
(445, 1, ''),
(446, 1, ''),
(447, 1, ''),
(448, 1, ''),
(449, 1, ''),
(450, 1, ''),
(451, 1, ''),
(452, 1, ''),
(453, 1, ''),
(454, 1, ''),
(455, 1, ''),
(456, 1, ''),
(457, 1, ''),
(458, 1, ''),
(459, 1, ''),
(460, 1, ''),
(461, 1, ''),
(462, 1, ''),
(463, 1, ''),
(464, 1, ''),
(465, 1, ''),
(466, 1, ''),
(467, 1, ''),
(468, 1, ''),
(469, 1, ''),
(470, 1, ''),
(471, 1, ''),
(472, 1, ''),
(473, 1, ''),
(474, 1, ''),
(475, 1, ''),
(476, 1, ''),
(477, 1, ''),
(478, 1, ''),
(479, 1, ''),
(480, 1, ''),
(481, 1, ''),
(482, 1, ''),
(483, 1, ''),
(484, 1, ''),
(485, 1, ''),
(486, 1, ''),
(487, 1, ''),
(488, 1, ''),
(489, 1, ''),
(490, 1, ''),
(491, 1, ''),
(492, 1, ''),
(493, 1, ''),
(776, 1, ''),
(777, 1, ''),
(778, 1, ''),
(779, 1, ''),
(780, 1, ''),
(781, 1, ''),
(782, 1, ''),
(783, 1, ''),
(784, 1, ''),
(785, 1, ''),
(786, 1, ''),
(787, 1, ''),
(788, 1, ''),
(789, 1, ''),
(790, 1, ''),
(791, 1, ''),
(792, 1, ''),
(793, 1, ''),
(794, 1, ''),
(795, 1, ''),
(796, 1, ''),
(797, 1, ''),
(798, 1, ''),
(799, 1, ''),
(800, 1, ''),
(801, 1, ''),
(802, 1, ''),
(803, 1, ''),
(804, 1, ''),
(805, 1, ''),
(806, 1, ''),
(807, 1, ''),
(808, 1, ''),
(809, 1, ''),
(810, 1, ''),
(811, 1, ''),
(812, 1, ''),
(813, 1, ''),
(814, 1, ''),
(815, 1, ''),
(816, 1, ''),
(817, 1, ''),
(818, 1, ''),
(819, 1, ''),
(820, 1, ''),
(821, 1, ''),
(822, 1, ''),
(823, 1, ''),
(824, 1, ''),
(825, 1, ''),
(826, 1, ''),
(827, 1, ''),
(828, 1, ''),
(829, 1, ''),
(830, 1, ''),
(831, 1, ''),
(832, 1, ''),
(833, 1, ''),
(834, 1, ''),
(835, 1, ''),
(836, 1, ''),
(837, 1, ''),
(838, 1, ''),
(839, 1, ''),
(840, 1, ''),
(841, 1, ''),
(842, 1, ''),
(843, 1, ''),
(844, 1, ''),
(845, 1, ''),
(846, 1, ''),
(847, 1, ''),
(848, 1, ''),
(849, 1, ''),
(850, 1, ''),
(851, 1, ''),
(852, 1, ''),
(853, 1, ''),
(854, 1, ''),
(855, 1, ''),
(856, 1, ''),
(857, 1, ''),
(858, 1, ''),
(859, 1, ''),
(860, 1, ''),
(861, 1, ''),
(862, 1, ''),
(863, 1, ''),
(864, 1, ''),
(865, 1, ''),
(866, 1, ''),
(867, 1, ''),
(868, 1, ''),
(869, 1, ''),
(870, 1, ''),
(871, 1, ''),
(872, 1, ''),
(873, 1, ''),
(874, 1, ''),
(875, 1, ''),
(876, 1, ''),
(877, 1, ''),
(878, 1, ''),
(879, 1, ''),
(880, 1, ''),
(881, 1, ''),
(882, 1, ''),
(883, 1, ''),
(884, 1, ''),
(885, 1, ''),
(886, 1, ''),
(887, 1, ''),
(888, 1, ''),
(889, 1, ''),
(890, 1, ''),
(891, 1, ''),
(892, 1, ''),
(893, 1, ''),
(894, 1, ''),
(895, 1, ''),
(896, 1, ''),
(897, 1, ''),
(898, 1, ''),
(899, 1, ''),
(900, 1, ''),
(901, 1, ''),
(902, 1, ''),
(903, 1, ''),
(904, 1, ''),
(905, 1, ''),
(906, 1, ''),
(907, 1, ''),
(908, 1, ''),
(909, 1, ''),
(910, 1, ''),
(911, 1, ''),
(912, 1, ''),
(913, 1, ''),
(914, 1, ''),
(915, 1, ''),
(916, 1, ''),
(917, 1, ''),
(918, 1, ''),
(919, 1, ''),
(920, 1, ''),
(921, 1, ''),
(922, 1, ''),
(923, 1, ''),
(924, 1, ''),
(925, 1, ''),
(926, 1, ''),
(927, 1, ''),
(928, 1, ''),
(929, 1, ''),
(930, 1, ''),
(931, 1, ''),
(932, 1, ''),
(933, 1, ''),
(934, 1, ''),
(935, 1, ''),
(936, 1, ''),
(937, 1, ''),
(938, 1, ''),
(939, 1, ''),
(940, 1, ''),
(941, 1, ''),
(942, 1, ''),
(943, 1, ''),
(944, 1, ''),
(945, 1, ''),
(946, 1, ''),
(947, 1, ''),
(948, 1, ''),
(949, 1, ''),
(950, 1, ''),
(951, 1, ''),
(952, 1, ''),
(953, 1, ''),
(954, 1, ''),
(955, 1, ''),
(956, 1, ''),
(957, 1, ''),
(958, 1, ''),
(959, 1, ''),
(960, 1, ''),
(961, 1, ''),
(962, 1, ''),
(963, 1, ''),
(964, 1, ''),
(965, 1, ''),
(966, 1, ''),
(967, 1, ''),
(968, 1, ''),
(969, 1, ''),
(970, 1, ''),
(971, 1, ''),
(972, 1, ''),
(973, 1, ''),
(974, 1, ''),
(975, 1, ''),
(976, 1, ''),
(977, 1, ''),
(978, 1, ''),
(979, 1, ''),
(980, 1, ''),
(981, 1, ''),
(982, 1, ''),
(983, 1, ''),
(984, 1, ''),
(985, 1, ''),
(986, 1, ''),
(987, 1, ''),
(988, 1, ''),
(989, 1, ''),
(990, 1, ''),
(991, 1, ''),
(992, 1, ''),
(993, 1, ''),
(994, 1, ''),
(995, 1, ''),
(996, 1, ''),
(997, 1, ''),
(998, 1, ''),
(999, 1, ''),
(1000, 1, ''),
(1001, 1, ''),
(1002, 1, ''),
(1003, 1, ''),
(1004, 1, ''),
(1005, 1, ''),
(1006, 1, ''),
(1007, 1, ''),
(1008, 1, ''),
(1009, 1, ''),
(1010, 1, ''),
(1011, 1, ''),
(1012, 1, ''),
(1013, 1, ''),
(1014, 1, ''),
(1015, 1, ''),
(1016, 1, ''),
(1017, 1, ''),
(1018, 1, ''),
(1019, 1, ''),
(1020, 1, ''),
(1021, 1, ''),
(1022, 1, ''),
(1023, 1, ''),
(1024, 1, ''),
(1025, 1, ''),
(1026, 1, ''),
(1027, 1, ''),
(1028, 1, ''),
(1029, 1, ''),
(1030, 1, ''),
(1031, 1, ''),
(1032, 1, ''),
(1033, 1, ''),
(1034, 1, ''),
(1035, 1, ''),
(1036, 1, ''),
(1037, 1, ''),
(1038, 1, ''),
(1039, 1, ''),
(1040, 1, ''),
(1041, 1, ''),
(1042, 1, ''),
(1043, 1, ''),
(1044, 1, ''),
(1045, 1, ''),
(1046, 1, ''),
(1047, 1, ''),
(1048, 1, ''),
(1049, 1, ''),
(1050, 1, ''),
(1051, 1, ''),
(1052, 1, ''),
(1053, 1, ''),
(1054, 1, ''),
(1055, 1, ''),
(1056, 1, ''),
(1057, 1, ''),
(1058, 1, ''),
(1059, 1, ''),
(1060, 1, ''),
(1061, 1, ''),
(1062, 1, ''),
(1063, 1, ''),
(1064, 1, ''),
(1065, 1, ''),
(1066, 1, ''),
(1067, 1, ''),
(1105, 1, ''),
(1106, 1, ''),
(1107, 1, ''),
(1108, 1, ''),
(1109, 1, ''),
(1110, 1, ''),
(1111, 1, ''),
(1112, 1, ''),
(1113, 1, ''),
(1114, 1, ''),
(1115, 1, ''),
(1116, 1, ''),
(1117, 1, ''),
(1118, 1, ''),
(1119, 1, ''),
(1120, 1, ''),
(1121, 1, ''),
(1122, 1, ''),
(1123, 1, ''),
(1124, 1, ''),
(1125, 1, ''),
(1126, 1, ''),
(1127, 1, ''),
(1128, 1, ''),
(1129, 1, ''),
(1130, 1, ''),
(1131, 1, ''),
(1132, 1, ''),
(1133, 1, ''),
(1134, 1, ''),
(1135, 1, ''),
(1136, 1, ''),
(1137, 1, ''),
(1138, 1, ''),
(1139, 1, ''),
(1140, 1, ''),
(1141, 1, ''),
(1142, 1, ''),
(1143, 1, ''),
(1144, 1, ''),
(1145, 1, ''),
(1146, 1, ''),
(1147, 1, ''),
(1149, 1, ''),
(1150, 1, ''),
(1151, 1, ''),
(1152, 1, ''),
(1153, 1, ''),
(1154, 1, ''),
(1155, 1, ''),
(1156, 1, ''),
(1157, 1, ''),
(1158, 1, ''),
(1159, 1, ''),
(1160, 1, ''),
(1161, 1, ''),
(1162, 1, ''),
(1163, 1, ''),
(1164, 1, ''),
(1165, 1, ''),
(1166, 1, ''),
(1167, 1, ''),
(1168, 1, ''),
(1169, 1, ''),
(1170, 1, ''),
(1171, 1, ''),
(1172, 1, ''),
(1173, 1, ''),
(1177, 1, ''),
(1178, 1, ''),
(1179, 1, ''),
(1180, 1, ''),
(1181, 1, ''),
(1182, 1, ''),
(1183, 1, ''),
(1184, 1, ''),
(1185, 1, ''),
(1186, 1, ''),
(1187, 1, ''),
(1188, 1, ''),
(1189, 1, ''),
(1190, 1, ''),
(1191, 1, ''),
(1192, 1, ''),
(1193, 1, ''),
(1194, 1, ''),
(1195, 1, ''),
(1196, 1, ''),
(1197, 1, ''),
(1198, 1, ''),
(1199, 1, ''),
(1201, 1, ''),
(1202, 1, ''),
(1203, 1, ''),
(1301, 1, ''),
(1302, 1, ''),
(1303, 1, ''),
(1304, 1, ''),
(1305, 1, ''),
(1306, 1, ''),
(1307, 1, ''),
(1308, 1, ''),
(1309, 1, ''),
(1310, 1, ''),
(1311, 1, ''),
(1312, 1, ''),
(1313, 1, ''),
(1314, 1, ''),
(1315, 1, ''),
(1316, 1, ''),
(1317, 1, ''),
(1318, 1, ''),
(1319, 1, ''),
(1320, 1, ''),
(1321, 1, ''),
(1322, 1, ''),
(1323, 1, ''),
(1324, 1, ''),
(1325, 1, ''),
(1326, 1, ''),
(1327, 1, ''),
(1328, 1, ''),
(1329, 1, ''),
(1330, 1, ''),
(1331, 1, ''),
(1332, 1, ''),
(1333, 1, ''),
(1334, 1, ''),
(1335, 1, ''),
(1336, 1, ''),
(1337, 1, ''),
(1338, 1, ''),
(1339, 1, ''),
(1340, 1, ''),
(1341, 1, ''),
(1342, 1, ''),
(1343, 1, ''),
(1344, 1, ''),
(1345, 1, ''),
(1346, 1, ''),
(1347, 1, ''),
(1348, 1, ''),
(1349, 1, ''),
(1350, 1, ''),
(1351, 1, ''),
(1352, 1, ''),
(1353, 1, ''),
(1354, 1, ''),
(1355, 1, ''),
(1356, 1, ''),
(1357, 1, ''),
(1358, 1, ''),
(1359, 1, ''),
(1360, 1, ''),
(1361, 1, ''),
(1362, 1, ''),
(1363, 1, ''),
(1364, 1, ''),
(1365, 1, ''),
(1366, 1, ''),
(1367, 1, ''),
(1368, 1, ''),
(1369, 1, ''),
(1370, 1, ''),
(1371, 1, ''),
(1372, 1, ''),
(1373, 1, ''),
(1374, 1, ''),
(1375, 1, ''),
(1376, 1, ''),
(1377, 1, ''),
(1378, 1, ''),
(1379, 1, ''),
(1380, 1, ''),
(1381, 1, ''),
(1382, 1, ''),
(1383, 1, ''),
(1384, 1, ''),
(1385, 1, ''),
(1386, 1, ''),
(1387, 1, ''),
(1388, 1, ''),
(1389, 1, ''),
(1390, 1, ''),
(1391, 1, ''),
(1392, 1, ''),
(1393, 1, ''),
(1394, 1, ''),
(1395, 1, ''),
(1396, 1, ''),
(1398, 1, ''),
(1400, 1, ''),
(1401, 1, ''),
(1402, 1, ''),
(1403, 1, '');

-- --------------------------------------------------------

--
-- Estructura de tabla para la tabla `ps_image_shop`
--

CREATE TABLE `ps_image_shop` (
  `id_product` int(10) UNSIGNED NOT NULL,
  `id_image` int(11) UNSIGNED NOT NULL,
  `id_shop` int(11) UNSIGNED NOT NULL,
  `cover` tinyint(1) UNSIGNED DEFAULT NULL
) ENGINE=InnoDB DEFAULT CHARSET=utf8;

--
-- Volcado de datos para la tabla `ps_image_shop`
--

INSERT INTO `ps_image_shop` (`id_product`, `id_image`, `id_shop`, `cover`) VALUES
(1, 31, 1, NULL),
(1, 30, 1, 1),
(2, 33, 1, NULL),
(2, 32, 1, 1),
(3, 35, 1, NULL),
(3, 34, 1, 1),
(4, 37, 1, NULL),
(4, 36, 1, 1),
(5, 39, 1, NULL),
(5, 38, 1, 1),
(6, 41, 1, NULL),
(6, 40, 1, 1),
(7, 43, 1, NULL),
(7, 42, 1, 1),
(8, 45, 1, NULL),
(8, 44, 1, 1),
(9, 47, 1, NULL),
(9, 46, 1, 1),
(10, 49, 1, NULL),
(10, 48, 1, 1),
(11, 51, 1, NULL),
(11, 50, 1, 1),
(12, 53, 1, NULL),
(12, 52, 1, 1),
(13, 55, 1, NULL),
(13, 54, 1, 1),
(14, 57, 1, NULL),
(14, 56, 1, 1),
(15, 59, 1, NULL),
(15, 58, 1, 1),
(16, 61, 1, NULL),
(16, 60, 1, 1),
(17, 19, 1, 1),
(18, 20, 1, 1),
(19, 21, 1, 1),
(20, 22, 1, 1),
(21, 23, 1, 1),
(22, 25, 1, 1),
(23, 298, 1, 1),
(24, 299, 1, 1),
(25, 300, 1, 1),
(26, 301, 1, 1),
(27, 302, 1, 1),
(28, 303, 1, 1),
(29, 194, 1, NULL),
(29, 193, 1, 1),
(30, 196, 1, NULL),
(30, 195, 1, 1),
(31, 1398, 1, 1),
(32, 156, 1, 1),
(33, 157, 1, 1),
(34, 158, 1, 1),
(35, 159, 1, 1),
(36, 160, 1, 1),
(37, 161, 1, 1),
(38, 162, 1, 1),
(39, 163, 1, 1),
(40, 164, 1, 1),
(41, 165, 1, 1),
(42, 166, 1, 1),
(43, 167, 1, 1),
(44, 168, 1, 1),
(45, 169, 1, 1),
(46, 170, 1, 1),
(47, 171, 1, 1),
(48, 172, 1, 1),
(49, 173, 1, 1),
(50, 174, 1, 1),
(51, 175, 1, 1),
(52, 176, 1, 1),
(53, 177, 1, 1),
(54, 178, 1, 1),
(55, 179, 1, 1),
(56, 180, 1, 1),
(57, 181, 1, 1),
(58, 182, 1, 1),
(59, 184, 1, NULL),
(59, 183, 1, 1),
(60, 185, 1, 1),
(61, 186, 1, 1),
(62, 187, 1, 1),
(63, 188, 1, 1),
(64, 189, 1, 1),
(65, 190, 1, 1),
(66, 191, 1, 1),
(67, 192, 1, 1),
(68, 197, 1, 1),
(69, 198, 1, 1),
(70, 199, 1, 1),
(71, 200, 1, 1),
(72, 201, 1, 1),
(73, 202, 1, 1),
(74, 203, 1, 1),
(75, 204, 1, 1),
(76, 205, 1, 1),
(77, 206, 1, 1),
(78, 207, 1, 1),
(79, 208, 1, 1),
(80, 209, 1, 1),
(81, 210, 1, 1),
(82, 211, 1, 1),
(83, 212, 1, 1),
(84, 213, 1, 1),
(85, 214, 1, 1),
(86, 215, 1, 1),
(87, 216, 1, 1),
(88, 217, 1, 1),
(89, 218, 1, 1),
(90, 219, 1, 1),
(91, 220, 1, 1),
(92, 221, 1, 1),
(93, 222, 1, 1),
(94, 223, 1, 1),
(95, 224, 1, 1),
(96, 225, 1, 1),
(97, 226, 1, 1),
(98, 227, 1, 1),
(99, 228, 1, 1),
(100, 229, 1, 1),
(101, 230, 1, 1),
(102, 231, 1, 1),
(103, 232, 1, 1),
(104, 233, 1, 1),
(105, 234, 1, 1),
(106, 235, 1, 1),
(107, 236, 1, 1),
(108, 237, 1, 1),
(109, 238, 1, 1),
(110, 239, 1, 1),
(111, 240, 1, 1),
(112, 241, 1, 1),
(113, 242, 1, 1),
(114, 243, 1, 1),
(115, 244, 1, 1),
(116, 245, 1, 1),
(117, 246, 1, 1),
(119, 247, 1, 1),
(120, 248, 1, 1),
(121, 249, 1, 1),
(122, 250, 1, 1),
(123, 251, 1, 1),
(124, 252, 1, 1),
(126, 253, 1, 1),
(127, 1402, 1, 1),
(128, 255, 1, 1),
(129, 256, 1, 1),
(130, 257, 1, 1),
(131, 258, 1, 1),
(132, 259, 1, 1),
(133, 260, 1, 1),
(134, 386, 1, 1),
(135, 387, 1, 1),
(136, 388, 1, 1),
(137, 393, 1, 1),
(138, 269, 1, 1),
(139, 268, 1, 1),
(140, 273, 1, 1),
(141, 274, 1, 1),
(142, 275, 1, 1),
(143, 276, 1, 1),
(144, 277, 1, 1),
(145, 278, 1, 1),
(146, 279, 1, 1),
(147, 280, 1, 1),
(148, 281, 1, 1),
(149, 282, 1, 1),
(150, 283, 1, 1),
(151, 284, 1, 1),
(152, 285, 1, 1),
(153, 308, 1, 1),
(154, 309, 1, 1),
(155, 313, 1, 1),
(156, 1403, 1, 1),
(157, 391, 1, 1),
(159, 346, 1, 1),
(160, 347, 1, 1),
(161, 348, 1, 1),
(162, 349, 1, 1),
(163, 350, 1, 1),
(164, 351, 1, 1),
(165, 352, 1, 1),
(166, 353, 1, 1),
(167, 354, 1, 1),
(168, 355, 1, 1),
(169, 356, 1, 1),
(170, 357, 1, 1),
(171, 358, 1, 1),
(172, 359, 1, 1),
(173, 360, 1, 1),
(174, 361, 1, 1),
(175, 362, 1, 1),
(176, 363, 1, 1),
(177, 377, 1, 1),
(178, 392, 1, 1),
(179, 491, 1, NULL),
(179, 490, 1, 1),
(180, 395, 1, NULL),
(180, 394, 1, 1),
(181, 397, 1, NULL),
(181, 396, 1, 1),
(182, 399, 1, NULL),
(182, 398, 1, 1),
(183, 401, 1, NULL),
(183, 400, 1, 1),
(184, 403, 1, NULL),
(184, 402, 1, 1),
(185, 405, 1, NULL),
(185, 404, 1, 1),
(186, 407, 1, NULL),
(186, 406, 1, 1),
(187, 409, 1, NULL),
(187, 408, 1, 1),
(188, 411, 1, NULL),
(188, 410, 1, 1),
(189, 413, 1, NULL),
(189, 412, 1, 1),
(190, 415, 1, NULL),
(190, 414, 1, 1),
(191, 493, 1, NULL),
(191, 492, 1, 1),
(192, 419, 1, NULL),
(192, 418, 1, 1),
(193, 421, 1, NULL),
(193, 420, 1, 1),
(194, 423, 1, NULL),
(194, 422, 1, 1),
(195, 425, 1, NULL),
(195, 424, 1, 1),
(196, 427, 1, NULL),
(196, 426, 1, 1),
(197, 429, 1, NULL),
(197, 428, 1, 1),
(198, 431, 1, NULL),
(198, 430, 1, 1),
(199, 433, 1, NULL),
(199, 432, 1, 1),
(200, 435, 1, NULL),
(200, 434, 1, 1),
(201, 437, 1, NULL),
(201, 436, 1, 1),
(202, 439, 1, NULL),
(202, 438, 1, 1),
(203, 441, 1, NULL),
(203, 440, 1, 1),
(204, 443, 1, NULL),
(204, 442, 1, 1),
(205, 445, 1, NULL),
(205, 444, 1, 1),
(206, 447, 1, NULL),
(206, 446, 1, 1),
(207, 449, 1, NULL),
(207, 448, 1, 1),
(208, 451, 1, NULL),
(208, 450, 1, 1),
(209, 453, 1, NULL),
(209, 452, 1, 1),
(210, 455, 1, NULL),
(210, 454, 1, 1),
(211, 457, 1, NULL),
(211, 456, 1, 1),
(212, 459, 1, NULL),
(212, 458, 1, 1),
(213, 461, 1, NULL),
(213, 460, 1, 1),
(214, 463, 1, NULL),
(214, 462, 1, 1),
(215, 465, 1, NULL),
(215, 464, 1, 1),
(216, 467, 1, NULL),
(216, 466, 1, 1),
(217, 469, 1, NULL),
(217, 468, 1, 1),
(218, 471, 1, NULL),
(218, 470, 1, 1),
(219, 473, 1, NULL),
(219, 472, 1, 1),
(220, 475, 1, NULL),
(220, 474, 1, 1),
(221, 477, 1, NULL),
(221, 476, 1, 1),
(222, 479, 1, NULL),
(222, 478, 1, 1),
(223, 481, 1, NULL),
(223, 480, 1, 1),
(224, 483, 1, NULL),
(224, 482, 1, 1),
(225, 485, 1, NULL),
(225, 484, 1, 1),
(226, 487, 1, NULL),
(226, 486, 1, 1),
(227, 489, 1, NULL),
(227, 488, 1, 1),
(228, 1061, 1, NULL),
(228, 1060, 1, 1),
(229, 1063, 1, NULL),
(229, 1064, 1, NULL),
(229, 1065, 1, NULL),
(229, 1062, 1, 1),
(230, 1067, 1, NULL),
(230, 1066, 1, 1),
(232, 1105, 1, 1),
(233, 1106, 1, 1),
(234, 1107, 1, 1),
(235, 1108, 1, 1),
(237, 1142, 1, 1),
(239, 1143, 1, 1),
(240, 1144, 1, 1),
(241, 1145, 1, 1),
(242, 1109, 1, 1),
(243, 1110, 1, 1),
(244, 1111, 1, 1),
(245, 1146, 1, 1),
(246, 1147, 1, 1),
(247, 1112, 1, 1),
(248, 1113, 1, 1),
(249, 1114, 1, 1),
(250, 1115, 1, 1),
(251, 1116, 1, 1),
(252, 1117, 1, 1),
(253, 1118, 1, 1),
(254, 1119, 1, 1),
(255, 1120, 1, 1),
(256, 1121, 1, 1),
(257, 1122, 1, 1),
(258, 1123, 1, 1),
(259, 1124, 1, 1),
(260, 1125, 1, 1),
(261, 1126, 1, 1),
(262, 777, 1, NULL),
(262, 776, 1, 1),
(263, 779, 1, NULL),
(263, 778, 1, 1),
(264, 781, 1, NULL),
(264, 780, 1, 1),
(265, 783, 1, NULL),
(265, 782, 1, 1),
(266, 785, 1, NULL),
(266, 784, 1, 1),
(267, 787, 1, NULL),
(267, 786, 1, 1),
(268, 789, 1, NULL),
(268, 788, 1, 1),
(269, 791, 1, NULL),
(269, 792, 1, NULL),
(269, 793, 1, NULL),
(269, 790, 1, 1),
(270, 795, 1, NULL),
(270, 796, 1, NULL),
(270, 797, 1, NULL),
(270, 794, 1, 1),
(271, 799, 1, NULL),
(271, 800, 1, NULL),
(271, 801, 1, NULL),
(271, 798, 1, 1),
(272, 803, 1, NULL),
(272, 804, 1, NULL),
(272, 805, 1, NULL),
(272, 802, 1, 1),
(273, 807, 1, NULL),
(273, 808, 1, NULL),
(273, 809, 1, NULL),
(273, 806, 1, 1),
(274, 811, 1, NULL),
(274, 812, 1, NULL),
(274, 813, 1, NULL),
(274, 810, 1, 1),
(275, 815, 1, NULL),
(275, 814, 1, 1),
(276, 817, 1, NULL),
(276, 816, 1, 1),
(277, 819, 1, NULL),
(277, 818, 1, 1),
(278, 821, 1, NULL),
(278, 820, 1, 1),
(279, 823, 1, NULL),
(279, 822, 1, 1),
(280, 825, 1, NULL),
(280, 824, 1, 1),
(281, 827, 1, NULL),
(281, 826, 1, 1),
(282, 829, 1, NULL),
(282, 830, 1, NULL),
(282, 831, 1, NULL),
(282, 828, 1, 1),
(283, 833, 1, NULL),
(283, 832, 1, 1),
(284, 835, 1, NULL),
(284, 834, 1, 1),
(285, 837, 1, NULL),
(285, 838, 1, NULL),
(285, 839, 1, NULL),
(285, 836, 1, 1),
(286, 841, 1, NULL),
(286, 840, 1, 1),
(287, 843, 1, NULL),
(287, 844, 1, NULL),
(287, 845, 1, NULL),
(287, 842, 1, 1),
(288, 847, 1, NULL),
(288, 846, 1, 1),
(289, 849, 1, NULL),
(289, 848, 1, 1),
(290, 851, 1, NULL),
(290, 850, 1, 1),
(291, 853, 1, NULL),
(291, 852, 1, 1),
(292, 855, 1, NULL),
(292, 854, 1, 1),
(293, 857, 1, NULL),
(293, 856, 1, 1),
(294, 859, 1, NULL),
(294, 858, 1, 1),
(295, 861, 1, NULL),
(295, 860, 1, 1),
(296, 863, 1, NULL),
(296, 862, 1, 1),
(297, 865, 1, NULL),
(297, 864, 1, 1),
(298, 867, 1, NULL),
(298, 866, 1, 1),
(299, 869, 1, NULL),
(299, 868, 1, 1),
(300, 871, 1, NULL),
(300, 870, 1, 1),
(301, 873, 1, NULL),
(301, 872, 1, 1),
(302, 875, 1, NULL),
(302, 874, 1, 1),
(303, 877, 1, NULL),
(303, 876, 1, 1),
(304, 879, 1, NULL),
(304, 878, 1, 1),
(305, 881, 1, NULL),
(305, 880, 1, 1),
(306, 883, 1, NULL),
(306, 882, 1, 1),
(307, 885, 1, NULL),
(307, 884, 1, 1),
(308, 887, 1, NULL),
(308, 886, 1, 1),
(309, 889, 1, NULL),
(309, 888, 1, 1),
(310, 891, 1, NULL),
(310, 890, 1, 1),
(311, 893, 1, NULL),
(311, 892, 1, 1),
(312, 895, 1, NULL),
(312, 894, 1, 1),
(313, 897, 1, NULL),
(313, 896, 1, 1),
(314, 899, 1, NULL),
(314, 898, 1, 1),
(315, 901, 1, NULL),
(315, 900, 1, 1),
(316, 903, 1, NULL),
(316, 902, 1, 1),
(317, 905, 1, NULL),
(317, 904, 1, 1),
(318, 907, 1, NULL),
(318, 906, 1, 1),
(319, 909, 1, NULL),
(319, 908, 1, 1),
(320, 911, 1, NULL),
(320, 910, 1, 1),
(321, 913, 1, NULL),
(321, 912, 1, 1),
(322, 915, 1, NULL),
(322, 914, 1, 1),
(323, 917, 1, NULL),
(323, 916, 1, 1),
(324, 919, 1, NULL),
(324, 918, 1, 1),
(325, 921, 1, NULL),
(325, 920, 1, 1),
(326, 923, 1, NULL),
(326, 922, 1, 1),
(327, 925, 1, NULL),
(327, 924, 1, 1),
(328, 927, 1, NULL),
(328, 926, 1, 1),
(329, 929, 1, NULL),
(329, 928, 1, 1),
(330, 931, 1, NULL),
(330, 930, 1, 1),
(331, 933, 1, NULL),
(331, 932, 1, 1),
(332, 935, 1, NULL),
(332, 936, 1, NULL),
(332, 937, 1, NULL),
(332, 934, 1, 1),
(333, 939, 1, NULL),
(333, 940, 1, NULL),
(333, 941, 1, NULL),
(333, 938, 1, 1),
(334, 943, 1, NULL),
(334, 944, 1, NULL),
(334, 945, 1, NULL),
(334, 942, 1, 1),
(335, 947, 1, NULL),
(335, 946, 1, 1),
(336, 949, 1, NULL),
(336, 948, 1, 1),
(337, 951, 1, NULL),
(337, 952, 1, NULL),
(337, 953, 1, NULL),
(337, 950, 1, 1),
(338, 955, 1, NULL),
(338, 954, 1, 1),
(339, 957, 1, NULL),
(339, 956, 1, 1),
(340, 959, 1, NULL),
(340, 958, 1, 1),
(341, 961, 1, NULL),
(341, 962, 1, NULL),
(341, 963, 1, NULL),
(341, 960, 1, 1),
(342, 965, 1, NULL),
(342, 966, 1, NULL),
(342, 967, 1, NULL),
(342, 964, 1, 1),
(343, 969, 1, NULL),
(343, 970, 1, NULL),
(343, 971, 1, NULL),
(343, 968, 1, 1),
(344, 973, 1, NULL),
(344, 974, 1, NULL),
(344, 975, 1, NULL),
(344, 972, 1, 1),
(345, 977, 1, NULL),
(345, 976, 1, 1),
(346, 979, 1, NULL),
(346, 978, 1, 1),
(347, 981, 1, NULL),
(347, 980, 1, 1),
(348, 983, 1, NULL),
(348, 982, 1, 1),
(349, 985, 1, NULL),
(349, 984, 1, 1),
(350, 987, 1, NULL),
(350, 986, 1, 1),
(351, 989, 1, NULL),
(351, 988, 1, 1),
(352, 991, 1, NULL),
(352, 990, 1, 1),
(353, 993, 1, NULL),
(353, 992, 1, 1),
(354, 995, 1, NULL),
(354, 994, 1, 1),
(355, 997, 1, NULL),
(355, 996, 1, 1),
(356, 999, 1, NULL),
(356, 998, 1, 1),
(357, 1001, 1, NULL),
(357, 1000, 1, 1),
(358, 1003, 1, NULL),
(358, 1002, 1, 1),
(359, 1005, 1, NULL),
(359, 1004, 1, 1),
(360, 1007, 1, NULL),
(360, 1006, 1, 1),
(361, 1009, 1, NULL),
(361, 1008, 1, 1),
(362, 1011, 1, NULL),
(362, 1010, 1, 1),
(363, 1013, 1, NULL),
(363, 1012, 1, 1),
(364, 1015, 1, NULL),
(364, 1014, 1, 1),
(365, 1017, 1, NULL),
(365, 1016, 1, 1),
(366, 1019, 1, NULL),
(366, 1018, 1, 1),
(367, 1021, 1, NULL),
(367, 1020, 1, 1),
(368, 1023, 1, NULL),
(368, 1022, 1, 1),
(369, 1025, 1, NULL),
(369, 1024, 1, 1),
(370, 1027, 1, NULL),
(370, 1026, 1, 1),
(371, 1029, 1, NULL),
(371, 1028, 1, 1),
(372, 1031, 1, NULL),
(372, 1030, 1, 1),
(373, 1033, 1, NULL),
(373, 1032, 1, 1),
(374, 1035, 1, NULL),
(374, 1034, 1, 1),
(375, 1037, 1, NULL),
(375, 1036, 1, 1),
(376, 1039, 1, NULL),
(376, 1038, 1, 1),
(377, 1041, 1, NULL),
(377, 1040, 1, 1),
(378, 1043, 1, NULL),
(378, 1042, 1, 1),
(379, 1045, 1, NULL),
(379, 1044, 1, 1),
(380, 1047, 1, NULL),
(380, 1046, 1, 1),
(394, 1059, 1, NULL),
(394, 1058, 1, 1),
(395, 1049, 1, NULL),
(395, 1048, 1, 1),
(396, 1051, 1, NULL),
(396, 1050, 1, 1),
(397, 1053, 1, NULL),
(397, 1052, 1, 1),
(398, 1055, 1, NULL),
(398, 1054, 1, 1),
(399, 1057, 1, NULL),
(399, 1056, 1, 1),
(400, 1127, 1, 1),
(401, 1128, 1, 1),
(402, 1129, 1, 1),
(403, 1130, 1, 1),
(404, 1131, 1, 1),
(405, 1132, 1, 1),
(406, 1133, 1, 1),
(407, 1134, 1, 1),
(408, 1135, 1, 1),
(409, 1136, 1, 1),
(410, 1137, 1, 1),
(411, 1138, 1, 1),
(412, 1139, 1, 1),
(413, 1140, 1, 1),
(414, 1141, 1, 1),
(415, 1149, 1, 1),
(416, 1151, 1, NULL),
(416, 1150, 1, 1),
(417, 1153, 1, NULL),
(417, 1152, 1, 1),
(418, 1155, 1, NULL),
(418, 1154, 1, 1),
(419, 1157, 1, NULL),
(419, 1156, 1, 1),
(420, 1159, 1, NULL),
(420, 1158, 1, 1),
(421, 1161, 1, NULL),
(421, 1160, 1, 1),
(422, 1163, 1, NULL),
(422, 1162, 1, 1),
(423, 1165, 1, NULL),
(423, 1164, 1, 1),
(424, 1167, 1, NULL),
(424, 1166, 1, 1),
(425, 1169, 1, NULL),
(425, 1168, 1, 1),
(426, 1171, 1, NULL),
(426, 1170, 1, 1),
(427, 1173, 1, NULL),
(427, 1172, 1, 1),
(428, 1203, 1, NULL),
(428, 1202, 1, 1),
(429, 1177, 1, NULL),
(429, 1201, 1, 1),
(430, 1179, 1, NULL),
(430, 1178, 1, 1),
(431, 1181, 1, NULL),
(431, 1180, 1, 1),
(432, 1183, 1, NULL),
(432, 1182, 1, 1),
(433, 1185, 1, NULL),
(433, 1184, 1, 1),
(434, 1187, 1, NULL),
(434, 1186, 1, 1),
(435, 1189, 1, NULL),
(435, 1190, 1, NULL),
(435, 1188, 1, 1),
(436, 1192, 1, NULL),
(436, 1191, 1, 1),
(437, 1194, 1, NULL),
(437, 1193, 1, 1),
(438, 1196, 1, NULL),
(438, 1195, 1, 1),
(439, 1197, 1, 1),
(440, 1198, 1, 1),
(441, 1199, 1, 1),
(442, 1400, 1, 1),
(443, 1302, 1, NULL),
(443, 1301, 1, 1),
(444, 1304, 1, NULL),
(444, 1303, 1, 1),
(445, 1306, 1, NULL),
(445, 1305, 1, 1),
(446, 1308, 1, NULL),
(446, 1307, 1, 1),
(447, 1310, 1, NULL),
(447, 1309, 1, 1),
(448, 1312, 1, NULL),
(448, 1311, 1, 1),
(449, 1314, 1, NULL),
(449, 1313, 1, 1),
(450, 1315, 1, 1),
(451, 1316, 1, 1),
(452, 1318, 1, NULL),
(452, 1317, 1, 1),
(453, 1320, 1, NULL),
(453, 1319, 1, 1),
(454, 1322, 1, NULL),
(454, 1321, 1, 1),
(455, 1324, 1, NULL),
(455, 1323, 1, 1),
(456, 1326, 1, NULL),
(456, 1325, 1, 1),
(457, 1328, 1, NULL),
(457, 1327, 1, 1),
(458, 1329, 1, 1),
(459, 1331, 1, NULL),
(459, 1330, 1, 1),
(460, 1333, 1, NULL),
(460, 1332, 1, 1),
(461, 1335, 1, NULL),
(461, 1334, 1, 1),
(462, 1337, 1, NULL),
(462, 1336, 1, 1),
(463, 1339, 1, NULL),
(463, 1338, 1, 1),
(464, 1341, 1, NULL),
(464, 1340, 1, 1),
(465, 1343, 1, NULL),
(465, 1342, 1, 1),
(466, 1345, 1, NULL),
(466, 1344, 1, 1),
(467, 1347, 1, NULL),
(467, 1346, 1, 1),
(468, 1349, 1, NULL),
(468, 1348, 1, 1),
(469, 1351, 1, NULL),
(469, 1350, 1, 1),
(470, 1353, 1, NULL),
(470, 1352, 1, 1),
(471, 1355, 1, NULL),
(471, 1354, 1, 1),
(472, 1357, 1, NULL),
(472, 1356, 1, 1),
(473, 1359, 1, NULL),
(473, 1358, 1, 1),
(474, 1361, 1, NULL),
(474, 1360, 1, 1),
(475, 1363, 1, NULL),
(475, 1362, 1, 1),
(476, 1365, 1, NULL),
(476, 1364, 1, 1),
(477, 1367, 1, NULL),
(477, 1366, 1, 1),
(478, 1369, 1, NULL),
(478, 1368, 1, 1),
(479, 1371, 1, NULL),
(479, 1370, 1, 1),
(480, 1373, 1, NULL),
(480, 1372, 1, 1),
(481, 1375, 1, NULL),
(481, 1374, 1, 1),
(482, 1377, 1, NULL),
(482, 1376, 1, 1),
(483, 1379, 1, NULL),
(483, 1378, 1, 1),
(484, 1381, 1, NULL),
(484, 1380, 1, 1),
(485, 1383, 1, NULL),
(485, 1382, 1, 1),
(486, 1385, 1, NULL),
(486, 1384, 1, 1),
(487, 1387, 1, NULL),
(487, 1386, 1, 1),
(488, 1389, 1, NULL),
(488, 1388, 1, 1),
(489, 1391, 1, NULL),
(489, 1390, 1, 1),
(490, 1393, 1, NULL),
(490, 1392, 1, 1),
(491, 1394, 1, 1),
(492, 1396, 1, NULL),
(492, 1395, 1, 1),
(493, 1401, 1, 1);

-- --------------------------------------------------------

--
-- Estructura de tabla para la tabla `ps_image_type`
--

CREATE TABLE `ps_image_type` (
  `id_image_type` int(10) UNSIGNED NOT NULL,
  `name` varchar(64) NOT NULL,
  `width` int(10) UNSIGNED NOT NULL,
  `height` int(10) UNSIGNED NOT NULL,
  `products` tinyint(1) NOT NULL DEFAULT 1,
  `categories` tinyint(1) NOT NULL DEFAULT 1,
  `manufacturers` tinyint(1) NOT NULL DEFAULT 1,
  `suppliers` tinyint(1) NOT NULL DEFAULT 1,
  `stores` tinyint(1) NOT NULL DEFAULT 1
) ENGINE=InnoDB DEFAULT CHARSET=utf8;

--
-- Volcado de datos para la tabla `ps_image_type`
--

INSERT INTO `ps_image_type` (`id_image_type`, `name`, `width`, `height`, `products`, `categories`, `manufacturers`, `suppliers`, `stores`) VALUES
(1, 'cart_default', 125, 125, 1, 0, 0, 0, 0),
(2, 'small_default', 130, 130, 1, 1, 1, 1, 0),
(3, 'medium_default', 570, 570, 1, 0, 1, 1, 0),
(4, 'home_default', 270, 270, 1, 0, 0, 0, 0),
(5, 'large_default', 800, 800, 1, 0, 1, 1, 0),
(6, 'category_default', 1920, 288, 0, 1, 0, 0, 0),
(7, 'stores_default', 170, 115, 0, 0, 0, 0, 1),
(8, 'field_manufacture', 170, 88, 0, 0, 1, 0, 0);

-- --------------------------------------------------------

--
-- Estructura de tabla para la tabla `ps_import_match`
--

CREATE TABLE `ps_import_match` (
  `id_import_match` int(10) NOT NULL,
  `name` varchar(32) NOT NULL,
  `match` text NOT NULL,
  `skip` int(2) NOT NULL
) ENGINE=InnoDB DEFAULT CHARSET=utf8;

-- --------------------------------------------------------

--
-- Estructura de tabla para la tabla `ps_info`
--

CREATE TABLE `ps_info` (
  `id_info` int(10) UNSIGNED NOT NULL
) ENGINE=InnoDB DEFAULT CHARSET=utf8;

--
-- Volcado de datos para la tabla `ps_info`
--

INSERT INTO `ps_info` (`id_info`) VALUES
(1);

-- --------------------------------------------------------

--
-- Estructura de tabla para la tabla `ps_info_lang`
--

CREATE TABLE `ps_info_lang` (
  `id_info` int(10) UNSIGNED NOT NULL,
  `id_shop` int(10) UNSIGNED NOT NULL,
  `id_lang` int(10) UNSIGNED NOT NULL,
  `text` text NOT NULL
) ENGINE=InnoDB DEFAULT CHARSET=utf8;

--
-- Volcado de datos para la tabla `ps_info_lang`
--

INSERT INTO `ps_info_lang` (`id_info`, `id_shop`, `id_lang`, `text`) VALUES
(1, 1, 1, '<h2>Custom Text Block</h2>\n<p><strong class=\"dark\">Lorem ipsum dolor sit amet conse ctetu</strong></p>\n<p>Sit amet conse ctetur adipisicing elit, sed do eiusmod tempor incididunt ut labore et dolore magna aliqua. Ut enim ad minim veniam, quis nostrud exercitation ullamco laboris nisi ut aliquip ex ea commodo consequat. Duis aute irure dolor in reprehenderit.</p>');

-- --------------------------------------------------------

--
-- Estructura de tabla para la tabla `ps_info_shop`
--

CREATE TABLE `ps_info_shop` (
  `id_info` int(10) UNSIGNED NOT NULL,
  `id_shop` int(10) UNSIGNED NOT NULL
) ENGINE=InnoDB DEFAULT CHARSET=utf8;

--
-- Volcado de datos para la tabla `ps_info_shop`
--

INSERT INTO `ps_info_shop` (`id_info`, `id_shop`) VALUES
(1, 1);

-- --------------------------------------------------------

--
-- Estructura de tabla para la tabla `ps_lang`
--

CREATE TABLE `ps_lang` (
  `id_lang` int(11) NOT NULL,
  `name` varchar(32) COLLATE utf8_unicode_ci NOT NULL,
  `active` tinyint(1) NOT NULL,
  `iso_code` varchar(2) COLLATE utf8_unicode_ci NOT NULL,
  `language_code` varchar(5) COLLATE utf8_unicode_ci NOT NULL,
  `locale` varchar(5) COLLATE utf8_unicode_ci NOT NULL,
  `date_format_lite` varchar(32) COLLATE utf8_unicode_ci NOT NULL,
  `date_format_full` varchar(32) COLLATE utf8_unicode_ci NOT NULL,
  `is_rtl` tinyint(1) NOT NULL
) ENGINE=InnoDB DEFAULT CHARSET=utf8 COLLATE=utf8_unicode_ci;

--
-- Volcado de datos para la tabla `ps_lang`
--

INSERT INTO `ps_lang` (`id_lang`, `name`, `active`, `iso_code`, `language_code`, `locale`, `date_format_lite`, `date_format_full`, `is_rtl`) VALUES
(1, 'Español (Spanish)', 1, 'es', 'es', 'es-ES', 'd/m/Y', 'd/m/Y H:i:s', 0);

-- --------------------------------------------------------

--
-- Estructura de tabla para la tabla `ps_lang_shop`
--

CREATE TABLE `ps_lang_shop` (
  `id_lang` int(11) NOT NULL,
  `id_shop` int(11) NOT NULL
) ENGINE=InnoDB DEFAULT CHARSET=utf8 COLLATE=utf8_unicode_ci;

--
-- Volcado de datos para la tabla `ps_lang_shop`
--

INSERT INTO `ps_lang_shop` (`id_lang`, `id_shop`) VALUES
(1, 1);

-- --------------------------------------------------------

--
-- Estructura de tabla para la tabla `ps_layered_category`
--

CREATE TABLE `ps_layered_category` (
  `id_layered_category` int(10) UNSIGNED NOT NULL,
  `id_shop` int(11) UNSIGNED NOT NULL,
  `id_category` int(10) UNSIGNED NOT NULL,
  `id_value` int(10) UNSIGNED DEFAULT 0,
  `type` enum('category','id_feature','id_attribute_group','quantity','condition','manufacturer','weight','price') NOT NULL,
  `position` int(10) UNSIGNED NOT NULL,
  `filter_type` int(10) UNSIGNED NOT NULL DEFAULT 0,
  `filter_show_limit` int(10) UNSIGNED NOT NULL DEFAULT 0
) ENGINE=InnoDB DEFAULT CHARSET=utf8;

--
-- Volcado de datos para la tabla `ps_layered_category`
--

INSERT INTO `ps_layered_category` (`id_layered_category`, `id_shop`, `id_category`, `id_value`, `type`, `position`, `filter_type`, `filter_show_limit`) VALUES
(1, 1, 2, 5, 'id_feature', 1, 0, 0),
(2, 1, 2, 10, 'id_feature', 2, 0, 0),
(3, 1, 2, NULL, 'manufacturer', 3, 0, 0),
(4, 1, 2, 2, 'id_feature', 4, 0, 0),
(5, 1, 2, NULL, 'price', 5, 0, 0),
(6, 1, 2, 3, 'id_attribute_group', 6, 0, 0),
(7, 1, 41, 5, 'id_feature', 1, 0, 0),
(8, 1, 41, 10, 'id_feature', 2, 0, 0),
(9, 1, 41, NULL, 'manufacturer', 3, 0, 0),
(10, 1, 41, 2, 'id_feature', 4, 0, 0),
(11, 1, 41, NULL, 'price', 5, 0, 0),
(12, 1, 41, 3, 'id_attribute_group', 6, 0, 0),
(13, 1, 57, 5, 'id_feature', 1, 0, 0),
(14, 1, 57, 10, 'id_feature', 2, 0, 0),
(15, 1, 57, NULL, 'manufacturer', 3, 0, 0),
(16, 1, 57, 2, 'id_feature', 4, 0, 0),
(17, 1, 57, NULL, 'price', 5, 0, 0),
(18, 1, 57, 3, 'id_attribute_group', 6, 0, 0),
(19, 1, 58, 5, 'id_feature', 1, 0, 0),
(20, 1, 58, 10, 'id_feature', 2, 0, 0),
(21, 1, 58, NULL, 'manufacturer', 3, 0, 0),
(22, 1, 58, 2, 'id_feature', 4, 0, 0),
(23, 1, 58, NULL, 'price', 5, 0, 0),
(24, 1, 58, 3, 'id_attribute_group', 6, 0, 0),
(25, 1, 59, 5, 'id_feature', 1, 0, 0),
(26, 1, 59, 10, 'id_feature', 2, 0, 0),
(27, 1, 59, NULL, 'manufacturer', 3, 0, 0),
(28, 1, 59, 2, 'id_feature', 4, 0, 0),
(29, 1, 59, NULL, 'price', 5, 0, 0),
(30, 1, 59, 3, 'id_attribute_group', 6, 0, 0),
(31, 1, 56, 5, 'id_feature', 1, 0, 0),
(32, 1, 56, 10, 'id_feature', 2, 0, 0),
(33, 1, 56, NULL, 'manufacturer', 3, 0, 0),
(34, 1, 56, 2, 'id_feature', 4, 0, 0),
(35, 1, 56, NULL, 'price', 5, 0, 0),
(36, 1, 56, 3, 'id_attribute_group', 6, 0, 0),
(37, 1, 60, 5, 'id_feature', 1, 0, 0),
(38, 1, 60, 10, 'id_feature', 2, 0, 0),
(39, 1, 60, NULL, 'manufacturer', 3, 0, 0),
(40, 1, 60, 2, 'id_feature', 4, 0, 0),
(41, 1, 60, NULL, 'price', 5, 0, 0),
(42, 1, 60, 3, 'id_attribute_group', 6, 0, 0),
(43, 1, 71, 5, 'id_feature', 1, 0, 0),
(44, 1, 71, 10, 'id_feature', 2, 0, 0),
(45, 1, 71, NULL, 'manufacturer', 3, 0, 0),
(46, 1, 71, 2, 'id_feature', 4, 0, 0),
(47, 1, 71, NULL, 'price', 5, 0, 0),
(48, 1, 71, 3, 'id_attribute_group', 6, 0, 0),
(49, 1, 61, 5, 'id_feature', 1, 0, 0),
(50, 1, 61, 10, 'id_feature', 2, 0, 0),
(51, 1, 61, NULL, 'manufacturer', 3, 0, 0),
(52, 1, 61, 2, 'id_feature', 4, 0, 0),
(53, 1, 61, NULL, 'price', 5, 0, 0),
(54, 1, 61, 3, 'id_attribute_group', 6, 0, 0),
(55, 1, 62, 5, 'id_feature', 1, 0, 0),
(56, 1, 62, 10, 'id_feature', 2, 0, 0),
(57, 1, 62, NULL, 'manufacturer', 3, 0, 0),
(58, 1, 62, 2, 'id_feature', 4, 0, 0),
(59, 1, 62, NULL, 'price', 5, 0, 0),
(60, 1, 62, 3, 'id_attribute_group', 6, 0, 0),
(61, 1, 44, 5, 'id_feature', 1, 0, 0),
(62, 1, 44, 10, 'id_feature', 2, 0, 0),
(63, 1, 44, NULL, 'manufacturer', 3, 0, 0),
(64, 1, 44, 2, 'id_feature', 4, 0, 0),
(65, 1, 44, NULL, 'price', 5, 0, 0),
(66, 1, 44, 3, 'id_attribute_group', 6, 0, 0),
(67, 1, 63, 5, 'id_feature', 1, 0, 0),
(68, 1, 63, 10, 'id_feature', 2, 0, 0),
(69, 1, 63, NULL, 'manufacturer', 3, 0, 0),
(70, 1, 63, 2, 'id_feature', 4, 0, 0),
(71, 1, 63, NULL, 'price', 5, 0, 0),
(72, 1, 63, 3, 'id_attribute_group', 6, 0, 0),
(73, 1, 64, 5, 'id_feature', 1, 0, 0),
(74, 1, 64, 10, 'id_feature', 2, 0, 0),
(75, 1, 64, NULL, 'manufacturer', 3, 0, 0),
(76, 1, 64, 2, 'id_feature', 4, 0, 0),
(77, 1, 64, NULL, 'price', 5, 0, 0),
(78, 1, 64, 3, 'id_attribute_group', 6, 0, 0),
(79, 1, 65, 5, 'id_feature', 1, 0, 0),
(80, 1, 65, 10, 'id_feature', 2, 0, 0),
(81, 1, 65, NULL, 'manufacturer', 3, 0, 0),
(82, 1, 65, 2, 'id_feature', 4, 0, 0),
(83, 1, 65, NULL, 'price', 5, 0, 0),
(84, 1, 65, 3, 'id_attribute_group', 6, 0, 0),
(85, 1, 45, 5, 'id_feature', 1, 0, 0),
(86, 1, 45, 10, 'id_feature', 2, 0, 0),
(87, 1, 45, NULL, 'manufacturer', 3, 0, 0),
(88, 1, 45, 2, 'id_feature', 4, 0, 0),
(89, 1, 45, NULL, 'price', 5, 0, 0),
(90, 1, 45, 3, 'id_attribute_group', 6, 0, 0),
(91, 1, 66, 5, 'id_feature', 1, 0, 0),
(92, 1, 66, 10, 'id_feature', 2, 0, 0),
(93, 1, 66, NULL, 'manufacturer', 3, 0, 0),
(94, 1, 66, 2, 'id_feature', 4, 0, 0),
(95, 1, 66, NULL, 'price', 5, 0, 0),
(96, 1, 66, 3, 'id_attribute_group', 6, 0, 0),
(97, 1, 67, 5, 'id_feature', 1, 0, 0),
(98, 1, 67, 10, 'id_feature', 2, 0, 0),
(99, 1, 67, NULL, 'manufacturer', 3, 0, 0),
(100, 1, 67, 2, 'id_feature', 4, 0, 0),
(101, 1, 67, NULL, 'price', 5, 0, 0),
(102, 1, 67, 3, 'id_attribute_group', 6, 0, 0),
(103, 1, 68, 5, 'id_feature', 1, 0, 0),
(104, 1, 68, 10, 'id_feature', 2, 0, 0),
(105, 1, 68, NULL, 'manufacturer', 3, 0, 0),
(106, 1, 68, 2, 'id_feature', 4, 0, 0),
(107, 1, 68, NULL, 'price', 5, 0, 0),
(108, 1, 68, 3, 'id_attribute_group', 6, 0, 0),
(109, 1, 74, 5, 'id_feature', 1, 0, 0),
(110, 1, 74, 10, 'id_feature', 2, 0, 0),
(111, 1, 74, NULL, 'manufacturer', 3, 0, 0),
(112, 1, 74, 2, 'id_feature', 4, 0, 0),
(113, 1, 74, NULL, 'price', 5, 0, 0),
(114, 1, 74, 3, 'id_attribute_group', 6, 0, 0),
(115, 1, 42, 5, 'id_feature', 1, 0, 0),
(116, 1, 42, 10, 'id_feature', 2, 0, 0),
(117, 1, 42, NULL, 'manufacturer', 3, 0, 0),
(118, 1, 42, 2, 'id_feature', 4, 0, 0),
(119, 1, 42, NULL, 'price', 5, 0, 0),
(120, 1, 42, 3, 'id_attribute_group', 6, 0, 0),
(121, 1, 69, 5, 'id_feature', 1, 0, 0),
(122, 1, 69, 10, 'id_feature', 2, 0, 0),
(123, 1, 69, NULL, 'manufacturer', 3, 0, 0),
(124, 1, 69, 2, 'id_feature', 4, 0, 0),
(125, 1, 69, NULL, 'price', 5, 0, 0),
(126, 1, 69, 3, 'id_attribute_group', 6, 0, 0),
(127, 1, 70, 5, 'id_feature', 1, 0, 0),
(128, 1, 70, 10, 'id_feature', 2, 0, 0),
(129, 1, 70, NULL, 'manufacturer', 3, 0, 0),
(130, 1, 70, 2, 'id_feature', 4, 0, 0),
(131, 1, 70, NULL, 'price', 5, 0, 0),
(132, 1, 70, 3, 'id_attribute_group', 6, 0, 0),
(133, 1, 43, 5, 'id_feature', 1, 0, 0),
(134, 1, 43, 10, 'id_feature', 2, 0, 0),
(135, 1, 43, NULL, 'manufacturer', 3, 0, 0),
(136, 1, 43, 2, 'id_feature', 4, 0, 0),
(137, 1, 43, NULL, 'price', 5, 0, 0),
(138, 1, 43, 3, 'id_attribute_group', 6, 0, 0),
(139, 1, 73, 5, 'id_feature', 1, 0, 0),
(140, 1, 73, 10, 'id_feature', 2, 0, 0),
(141, 1, 73, NULL, 'manufacturer', 3, 0, 0),
(142, 1, 73, 2, 'id_feature', 4, 0, 0),
(143, 1, 73, NULL, 'price', 5, 0, 0),
(144, 1, 73, 3, 'id_attribute_group', 6, 0, 0);

-- --------------------------------------------------------

--
-- Estructura de tabla para la tabla `ps_layered_filter`
--

CREATE TABLE `ps_layered_filter` (
  `id_layered_filter` int(10) UNSIGNED NOT NULL,
  `name` varchar(64) NOT NULL,
  `filters` longtext DEFAULT NULL,
  `n_categories` int(10) UNSIGNED NOT NULL,
  `date_add` datetime NOT NULL
) ENGINE=InnoDB DEFAULT CHARSET=utf8;

--
-- Volcado de datos para la tabla `ps_layered_filter`
--

INSERT INTO `ps_layered_filter` (`id_layered_filter`, `name`, `filters`, `n_categories`, `date_add`) VALUES
(1, 'Mi plantilla 2019-11-02', 'a:8:{s:9:\"shop_list\";a:1:{i:0;i:1;}s:10:\"categories\";a:24:{i:0;i:2;i:1;i:41;i:2;i:57;i:3;i:58;i:4;i:59;i:5;i:56;i:6;i:60;i:7;i:71;i:8;i:61;i:9;i:62;i:10;i:44;i:11;i:63;i:12;i:64;i:13;i:65;i:14;i:45;i:15;i:66;i:16;i:67;i:17;i:68;i:18;i:74;i:19;i:42;i:20;i:69;i:21;i:70;i:22;i:43;i:23;i:73;}s:24:\"layered_selection_feat_5\";a:2:{s:11:\"filter_type\";i:0;s:17:\"filter_show_limit\";i:0;}s:25:\"layered_selection_feat_10\";a:2:{s:11:\"filter_type\";i:0;s:17:\"filter_show_limit\";i:0;}s:30:\"layered_selection_manufacturer\";a:2:{s:11:\"filter_type\";i:0;s:17:\"filter_show_limit\";i:0;}s:24:\"layered_selection_feat_2\";a:2:{s:11:\"filter_type\";i:0;s:17:\"filter_show_limit\";i:0;}s:30:\"layered_selection_price_slider\";a:2:{s:11:\"filter_type\";i:0;s:17:\"filter_show_limit\";i:0;}s:22:\"layered_selection_ag_3\";a:2:{s:11:\"filter_type\";i:0;s:17:\"filter_show_limit\";i:0;}}', 24, '2019-11-02 11:53:01');

-- --------------------------------------------------------

--
-- Estructura de tabla para la tabla `ps_layered_filter_block`
--

CREATE TABLE `ps_layered_filter_block` (
  `hash` char(32) NOT NULL DEFAULT '',
  `data` text DEFAULT NULL
) ENGINE=InnoDB DEFAULT CHARSET=utf8;

-- --------------------------------------------------------

--
-- Estructura de tabla para la tabla `ps_layered_filter_shop`
--

CREATE TABLE `ps_layered_filter_shop` (
  `id_layered_filter` int(10) UNSIGNED NOT NULL,
  `id_shop` int(11) UNSIGNED NOT NULL
) ENGINE=InnoDB DEFAULT CHARSET=utf8;

-- --------------------------------------------------------

--
-- Estructura de tabla para la tabla `ps_layered_indexable_attribute_group`
--

CREATE TABLE `ps_layered_indexable_attribute_group` (
  `id_attribute_group` int(11) NOT NULL,
  `indexable` tinyint(1) NOT NULL DEFAULT 0
) ENGINE=InnoDB DEFAULT CHARSET=utf8;

--
-- Volcado de datos para la tabla `ps_layered_indexable_attribute_group`
--

INSERT INTO `ps_layered_indexable_attribute_group` (`id_attribute_group`, `indexable`) VALUES
(1, 1),
(2, 1),
(3, 1),
(4, 1),
(5, 1),
(6, 1),
(7, 1),
(8, 1),
(9, 1),
(10, 1),
(11, 1),
(12, 1);

-- --------------------------------------------------------

--
-- Estructura de tabla para la tabla `ps_layered_indexable_attribute_group_lang_value`
--

CREATE TABLE `ps_layered_indexable_attribute_group_lang_value` (
  `id_attribute_group` int(11) NOT NULL,
  `id_lang` int(11) NOT NULL,
  `url_name` varchar(128) DEFAULT NULL,
  `meta_title` varchar(128) DEFAULT NULL
) ENGINE=InnoDB DEFAULT CHARSET=utf8;

--
-- Volcado de datos para la tabla `ps_layered_indexable_attribute_group_lang_value`
--

INSERT INTO `ps_layered_indexable_attribute_group_lang_value` (`id_attribute_group`, `id_lang`, `url_name`, `meta_title`) VALUES
(4, 1, 'graduacion-ojo-izquierdo', 'Graduación Ojo Izquierdo'),
(5, 1, 'graduacion-ojo-derecho', 'Graduación Ojo Derecho'),
(6, 1, 'cilindro-ojo-izquierdo', 'Cilindro Ojo Izquierdo'),
(7, 1, 'cilindro-ojo-derecho', 'Cilindro Ojo Derecho'),
(8, 1, 'eje-ojo-izquierdo', 'Eje Ojo Izquierdo'),
(9, 1, 'eje-ojo-derecho', 'Eje Ojo Derecho'),
(10, 1, 'elija-graduacion', 'Elija Graduación'),
(11, 1, 'anadir-poder', 'Añadir Poder'),
(12, 1, 'formula', 'Fórmula');

-- --------------------------------------------------------

--
-- Estructura de tabla para la tabla `ps_layered_indexable_attribute_lang_value`
--

CREATE TABLE `ps_layered_indexable_attribute_lang_value` (
  `id_attribute` int(11) NOT NULL,
  `id_lang` int(11) NOT NULL,
  `url_name` varchar(128) DEFAULT NULL,
  `meta_title` varchar(128) DEFAULT NULL
) ENGINE=InnoDB DEFAULT CHARSET=utf8;

--
-- Volcado de datos para la tabla `ps_layered_indexable_attribute_lang_value`
--

INSERT INTO `ps_layered_indexable_attribute_lang_value` (`id_attribute`, `id_lang`, `url_name`, `meta_title`) VALUES
(74, 1, 'verde', 'Verde'),
(81, 1, '025', '+0.25'),
(82, 1, '050', '+0.50'),
(83, 1, '025', '+0.25'),
(84, 1, '050', '+0.50'),
(85, 1, '-075', '-0.75'),
(86, 1, '-125', '-1.25'),
(87, 1, '-175', '-1.75'),
(88, 1, '-225', '-2.25'),
(89, 1, '-075', '-0.75'),
(90, 1, '-125', '-1.25'),
(91, 1, '-175', '-1.75'),
(92, 1, '-225', '-2.25'),
(93, 1, '10', '10'),
(94, 1, '20', '20'),
(95, 1, '30', '30'),
(96, 1, '40', '40'),
(97, 1, '50', '50'),
(98, 1, '60', '60'),
(99, 1, '70', '70'),
(100, 1, '80', '80'),
(101, 1, '90', '90'),
(102, 1, '100', '100'),
(103, 1, '110', '110'),
(104, 1, '120', '120'),
(105, 1, '130', '130'),
(106, 1, '140', '140'),
(107, 1, '150', '150'),
(108, 1, '160', '160'),
(109, 1, '170', '170'),
(110, 1, '180', '180'),
(111, 1, '10', '10'),
(112, 1, '20', '20'),
(113, 1, '30', '30'),
(114, 1, '40', '40'),
(115, 1, '50', '50'),
(116, 1, '60', '60'),
(117, 1, '70', '70'),
(118, 1, '80', '80'),
(119, 1, '90', '90'),
(120, 1, '100', '100'),
(121, 1, '110', '110'),
(122, 1, '120', '120'),
(123, 1, '130', '130'),
(124, 1, '140', '140'),
(125, 1, '150', '150'),
(126, 1, '160', '160'),
(127, 1, '170', '170'),
(128, 1, '180', '180'),
(129, 1, 'elija-una-opcion', 'Elija Una Opción'),
(130, 1, 'elija-una-opcion', 'Elija Una Opción'),
(131, 1, 'elija-una-opcion', 'Elija Una Opción'),
(132, 1, 'elija-una-opcion', 'Elija Una Opción'),
(133, 1, 'elija-una-opcion', 'Elija Una Opción'),
(134, 1, 'elija-una-opcion', 'Elija Una Opción'),
(135, 1, '-1200', '-12.00'),
(136, 1, '-1150', '-11.50'),
(137, 1, '-1100', '-11.00'),
(138, 1, '-1050', '-10.50'),
(139, 1, '-1000', '-10.00'),
(140, 1, '-950', '-9.50'),
(141, 1, '-9-900', '-9.00'),
(142, 1, '-850', '-8.50'),
(143, 1, '-800', '-8.00'),
(144, 1, '-750', '-7.50'),
(145, 1, '-700', '-7.00'),
(146, 1, '-650', '-6.50'),
(147, 1, '-575', '-5.75'),
(148, 1, '-550', '-5.50'),
(149, 1, '-525', '-5.25'),
(150, 1, '-500', '-5.00'),
(151, 1, '-475', '-4.75'),
(152, 1, '-450', '-4.50'),
(153, 1, '-425', '-4.25'),
(154, 1, '-400', '-4.00'),
(155, 1, '-375', '-3.75'),
(156, 1, '-350', '-3.50'),
(157, 1, '-325', '-3.25'),
(158, 1, '-300', '-3.00'),
(159, 1, '-275', '-2.75'),
(160, 1, '-250', '-2.50'),
(161, 1, '-225', '-2.25'),
(162, 1, '-200', '-2.00'),
(163, 1, '-175', '-1.75'),
(164, 1, '-150', '-1.50'),
(165, 1, '-125', '-1.25'),
(166, 1, '-100', '-1.00'),
(167, 1, '-075', '-0.75'),
(168, 1, '-050', '-0.50'),
(169, 1, '050', '+0.50'),
(170, 1, '075', '+0.75'),
(171, 1, '100', '+1.00'),
(172, 1, '125', '+1.25'),
(173, 1, '150', '+1.50'),
(174, 1, '175', '+1.75'),
(175, 1, '200', '+2.00'),
(176, 1, '225', '+2.25'),
(177, 1, '250', '+2.50'),
(178, 1, '275', '+2.75'),
(179, 1, '300', '+3+3.00'),
(180, 1, '325', '+3.25'),
(181, 1, '350', '+3.50'),
(182, 1, '375', '+3.75'),
(183, 1, '400', '+4.00'),
(184, 1, '425', '+4.25'),
(185, 1, '450', '+4.50'),
(186, 1, '475', '+4.75'),
(187, 1, '500', '+5.00'),
(188, 1, '525', '+5.25'),
(189, 1, '550', '+5.50'),
(190, 1, '575', '+5.75'),
(191, 1, '600', '+6.00'),
(192, 1, '-seleccione-graduacion-', ' - Seleccione Graduación - '),
(193, 1, '650', '+6.50'),
(194, 1, '700', '+7.00'),
(195, 1, '750', '+7.50'),
(196, 1, '800', '+8.00'),
(197, 1, '-seleccione-poder-', '- Seleccione Poder -'),
(198, 1, 'bajo-l-100', 'Bajo (L) +1.00'),
(199, 1, 'medio-m-200', 'Medio (M) +2.00'),
(200, 1, 'alto-h-250', 'Alto (H) +2.50'),
(201, 1, 'iguales-ambos-ojos', 'Iguales ambos ojos'),
(202, 1, 'diferentes-ambos-ojos', 'Diferentes ambos ojos');

-- --------------------------------------------------------

--
-- Estructura de tabla para la tabla `ps_layered_indexable_feature`
--

CREATE TABLE `ps_layered_indexable_feature` (
  `id_feature` int(11) NOT NULL,
  `indexable` tinyint(1) NOT NULL DEFAULT 0
) ENGINE=InnoDB DEFAULT CHARSET=utf8;

--
-- Volcado de datos para la tabla `ps_layered_indexable_feature`
--

INSERT INTO `ps_layered_indexable_feature` (`id_feature`, `indexable`) VALUES
(1, 1),
(2, 1),
(3, 1),
(4, 1),
(5, 1),
(6, 1),
(7, 1),
(8, 1),
(9, 1),
(10, 1);

-- --------------------------------------------------------

--
-- Estructura de tabla para la tabla `ps_layered_indexable_feature_lang_value`
--

CREATE TABLE `ps_layered_indexable_feature_lang_value` (
  `id_feature` int(11) NOT NULL,
  `id_lang` int(11) NOT NULL,
  `url_name` varchar(128) NOT NULL,
  `meta_title` varchar(128) DEFAULT NULL
) ENGINE=InnoDB DEFAULT CHARSET=utf8;

--
-- Volcado de datos para la tabla `ps_layered_indexable_feature_lang_value`
--

INSERT INTO `ps_layered_indexable_feature_lang_value` (`id_feature`, `id_lang`, `url_name`, `meta_title`) VALUES
(7, 1, '', ''),
(8, 1, '', '');

-- --------------------------------------------------------

--
-- Estructura de tabla para la tabla `ps_layered_indexable_feature_value_lang_value`
--

CREATE TABLE `ps_layered_indexable_feature_value_lang_value` (
  `id_feature_value` int(11) NOT NULL,
  `id_lang` int(11) NOT NULL,
  `url_name` varchar(128) DEFAULT NULL,
  `meta_title` varchar(128) DEFAULT NULL
) ENGINE=InnoDB DEFAULT CHARSET=utf8;

-- --------------------------------------------------------

--
-- Estructura de tabla para la tabla `ps_layered_price_index`
--

CREATE TABLE `ps_layered_price_index` (
  `id_product` int(11) NOT NULL,
  `id_currency` int(11) NOT NULL,
  `id_shop` int(11) NOT NULL,
  `price_min` decimal(11,5) NOT NULL,
  `price_max` decimal(11,5) NOT NULL,
  `id_country` int(11) NOT NULL
) ENGINE=InnoDB DEFAULT CHARSET=utf8;

--
-- Volcado de datos para la tabla `ps_layered_price_index`
--

INSERT INTO `ps_layered_price_index` (`id_product`, `id_currency`, `id_shop`, `price_min`, `price_max`, `id_country`) VALUES
(1, 1, 1, '1.21000', '1.21000', 44),
(2, 1, 1, '5499.99995', '5499.99995', 44),
(3, 1, 1, '5499.99995', '5499.99995', 44),
(4, 1, 1, '5499.99995', '5499.99995', 44),
(5, 1, 1, '5799.99996', '5799.99996', 44),
(6, 1, 1, '5799.99996', '5799.99996', 44),
(7, 1, 1, '5799.99996', '5799.99996', 44),
(8, 1, 1, '5799.99996', '5799.99996', 44),
(9, 1, 1, '5799.99996', '5799.99996', 44),
(10, 1, 1, '5799.99996', '5799.99996', 44),
(11, 1, 1, '5799.99996', '5799.99996', 44),
(12, 1, 1, '5799.99996', '5799.99996', 44),
(13, 1, 1, '5799.99996', '5799.99996', 44),
(14, 1, 1, '5799.99996', '5799.99996', 44),
(15, 1, 1, '5799.99996', '5799.99996', 44),
(16, 1, 1, '5799.99996', '5799.99996', 44),
(17, 1, 1, '1659.99997', '1659.99997', 44),
(18, 1, 1, '1339.99998', '1339.99998', 44),
(19, 1, 1, '950.00004', '950.00004', 44),
(20, 1, 1, '1290.00000', '1290.00000', 44),
(21, 1, 1, '860.00000', '860.00000', 44),
(22, 1, 1, '710.00005', '710.00005', 44),
(23, 1, 1, '5400.00000', '5400.00000', 44),
(24, 1, 1, '5200.00000', '5200.00000', 44),
(25, 1, 1, '6300.00000', '6300.00000', 44),
(26, 1, 1, '6200.00000', '6200.00000', 44),
(27, 1, 1, '6400.00000', '6400.00000', 44),
(28, 1, 1, '7900.00000', '7900.00000', 44),
(29, 1, 1, '13899.99999', '13899.99999', 44),
(30, 1, 1, '8800.00003', '8800.00003', 44),
(31, 1, 1, '11199.99994', '11199.99994', 44),
(32, 1, 1, '9049.99995', '9049.99995', 44),
(33, 1, 1, '6600.00006', '6600.00006', 44),
(34, 1, 1, '5700.00000', '5700.00000', 44),
(35, 1, 1, '10449.99996', '10449.99996', 44),
(36, 1, 1, '9299.99998', '9299.99998', 44),
(37, 1, 1, '17650.00005', '17650.00005', 44),
(38, 1, 1, '15550.00004', '15550.00004', 44),
(39, 1, 1, '8699.99995', '8699.99995', 44),
(40, 1, 1, '16849.99996', '16849.99996', 44),
(41, 1, 1, '13150.00001', '13150.00001', 44),
(42, 1, 1, '10150.00006', '10150.00006', 44),
(43, 1, 1, '10550.00004', '10550.00004', 44),
(44, 1, 1, '6400.00000', '6400.00000', 44),
(45, 1, 1, '8999.99997', '8999.99997', 44),
(46, 1, 1, '8299.99996', '8299.99996', 44),
(47, 1, 1, '12300.00005', '12300.00005', 44),
(48, 1, 1, '9550.00002', '9550.00002', 44),
(49, 1, 1, '14500.00003', '14500.00003', 44),
(50, 1, 1, '16200.00006', '16200.00006', 44),
(51, 1, 1, '11149.99996', '11149.99996', 44),
(52, 1, 1, '8750.00005', '8750.00005', 44),
(53, 1, 1, '9900.00002', '9900.00002', 44),
(54, 1, 1, '9900.00002', '9900.00002', 44),
(55, 1, 1, '11149.99996', '11149.99996', 44),
(56, 1, 1, '9900.00002', '9900.00002', 44),
(57, 1, 1, '9749.99995', '9749.99995', 44),
(58, 1, 1, '11149.99996', '11149.99996', 44),
(59, 1, 1, '11899.99995', '11899.99995', 44),
(60, 1, 1, '6400.00000', '6400.00000', 44),
(61, 1, 1, '12249.99995', '12249.99995', 44),
(62, 1, 1, '16650.00003', '16650.00003', 44),
(63, 1, 1, '12599.99995', '12599.99995', 44),
(64, 1, 1, '8900.00000', '8900.00000', 44),
(65, 1, 1, '5200.00005', '5200.00005', 44),
(66, 1, 1, '15850.00006', '15850.00006', 44),
(67, 1, 1, '15099.99995', '15099.99995', 44),
(68, 1, 1, '6199.99995', '6199.99995', 44),
(69, 1, 1, '8400.00005', '8400.00005', 44),
(70, 1, 1, '8400.00005', '8400.00005', 44),
(71, 1, 1, '8400.00005', '8400.00005', 44),
(72, 1, 1, '6600.00006', '6600.00006', 44),
(73, 1, 1, '8400.00005', '8400.00005', 44),
(74, 1, 1, '8400.00005', '8400.00005', 44),
(75, 1, 1, '8400.00005', '8400.00005', 44),
(76, 1, 1, '8400.00005', '8400.00005', 44),
(77, 1, 1, '8400.00005', '8400.00005', 44),
(78, 1, 1, '8400.00005', '8400.00005', 44),
(79, 1, 1, '8400.00005', '8400.00005', 44),
(80, 1, 1, '14200.00001', '14200.00001', 44),
(81, 1, 1, '14200.00001', '14200.00001', 44),
(82, 1, 1, '14200.00001', '14200.00001', 44),
(83, 1, 1, '14200.00001', '14200.00001', 44),
(84, 1, 1, '14200.00001', '14200.00001', 44),
(85, 1, 1, '10550.00004', '10550.00004', 44),
(86, 1, 1, '18899.99999', '18899.99999', 44),
(87, 1, 1, '14749.99995', '14749.99995', 44),
(88, 1, 1, '13500.00001', '13500.00001', 44),
(89, 1, 1, '13500.00001', '13500.00001', 44),
(90, 1, 1, '13500.00001', '13500.00001', 44),
(91, 1, 1, '13500.00001', '13500.00001', 44),
(92, 1, 1, '10799.99996', '10799.99996', 44),
(93, 1, 1, '10799.99996', '10799.99996', 44),
(94, 1, 1, '10799.99996', '10799.99996', 44),
(95, 1, 1, '14800.00005', '14800.00005', 44),
(96, 1, 1, '14800.00005', '14800.00005', 44),
(97, 1, 1, '14800.00005', '14800.00005', 44),
(98, 1, 1, '14800.00005', '14800.00005', 44),
(99, 1, 1, '14800.00005', '14800.00005', 44),
(100, 1, 1, '14349.99996', '14349.99996', 44),
(101, 1, 1, '14999.99998', '14999.99998', 44),
(102, 1, 1, '14349.99996', '14349.99996', 44),
(103, 1, 1, '14999.99998', '14999.99998', 44),
(104, 1, 1, '14999.99998', '14999.99998', 44),
(105, 1, 1, '14999.99998', '14999.99998', 44),
(106, 1, 1, '14999.99998', '14999.99998', 44),
(107, 1, 1, '15699.99999', '15699.99999', 44),
(108, 1, 1, '11479.99999', '11479.99999', 44),
(109, 1, 1, '15699.99999', '15699.99999', 44),
(110, 1, 1, '15699.99999', '15699.99999', 44),
(111, 1, 1, '15699.99999', '15699.99999', 44),
(112, 1, 1, '9699.99997', '9699.99997', 44),
(113, 1, 1, '12100.00000', '12100.00000', 44),
(114, 1, 1, '9699.99997', '9699.99997', 44),
(115, 1, 1, '9699.99997', '9699.99997', 44),
(116, 1, 1, '10799.99996', '10799.99996', 44),
(117, 1, 1, '13299.99996', '13299.99996', 44),
(118, 1, 1, '13299.99996', '13299.99996', 44),
(119, 1, 1, '13299.99996', '13299.99996', 44),
(120, 1, 1, '9699.99997', '9699.99997', 44),
(121, 1, 1, '13299.99996', '13299.99996', 44),
(122, 1, 1, '13249.99997', '13249.99997', 44),
(123, 1, 1, '11350.00001', '11350.00001', 44),
(124, 1, 1, '11350.00001', '11350.00001', 44),
(125, 1, 1, '11350.00001', '11350.00001', 44),
(126, 1, 1, '11350.00001', '11350.00001', 44),
(127, 1, 1, '11350.00001', '11350.00001', 44),
(128, 1, 1, '13249.99997', '13249.99997', 44),
(129, 1, 1, '13249.99997', '13249.99997', 44),
(130, 1, 1, '11350.00001', '11350.00001', 44),
(131, 1, 1, '11350.00001', '11350.00001', 44),
(132, 1, 1, '11350.00001', '11350.00001', 44),
(133, 1, 1, '11350.00001', '11350.00001', 44),
(134, 1, 1, '12800.00640', '19200.00000', 44),
(135, 1, 1, '12400.00620', '18600.00000', 44),
(136, 1, 1, '10800.00540', '16200.00000', 44),
(137, 1, 1, '23700.00000', '31600.00000', 44),
(138, 1, 1, '7349.99995', '12249.99995', 44),
(139, 1, 1, '5849.99995', '9749.99995', 44),
(140, 1, 1, '407.99998', '479.99998', 44),
(141, 1, 1, '628.99995', '739.99994', 44),
(142, 1, 1, '943.50003', '1110.00003', 44),
(143, 1, 1, '1130.50005', '1330.00006', 44),
(144, 1, 1, '356.99996', '419.99995', 44),
(145, 1, 1, '569.49999', '669.99999', 44),
(146, 1, 1, '824.50001', '970.00001', 44),
(147, 1, 1, '943.50003', '1110.00003', 44),
(148, 1, 1, '1190.00001', '1400.00001', 44),
(149, 1, 1, '866.99999', '1019.99999', 44),
(150, 1, 1, '663.00000', '780.00000', 44),
(151, 1, 1, '663.00000', '780.00000', 44),
(152, 1, 1, '578.00003', '680.00004', 44),
(153, 1, 1, '739.50004', '870.00004', 44),
(154, 1, 1, '870.00004', '870.00004', 44),
(155, 1, 1, '6700.00000', '6700.00000', 44),
(156, 1, 1, '10050.00000', '13400.00000', 44),
(157, 1, 1, '18900.00000', '25200.00000', 44),
(158, 1, 1, '2500.00000', '2500.00000', 44),
(159, 1, 1, '3990.00005', '3990.00005', 44),
(160, 1, 1, '3990.00005', '3990.00005', 44),
(161, 1, 1, '3990.00005', '3990.00005', 44),
(162, 1, 1, '3990.00005', '3990.00005', 44),
(163, 1, 1, '3990.00005', '3990.00005', 44),
(164, 1, 1, '3990.00005', '3990.00005', 44),
(165, 1, 1, '3990.00005', '3990.00005', 44),
(166, 1, 1, '3990.00005', '3990.00005', 44),
(167, 1, 1, '3990.00005', '3990.00005', 44),
(168, 1, 1, '3990.00005', '3990.00005', 44),
(169, 1, 1, '3990.00005', '3990.00005', 44),
(170, 1, 1, '3990.00005', '3990.00005', 44),
(171, 1, 1, '3990.00005', '3990.00005', 44),
(172, 1, 1, '3990.00005', '3990.00005', 44),
(173, 1, 1, '3990.00005', '3990.00005', 44),
(174, 1, 1, '3990.00005', '3990.00005', 44),
(175, 1, 1, '3990.00005', '3990.00005', 44),
(176, 1, 1, '3990.00005', '3990.00005', 44),
(177, 1, 1, '6600.00000', '6600.00000', 44),
(178, 1, 1, '19800.00000', '26400.00000', 44),
(179, 1, 1, '13400.00004', '13400.00004', 44),
(180, 1, 1, '13400.00004', '13400.00004', 44),
(181, 1, 1, '13400.00004', '13400.00004', 44),
(182, 1, 1, '13400.00004', '13400.00004', 44),
(183, 1, 1, '9850.00004', '9850.00004', 44),
(184, 1, 1, '9349.99997', '9349.99997', 44),
(185, 1, 1, '9349.99997', '9349.99997', 44),
(186, 1, 1, '14200.00001', '14200.00001', 44),
(187, 1, 1, '9349.99997', '9349.99997', 44),
(188, 1, 1, '9349.99997', '9349.99997', 44),
(189, 1, 1, '14200.00001', '14200.00001', 44),
(190, 1, 1, '9349.99997', '9349.99997', 44),
(191, 1, 1, '9450.00005', '9450.00005', 44),
(192, 1, 1, '9950.00001', '9950.00001', 44),
(193, 1, 1, '9450.00005', '9450.00005', 44),
(194, 1, 1, '9450.00005', '9450.00005', 44),
(195, 1, 1, '14200.00001', '14200.00001', 44),
(196, 1, 1, '14200.00001', '14200.00001', 44),
(197, 1, 1, '9349.99997', '9349.99997', 44),
(198, 1, 1, '14200.00001', '14200.00001', 44),
(199, 1, 1, '12650.00006', '12650.00006', 44),
(200, 1, 1, '12650.00006', '12650.00006', 44),
(201, 1, 1, '12650.00006', '12650.00006', 44),
(202, 1, 1, '12650.00006', '12650.00006', 44),
(203, 1, 1, '12650.00006', '12650.00006', 44),
(204, 1, 1, '9450.00005', '9450.00005', 44),
(205, 1, 1, '11700.00002', '11700.00002', 44),
(206, 1, 1, '9450.00005', '9450.00005', 44),
(207, 1, 1, '11700.00002', '11700.00002', 44),
(208, 1, 1, '9450.00005', '9450.00005', 44),
(209, 1, 1, '9450.00005', '9450.00005', 44),
(210, 1, 1, '9450.00005', '9450.00005', 44),
(211, 1, 1, '11700.00002', '11700.00002', 44),
(212, 1, 1, '11700.00002', '11700.00002', 44),
(213, 1, 1, '9950.00001', '9950.00001', 44),
(214, 1, 1, '11799.99998', '11799.99998', 44),
(215, 1, 1, '9550.00002', '9550.00002', 44),
(216, 1, 1, '9550.00002', '9550.00002', 44),
(217, 1, 1, '9550.00002', '9550.00002', 44),
(218, 1, 1, '15699.99999', '15699.99999', 44),
(219, 1, 1, '15699.99999', '15699.99999', 44),
(220, 1, 1, '15699.99999', '15699.99999', 44),
(221, 1, 1, '15699.99999', '15699.99999', 44),
(222, 1, 1, '15699.99999', '15699.99999', 44),
(223, 1, 1, '11799.99998', '11799.99998', 44),
(224, 1, 1, '11799.99998', '11799.99998', 44),
(225, 1, 1, '11799.99998', '11799.99998', 44),
(226, 1, 1, '11799.99998', '11799.99998', 44),
(227, 1, 1, '11799.99998', '11799.99998', 44),
(228, 1, 1, '13150.00001', '13150.00001', 44),
(229, 1, 1, '13150.00001', '13150.00001', 44),
(230, 1, 1, '14049.99994', '14049.99994', 44),
(231, 1, 1, '10600.00003', '10600.00003', 44),
(232, 1, 1, '11099.99998', '11099.99998', 44),
(233, 1, 1, '15150.00005', '15150.00005', 44),
(234, 1, 1, '7549.99997', '7549.99997', 44),
(235, 1, 1, '10150.00006', '10150.00006', 44),
(236, 1, 1, '10600.00003', '10600.00003', 44),
(237, 1, 1, '15449.99995', '15449.99995', 44),
(238, 1, 1, '10600.00003', '10600.00003', 44),
(239, 1, 1, '16000.00001', '16000.00001', 44),
(240, 1, 1, '9299.99998', '9299.99998', 44),
(241, 1, 1, '13649.99996', '13649.99996', 44),
(242, 1, 1, '4100.00006', '4100.00006', 44),
(243, 1, 1, '3299.99997', '3299.99997', 44),
(244, 1, 1, '13000.00006', '13000.00006', 44),
(245, 1, 1, '13549.99999', '13549.99999', 44),
(246, 1, 1, '13549.99999', '13549.99999', 44),
(247, 1, 1, '8850.00002', '8850.00002', 44),
(248, 1, 1, '12549.99997', '12549.99997', 44),
(249, 1, 1, '4049.99995', '4049.99995', 44),
(250, 1, 1, '3400.00005', '3400.00005', 44),
(251, 1, 1, '3400.00005', '3400.00005', 44),
(252, 1, 1, '4100.00006', '4100.00006', 44),
(253, 1, 1, '12350.00004', '12350.00004', 44),
(254, 1, 1, '6549.99995', '6549.99995', 44),
(255, 1, 1, '7700.00004', '7700.00004', 44),
(256, 1, 1, '8050.00005', '8050.00005', 44),
(257, 1, 1, '8900.00000', '8900.00000', 44),
(258, 1, 1, '10150.00006', '10150.00006', 44),
(259, 1, 1, '14399.99994', '14399.99994', 44),
(260, 1, 1, '14399.99994', '14399.99994', 44),
(261, 1, 1, '14399.99994', '14399.99994', 44),
(262, 1, 1, '12599.99995', '12599.99995', 44),
(263, 1, 1, '12599.99995', '12599.99995', 44),
(264, 1, 1, '11700.00002', '11700.00002', 44),
(265, 1, 1, '11700.00002', '11700.00002', 44),
(266, 1, 1, '11700.00002', '11700.00002', 44),
(267, 1, 1, '9450.00005', '9450.00005', 44),
(268, 1, 1, '11700.00002', '11700.00002', 44),
(269, 1, 1, '6700.00002', '6700.00002', 44),
(270, 1, 1, '15300.00000', '15300.00000', 44),
(271, 1, 1, '14049.99994', '14049.99994', 44),
(272, 1, 1, '11300.00003', '11300.00003', 44),
(273, 1, 1, '15300.00000', '15300.00000', 44),
(274, 1, 1, '15300.00000', '15300.00000', 44),
(275, 1, 1, '13400.00004', '13400.00004', 44),
(276, 1, 1, '9600.00000', '9600.00000', 44),
(277, 1, 1, '9600.00000', '9600.00000', 44),
(278, 1, 1, '9250.00000', '9250.00000', 44),
(279, 1, 1, '8999.99997', '8999.99997', 44),
(280, 1, 1, '8999.99997', '8999.99997', 44),
(281, 1, 1, '9600.00000', '9600.00000', 44),
(282, 1, 1, '8249.99998', '8249.99998', 44),
(283, 1, 1, '13400.00004', '13400.00004', 44),
(284, 1, 1, '13400.00004', '13400.00004', 44),
(285, 1, 1, '12300.00005', '12300.00005', 44),
(286, 1, 1, '11400.00000', '11400.00000', 44),
(287, 1, 1, '11400.00000', '11400.00000', 44),
(288, 1, 1, '6899.99995', '6899.99995', 44),
(289, 1, 1, '9600.00000', '9600.00000', 44),
(290, 1, 1, '8999.99997', '8999.99997', 44),
(291, 1, 1, '8500.00001', '8500.00001', 44),
(292, 1, 1, '9600.00000', '9600.00000', 44),
(293, 1, 1, '9600.00000', '9600.00000', 44),
(294, 1, 1, '7199.99997', '7199.99997', 44),
(295, 1, 1, '11250.00005', '11250.00005', 44),
(296, 1, 1, '11250.00005', '11250.00005', 44),
(297, 1, 1, '8349.99994', '8349.99994', 44),
(298, 1, 1, '11250.00005', '11250.00005', 44),
(299, 1, 1, '8949.99998', '8949.99998', 44),
(300, 1, 1, '12100.00000', '12100.00000', 44),
(301, 1, 1, '8949.99998', '8949.99998', 44),
(302, 1, 1, '9699.99997', '9699.99997', 44),
(303, 1, 1, '9600.00000', '9600.00000', 44),
(304, 1, 1, '9200.00002', '9200.00002', 44),
(305, 1, 1, '9200.00002', '9200.00002', 44),
(306, 1, 1, '9999.99999', '9999.99999', 44),
(307, 1, 1, '10049.99997', '10049.99997', 44),
(308, 1, 1, '10049.99997', '10049.99997', 44),
(309, 1, 1, '12350.00004', '12350.00004', 44),
(310, 1, 1, '11950.00005', '11950.00005', 44),
(311, 1, 1, '9200.00002', '9200.00002', 44),
(312, 1, 1, '12599.99995', '12599.99995', 44),
(313, 1, 1, '10150.00006', '10150.00006', 44),
(314, 1, 1, '9600.00000', '9600.00000', 44),
(315, 1, 1, '9250.00000', '9250.00000', 44),
(316, 1, 1, '8999.99997', '8999.99997', 44),
(317, 1, 1, '7499.99999', '7499.99999', 44),
(318, 1, 1, '8999.99997', '8999.99997', 44),
(319, 1, 1, '9600.00000', '9600.00000', 44),
(320, 1, 1, '8999.99997', '8999.99997', 44),
(321, 1, 1, '6899.99995', '6899.99995', 44),
(322, 1, 1, '9600.00000', '9600.00000', 44),
(323, 1, 1, '8999.99997', '8999.99997', 44),
(324, 1, 1, '8999.99997', '8999.99997', 44),
(325, 1, 1, '7499.99999', '7499.99999', 44),
(326, 1, 1, '7700.00004', '7700.00004', 44),
(327, 1, 1, '9999.99999', '9999.99999', 44),
(328, 1, 1, '7599.99996', '7599.99996', 44),
(329, 1, 1, '6849.99997', '6849.99997', 44),
(330, 1, 1, '9550.00002', '9550.00002', 44),
(331, 1, 1, '11250.00005', '11250.00005', 44),
(332, 1, 1, '9699.99997', '9699.99997', 44),
(333, 1, 1, '10849.99994', '10849.99994', 44),
(334, 1, 1, '10849.99994', '10849.99994', 44),
(335, 1, 1, '8999.99997', '8999.99997', 44),
(336, 1, 1, '10049.99997', '10049.99997', 44),
(337, 1, 1, '6849.99997', '6849.99997', 44),
(338, 1, 1, '11000.00001', '11000.00001', 44),
(339, 1, 1, '11000.00001', '11000.00001', 44),
(340, 1, 1, '7300.00006', '7300.00006', 44),
(341, 1, 1, '11000.00001', '11000.00001', 44),
(342, 1, 1, '7300.00006', '7300.00006', 44),
(343, 1, 1, '11000.00001', '11000.00001', 44),
(344, 1, 1, '11000.00001', '11000.00001', 44),
(345, 1, 1, '12700.00004', '12700.00004', 44),
(346, 1, 1, '13949.99998', '13949.99998', 44),
(347, 1, 1, '13949.99998', '13949.99998', 44),
(348, 1, 1, '13949.99998', '13949.99998', 44),
(349, 1, 1, '12700.00004', '12700.00004', 44),
(350, 1, 1, '13949.99998', '13949.99998', 44),
(351, 1, 1, '12700.00004', '12700.00004', 44),
(352, 1, 1, '14850.00003', '14850.00003', 44),
(353, 1, 1, '13949.99998', '13949.99998', 44),
(354, 1, 1, '12700.00004', '12700.00004', 44),
(355, 1, 1, '8100.00003', '8100.00003', 44),
(356, 1, 1, '8100.00003', '8100.00003', 44),
(357, 1, 1, '8100.00003', '8100.00003', 44),
(358, 1, 1, '8100.00003', '8100.00003', 44),
(359, 1, 1, '9699.99997', '9699.99997', 44),
(360, 1, 1, '9699.99997', '9699.99997', 44),
(361, 1, 1, '10849.99994', '10849.99994', 44),
(362, 1, 1, '7199.99997', '7199.99997', 44),
(363, 1, 1, '7199.99997', '7199.99997', 44),
(364, 1, 1, '9749.99995', '9749.99995', 44),
(365, 1, 1, '8949.99998', '8949.99998', 44),
(366, 1, 1, '8949.99998', '8949.99998', 44),
(367, 1, 1, '7849.99999', '7849.99999', 44),
(368, 1, 1, '10950.00003', '10950.00003', 44),
(369, 1, 1, '10849.99994', '10849.99994', 44),
(370, 1, 1, '9699.99997', '9699.99997', 44),
(371, 1, 1, '9699.99997', '9699.99997', 44),
(372, 1, 1, '10049.99997', '10049.99997', 44),
(373, 1, 1, '10849.99994', '10849.99994', 44),
(374, 1, 1, '8100.00003', '8100.00003', 44),
(375, 1, 1, '9699.99997', '9699.99997', 44),
(376, 1, 1, '7199.99997', '7199.99997', 44),
(377, 1, 1, '8500.00001', '8500.00001', 44),
(378, 1, 1, '8500.00001', '8500.00001', 44),
(379, 1, 1, '8500.00001', '8500.00001', 44),
(380, 1, 1, '9550.00002', '9550.00002', 44),
(394, 1, 1, '12700.00004', '12700.00004', 44),
(395, 1, 1, '11750.00000', '11750.00000', 44),
(396, 1, 1, '11099.99998', '11099.99998', 44),
(397, 1, 1, '11099.99998', '11099.99998', 44),
(398, 1, 1, '11099.99998', '11099.99998', 44),
(399, 1, 1, '11099.99998', '11099.99998', 44),
(400, 1, 1, '11449.99998', '11449.99998', 44),
(401, 1, 1, '11449.99998', '11449.99998', 44),
(402, 1, 1, '11449.99998', '11449.99998', 44),
(403, 1, 1, '12650.00006', '12650.00006', 44),
(404, 1, 1, '17650.00005', '17650.00005', 44),
(405, 1, 1, '17650.00005', '17650.00005', 44),
(406, 1, 1, '15550.00004', '15550.00004', 44),
(407, 1, 1, '15550.00004', '15550.00004', 44),
(408, 1, 1, '15550.00004', '15550.00004', 44),
(409, 1, 1, '15550.00004', '15550.00004', 44),
(410, 1, 1, '17849.99998', '17849.99998', 44),
(411, 1, 1, '16350.00001', '16350.00001', 44),
(412, 1, 1, '10550.00004', '10550.00004', 44),
(413, 1, 1, '10550.00004', '10550.00004', 44),
(414, 1, 1, '11049.99999', '11049.99999', 44),
(415, 1, 1, '9300.00000', '9300.00000', 44),
(416, 1, 1, '12650.00006', '12650.00006', 44),
(417, 1, 1, '10300.00001', '10300.00001', 44),
(418, 1, 1, '12650.00006', '12650.00006', 44),
(419, 1, 1, '12650.00006', '12650.00006', 44),
(420, 1, 1, '12650.00006', '12650.00006', 44),
(421, 1, 1, '12650.00006', '12650.00006', 44),
(422, 1, 1, '12650.00006', '12650.00006', 44),
(423, 1, 1, '12650.00006', '12650.00006', 44),
(424, 1, 1, '12650.00006', '12650.00006', 44),
(425, 1, 1, '12650.00006', '12650.00006', 44),
(426, 1, 1, '12650.00006', '12650.00006', 44),
(427, 1, 1, '12650.00006', '12650.00006', 44),
(428, 1, 1, '12650.00006', '12650.00006', 44),
(429, 1, 1, '10300.00001', '10300.00001', 44),
(430, 1, 1, '10300.00001', '10300.00001', 44),
(431, 1, 1, '12650.00006', '12650.00006', 44),
(432, 1, 1, '12650.00006', '12650.00006', 44),
(433, 1, 1, '12650.00006', '12650.00006', 44),
(434, 1, 1, '12650.00006', '12650.00006', 44),
(435, 1, 1, '12650.00006', '12650.00006', 44),
(436, 1, 1, '12650.00006', '12650.00006', 44),
(437, 1, 1, '9450.00005', '9450.00005', 44),
(438, 1, 1, '8699.99995', '8699.99995', 44),
(439, 1, 1, '2999.99995', '2999.99995', 44),
(440, 1, 1, '4999.99999', '4999.99999', 44),
(441, 1, 1, '7999.99994', '7999.99994', 44),
(442, 1, 1, '13950.00000', '18600.00000', 44),
(443, 1, 1, '13800.00003', '13800.00003', 44),
(444, 1, 1, '13800.00003', '13800.00003', 44),
(445, 1, 1, '11799.99998', '11799.99998', 44),
(446, 1, 1, '11799.99998', '11799.99998', 44),
(447, 1, 1, '11799.99998', '11799.99998', 44),
(448, 1, 1, '11799.99998', '11799.99998', 44),
(449, 1, 1, '11799.99998', '11799.99998', 44),
(450, 1, 1, '19800.00004', '19800.00004', 44),
(451, 1, 1, '19800.00004', '19800.00004', 44),
(452, 1, 1, '12300.00005', '12300.00005', 44),
(453, 1, 1, '12300.00005', '12300.00005', 44),
(454, 1, 1, '12300.00005', '12300.00005', 44),
(455, 1, 1, '12300.00005', '12300.00005', 44),
(456, 1, 1, '11799.99998', '11799.99998', 44),
(457, 1, 1, '11799.99998', '11799.99998', 44),
(458, 1, 1, '15049.99997', '15049.99997', 44),
(459, 1, 1, '15049.99997', '15049.99997', 44),
(460, 1, 1, '12300.00005', '12300.00005', 44),
(461, 1, 1, '12599.99995', '12599.99995', 44),
(462, 1, 1, '12599.99995', '12599.99995', 44),
(463, 1, 1, '15049.99997', '15049.99997', 44),
(464, 1, 1, '15049.99997', '15049.99997', 44),
(465, 1, 1, '15049.99997', '15049.99997', 44),
(466, 1, 1, '11799.99998', '11799.99998', 44),
(467, 1, 1, '15049.99997', '15049.99997', 44),
(468, 1, 1, '15049.99997', '15049.99997', 44),
(469, 1, 1, '15049.99997', '15049.99997', 44),
(470, 1, 1, '15699.99999', '15699.99999', 44),
(471, 1, 1, '15699.99999', '15699.99999', 44),
(472, 1, 1, '15699.99999', '15699.99999', 44),
(473, 1, 1, '15699.99999', '15699.99999', 44),
(474, 1, 1, '11750.00000', '11750.00000', 44),
(475, 1, 1, '11750.00000', '11750.00000', 44),
(476, 1, 1, '15600.00002', '15600.00002', 44),
(477, 1, 1, '15600.00002', '15600.00002', 44),
(478, 1, 1, '15600.00002', '15600.00002', 44),
(479, 1, 1, '11750.00000', '11750.00000', 44),
(480, 1, 1, '11750.00000', '11750.00000', 44),
(481, 1, 1, '19800.00004', '19800.00004', 44),
(482, 1, 1, '19800.00004', '19800.00004', 44),
(483, 1, 1, '19800.00004', '19800.00004', 44),
(484, 1, 1, '19800.00004', '19800.00004', 44),
(485, 1, 1, '19800.00004', '19800.00004', 44),
(486, 1, 1, '11799.99998', '11799.99998', 44),
(487, 1, 1, '11799.99998', '11799.99998', 44),
(488, 1, 1, '12300.00005', '12300.00005', 44),
(489, 1, 1, '11750.00000', '11750.00000', 44),
(490, 1, 1, '11750.00000', '11750.00000', 44),
(491, 1, 1, '11750.00000', '11750.00000', 44),
(492, 1, 1, '11700.00002', '11700.00002', 44),
(493, 1, 1, '7800.00000', '10400.00000', 44);

-- --------------------------------------------------------

--
-- Estructura de tabla para la tabla `ps_layered_product_attribute`
--

CREATE TABLE `ps_layered_product_attribute` (
  `id_attribute` int(10) UNSIGNED NOT NULL,
  `id_product` int(10) UNSIGNED NOT NULL,
  `id_attribute_group` int(10) UNSIGNED NOT NULL DEFAULT 0,
  `id_shop` int(10) UNSIGNED NOT NULL DEFAULT 1
) ENGINE=InnoDB DEFAULT CHARSET=utf8;

--
-- Volcado de datos para la tabla `ps_layered_product_attribute`
--

INSERT INTO `ps_layered_product_attribute` (`id_attribute`, `id_product`, `id_attribute_group`, `id_shop`) VALUES
(201, 23, 12, 1),
(201, 24, 12, 1),
(201, 25, 12, 1),
(201, 26, 12, 1),
(201, 27, 12, 1),
(201, 28, 12, 1),
(201, 29, 12, 1),
(201, 30, 12, 1),
(201, 134, 12, 1),
(201, 135, 12, 1),
(201, 136, 12, 1),
(201, 137, 12, 1),
(201, 138, 12, 1),
(201, 139, 12, 1),
(201, 155, 12, 1),
(201, 156, 12, 1),
(201, 157, 12, 1),
(201, 177, 12, 1),
(201, 178, 12, 1),
(201, 415, 12, 1),
(201, 442, 12, 1),
(201, 493, 12, 1),
(202, 23, 12, 1),
(202, 24, 12, 1),
(202, 25, 12, 1),
(202, 26, 12, 1),
(202, 27, 12, 1),
(202, 28, 12, 1),
(202, 29, 12, 1),
(202, 30, 12, 1),
(202, 134, 12, 1),
(202, 135, 12, 1),
(202, 136, 12, 1),
(202, 137, 12, 1),
(202, 138, 12, 1),
(202, 139, 12, 1),
(202, 155, 12, 1),
(202, 156, 12, 1),
(202, 157, 12, 1),
(202, 177, 12, 1),
(202, 178, 12, 1),
(202, 415, 12, 1),
(202, 442, 12, 1),
(202, 493, 12, 1);

-- --------------------------------------------------------

--
-- Estructura de tabla para la tabla `ps_linksmenutop`
--

CREATE TABLE `ps_linksmenutop` (
  `id_linksmenutop` int(10) UNSIGNED NOT NULL,
  `id_shop` int(11) UNSIGNED NOT NULL,
  `new_window` tinyint(1) NOT NULL
) ENGINE=InnoDB DEFAULT CHARSET=utf8;

-- --------------------------------------------------------

--
-- Estructura de tabla para la tabla `ps_linksmenutop_lang`
--

CREATE TABLE `ps_linksmenutop_lang` (
  `id_linksmenutop` int(11) UNSIGNED NOT NULL,
  `id_lang` int(11) UNSIGNED NOT NULL,
  `id_shop` int(11) UNSIGNED NOT NULL,
  `label` varchar(128) NOT NULL,
  `link` varchar(128) NOT NULL
) ENGINE=InnoDB DEFAULT CHARSET=utf8;

-- --------------------------------------------------------

--
-- Estructura de tabla para la tabla `ps_link_block`
--

CREATE TABLE `ps_link_block` (
  `id_link_block` int(10) UNSIGNED NOT NULL,
  `id_hook` int(1) UNSIGNED DEFAULT NULL,
  `position` int(10) UNSIGNED NOT NULL DEFAULT 0,
  `content` text DEFAULT NULL
) ENGINE=InnoDB DEFAULT CHARSET=utf8;

--
-- Volcado de datos para la tabla `ps_link_block`
--

INSERT INTO `ps_link_block` (`id_link_block`, `id_hook`, `position`, `content`) VALUES
(1, 35, 0, '{\"cms\":[false],\"product\":[\"prices-drop\",\"new-products\",\"best-sales\"],\"static\":[false]}'),
(2, 35, 1, '{\"cms\":[\"1\",\"2\",\"3\",\"4\",\"5\"],\"product\":[false],\"static\":[\"contact\",\"sitemap\",\"stores\"]}');

-- --------------------------------------------------------

--
-- Estructura de tabla para la tabla `ps_link_block_lang`
--

CREATE TABLE `ps_link_block_lang` (
  `id_link_block` int(10) UNSIGNED NOT NULL,
  `id_lang` int(10) UNSIGNED NOT NULL,
  `name` varchar(40) NOT NULL DEFAULT '',
  `custom_content` text DEFAULT NULL
) ENGINE=InnoDB DEFAULT CHARSET=utf8;

--
-- Volcado de datos para la tabla `ps_link_block_lang`
--

INSERT INTO `ps_link_block_lang` (`id_link_block`, `id_lang`, `name`, `custom_content`) VALUES
(1, 1, 'Productos', NULL),
(2, 1, 'Nuestra empresa', NULL);

-- --------------------------------------------------------

--
-- Estructura de tabla para la tabla `ps_link_block_shop`
--

CREATE TABLE `ps_link_block_shop` (
  `id_link_block` int(10) UNSIGNED NOT NULL,
  `id_shop` int(10) UNSIGNED NOT NULL
) ENGINE=InnoDB DEFAULT CHARSET=utf8;

-- --------------------------------------------------------

--
-- Estructura de tabla para la tabla `ps_log`
--

CREATE TABLE `ps_log` (
  `id_log` int(10) UNSIGNED NOT NULL,
  `severity` tinyint(1) NOT NULL,
  `error_code` int(11) DEFAULT NULL,
  `message` text NOT NULL,
  `object_type` varchar(32) DEFAULT NULL,
  `object_id` int(10) UNSIGNED DEFAULT NULL,
  `id_employee` int(10) UNSIGNED DEFAULT NULL,
  `date_add` datetime NOT NULL,
  `date_upd` datetime NOT NULL
) ENGINE=InnoDB DEFAULT CHARSET=utf8;

--
-- Volcado de datos para la tabla `ps_log`
--

INSERT INTO `ps_log` (`id_log`, `severity`, `error_code`, `message`, `object_type`, `object_id`, `id_employee`, `date_add`, `date_upd`) VALUES
(1, 1, 0, 'Exporting mail with theme modern for language Español (Spanish)', '', 0, 0, '2019-11-02 11:51:12', '2019-11-02 11:51:12'),
(2, 1, 0, 'Core output folder: /home/opticabrera3yq/public_html/mails', '', 0, 0, '2019-11-02 11:51:12', '2019-11-02 11:51:12'),
(3, 1, 0, 'Modules output folder: /home/opticabrera3yq/public_html/modules/', '', 0, 0, '2019-11-02 11:51:12', '2019-11-02 11:51:12'),
(4, 1, 0, 'Generate html template account at /home/opticabrera3yq/public_html/mails/es/account.html', '', 0, 0, '2019-11-02 11:51:13', '2019-11-02 11:51:13'),
(5, 1, 0, 'Generate txt template account at /home/opticabrera3yq/public_html/mails/es/account.txt', '', 0, 0, '2019-11-02 11:51:13', '2019-11-02 11:51:13'),
(6, 1, 0, 'Generate html template backoffice_order at /home/opticabrera3yq/public_html/mails/es/backoffice_order.html', '', 0, 0, '2019-11-02 11:51:13', '2019-11-02 11:51:13'),
(7, 1, 0, 'Generate txt template backoffice_order at /home/opticabrera3yq/public_html/mails/es/backoffice_order.txt', '', 0, 0, '2019-11-02 11:51:13', '2019-11-02 11:51:13'),
(8, 1, 0, 'Generate html template bankwire at /home/opticabrera3yq/public_html/mails/es/bankwire.html', '', 0, 0, '2019-11-02 11:51:13', '2019-11-02 11:51:13'),
(9, 1, 0, 'Generate txt template bankwire at /home/opticabrera3yq/public_html/mails/es/bankwire.txt', '', 0, 0, '2019-11-02 11:51:13', '2019-11-02 11:51:13'),
(10, 1, 0, 'Generate html template cheque at /home/opticabrera3yq/public_html/mails/es/cheque.html', '', 0, 0, '2019-11-02 11:51:13', '2019-11-02 11:51:13'),
(11, 1, 0, 'Generate txt template cheque at /home/opticabrera3yq/public_html/mails/es/cheque.txt', '', 0, 0, '2019-11-02 11:51:13', '2019-11-02 11:51:13'),
(12, 1, 0, 'Generate html template contact at /home/opticabrera3yq/public_html/mails/es/contact.html', '', 0, 0, '2019-11-02 11:51:13', '2019-11-02 11:51:13'),
(13, 1, 0, 'Generate txt template contact at /home/opticabrera3yq/public_html/mails/es/contact.txt', '', 0, 0, '2019-11-02 11:51:13', '2019-11-02 11:51:13'),
(14, 1, 0, 'Generate html template contact_form at /home/opticabrera3yq/public_html/mails/es/contact_form.html', '', 0, 0, '2019-11-02 11:51:13', '2019-11-02 11:51:13'),
(15, 1, 0, 'Generate txt template contact_form at /home/opticabrera3yq/public_html/mails/es/contact_form.txt', '', 0, 0, '2019-11-02 11:51:13', '2019-11-02 11:51:13'),
(16, 1, 0, 'Generate html template credit_slip at /home/opticabrera3yq/public_html/mails/es/credit_slip.html', '', 0, 0, '2019-11-02 11:51:13', '2019-11-02 11:51:13'),
(17, 1, 0, 'Generate txt template credit_slip at /home/opticabrera3yq/public_html/mails/es/credit_slip.txt', '', 0, 0, '2019-11-02 11:51:13', '2019-11-02 11:51:13'),
(18, 1, 0, 'Generate html template download_product at /home/opticabrera3yq/public_html/mails/es/download_product.html', '', 0, 0, '2019-11-02 11:51:13', '2019-11-02 11:51:13'),
(19, 1, 0, 'Generate txt template download_product at /home/opticabrera3yq/public_html/mails/es/download_product.txt', '', 0, 0, '2019-11-02 11:51:13', '2019-11-02 11:51:13'),
(20, 1, 0, 'Generate html template employee_password at /home/opticabrera3yq/public_html/mails/es/employee_password.html', '', 0, 0, '2019-11-02 11:51:13', '2019-11-02 11:51:13'),
(21, 1, 0, 'Generate txt template employee_password at /home/opticabrera3yq/public_html/mails/es/employee_password.txt', '', 0, 0, '2019-11-02 11:51:13', '2019-11-02 11:51:13'),
(22, 1, 0, 'Generate html template forward_msg at /home/opticabrera3yq/public_html/mails/es/forward_msg.html', '', 0, 0, '2019-11-02 11:51:13', '2019-11-02 11:51:13'),
(23, 1, 0, 'Generate txt template forward_msg at /home/opticabrera3yq/public_html/mails/es/forward_msg.txt', '', 0, 0, '2019-11-02 11:51:13', '2019-11-02 11:51:13'),
(24, 1, 0, 'Generate html template guest_to_customer at /home/opticabrera3yq/public_html/mails/es/guest_to_customer.html', '', 0, 0, '2019-11-02 11:51:13', '2019-11-02 11:51:13'),
(25, 1, 0, 'Generate txt template guest_to_customer at /home/opticabrera3yq/public_html/mails/es/guest_to_customer.txt', '', 0, 0, '2019-11-02 11:51:13', '2019-11-02 11:51:13'),
(26, 1, 0, 'Generate html template import at /home/opticabrera3yq/public_html/mails/es/import.html', '', 0, 0, '2019-11-02 11:51:13', '2019-11-02 11:51:13'),
(27, 1, 0, 'Generate txt template import at /home/opticabrera3yq/public_html/mails/es/import.txt', '', 0, 0, '2019-11-02 11:51:13', '2019-11-02 11:51:13'),
(28, 1, 0, 'Generate html template in_transit at /home/opticabrera3yq/public_html/mails/es/in_transit.html', '', 0, 0, '2019-11-02 11:51:13', '2019-11-02 11:51:13'),
(29, 1, 0, 'Generate txt template in_transit at /home/opticabrera3yq/public_html/mails/es/in_transit.txt', '', 0, 0, '2019-11-02 11:51:13', '2019-11-02 11:51:13'),
(30, 1, 0, 'Generate html template log_alert at /home/opticabrera3yq/public_html/mails/es/log_alert.html', '', 0, 0, '2019-11-02 11:51:13', '2019-11-02 11:51:13'),
(31, 1, 0, 'Generate txt template log_alert at /home/opticabrera3yq/public_html/mails/es/log_alert.txt', '', 0, 0, '2019-11-02 11:51:13', '2019-11-02 11:51:13'),
(32, 1, 0, 'Generate html template newsletter at /home/opticabrera3yq/public_html/mails/es/newsletter.html', '', 0, 0, '2019-11-02 11:51:13', '2019-11-02 11:51:13'),
(33, 1, 0, 'Generate txt template newsletter at /home/opticabrera3yq/public_html/mails/es/newsletter.txt', '', 0, 0, '2019-11-02 11:51:13', '2019-11-02 11:51:13'),
(34, 1, 0, 'Generate html template order_canceled at /home/opticabrera3yq/public_html/mails/es/order_canceled.html', '', 0, 0, '2019-11-02 11:51:13', '2019-11-02 11:51:13'),
(35, 1, 0, 'Generate txt template order_canceled at /home/opticabrera3yq/public_html/mails/es/order_canceled.txt', '', 0, 0, '2019-11-02 11:51:13', '2019-11-02 11:51:13'),
(36, 1, 0, 'Generate html template order_changed at /home/opticabrera3yq/public_html/mails/es/order_changed.html', '', 0, 0, '2019-11-02 11:51:13', '2019-11-02 11:51:13'),
(37, 1, 0, 'Generate txt template order_changed at /home/opticabrera3yq/public_html/mails/es/order_changed.txt', '', 0, 0, '2019-11-02 11:51:13', '2019-11-02 11:51:13'),
(38, 1, 0, 'Generate html template order_conf at /home/opticabrera3yq/public_html/mails/es/order_conf.html', '', 0, 0, '2019-11-02 11:51:13', '2019-11-02 11:51:13'),
(39, 1, 0, 'Generate txt template order_conf at /home/opticabrera3yq/public_html/mails/es/order_conf.txt', '', 0, 0, '2019-11-02 11:51:13', '2019-11-02 11:51:13'),
(40, 1, 0, 'Generate html template order_customer_comment at /home/opticabrera3yq/public_html/mails/es/order_customer_comment.html', '', 0, 0, '2019-11-02 11:51:13', '2019-11-02 11:51:13'),
(41, 1, 0, 'Generate txt template order_customer_comment at /home/opticabrera3yq/public_html/mails/es/order_customer_comment.txt', '', 0, 0, '2019-11-02 11:51:13', '2019-11-02 11:51:13'),
(42, 1, 0, 'Generate html template order_merchant_comment at /home/opticabrera3yq/public_html/mails/es/order_merchant_comment.html', '', 0, 0, '2019-11-02 11:51:13', '2019-11-02 11:51:13'),
(43, 1, 0, 'Generate txt template order_merchant_comment at /home/opticabrera3yq/public_html/mails/es/order_merchant_comment.txt', '', 0, 0, '2019-11-02 11:51:13', '2019-11-02 11:51:13'),
(44, 1, 0, 'Generate html template order_return_state at /home/opticabrera3yq/public_html/mails/es/order_return_state.html', '', 0, 0, '2019-11-02 11:51:13', '2019-11-02 11:51:13'),
(45, 1, 0, 'Generate txt template order_return_state at /home/opticabrera3yq/public_html/mails/es/order_return_state.txt', '', 0, 0, '2019-11-02 11:51:13', '2019-11-02 11:51:13'),
(46, 1, 0, 'Generate html template outofstock at /home/opticabrera3yq/public_html/mails/es/outofstock.html', '', 0, 0, '2019-11-02 11:51:13', '2019-11-02 11:51:13'),
(47, 1, 0, 'Generate txt template outofstock at /home/opticabrera3yq/public_html/mails/es/outofstock.txt', '', 0, 0, '2019-11-02 11:51:13', '2019-11-02 11:51:13'),
(48, 1, 0, 'Generate html template password at /home/opticabrera3yq/public_html/mails/es/password.html', '', 0, 0, '2019-11-02 11:51:13', '2019-11-02 11:51:13'),
(49, 1, 0, 'Generate txt template password at /home/opticabrera3yq/public_html/mails/es/password.txt', '', 0, 0, '2019-11-02 11:51:13', '2019-11-02 11:51:13'),
(50, 1, 0, 'Generate html template password_query at /home/opticabrera3yq/public_html/mails/es/password_query.html', '', 0, 0, '2019-11-02 11:51:13', '2019-11-02 11:51:13'),
(51, 1, 0, 'Generate txt template password_query at /home/opticabrera3yq/public_html/mails/es/password_query.txt', '', 0, 0, '2019-11-02 11:51:13', '2019-11-02 11:51:13'),
(52, 1, 0, 'Generate html template payment at /home/opticabrera3yq/public_html/mails/es/payment.html', '', 0, 0, '2019-11-02 11:51:13', '2019-11-02 11:51:13'),
(53, 1, 0, 'Generate txt template payment at /home/opticabrera3yq/public_html/mails/es/payment.txt', '', 0, 0, '2019-11-02 11:51:13', '2019-11-02 11:51:13'),
(54, 1, 0, 'Generate html template payment_error at /home/opticabrera3yq/public_html/mails/es/payment_error.html', '', 0, 0, '2019-11-02 11:51:13', '2019-11-02 11:51:13'),
(55, 1, 0, 'Generate txt template payment_error at /home/opticabrera3yq/public_html/mails/es/payment_error.txt', '', 0, 0, '2019-11-02 11:51:13', '2019-11-02 11:51:13'),
(56, 1, 0, 'Generate html template preparation at /home/opticabrera3yq/public_html/mails/es/preparation.html', '', 0, 0, '2019-11-02 11:51:13', '2019-11-02 11:51:13'),
(57, 1, 0, 'Generate txt template preparation at /home/opticabrera3yq/public_html/mails/es/preparation.txt', '', 0, 0, '2019-11-02 11:51:13', '2019-11-02 11:51:13'),
(58, 1, 0, 'Generate html template productoutofstock at /home/opticabrera3yq/public_html/mails/es/productoutofstock.html', '', 0, 0, '2019-11-02 11:51:16', '2019-11-02 11:51:16'),
(59, 1, 0, 'Generate txt template productoutofstock at /home/opticabrera3yq/public_html/mails/es/productoutofstock.txt', '', 0, 0, '2019-11-02 11:51:16', '2019-11-02 11:51:16'),
(60, 1, 0, 'Generate html template refund at /home/opticabrera3yq/public_html/mails/es/refund.html', '', 0, 0, '2019-11-02 11:51:16', '2019-11-02 11:51:16'),
(61, 1, 0, 'Generate txt template refund at /home/opticabrera3yq/public_html/mails/es/refund.txt', '', 0, 0, '2019-11-02 11:51:16', '2019-11-02 11:51:16'),
(62, 1, 0, 'Generate html template reply_msg at /home/opticabrera3yq/public_html/mails/es/reply_msg.html', '', 0, 0, '2019-11-02 11:51:16', '2019-11-02 11:51:16'),
(63, 1, 0, 'Generate txt template reply_msg at /home/opticabrera3yq/public_html/mails/es/reply_msg.txt', '', 0, 0, '2019-11-02 11:51:16', '2019-11-02 11:51:16'),
(64, 1, 0, 'Generate html template shipped at /home/opticabrera3yq/public_html/mails/es/shipped.html', '', 0, 0, '2019-11-02 11:51:16', '2019-11-02 11:51:16'),
(65, 1, 0, 'Generate txt template shipped at /home/opticabrera3yq/public_html/mails/es/shipped.txt', '', 0, 0, '2019-11-02 11:51:16', '2019-11-02 11:51:16'),
(66, 1, 0, 'Generate html template test at /home/opticabrera3yq/public_html/mails/es/test.html', '', 0, 0, '2019-11-02 11:51:16', '2019-11-02 11:51:16'),
(67, 1, 0, 'Generate txt template test at /home/opticabrera3yq/public_html/mails/es/test.txt', '', 0, 0, '2019-11-02 11:51:16', '2019-11-02 11:51:16'),
(68, 1, 0, 'Generate html template voucher at /home/opticabrera3yq/public_html/mails/es/voucher.html', '', 0, 0, '2019-11-02 11:51:16', '2019-11-02 11:51:16'),
(69, 1, 0, 'Generate txt template voucher at /home/opticabrera3yq/public_html/mails/es/voucher.txt', '', 0, 0, '2019-11-02 11:51:16', '2019-11-02 11:51:16'),
(70, 1, 0, 'Generate html template voucher_new at /home/opticabrera3yq/public_html/mails/es/voucher_new.html', '', 0, 0, '2019-11-02 11:51:16', '2019-11-02 11:51:16'),
(71, 1, 0, 'Generate txt template voucher_new at /home/opticabrera3yq/public_html/mails/es/voucher_new.txt', '', 0, 0, '2019-11-02 11:51:17', '2019-11-02 11:51:17'),
(72, 1, 0, 'Generate html template followup_1 at /home/opticabrera3yq/public_html/modules//followup/mails/es/followup_1.html', '', 0, 0, '2019-11-02 11:51:17', '2019-11-02 11:51:17'),
(73, 1, 0, 'Generate txt template followup_1 at /home/opticabrera3yq/public_html/modules//followup/mails/es/followup_1.txt', '', 0, 0, '2019-11-02 11:51:17', '2019-11-02 11:51:17'),
(74, 1, 0, 'Generate html template followup_2 at /home/opticabrera3yq/public_html/modules//followup/mails/es/followup_2.html', '', 0, 0, '2019-11-02 11:51:17', '2019-11-02 11:51:17'),
(75, 1, 0, 'Generate txt template followup_2 at /home/opticabrera3yq/public_html/modules//followup/mails/es/followup_2.txt', '', 0, 0, '2019-11-02 11:51:17', '2019-11-02 11:51:17'),
(76, 1, 0, 'Generate html template followup_3 at /home/opticabrera3yq/public_html/modules//followup/mails/es/followup_3.html', '', 0, 0, '2019-11-02 11:51:17', '2019-11-02 11:51:17'),
(77, 1, 0, 'Generate txt template followup_3 at /home/opticabrera3yq/public_html/modules//followup/mails/es/followup_3.txt', '', 0, 0, '2019-11-02 11:51:17', '2019-11-02 11:51:17'),
(78, 1, 0, 'Generate html template followup_4 at /home/opticabrera3yq/public_html/modules//followup/mails/es/followup_4.html', '', 0, 0, '2019-11-02 11:51:17', '2019-11-02 11:51:17'),
(79, 1, 0, 'Generate txt template followup_4 at /home/opticabrera3yq/public_html/modules//followup/mails/es/followup_4.txt', '', 0, 0, '2019-11-02 11:51:17', '2019-11-02 11:51:17'),
(80, 1, 0, 'Generate html template newsletter_conf at /home/opticabrera3yq/public_html/modules//ps_emailsubscription/mails/es/newsletter_conf.html', '', 0, 0, '2019-11-02 11:51:17', '2019-11-02 11:51:17'),
(81, 1, 0, 'Generate txt template newsletter_conf at /home/opticabrera3yq/public_html/modules//ps_emailsubscription/mails/es/newsletter_conf.txt', '', 0, 0, '2019-11-02 11:51:17', '2019-11-02 11:51:17'),
(82, 1, 0, 'Generate html template newsletter_verif at /home/opticabrera3yq/public_html/modules//ps_emailsubscription/mails/es/newsletter_verif.html', '', 0, 0, '2019-11-02 11:51:17', '2019-11-02 11:51:17'),
(83, 1, 0, 'Generate txt template newsletter_verif at /home/opticabrera3yq/public_html/modules//ps_emailsubscription/mails/es/newsletter_verif.txt', '', 0, 0, '2019-11-02 11:51:17', '2019-11-02 11:51:17'),
(84, 1, 0, 'Generate html template newsletter_voucher at /home/opticabrera3yq/public_html/modules//ps_emailsubscription/mails/es/newsletter_voucher.html', '', 0, 0, '2019-11-02 11:51:17', '2019-11-02 11:51:17'),
(85, 1, 0, 'Generate txt template newsletter_voucher at /home/opticabrera3yq/public_html/modules//ps_emailsubscription/mails/es/newsletter_voucher.txt', '', 0, 0, '2019-11-02 11:51:17', '2019-11-02 11:51:17'),
(86, 1, 0, 'Generate html template customer_qty at /home/opticabrera3yq/public_html/modules//ps_emailalerts/mails/es/customer_qty.html', '', 0, 0, '2019-11-02 11:51:17', '2019-11-02 11:51:17'),
(87, 1, 0, 'Generate txt template customer_qty at /home/opticabrera3yq/public_html/modules//ps_emailalerts/mails/es/customer_qty.txt', '', 0, 0, '2019-11-02 11:51:17', '2019-11-02 11:51:17'),
(88, 1, 0, 'Generate html template new_order at /home/opticabrera3yq/public_html/modules//ps_emailalerts/mails/es/new_order.html', '', 0, 0, '2019-11-02 11:51:17', '2019-11-02 11:51:17'),
(89, 1, 0, 'Generate txt template new_order at /home/opticabrera3yq/public_html/modules//ps_emailalerts/mails/es/new_order.txt', '', 0, 0, '2019-11-02 11:51:17', '2019-11-02 11:51:17'),
(90, 1, 0, 'Generate html template order_changed at /home/opticabrera3yq/public_html/modules//ps_emailalerts/mails/es/order_changed.html', '', 0, 0, '2019-11-02 11:51:17', '2019-11-02 11:51:17'),
(91, 1, 0, 'Generate txt template order_changed at /home/opticabrera3yq/public_html/modules//ps_emailalerts/mails/es/order_changed.txt', '', 0, 0, '2019-11-02 11:51:17', '2019-11-02 11:51:17'),
(92, 1, 0, 'Generate html template productcoverage at /home/opticabrera3yq/public_html/modules//ps_emailalerts/mails/es/productcoverage.html', '', 0, 0, '2019-11-02 11:51:17', '2019-11-02 11:51:17'),
(93, 1, 0, 'Generate txt template productcoverage at /home/opticabrera3yq/public_html/modules//ps_emailalerts/mails/es/productcoverage.txt', '', 0, 0, '2019-11-02 11:51:17', '2019-11-02 11:51:17'),
(94, 1, 0, 'Generate html template productoutofstock at /home/opticabrera3yq/public_html/modules//ps_emailalerts/mails/es/productoutofstock.html', '', 0, 0, '2019-11-02 11:51:17', '2019-11-02 11:51:17'),
(95, 1, 0, 'Generate txt template productoutofstock at /home/opticabrera3yq/public_html/modules//ps_emailalerts/mails/es/productoutofstock.txt', '', 0, 0, '2019-11-02 11:51:17', '2019-11-02 11:51:17'),
(96, 1, 0, 'Generate html template return_slip at /home/opticabrera3yq/public_html/modules//ps_emailalerts/mails/es/return_slip.html', '', 0, 0, '2019-11-02 11:51:17', '2019-11-02 11:51:17'),
(97, 1, 0, 'Generate txt template return_slip at /home/opticabrera3yq/public_html/modules//ps_emailalerts/mails/es/return_slip.txt', '', 0, 0, '2019-11-02 11:51:17', '2019-11-02 11:51:17'),
(98, 1, 0, 'Generate html template referralprogram-congratulations at /home/opticabrera3yq/public_html/modules//referralprogram/mails/es/referralprogram-congratulations.html', '', 0, 0, '2019-11-02 11:51:17', '2019-11-02 11:51:17'),
(99, 1, 0, 'Generate txt template referralprogram-congratulations at /home/opticabrera3yq/public_html/modules//referralprogram/mails/es/referralprogram-congratulations.txt', '', 0, 0, '2019-11-02 11:51:17', '2019-11-02 11:51:17'),
(100, 1, 0, 'Generate html template referralprogram-invitation at /home/opticabrera3yq/public_html/modules//referralprogram/mails/es/referralprogram-invitation.html', '', 0, 0, '2019-11-02 11:51:17', '2019-11-02 11:51:17'),
(101, 1, 0, 'Generate txt template referralprogram-invitation at /home/opticabrera3yq/public_html/modules//referralprogram/mails/es/referralprogram-invitation.txt', '', 0, 0, '2019-11-02 11:51:17', '2019-11-02 11:51:17'),
(102, 1, 0, 'Generate html template referralprogram-voucher at /home/opticabrera3yq/public_html/modules//referralprogram/mails/es/referralprogram-voucher.html', '', 0, 0, '2019-11-02 11:51:17', '2019-11-02 11:51:17'),
(103, 1, 0, 'Generate txt template referralprogram-voucher at /home/opticabrera3yq/public_html/modules//referralprogram/mails/es/referralprogram-voucher.txt', '', 0, 0, '2019-11-02 11:51:17', '2019-11-02 11:51:17'),
(104, 1, 0, 'Exporting mail with theme modern for language Español AR (Spanish)', '', 0, 0, '2019-11-02 11:51:22', '2019-11-02 11:51:22'),
(105, 1, 0, 'Generate html template account at /home/opticabrera3yq/public_html/mails/ag/account.html', '', 0, 0, '2019-11-02 11:51:22', '2019-11-02 11:51:22'),
(106, 1, 0, 'Generate txt template account at /home/opticabrera3yq/public_html/mails/ag/account.txt', '', 0, 0, '2019-11-02 11:51:22', '2019-11-02 11:51:22'),
(107, 1, 0, 'Generate html template backoffice_order at /home/opticabrera3yq/public_html/mails/ag/backoffice_order.html', '', 0, 0, '2019-11-02 11:51:22', '2019-11-02 11:51:22'),
(108, 1, 0, 'Generate txt template backoffice_order at /home/opticabrera3yq/public_html/mails/ag/backoffice_order.txt', '', 0, 0, '2019-11-02 11:51:22', '2019-11-02 11:51:22'),
(109, 1, 0, 'Generate html template bankwire at /home/opticabrera3yq/public_html/mails/ag/bankwire.html', '', 0, 0, '2019-11-02 11:51:22', '2019-11-02 11:51:22'),
(110, 1, 0, 'Generate txt template bankwire at /home/opticabrera3yq/public_html/mails/ag/bankwire.txt', '', 0, 0, '2019-11-02 11:51:22', '2019-11-02 11:51:22'),
(111, 1, 0, 'Generate html template cheque at /home/opticabrera3yq/public_html/mails/ag/cheque.html', '', 0, 0, '2019-11-02 11:51:22', '2019-11-02 11:51:22'),
(112, 1, 0, 'Generate txt template cheque at /home/opticabrera3yq/public_html/mails/ag/cheque.txt', '', 0, 0, '2019-11-02 11:51:22', '2019-11-02 11:51:22'),
(113, 1, 0, 'Generate html template contact at /home/opticabrera3yq/public_html/mails/ag/contact.html', '', 0, 0, '2019-11-02 11:51:22', '2019-11-02 11:51:22'),
(114, 1, 0, 'Generate txt template contact at /home/opticabrera3yq/public_html/mails/ag/contact.txt', '', 0, 0, '2019-11-02 11:51:22', '2019-11-02 11:51:22'),
(115, 1, 0, 'Generate html template contact_form at /home/opticabrera3yq/public_html/mails/ag/contact_form.html', '', 0, 0, '2019-11-02 11:51:22', '2019-11-02 11:51:22'),
(116, 1, 0, 'Generate txt template contact_form at /home/opticabrera3yq/public_html/mails/ag/contact_form.txt', '', 0, 0, '2019-11-02 11:51:22', '2019-11-02 11:51:22'),
(117, 1, 0, 'Generate html template credit_slip at /home/opticabrera3yq/public_html/mails/ag/credit_slip.html', '', 0, 0, '2019-11-02 11:51:22', '2019-11-02 11:51:22'),
(118, 1, 0, 'Generate txt template credit_slip at /home/opticabrera3yq/public_html/mails/ag/credit_slip.txt', '', 0, 0, '2019-11-02 11:51:22', '2019-11-02 11:51:22'),
(119, 1, 0, 'Generate html template download_product at /home/opticabrera3yq/public_html/mails/ag/download_product.html', '', 0, 0, '2019-11-02 11:51:22', '2019-11-02 11:51:22'),
(120, 1, 0, 'Generate txt template download_product at /home/opticabrera3yq/public_html/mails/ag/download_product.txt', '', 0, 0, '2019-11-02 11:51:22', '2019-11-02 11:51:22'),
(121, 1, 0, 'Generate html template employee_password at /home/opticabrera3yq/public_html/mails/ag/employee_password.html', '', 0, 0, '2019-11-02 11:51:22', '2019-11-02 11:51:22'),
(122, 1, 0, 'Generate txt template employee_password at /home/opticabrera3yq/public_html/mails/ag/employee_password.txt', '', 0, 0, '2019-11-02 11:51:22', '2019-11-02 11:51:22'),
(123, 1, 0, 'Generate html template forward_msg at /home/opticabrera3yq/public_html/mails/ag/forward_msg.html', '', 0, 0, '2019-11-02 11:51:22', '2019-11-02 11:51:22'),
(124, 1, 0, 'Generate txt template forward_msg at /home/opticabrera3yq/public_html/mails/ag/forward_msg.txt', '', 0, 0, '2019-11-02 11:51:22', '2019-11-02 11:51:22'),
(125, 1, 0, 'Generate html template guest_to_customer at /home/opticabrera3yq/public_html/mails/ag/guest_to_customer.html', '', 0, 0, '2019-11-02 11:51:22', '2019-11-02 11:51:22'),
(126, 1, 0, 'Generate txt template guest_to_customer at /home/opticabrera3yq/public_html/mails/ag/guest_to_customer.txt', '', 0, 0, '2019-11-02 11:51:22', '2019-11-02 11:51:22'),
(127, 1, 0, 'Generate html template import at /home/opticabrera3yq/public_html/mails/ag/import.html', '', 0, 0, '2019-11-02 11:51:22', '2019-11-02 11:51:22'),
(128, 1, 0, 'Generate txt template import at /home/opticabrera3yq/public_html/mails/ag/import.txt', '', 0, 0, '2019-11-02 11:51:22', '2019-11-02 11:51:22'),
(129, 1, 0, 'Generate html template in_transit at /home/opticabrera3yq/public_html/mails/ag/in_transit.html', '', 0, 0, '2019-11-02 11:51:22', '2019-11-02 11:51:22'),
(130, 1, 0, 'Generate txt template in_transit at /home/opticabrera3yq/public_html/mails/ag/in_transit.txt', '', 0, 0, '2019-11-02 11:51:22', '2019-11-02 11:51:22'),
(131, 1, 0, 'Generate html template log_alert at /home/opticabrera3yq/public_html/mails/ag/log_alert.html', '', 0, 0, '2019-11-02 11:51:22', '2019-11-02 11:51:22'),
(132, 1, 0, 'Generate txt template log_alert at /home/opticabrera3yq/public_html/mails/ag/log_alert.txt', '', 0, 0, '2019-11-02 11:51:22', '2019-11-02 11:51:22'),
(133, 1, 0, 'Generate html template newsletter at /home/opticabrera3yq/public_html/mails/ag/newsletter.html', '', 0, 0, '2019-11-02 11:51:22', '2019-11-02 11:51:22'),
(134, 1, 0, 'Generate txt template newsletter at /home/opticabrera3yq/public_html/mails/ag/newsletter.txt', '', 0, 0, '2019-11-02 11:51:22', '2019-11-02 11:51:22'),
(135, 1, 0, 'Generate html template order_canceled at /home/opticabrera3yq/public_html/mails/ag/order_canceled.html', '', 0, 0, '2019-11-02 11:51:22', '2019-11-02 11:51:22'),
(136, 1, 0, 'Generate txt template order_canceled at /home/opticabrera3yq/public_html/mails/ag/order_canceled.txt', '', 0, 0, '2019-11-02 11:51:22', '2019-11-02 11:51:22'),
(137, 1, 0, 'Generate html template order_changed at /home/opticabrera3yq/public_html/mails/ag/order_changed.html', '', 0, 0, '2019-11-02 11:51:22', '2019-11-02 11:51:22'),
(138, 1, 0, 'Generate txt template order_changed at /home/opticabrera3yq/public_html/mails/ag/order_changed.txt', '', 0, 0, '2019-11-02 11:51:22', '2019-11-02 11:51:22'),
(139, 1, 0, 'Generate html template order_conf at /home/opticabrera3yq/public_html/mails/ag/order_conf.html', '', 0, 0, '2019-11-02 11:51:23', '2019-11-02 11:51:23'),
(140, 1, 0, 'Generate txt template order_conf at /home/opticabrera3yq/public_html/mails/ag/order_conf.txt', '', 0, 0, '2019-11-02 11:51:23', '2019-11-02 11:51:23'),
(141, 1, 0, 'Generate html template order_customer_comment at /home/opticabrera3yq/public_html/mails/ag/order_customer_comment.html', '', 0, 0, '2019-11-02 11:51:23', '2019-11-02 11:51:23'),
(142, 1, 0, 'Generate txt template order_customer_comment at /home/opticabrera3yq/public_html/mails/ag/order_customer_comment.txt', '', 0, 0, '2019-11-02 11:51:23', '2019-11-02 11:51:23'),
(143, 1, 0, 'Generate html template order_merchant_comment at /home/opticabrera3yq/public_html/mails/ag/order_merchant_comment.html', '', 0, 0, '2019-11-02 11:51:23', '2019-11-02 11:51:23'),
(144, 1, 0, 'Generate txt template order_merchant_comment at /home/opticabrera3yq/public_html/mails/ag/order_merchant_comment.txt', '', 0, 0, '2019-11-02 11:51:23', '2019-11-02 11:51:23'),
(145, 1, 0, 'Generate html template order_return_state at /home/opticabrera3yq/public_html/mails/ag/order_return_state.html', '', 0, 0, '2019-11-02 11:51:23', '2019-11-02 11:51:23'),
(146, 1, 0, 'Generate txt template order_return_state at /home/opticabrera3yq/public_html/mails/ag/order_return_state.txt', '', 0, 0, '2019-11-02 11:51:23', '2019-11-02 11:51:23'),
(147, 1, 0, 'Generate html template outofstock at /home/opticabrera3yq/public_html/mails/ag/outofstock.html', '', 0, 0, '2019-11-02 11:51:23', '2019-11-02 11:51:23'),
(148, 1, 0, 'Generate txt template outofstock at /home/opticabrera3yq/public_html/mails/ag/outofstock.txt', '', 0, 0, '2019-11-02 11:51:23', '2019-11-02 11:51:23'),
(149, 1, 0, 'Generate html template password at /home/opticabrera3yq/public_html/mails/ag/password.html', '', 0, 0, '2019-11-02 11:51:23', '2019-11-02 11:51:23'),
(150, 1, 0, 'Generate txt template password at /home/opticabrera3yq/public_html/mails/ag/password.txt', '', 0, 0, '2019-11-02 11:51:23', '2019-11-02 11:51:23'),
(151, 1, 0, 'Generate html template password_query at /home/opticabrera3yq/public_html/mails/ag/password_query.html', '', 0, 0, '2019-11-02 11:51:23', '2019-11-02 11:51:23'),
(152, 1, 0, 'Generate txt template password_query at /home/opticabrera3yq/public_html/mails/ag/password_query.txt', '', 0, 0, '2019-11-02 11:51:23', '2019-11-02 11:51:23'),
(153, 1, 0, 'Generate html template payment at /home/opticabrera3yq/public_html/mails/ag/payment.html', '', 0, 0, '2019-11-02 11:51:23', '2019-11-02 11:51:23'),
(154, 1, 0, 'Generate txt template payment at /home/opticabrera3yq/public_html/mails/ag/payment.txt', '', 0, 0, '2019-11-02 11:51:23', '2019-11-02 11:51:23'),
(155, 1, 0, 'Generate html template payment_error at /home/opticabrera3yq/public_html/mails/ag/payment_error.html', '', 0, 0, '2019-11-02 11:51:23', '2019-11-02 11:51:23'),
(156, 1, 0, 'Generate txt template payment_error at /home/opticabrera3yq/public_html/mails/ag/payment_error.txt', '', 0, 0, '2019-11-02 11:51:23', '2019-11-02 11:51:23'),
(157, 1, 0, 'Generate html template preparation at /home/opticabrera3yq/public_html/mails/ag/preparation.html', '', 0, 0, '2019-11-02 11:51:23', '2019-11-02 11:51:23'),
(158, 1, 0, 'Generate txt template preparation at /home/opticabrera3yq/public_html/mails/ag/preparation.txt', '', 0, 0, '2019-11-02 11:51:23', '2019-11-02 11:51:23'),
(159, 1, 0, 'Generate html template productoutofstock at /home/opticabrera3yq/public_html/mails/ag/productoutofstock.html', '', 0, 0, '2019-11-02 11:51:23', '2019-11-02 11:51:23'),
(160, 1, 0, 'Generate txt template productoutofstock at /home/opticabrera3yq/public_html/mails/ag/productoutofstock.txt', '', 0, 0, '2019-11-02 11:51:23', '2019-11-02 11:51:23'),
(161, 1, 0, 'Generate html template refund at /home/opticabrera3yq/public_html/mails/ag/refund.html', '', 0, 0, '2019-11-02 11:51:23', '2019-11-02 11:51:23'),
(162, 1, 0, 'Generate txt template refund at /home/opticabrera3yq/public_html/mails/ag/refund.txt', '', 0, 0, '2019-11-02 11:51:23', '2019-11-02 11:51:23'),
(163, 1, 0, 'Generate html template reply_msg at /home/opticabrera3yq/public_html/mails/ag/reply_msg.html', '', 0, 0, '2019-11-02 11:51:23', '2019-11-02 11:51:23'),
(164, 1, 0, 'Generate txt template reply_msg at /home/opticabrera3yq/public_html/mails/ag/reply_msg.txt', '', 0, 0, '2019-11-02 11:51:23', '2019-11-02 11:51:23'),
(165, 1, 0, 'Generate html template shipped at /home/opticabrera3yq/public_html/mails/ag/shipped.html', '', 0, 0, '2019-11-02 11:51:23', '2019-11-02 11:51:23'),
(166, 1, 0, 'Generate txt template shipped at /home/opticabrera3yq/public_html/mails/ag/shipped.txt', '', 0, 0, '2019-11-02 11:51:23', '2019-11-02 11:51:23'),
(167, 1, 0, 'Generate html template test at /home/opticabrera3yq/public_html/mails/ag/test.html', '', 0, 0, '2019-11-02 11:51:23', '2019-11-02 11:51:23'),
(168, 1, 0, 'Generate txt template test at /home/opticabrera3yq/public_html/mails/ag/test.txt', '', 0, 0, '2019-11-02 11:51:23', '2019-11-02 11:51:23'),
(169, 1, 0, 'Generate html template voucher at /home/opticabrera3yq/public_html/mails/ag/voucher.html', '', 0, 0, '2019-11-02 11:51:23', '2019-11-02 11:51:23'),
(170, 1, 0, 'Generate txt template voucher at /home/opticabrera3yq/public_html/mails/ag/voucher.txt', '', 0, 0, '2019-11-02 11:51:23', '2019-11-02 11:51:23'),
(171, 1, 0, 'Generate html template voucher_new at /home/opticabrera3yq/public_html/mails/ag/voucher_new.html', '', 0, 0, '2019-11-02 11:51:23', '2019-11-02 11:51:23'),
(172, 1, 0, 'Generate txt template voucher_new at /home/opticabrera3yq/public_html/mails/ag/voucher_new.txt', '', 0, 0, '2019-11-02 11:51:23', '2019-11-02 11:51:23'),
(173, 1, 0, 'Generate html template followup_1 at /home/opticabrera3yq/public_html/modules//followup/mails/ag/followup_1.html', '', 0, 0, '2019-11-02 11:51:23', '2019-11-02 11:51:23'),
(174, 1, 0, 'Generate txt template followup_1 at /home/opticabrera3yq/public_html/modules//followup/mails/ag/followup_1.txt', '', 0, 0, '2019-11-02 11:51:23', '2019-11-02 11:51:23'),
(175, 1, 0, 'Generate html template followup_2 at /home/opticabrera3yq/public_html/modules//followup/mails/ag/followup_2.html', '', 0, 0, '2019-11-02 11:51:23', '2019-11-02 11:51:23'),
(176, 1, 0, 'Generate txt template followup_2 at /home/opticabrera3yq/public_html/modules//followup/mails/ag/followup_2.txt', '', 0, 0, '2019-11-02 11:51:23', '2019-11-02 11:51:23'),
(177, 1, 0, 'Generate html template followup_3 at /home/opticabrera3yq/public_html/modules//followup/mails/ag/followup_3.html', '', 0, 0, '2019-11-02 11:51:23', '2019-11-02 11:51:23'),
(178, 1, 0, 'Generate txt template followup_3 at /home/opticabrera3yq/public_html/modules//followup/mails/ag/followup_3.txt', '', 0, 0, '2019-11-02 11:51:23', '2019-11-02 11:51:23'),
(179, 1, 0, 'Generate html template followup_4 at /home/opticabrera3yq/public_html/modules//followup/mails/ag/followup_4.html', '', 0, 0, '2019-11-02 11:51:23', '2019-11-02 11:51:23'),
(180, 1, 0, 'Generate txt template followup_4 at /home/opticabrera3yq/public_html/modules//followup/mails/ag/followup_4.txt', '', 0, 0, '2019-11-02 11:51:23', '2019-11-02 11:51:23'),
(181, 1, 0, 'Generate html template newsletter_conf at /home/opticabrera3yq/public_html/modules//ps_emailsubscription/mails/ag/newsletter_conf.html', '', 0, 0, '2019-11-02 11:51:23', '2019-11-02 11:51:23'),
(182, 1, 0, 'Generate txt template newsletter_conf at /home/opticabrera3yq/public_html/modules//ps_emailsubscription/mails/ag/newsletter_conf.txt', '', 0, 0, '2019-11-02 11:51:23', '2019-11-02 11:51:23'),
(183, 1, 0, 'Generate html template newsletter_verif at /home/opticabrera3yq/public_html/modules//ps_emailsubscription/mails/ag/newsletter_verif.html', '', 0, 0, '2019-11-02 11:51:23', '2019-11-02 11:51:23'),
(184, 1, 0, 'Generate txt template newsletter_verif at /home/opticabrera3yq/public_html/modules//ps_emailsubscription/mails/ag/newsletter_verif.txt', '', 0, 0, '2019-11-02 11:51:23', '2019-11-02 11:51:23'),
(185, 1, 0, 'Generate html template newsletter_voucher at /home/opticabrera3yq/public_html/modules//ps_emailsubscription/mails/ag/newsletter_voucher.html', '', 0, 0, '2019-11-02 11:51:23', '2019-11-02 11:51:23'),
(186, 1, 0, 'Generate txt template newsletter_voucher at /home/opticabrera3yq/public_html/modules//ps_emailsubscription/mails/ag/newsletter_voucher.txt', '', 0, 0, '2019-11-02 11:51:23', '2019-11-02 11:51:23'),
(187, 1, 0, 'Generate html template customer_qty at /home/opticabrera3yq/public_html/modules//ps_emailalerts/mails/ag/customer_qty.html', '', 0, 0, '2019-11-02 11:51:23', '2019-11-02 11:51:23'),
(188, 1, 0, 'Generate txt template customer_qty at /home/opticabrera3yq/public_html/modules//ps_emailalerts/mails/ag/customer_qty.txt', '', 0, 0, '2019-11-02 11:51:23', '2019-11-02 11:51:23'),
(189, 1, 0, 'Generate html template new_order at /home/opticabrera3yq/public_html/modules//ps_emailalerts/mails/ag/new_order.html', '', 0, 0, '2019-11-02 11:51:23', '2019-11-02 11:51:23'),
(190, 1, 0, 'Generate txt template new_order at /home/opticabrera3yq/public_html/modules//ps_emailalerts/mails/ag/new_order.txt', '', 0, 0, '2019-11-02 11:51:23', '2019-11-02 11:51:23'),
(191, 1, 0, 'Generate html template order_changed at /home/opticabrera3yq/public_html/modules//ps_emailalerts/mails/ag/order_changed.html', '', 0, 0, '2019-11-02 11:51:23', '2019-11-02 11:51:23'),
(192, 1, 0, 'Generate txt template order_changed at /home/opticabrera3yq/public_html/modules//ps_emailalerts/mails/ag/order_changed.txt', '', 0, 0, '2019-11-02 11:51:23', '2019-11-02 11:51:23'),
(193, 1, 0, 'Generate html template productcoverage at /home/opticabrera3yq/public_html/modules//ps_emailalerts/mails/ag/productcoverage.html', '', 0, 0, '2019-11-02 11:51:23', '2019-11-02 11:51:23'),
(194, 1, 0, 'Generate txt template productcoverage at /home/opticabrera3yq/public_html/modules//ps_emailalerts/mails/ag/productcoverage.txt', '', 0, 0, '2019-11-02 11:51:23', '2019-11-02 11:51:23'),
(195, 1, 0, 'Generate html template productoutofstock at /home/opticabrera3yq/public_html/modules//ps_emailalerts/mails/ag/productoutofstock.html', '', 0, 0, '2019-11-02 11:51:23', '2019-11-02 11:51:23'),
(196, 1, 0, 'Generate txt template productoutofstock at /home/opticabrera3yq/public_html/modules//ps_emailalerts/mails/ag/productoutofstock.txt', '', 0, 0, '2019-11-02 11:51:23', '2019-11-02 11:51:23'),
(197, 1, 0, 'Generate html template return_slip at /home/opticabrera3yq/public_html/modules//ps_emailalerts/mails/ag/return_slip.html', '', 0, 0, '2019-11-02 11:51:23', '2019-11-02 11:51:23'),
(198, 1, 0, 'Generate txt template return_slip at /home/opticabrera3yq/public_html/modules//ps_emailalerts/mails/ag/return_slip.txt', '', 0, 0, '2019-11-02 11:51:23', '2019-11-02 11:51:23'),
(199, 1, 0, 'Generate html template referralprogram-congratulations at /home/opticabrera3yq/public_html/modules//referralprogram/mails/ag/referralprogram-congratulations.html', '', 0, 0, '2019-11-02 11:51:23', '2019-11-02 11:51:23'),
(200, 1, 0, 'Generate txt template referralprogram-congratulations at /home/opticabrera3yq/public_html/modules//referralprogram/mails/ag/referralprogram-congratulations.txt', '', 0, 0, '2019-11-02 11:51:23', '2019-11-02 11:51:23'),
(201, 1, 0, 'Generate html template referralprogram-invitation at /home/opticabrera3yq/public_html/modules//referralprogram/mails/ag/referralprogram-invitation.html', '', 0, 0, '2019-11-02 11:51:23', '2019-11-02 11:51:23'),
(202, 1, 0, 'Generate txt template referralprogram-invitation at /home/opticabrera3yq/public_html/modules//referralprogram/mails/ag/referralprogram-invitation.txt', '', 0, 0, '2019-11-02 11:51:23', '2019-11-02 11:51:23'),
(203, 1, 0, 'Generate html template referralprogram-voucher at /home/opticabrera3yq/public_html/modules//referralprogram/mails/ag/referralprogram-voucher.html', '', 0, 0, '2019-11-02 11:51:23', '2019-11-02 11:51:23'),
(204, 1, 0, 'Generate txt template referralprogram-voucher at /home/opticabrera3yq/public_html/modules//referralprogram/mails/ag/referralprogram-voucher.txt', '', 0, 0, '2019-11-02 11:51:23', '2019-11-02 11:51:23'),
(205, 3, 0, 'Class \\\"AdminLinkWidgetController\\\" not found in controllers/admin', '', 0, 1, '2019-11-02 11:51:28', '2019-11-02 11:51:28'),
(206, 1, 0, 'Conexión al back-office desde 186.59.81.106', '', 0, 1, '2019-11-02 12:20:17', '2019-11-02 12:20:17'),
(207, 1, 0, 'ImageType modificación', 'ImageType', 1, 1, '2019-11-02 16:50:43', '2019-11-02 16:50:43'),
(208, 1, 0, 'ImageType modificación', 'ImageType', 2, 1, '2019-11-02 16:50:48', '2019-11-02 16:50:48'),
(209, 1, 0, 'ImageType modificación', 'ImageType', 3, 1, '2019-11-02 16:50:53', '2019-11-02 16:50:53'),
(210, 1, 0, 'ImageType modificación', 'ImageType', 4, 1, '2019-11-02 16:50:57', '2019-11-02 16:50:57'),
(211, 1, 0, 'ImageType modificación', 'ImageType', 5, 1, '2019-11-02 16:51:11', '2019-11-02 16:51:11'),
(212, 1, 0, 'Conexión al back-office desde 181.167.31.131', '', 0, 1, '2019-11-02 22:39:04', '2019-11-02 22:39:04'),
(213, 1, 0, 'Conexión al back-office desde 181.167.53.40', '', 0, 1, '2019-11-04 20:44:33', '2019-11-04 20:44:33'),
(214, 1, 0, 'Conexión al back-office desde 181.167.53.40', '', 0, 2, '2019-11-04 21:27:08', '2019-11-04 21:27:08'),
(215, 1, 0, 'Conexión al back-office desde 181.167.53.40', '', 0, 2, '2019-11-04 22:10:00', '2019-11-04 22:10:00'),
(216, 1, 0, 'Conexión al back-office desde 186.59.22.152', '', 0, 1, '2019-11-05 06:35:27', '2019-11-05 06:35:27'),
(217, 1, 0, 'fieldMegamenuModel eliminado', 'fieldMegamenuModel', 2, 1, '2019-11-05 06:36:51', '2019-11-05 06:36:51'),
(218, 1, 0, 'fieldMegamenuModel añadido', 'fieldMegamenuModel', 3, 1, '2019-11-05 06:37:47', '2019-11-05 06:37:47'),
(219, 1, 0, 'fieldMegamenuModel añadido', 'fieldMegamenuModel', 4, 1, '2019-11-05 06:38:19', '2019-11-05 06:38:19'),
(220, 1, 0, 'Conexión al back-office desde 200.123.184.139', '', 0, 2, '2019-11-05 12:24:14', '2019-11-05 12:24:14'),
(221, 1, 0, 'Conexión al back-office desde 181.167.53.40', '', 0, 1, '2019-11-05 14:49:04', '2019-11-05 14:49:04'),
(222, 1, 0, 'Conexión al back-office desde 181.170.203.89', '', 0, 1, '2020-04-24 15:38:02', '2020-04-24 15:38:02'),
(223, 1, 0, 'fieldMegamenuModel modificación', 'fieldMegamenuModel', 2, 1, '2020-04-24 16:19:02', '2020-04-24 16:19:02'),
(224, 1, 0, 'fieldMegamenuModel modificación', 'fieldMegamenuModel', 2, 1, '2020-04-24 16:19:15', '2020-04-24 16:19:15'),
(225, 1, 0, 'Conexión al back-office desde 181.170.203.89', '', 0, 1, '2020-04-30 18:50:40', '2020-04-30 18:50:40'),
(226, 1, 0, 'Conexión al back-office desde 181.170.203.89', '', 0, 1, '2020-04-30 19:12:24', '2020-04-30 19:12:24'),
(227, 1, 0, 'Conexión al back-office desde 181.170.203.89', '', 0, 1, '2020-05-01 18:04:21', '2020-05-01 18:04:21'),
(228, 1, 0, 'ModelFieldSlideShow modificación', 'ModelFieldSlideShow', 1, 1, '2020-05-01 18:19:51', '2020-05-01 18:19:51'),
(229, 3, 0, 'Data from PrestaShop Addons is invalid, and cannot fallback on cache. ', '', 0, 1, '2020-05-01 19:09:50', '2020-05-01 19:09:50'),
(230, 1, 0, 'ModelFieldSlideShow modificación', 'ModelFieldSlideShow', 2, 1, '2020-05-01 19:23:44', '2020-05-01 19:23:44'),
(231, 1, 0, 'Conexión al back-office desde 181.170.203.89', '', 0, 1, '2020-05-05 23:23:09', '2020-05-05 23:23:09'),
(232, 1, 0, 'Conexión al back-office desde 190.178.1.18', '', 0, 1, '2020-05-06 17:53:04', '2020-05-06 17:53:04'),
(233, 1, 0, 'Conexión al back-office desde 190.178.1.18', '', 0, 1, '2020-05-06 18:16:43', '2020-05-06 18:16:43'),
(234, 1, 0, 'Protect vendor folder in module ps_currencyselector', '', 0, 1, '2020-05-06 18:20:19', '2020-05-06 18:20:19'),
(235, 1, 0, 'Protect vendor folder in module ps_facetedsearch', '', 0, 1, '2020-05-06 18:21:04', '2020-05-06 18:21:04'),
(236, 1, 0, 'Protect vendor folder in module ps_socialfollow', '', 0, 1, '2020-05-06 18:21:43', '2020-05-06 18:21:43'),
(237, 1, 0, 'Protect vendor folder in module gamification', '', 0, 1, '2020-05-06 18:22:28', '2020-05-06 18:22:28'),
(238, 1, 0, 'Protect vendor folder in module ps_contactinfo', '', 0, 1, '2020-05-06 18:22:49', '2020-05-06 18:22:49'),
(239, 1, 0, 'Protect vendor folder in module ps_linklist', '', 0, 1, '2020-05-06 18:22:59', '2020-05-06 18:22:59'),
(240, 3, 0, 'Excepción emitida por el módulo psaddonsconnect en upgrade. Error sent by Addons. You may need to be logged.', '', 0, 1, '2020-05-06 18:26:01', '2020-05-06 18:26:01'),
(241, 1, 0, 'Protect vendor folder in module ps_themecusto', '', 0, 1, '2020-05-06 18:26:12', '2020-05-06 18:26:12'),
(242, 1, 0, 'Protect vendor folder in module emarketing', '', 0, 1, '2020-05-06 18:26:20', '2020-05-06 18:26:20'),
(243, 1, 0, 'Protect vendor folder in module statslive', '', 0, 1, '2020-05-06 18:26:50', '2020-05-06 18:26:50'),
(244, 1, 0, 'Protect vendor folder in module psaddonsconnect', '', 0, 1, '2020-05-06 18:28:08', '2020-05-06 18:28:08'),
(245, 1, 0, 'Conexión al back-office desde 181.170.203.89', '', 0, 1, '2020-05-06 18:41:26', '2020-05-06 18:41:26'),
(246, 1, 0, 'fieldMegamenuModel modificación', 'fieldMegamenuModel', 2, 1, '2020-05-06 18:57:29', '2020-05-06 18:57:29'),
(247, 1, 0, 'fieldMegamenuModel modificación', 'fieldMegamenuModel', 5, 1, '2020-05-06 19:09:53', '2020-05-06 19:09:53'),
(248, 1, 0, 'fieldMegamenuModel modificación', 'fieldMegamenuModel', 5, 1, '2020-05-06 19:10:10', '2020-05-06 19:10:10'),
(249, 1, 0, 'fieldMegamenuModel modificación', 'fieldMegamenuModel', 2, 1, '2020-05-07 09:50:21', '2020-05-07 09:50:21'),
(250, 1, 0, 'Protect vendor folder in module eicaptcha', '', 0, 1, '2020-05-07 10:11:12', '2020-05-07 10:11:12'),
(251, 1, 0, 'fieldMegamenuModel añadido', 'fieldMegamenuModel', 8, 1, '2020-05-07 10:13:55', '2020-05-07 10:13:55'),
(252, 1, 0, 'fieldMegamenuModel modificación', 'fieldMegamenuModel', 8, 1, '2020-05-07 10:16:38', '2020-05-07 10:16:38'),
(253, 1, 0, 'fieldMegamenuModel modificación', 'fieldMegamenuModel', 5, 1, '2020-05-07 10:17:01', '2020-05-07 10:17:01'),
(254, 1, 0, 'fieldMegamenuModel modificación', 'fieldMegamenuModel', 5, 1, '2020-05-07 10:17:09', '2020-05-07 10:17:09'),
(255, 1, 0, 'fieldMegamenuModel modificación', 'fieldMegamenuModel', 8, 1, '2020-05-07 10:17:16', '2020-05-07 10:17:16'),
(256, 1, 0, 'fieldMegamenuModel modificación', 'fieldMegamenuModel', 8, 1, '2020-05-07 10:17:28', '2020-05-07 10:17:28'),
(257, 1, 0, 'fieldMegamenuModel modificación', 'fieldMegamenuModel', 8, 1, '2020-05-07 10:17:42', '2020-05-07 10:17:42'),
(258, 1, 0, 'fieldMegamenuModel modificación', 'fieldMegamenuModel', 8, 1, '2020-05-07 10:18:48', '2020-05-07 10:18:48'),
(259, 1, 0, 'fieldMegamenuModel modificación', 'fieldMegamenuModel', 8, 1, '2020-05-07 10:21:53', '2020-05-07 10:21:53'),
(260, 1, 0, 'Protect vendor folder in module ps_emailalerts', '', 0, 1, '2020-05-07 10:35:43', '2020-05-07 10:35:43'),
(261, 1, 0, 'Protect vendor folder in module ps_categoryproducts', '', 0, 1, '2020-05-07 10:36:29', '2020-05-07 10:36:29'),
(262, 1, 0, 'Protect vendor folder in module fieldhtmlblock', '', 0, 1, '2020-05-07 10:39:19', '2020-05-07 10:39:19'),
(263, 1, 0, 'Module fieldhtmlblock has no vendor folder', '', 0, 1, '2020-05-07 10:39:19', '2020-05-07 10:39:19'),
(264, 1, 0, 'Conexión al back-office desde 190.178.59.35', '', 0, 1, '2020-05-08 08:26:57', '2020-05-08 08:26:57'),
(265, 1, 0, 'fieldMegamenuModel modificación', 'fieldMegamenuModel', 5, 1, '2020-05-08 08:29:54', '2020-05-08 08:29:54'),
(266, 1, 0, 'fieldMegamenuModel modificación', 'fieldMegamenuModel', 5, 1, '2020-05-08 08:30:23', '2020-05-08 08:30:23'),
(267, 1, 0, 'fieldMegamenuModel modificación', 'fieldMegamenuModel', 5, 1, '2020-05-08 08:31:22', '2020-05-08 08:31:22'),
(268, 1, 0, 'Protect vendor folder in module mptoolspro', '', 0, 1, '2020-05-08 10:18:52', '2020-05-08 10:18:52'),
(269, 1, 0, 'Module mptoolspro has no vendor folder', '', 0, 1, '2020-05-08 10:18:53', '2020-05-08 10:18:53'),
(270, 1, 0, 'Product modification', 'Product', 1, 1, '2020-05-08 12:32:07', '2020-05-08 12:32:07'),
(271, 1, 0, 'Product modification', 'Product', 1, 1, '2020-05-08 12:32:08', '2020-05-08 12:32:08'),
(272, 1, 0, 'Product modification', 'Product', 1, 1, '2020-05-08 12:32:11', '2020-05-08 12:32:11'),
(273, 1, 0, 'Product modification', 'Product', 1, 1, '2020-05-08 12:32:53', '2020-05-08 12:32:53'),
(274, 1, 0, 'No template found for catalog/_partials/product-flags', '', 0, 0, '2020-05-08 12:33:08', '2020-05-08 12:33:08'),
(275, 1, 0, 'importar Productos (desde 0 hasta 5)', '', 0, 1, '2020-05-08 12:35:11', '2020-05-08 12:35:11'),
(276, 1, 0, 'Country modificación', 'Country', 44, 1, '2020-05-08 12:36:00', '2020-05-08 12:36:00'),
(277, 1, 0, 'importar Productos (desde 0 hasta 5)', '', 0, 1, '2020-05-08 12:56:14', '2020-05-08 12:56:14'),
(278, 1, 0, 'importar Productos (desde 0 hasta 5)', '', 0, 1, '2020-05-08 12:56:16', '2020-05-08 12:56:16'),
(279, 1, 0, 'importar Productos (desde 0 hasta 5)', '', 0, 1, '2020-05-08 12:56:17', '2020-05-08 12:56:17'),
(280, 1, 0, 'importar Productos (desde 0 hasta 5)', '', 0, 1, '2020-05-08 13:42:13', '2020-05-08 13:42:13'),
(281, 1, 0, 'importar Productos (desde 0 hasta 5)', '', 0, 1, '2020-05-08 13:43:33', '2020-05-08 13:43:33'),
(282, 1, 0, 'Product modification', 'Product', 1, 1, '2020-05-08 13:50:15', '2020-05-08 13:50:15'),
(283, 1, 0, 'Product modification', 'Product', 1, 1, '2020-05-08 13:50:31', '2020-05-08 13:50:31'),
(284, 1, 0, 'Product modification', 'Product', 1, 1, '2020-05-08 16:50:24', '2020-05-08 16:50:24'),
(285, 1, 0, 'Product modification', 'Product', 1, 1, '2020-05-08 17:09:40', '2020-05-08 17:09:40'),
(286, 1, 0, 'Product modification', 'Product', 1, 1, '2020-05-11 10:06:08', '2020-05-11 10:06:08'),
(287, 1, 0, 'Product modification', 'Product', 1, 1, '2020-05-11 10:08:14', '2020-05-11 10:08:14'),
(288, 1, 0, 'Product modification', 'Product', 1, 1, '2020-05-11 10:37:43', '2020-05-11 10:37:43'),
(289, 1, 0, 'Product modification', 'Product', 1, 1, '2020-05-11 10:38:07', '2020-05-11 10:38:07'),
(290, 1, 0, 'Product modification', 'Product', 1, 1, '2020-05-11 10:43:28', '2020-05-11 10:43:28'),
(291, 1, 0, 'importar Productos (desde 0 hasta 5)', '', 0, 1, '2020-05-11 11:03:36', '2020-05-11 11:03:36'),
(292, 1, 0, 'importar Productos (desde 5 hasta 20)', '', 0, 1, '2020-05-11 11:03:37', '2020-05-11 11:03:37'),
(293, 1, 0, 'importar Productos (desde 0 hasta 5)', '', 0, 1, '2020-05-11 11:03:40', '2020-05-11 11:03:40'),
(294, 1, 0, 'importar Productos (desde 5 hasta 6)', '', 0, 1, '2020-05-11 11:03:44', '2020-05-11 11:03:44'),
(295, 1, 0, 'importar Productos (desde 11 hasta 7)', '', 0, 1, '2020-05-11 11:03:48', '2020-05-11 11:03:48'),
(296, 1, 0, 'importar Productos (desde 18 hasta 8)', '', 0, 1, '2020-05-11 11:03:51', '2020-05-11 11:03:51'),
(297, 1, 0, 'importar Productos (desde 0 hasta 5)', '', 0, 1, '2020-05-11 11:03:51', '2020-05-11 11:03:51'),
(298, 1, 0, 'importar Productos (desde 5 hasta 20)', '', 0, 1, '2020-05-11 11:03:52', '2020-05-11 11:03:52'),
(299, 1, 0, 'importar Productos (desde 0 hasta 5)', '', 0, 1, '2020-05-11 11:16:39', '2020-05-11 11:16:39'),
(300, 1, 0, 'importar Productos (desde 5 hasta 20)', '', 0, 1, '2020-05-11 11:16:39', '2020-05-11 11:16:39'),
(301, 1, 0, 'importar Productos (desde 0 hasta 5)', '', 0, 1, '2020-05-11 11:16:40', '2020-05-11 11:16:40'),
(302, 1, 0, 'importar Productos (desde 5 hasta 20)', '', 0, 1, '2020-05-11 11:16:42', '2020-05-11 11:16:42'),
(303, 1, 0, 'importar Productos (desde 0 hasta 5)', '', 0, 1, '2020-05-11 11:16:42', '2020-05-11 11:16:42'),
(304, 1, 0, 'importar Productos (desde 5 hasta 20)', '', 0, 1, '2020-05-11 11:16:43', '2020-05-11 11:16:43'),
(305, 1, 0, 'FeatureValue eliminado', 'FeatureValue', 1, 1, '2020-05-11 11:17:25', '2020-05-11 11:17:25'),
(306, 1, 0, 'FeatureValue eliminado', 'FeatureValue', 7, 1, '2020-05-11 11:17:25', '2020-05-11 11:17:25'),
(307, 1, 0, 'No template found for catalog/_partials/category-header', '', 0, 0, '2020-05-11 11:17:51', '2020-05-11 11:17:51'),
(308, 1, 0, 'Attachment añadido', 'Attachment', 1, 1, '2020-05-11 13:38:11', '2020-05-11 13:38:11'),
(309, 1, 0, 'Product modification', 'Product', 22, 1, '2020-05-11 13:41:33', '2020-05-11 13:41:33'),
(310, 1, 0, 'Attachment eliminado', 'Attachment', 1, 1, '2020-05-11 13:43:56', '2020-05-11 13:43:56'),
(311, 1, 0, 'Product modification', 'Product', 1, 1, '2020-05-11 13:57:04', '2020-05-11 13:57:04'),
(312, 1, 0, 'Product modification', 'Product', 16, 1, '2020-05-11 14:18:41', '2020-05-11 14:18:41'),
(313, 1, 0, 'AttributeGroup añadido', 'AttributeGroup', 1, 1, '2020-05-11 14:33:38', '2020-05-11 14:33:38'),
(314, 1, 0, 'AttributeGroup añadido', 'AttributeGroup', 2, 1, '2020-05-11 14:33:57', '2020-05-11 14:33:57'),
(315, 1, 0, 'Attribute añadido', 'Attribute', 26, 1, '2020-05-11 14:34:34', '2020-05-11 14:34:34'),
(316, 1, 0, 'Attribute añadido', 'Attribute', 27, 1, '2020-05-11 14:37:35', '2020-05-11 14:37:35'),
(317, 1, 0, 'Attribute añadido', 'Attribute', 28, 1, '2020-05-11 14:37:47', '2020-05-11 14:37:47'),
(318, 1, 0, 'Attribute modificación', 'Attribute', 26, 1, '2020-05-11 14:38:02', '2020-05-11 14:38:02'),
(319, 1, 0, 'Attribute añadido', 'Attribute', 29, 1, '2020-05-11 14:38:33', '2020-05-11 14:38:33'),
(320, 1, 0, 'Attribute añadido', 'Attribute', 30, 1, '2020-05-11 14:38:46', '2020-05-11 14:38:46'),
(321, 1, 0, 'Attribute añadido', 'Attribute', 31, 1, '2020-05-11 14:39:08', '2020-05-11 14:39:08'),
(322, 1, 0, 'Attribute añadido', 'Attribute', 32, 1, '2020-05-11 14:39:30', '2020-05-11 14:39:30'),
(323, 1, 0, 'Attribute añadido', 'Attribute', 33, 1, '2020-05-11 14:39:43', '2020-05-11 14:39:43'),
(324, 1, 0, 'Attribute añadido', 'Attribute', 34, 1, '2020-05-11 14:39:54', '2020-05-11 14:39:54'),
(325, 1, 0, 'Attribute añadido', 'Attribute', 35, 1, '2020-05-11 14:40:02', '2020-05-11 14:40:02'),
(326, 1, 0, 'Attribute añadido', 'Attribute', 36, 1, '2020-05-11 14:40:17', '2020-05-11 14:40:17'),
(327, 1, 0, 'Attribute añadido', 'Attribute', 37, 1, '2020-05-11 14:40:31', '2020-05-11 14:40:31'),
(328, 1, 0, 'Attribute añadido', 'Attribute', 38, 1, '2020-05-11 14:41:47', '2020-05-11 14:41:47'),
(329, 1, 0, 'Attribute añadido', 'Attribute', 39, 1, '2020-05-11 14:41:56', '2020-05-11 14:41:56'),
(330, 1, 0, 'Attribute añadido', 'Attribute', 40, 1, '2020-05-11 14:42:12', '2020-05-11 14:42:12'),
(331, 1, 0, 'Attribute añadido', 'Attribute', 41, 1, '2020-05-11 14:42:22', '2020-05-11 14:42:22');
INSERT INTO `ps_log` (`id_log`, `severity`, `error_code`, `message`, `object_type`, `object_id`, `id_employee`, `date_add`, `date_upd`) VALUES
(332, 1, 0, 'Attribute añadido', 'Attribute', 42, 1, '2020-05-11 14:42:32', '2020-05-11 14:42:32'),
(333, 1, 0, 'Attribute añadido', 'Attribute', 43, 1, '2020-05-11 14:42:41', '2020-05-11 14:42:41'),
(334, 1, 0, 'Attribute añadido', 'Attribute', 44, 1, '2020-05-11 14:42:54', '2020-05-11 14:42:54'),
(335, 1, 0, 'Attribute añadido', 'Attribute', 45, 1, '2020-05-11 14:43:01', '2020-05-11 14:43:01'),
(336, 1, 0, 'Attribute añadido', 'Attribute', 46, 1, '2020-05-11 14:43:08', '2020-05-11 14:43:08'),
(337, 1, 0, 'Attribute añadido', 'Attribute', 47, 1, '2020-05-11 14:43:15', '2020-05-11 14:43:15'),
(338, 1, 0, 'Attribute añadido', 'Attribute', 48, 1, '2020-05-11 14:43:22', '2020-05-11 14:43:22'),
(339, 1, 0, 'Attribute añadido', 'Attribute', 49, 1, '2020-05-11 14:43:29', '2020-05-11 14:43:29'),
(340, 1, 0, 'Attribute añadido', 'Attribute', 50, 1, '2020-05-11 14:43:39', '2020-05-11 14:43:39'),
(341, 1, 0, 'Attribute añadido', 'Attribute', 51, 1, '2020-05-11 14:43:48', '2020-05-11 14:43:48'),
(342, 1, 0, 'Attribute añadido', 'Attribute', 52, 1, '2020-05-11 14:43:56', '2020-05-11 14:43:56'),
(343, 1, 0, 'Attribute añadido', 'Attribute', 53, 1, '2020-05-11 15:02:32', '2020-05-11 15:02:32'),
(344, 1, 0, 'Attribute añadido', 'Attribute', 54, 1, '2020-05-11 15:02:37', '2020-05-11 15:02:37'),
(345, 1, 0, 'Attribute añadido', 'Attribute', 55, 1, '2020-05-11 15:02:52', '2020-05-11 15:02:52'),
(346, 1, 0, 'Attribute añadido', 'Attribute', 56, 1, '2020-05-11 15:02:58', '2020-05-11 15:02:58'),
(347, 1, 0, 'Attribute añadido', 'Attribute', 57, 1, '2020-05-11 15:03:07', '2020-05-11 15:03:07'),
(348, 1, 0, 'Attribute añadido', 'Attribute', 58, 1, '2020-05-11 15:03:11', '2020-05-11 15:03:11'),
(349, 1, 0, 'Attribute añadido', 'Attribute', 59, 1, '2020-05-11 15:03:17', '2020-05-11 15:03:17'),
(350, 1, 0, 'Attribute añadido', 'Attribute', 60, 1, '2020-05-11 15:03:21', '2020-05-11 15:03:21'),
(351, 1, 0, 'Attribute añadido', 'Attribute', 61, 1, '2020-05-11 15:03:29', '2020-05-11 15:03:29'),
(352, 1, 0, 'Attribute añadido', 'Attribute', 62, 1, '2020-05-11 15:03:35', '2020-05-11 15:03:35'),
(353, 1, 0, 'Attribute añadido', 'Attribute', 63, 1, '2020-05-11 15:03:45', '2020-05-11 15:03:45'),
(354, 1, 0, 'Attribute añadido', 'Attribute', 64, 1, '2020-05-11 15:03:52', '2020-05-11 15:03:52'),
(355, 1, 0, 'Attribute añadido', 'Attribute', 65, 1, '2020-05-11 15:03:57', '2020-05-11 15:03:57'),
(356, 1, 0, 'Attribute añadido', 'Attribute', 66, 1, '2020-05-11 15:04:06', '2020-05-11 15:04:06'),
(357, 1, 0, 'Attribute añadido', 'Attribute', 67, 1, '2020-05-11 15:04:17', '2020-05-11 15:04:17'),
(358, 1, 0, 'Attribute añadido', 'Attribute', 68, 1, '2020-05-11 15:04:22', '2020-05-11 15:04:22'),
(359, 1, 0, 'Attribute añadido', 'Attribute', 69, 1, '2020-05-11 15:04:28', '2020-05-11 15:04:28'),
(360, 1, 0, 'Attribute añadido', 'Attribute', 70, 1, '2020-05-11 15:04:33', '2020-05-11 15:04:33'),
(361, 1, 0, 'Attribute añadido', 'Attribute', 71, 1, '2020-05-11 15:04:39', '2020-05-11 15:04:39'),
(362, 1, 0, 'Attribute añadido', 'Attribute', 72, 1, '2020-05-11 15:04:44', '2020-05-11 15:04:44'),
(363, 1, 0, 'Attribute añadido', 'Attribute', 73, 1, '2020-05-11 15:04:51', '2020-05-11 15:04:51'),
(364, 1, 0, 'Attribute modificación', 'Attribute', 53, 1, '2020-05-11 15:05:21', '2020-05-11 15:05:21'),
(365, 1, 0, 'Product modification', 'Product', 1, 1, '2020-05-11 17:13:44', '2020-05-11 17:13:44'),
(366, 1, 0, 'Protect vendor folder in module ps_sharebuttons', '', 0, 1, '2020-05-11 17:24:50', '2020-05-11 17:24:50'),
(367, 1, 0, 'Module ps_sharebuttons has no vendor folder', '', 0, 1, '2020-05-11 17:24:50', '2020-05-11 17:24:50'),
(368, 1, 0, 'Product modification', 'Product', 16, 1, '2020-05-11 18:56:55', '2020-05-11 18:56:55'),
(369, 1, 0, 'Product modification', 'Product', 16, 1, '2020-05-11 18:58:24', '2020-05-11 18:58:24'),
(370, 1, 0, 'ModelFieldSlideShow modificación', 'ModelFieldSlideShow', 1, 1, '2020-05-11 19:34:48', '2020-05-11 19:34:48'),
(371, 1, 0, 'ModelFieldSlideShow modificación', 'ModelFieldSlideShow', 1, 1, '2020-05-11 19:35:52', '2020-05-11 19:35:52'),
(372, 1, 0, 'ModelFieldSlideShow modificación', 'ModelFieldSlideShow', 2, 1, '2020-05-11 19:37:38', '2020-05-11 19:37:38'),
(373, 1, 0, 'ModelFieldSlideShow modificación', 'ModelFieldSlideShow', 2, 1, '2020-05-11 19:39:05', '2020-05-11 19:39:05'),
(374, 3, 0, 'EntityManager#remove() expects parameter 1 to be an entity object, NULL given.', '', 0, 1, '2020-05-11 19:50:46', '2020-05-11 19:50:46'),
(375, 3, 0, 'You must specify as many arguments (%d, %s ...) as the original string.', '', 0, 1, '2020-05-11 20:24:38', '2020-05-11 20:24:38'),
(376, 1, 0, 'Could not crawl for translation files: The \\\"/home/opticabrera3yq/public_html/var/cache/prod/themes/zeko_shop_home1/translations\\\" directory does not exist.', '', 0, 1, '2020-05-11 23:09:57', '2020-05-11 23:09:57'),
(377, 1, 0, 'Could not crawl for translation files: The \\\"/home/opticabrera3yq/public_html/var/cache/prod/themes/zeko_shop_home1/translations\\\" directory does not exist.', '', 0, 1, '2020-05-11 23:11:19', '2020-05-11 23:11:19'),
(378, 1, 0, 'Could not crawl for translation files: The \\\"/home/opticabrera3yq/public_html/var/cache/prod/themes/zeko_shop_home1/translations\\\" directory does not exist.', '', 0, 1, '2020-05-11 23:11:46', '2020-05-11 23:11:46'),
(379, 1, 0, 'Could not crawl for translation files: The \\\"/home/opticabrera3yq/public_html/var/cache/prod/themes/zeko_shop_home1/translations\\\" directory does not exist.', '', 0, 1, '2020-05-11 23:13:14', '2020-05-11 23:13:14'),
(380, 1, 0, 'Could not crawl for translation files: The \\\"/home/opticabrera3yq/public_html/var/cache/prod/themes/zeko_shop_home1/translations\\\" directory does not exist.', '', 0, 1, '2020-05-11 23:13:21', '2020-05-11 23:13:21'),
(381, 1, 0, 'No template found for checkout/_partials/cart-summary-subtotals', '', 0, 0, '2020-05-11 23:54:56', '2020-05-11 23:54:56'),
(382, 1, 0, 'Product modification', 'Product', 16, 1, '2020-05-12 00:55:16', '2020-05-12 00:55:16'),
(383, 1, 0, 'Product modification', 'Product', 16, 1, '2020-05-12 01:25:03', '2020-05-12 01:25:03'),
(384, 1, 0, 'AttributeGroup añadido', 'AttributeGroup', 3, 1, '2020-05-12 01:54:41', '2020-05-12 01:54:41'),
(385, 1, 0, 'Attribute añadido', 'Attribute', 74, 1, '2020-05-12 01:55:06', '2020-05-12 01:55:06'),
(386, 1, 0, 'Attribute añadido', 'Attribute', 75, 1, '2020-05-12 01:55:16', '2020-05-12 01:55:16'),
(387, 1, 0, 'Attribute añadido', 'Attribute', 76, 1, '2020-05-12 01:55:26', '2020-05-12 01:55:26'),
(388, 1, 0, 'Attribute añadido', 'Attribute', 77, 1, '2020-05-12 01:55:45', '2020-05-12 01:55:45'),
(389, 1, 0, 'Attribute añadido', 'Attribute', 78, 1, '2020-05-12 01:56:15', '2020-05-12 01:56:15'),
(390, 1, 0, 'Product modification', 'Product', 16, 1, '2020-05-12 01:56:59', '2020-05-12 01:56:59'),
(391, 1, 0, 'Product modification', 'Product', 16, 1, '2020-05-12 01:57:14', '2020-05-12 01:57:14'),
(392, 1, 0, 'Product modification', 'Product', 15, 1, '2020-05-12 02:02:33', '2020-05-12 02:02:33'),
(393, 1, 0, 'Product modification', 'Product', 15, 1, '2020-05-12 02:02:42', '2020-05-12 02:02:42'),
(394, 1, 0, 'Conexión al back-office desde 190.178.18.198', '', 0, 1, '2020-05-16 09:04:02', '2020-05-16 09:04:02'),
(395, 1, 0, 'Country modificación', 'Country', 44, 1, '2020-05-16 09:12:57', '2020-05-16 09:12:57'),
(396, 1, 0, 'fieldMegamenuModel modificación', 'fieldMegamenuModel', 2, 1, '2020-05-18 08:41:38', '2020-05-18 08:41:38'),
(397, 1, 0, 'ModelFieldSlideShow modificación', 'ModelFieldSlideShow', 1, 1, '2020-05-18 11:07:14', '2020-05-18 11:07:14'),
(398, 1, 0, 'ModelFieldSlideShow modificación', 'ModelFieldSlideShow', 1, 1, '2020-05-18 11:49:44', '2020-05-18 11:49:44'),
(399, 1, 0, 'importar Productos (desde 0 hasta 5)', '', 0, 1, '2020-05-18 12:26:27', '2020-05-18 12:26:27'),
(400, 1, 0, 'importar Productos (desde 0 hasta 5)', '', 0, 1, '2020-05-18 12:26:29', '2020-05-18 12:26:29'),
(401, 1, 0, 'importar Productos (desde 0 hasta 5)', '', 0, 1, '2020-05-18 12:26:30', '2020-05-18 12:26:30'),
(402, 1, 0, 'Protect vendor folder in module ps_checkpayment', '', 0, 1, '2020-05-18 13:14:53', '2020-05-18 13:14:53'),
(403, 1, 0, 'Module ps_checkpayment has no vendor folder', '', 0, 1, '2020-05-18 13:14:53', '2020-05-18 13:14:53'),
(404, 1, 0, 'Conexión al back-office desde 190.178.36.186', '', 0, 1, '2020-05-18 16:41:13', '2020-05-18 16:41:13'),
(405, 1, 0, 'State modificación', 'State', 102, 1, '2020-05-18 17:00:44', '2020-05-18 17:00:44'),
(406, 1, 0, 'State añadido', 'State', 325, 1, '2020-05-18 17:00:59', '2020-05-18 17:00:59'),
(407, 1, 0, 'fieldMegamenuModel añadido', 'fieldMegamenuModel', 9, 1, '2020-05-19 07:55:03', '2020-05-19 07:55:03'),
(408, 1, 0, 'fieldMegamenuModel añadido', 'fieldMegamenuModel', 10, 1, '2020-05-19 07:55:38', '2020-05-19 07:55:38'),
(409, 1, 0, 'fieldMegamenuModel modificación', 'fieldMegamenuModel', 9, 1, '2020-05-19 07:56:10', '2020-05-19 07:56:10'),
(410, 1, 0, 'fieldMegamenuModel modificación', 'fieldMegamenuModel', 10, 1, '2020-05-19 07:56:28', '2020-05-19 07:56:28'),
(411, 1, 0, 'fieldMegamenuModel modificación', 'fieldMegamenuModel', 9, 1, '2020-05-19 07:56:57', '2020-05-19 07:56:57'),
(412, 1, 0, 'fieldMegamenuModel modificación', 'fieldMegamenuModel', 10, 1, '2020-05-19 07:57:06', '2020-05-19 07:57:06'),
(413, 1, 0, 'Product modification', 'Product', 4, 1, '2020-05-19 09:12:14', '2020-05-19 09:12:14'),
(414, 1, 0, 'Product modification', 'Product', 7, 1, '2020-05-19 09:12:17', '2020-05-19 09:12:17'),
(415, 1, 0, 'Product modification', 'Product', 8, 1, '2020-05-19 09:12:22', '2020-05-19 09:12:22'),
(416, 1, 0, 'ModelFieldSlideShow modificación', 'ModelFieldSlideShow', 1, 1, '2020-05-19 16:35:49', '2020-05-19 16:35:49'),
(417, 1, 0, 'ModelFieldSlideShow modificación', 'ModelFieldSlideShow', 1, 1, '2020-05-19 16:36:56', '2020-05-19 16:36:56'),
(418, 1, 0, 'ModelFieldSlideShow modificación', 'ModelFieldSlideShow', 1, 1, '2020-05-19 16:38:06', '2020-05-19 16:38:06'),
(419, 1, 0, 'ModelFieldSlideShow modificación', 'ModelFieldSlideShow', 1, 1, '2020-05-19 16:39:00', '2020-05-19 16:39:00'),
(420, 1, 0, 'Attribute modificación', 'Attribute', 76, 1, '2020-05-19 19:28:10', '2020-05-19 19:28:10'),
(421, 1, 0, 'Attribute modificación', 'Attribute', 76, 1, '2020-05-19 19:41:53', '2020-05-19 19:41:53'),
(422, 1, 0, 'Attribute añadido', 'Attribute', 79, 1, '2020-05-19 19:44:14', '2020-05-19 19:44:14'),
(423, 1, 0, 'Product modification', 'Product', 15, 1, '2020-05-19 19:44:56', '2020-05-19 19:44:56'),
(424, 1, 0, 'Product modification', 'Product', 15, 1, '2020-05-19 19:45:04', '2020-05-19 19:45:04'),
(425, 1, 0, 'Attribute añadido', 'Attribute', 80, 1, '2020-05-19 19:52:58', '2020-05-19 19:52:58'),
(426, 1, 0, 'Product modification', 'Product', 15, 1, '2020-05-19 19:53:12', '2020-05-19 19:53:12'),
(427, 1, 0, 'Product modification', 'Product', 15, 1, '2020-05-19 19:53:19', '2020-05-19 19:53:19'),
(428, 1, 0, 'Attribute modificación', 'Attribute', 74, 1, '2020-05-19 20:28:43', '2020-05-19 20:28:43'),
(429, 1, 0, 'importar Productos (desde 0 hasta 5)', '', 0, 1, '2020-05-19 22:52:51', '2020-05-19 22:52:51'),
(430, 1, 0, 'importar Productos (desde 5 hasta 20)', '', 0, 1, '2020-05-19 22:52:51', '2020-05-19 22:52:51'),
(431, 1, 0, 'importar Productos (desde 0 hasta 5)', '', 0, 1, '2020-05-19 22:52:59', '2020-05-19 22:52:59'),
(432, 1, 0, 'importar Productos (desde 5 hasta 5)', '', 0, 1, '2020-05-19 22:53:04', '2020-05-19 22:53:04'),
(433, 1, 0, 'importar Productos (desde 10 hasta 5)', '', 0, 1, '2020-05-19 22:53:11', '2020-05-19 22:53:11'),
(434, 1, 0, 'importar Productos (desde 15 hasta 5)', '', 0, 1, '2020-05-19 22:53:12', '2020-05-19 22:53:12'),
(435, 1, 0, 'importar Productos (desde 0 hasta 5)', '', 0, 1, '2020-05-19 22:53:12', '2020-05-19 22:53:12'),
(436, 1, 0, 'importar Productos (desde 5 hasta 20)', '', 0, 1, '2020-05-19 22:53:12', '2020-05-19 22:53:12'),
(437, 1, 0, 'AttributeGroup modificación', 'AttributeGroup', 3, 1, '2020-05-19 23:02:02', '2020-05-19 23:02:02'),
(438, 1, 0, 'AttributeGroup modificación', 'AttributeGroup', 3, 1, '2020-05-19 23:02:45', '2020-05-19 23:02:45'),
(439, 1, 0, 'AttributeGroup modificación', 'AttributeGroup', 3, 1, '2020-05-19 23:03:12', '2020-05-19 23:03:12'),
(440, 1, 0, 'Product modification', 'Product', 1, 1, '2020-05-20 12:06:35', '2020-05-20 12:06:35'),
(441, 1, 0, 'Product modification', 'Product', 2, 1, '2020-05-20 12:07:47', '2020-05-20 12:07:47'),
(442, 1, 0, 'Product modification', 'Product', 5, 1, '2020-05-20 12:09:58', '2020-05-20 12:09:58'),
(443, 1, 0, 'Product modification', 'Product', 6, 1, '2020-05-20 12:10:10', '2020-05-20 12:10:10'),
(444, 1, 0, 'AttributeGroup modificación', 'AttributeGroup', 3, 1, '2020-05-20 12:43:11', '2020-05-20 12:43:11'),
(445, 1, 0, 'Product modification', 'Product', 16, 1, '2020-05-20 12:57:34', '2020-05-20 12:57:34'),
(446, 1, 0, 'Product modification', 'Product', 15, 1, '2020-05-20 12:59:02', '2020-05-20 12:59:02'),
(447, 1, 0, 'Frontcontroller::init - Cart cannot be loaded or an order has already been placed using this cart', 'Cart', 18, 0, '2020-05-20 21:56:31', '2020-05-20 21:56:31'),
(448, 1, 0, 'Protect vendor folder in module whatsappchat', '', 0, 1, '2020-05-21 09:21:48', '2020-05-21 09:21:48'),
(449, 1, 0, 'Module whatsappchat has no vendor folder', '', 0, 1, '2020-05-21 09:21:48', '2020-05-21 09:21:48'),
(450, 1, 0, 'WhatsappChatBlock añadido', 'WhatsappChatBlock', 1, 1, '2020-05-21 09:23:19', '2020-05-21 09:23:19'),
(451, 1, 0, 'WhatsappChatBlock modificación', 'WhatsappChatBlock', 1, 1, '2020-05-21 09:57:07', '2020-05-21 09:57:07'),
(452, 1, 0, 'Frontcontroller::init - Cart cannot be loaded or an order has already been placed using this cart', 'Cart', 15, 0, '2020-05-21 10:27:46', '2020-05-21 10:27:46'),
(453, 1, 0, 'Product modification', 'Product', 1, 1, '2020-05-21 10:31:03', '2020-05-21 10:31:03'),
(454, 1, 0, 'Protect vendor folder in module mpar', '', 0, 1, '2020-05-21 11:23:23', '2020-05-21 11:23:23'),
(455, 1, 0, 'Module mpar has no vendor folder', '', 0, 1, '2020-05-21 11:23:23', '2020-05-21 11:23:23'),
(456, 1, 0, 'Conexión al back-office desde 181.170.203.89', '', 0, 2, '2020-05-21 12:13:32', '2020-05-21 12:13:32'),
(457, 1, 0, 'Frontcontroller::init - Cart cannot be loaded or an order has already been placed using this cart', 'Cart', 21, 0, '2020-05-21 12:30:58', '2020-05-21 12:30:58'),
(458, 1, 0, 'ModelFieldSlideShow modificación', 'ModelFieldSlideShow', 1, 1, '2020-05-21 13:14:57', '2020-05-21 13:14:57'),
(459, 1, 0, 'ModelFieldSlideShow modificación', 'ModelFieldSlideShow', 1, 1, '2020-05-21 13:15:16', '2020-05-21 13:15:16'),
(460, 1, 0, 'ModelFieldSlideShow modificación', 'ModelFieldSlideShow', 1, 1, '2020-05-21 13:16:14', '2020-05-21 13:16:14'),
(461, 1, 0, 'Product modification', 'Product', 1, 1, '2020-05-21 14:14:39', '2020-05-21 14:14:39'),
(462, 1, 0, 'Product modification', 'Product', 1, 1, '2020-05-21 14:17:17', '2020-05-21 14:17:17'),
(463, 1, 0, 'Product modification', 'Product', 1, 1, '2020-05-21 16:49:34', '2020-05-21 16:49:34'),
(464, 1, 0, 'Product modification', 'Product', 1, 1, '2020-05-21 16:49:50', '2020-05-21 16:49:50'),
(465, 1, 0, 'Frontcontroller::init - Cart cannot be loaded or an order has already been placed using this cart', 'Cart', 22, 0, '2020-05-21 18:08:20', '2020-05-21 18:08:20'),
(466, 1, 0, 'Conexión al back-office desde 181.170.203.89', '', 0, 2, '2020-05-22 00:30:05', '2020-05-22 00:30:05'),
(467, 1, 0, 'Conexión al back-office desde 181.170.203.89', '', 0, 2, '2020-05-22 01:03:36', '2020-05-22 01:03:36'),
(468, 1, 0, 'Protect vendor folder in module statsdata', '', 0, 1, '2020-05-22 01:24:36', '2020-05-22 01:24:36'),
(469, 1, 0, 'Module statsdata has no vendor folder', '', 0, 1, '2020-05-22 01:24:36', '2020-05-22 01:24:36'),
(470, 1, 0, 'WhatsappChatBlock modificación', 'WhatsappChatBlock', 1, 1, '2020-05-22 18:50:22', '2020-05-22 18:50:22'),
(471, 1, 0, 'Conexión al back-office desde 190.178.21.98', '', 0, 1, '2020-05-25 17:17:27', '2020-05-25 17:17:27'),
(472, 1, 0, 'WhatsappChatBlock modificación', 'WhatsappChatBlock', 1, 1, '2020-05-28 10:47:14', '2020-05-28 10:47:14'),
(473, 1, 0, 'Conexión al back-office desde 190.210.222.38', '', 0, 2, '2020-05-29 15:22:59', '2020-05-29 15:22:59'),
(474, 1, 0, 'Product modification', 'Product', 1, 1, '2020-05-29 17:16:29', '2020-05-29 17:16:29'),
(475, 1, 0, 'Conexión al back-office desde 190.178.26.223', '', 0, 1, '2020-05-30 09:22:57', '2020-05-30 09:22:57'),
(476, 1, 0, 'importar Productos (desde 0 hasta 5)', '', 0, 1, '2020-05-30 11:08:48', '2020-05-30 11:08:48'),
(477, 1, 0, 'importar Productos (desde 5 hasta 20)', '', 0, 1, '2020-05-30 11:08:48', '2020-05-30 11:08:48'),
(478, 1, 0, 'importar Productos (desde 0 hasta 5)', '', 0, 1, '2020-05-30 11:08:53', '2020-05-30 11:08:53'),
(479, 1, 0, 'importar Productos (desde 5 hasta 5)', '', 0, 1, '2020-05-30 11:08:53', '2020-05-30 11:08:53'),
(480, 1, 0, 'importar Productos (desde 0 hasta 5)', '', 0, 1, '2020-05-30 11:08:54', '2020-05-30 11:08:54'),
(481, 1, 0, 'importar Productos (desde 5 hasta 20)', '', 0, 1, '2020-05-30 11:08:54', '2020-05-30 11:08:54'),
(482, 1, 0, 'importar Productos (desde 0 hasta 5)', '', 0, 1, '2020-05-30 11:10:21', '2020-05-30 11:10:21'),
(483, 1, 0, 'importar Productos (desde 5 hasta 20)', '', 0, 1, '2020-05-30 11:10:21', '2020-05-30 11:10:21'),
(484, 1, 0, 'importar Productos (desde 0 hasta 5)', '', 0, 1, '2020-05-30 11:10:22', '2020-05-30 11:10:22'),
(485, 1, 0, 'importar Productos (desde 5 hasta 20)', '', 0, 1, '2020-05-30 11:10:23', '2020-05-30 11:10:23'),
(486, 1, 0, 'importar Productos (desde 0 hasta 5)', '', 0, 1, '2020-05-30 11:10:23', '2020-05-30 11:10:23'),
(487, 1, 0, 'importar Productos (desde 5 hasta 20)', '', 0, 1, '2020-05-30 11:10:24', '2020-05-30 11:10:24'),
(488, 1, 0, 'Product modification', 'Product', 1, 1, '2020-05-30 11:20:11', '2020-05-30 11:20:11'),
(489, 1, 0, 'Product modification', 'Product', 2, 1, '2020-05-30 11:20:26', '2020-05-30 11:20:26'),
(490, 1, 0, 'Product modification', 'Product', 3, 1, '2020-05-30 11:20:40', '2020-05-30 11:20:40'),
(491, 1, 0, 'Product modification', 'Product', 4, 1, '2020-05-30 11:20:56', '2020-05-30 11:20:56'),
(492, 1, 0, 'Product modification', 'Product', 5, 1, '2020-05-30 11:21:24', '2020-05-30 11:21:24'),
(493, 1, 0, 'Product modification', 'Product', 6, 1, '2020-05-30 11:21:38', '2020-05-30 11:21:38'),
(494, 1, 0, 'Product modification', 'Product', 8, 1, '2020-05-30 11:22:35', '2020-05-30 11:22:35'),
(495, 1, 0, 'Product modification', 'Product', 9, 1, '2020-05-30 11:22:51', '2020-05-30 11:22:51'),
(496, 1, 0, 'Product modification', 'Product', 10, 1, '2020-05-30 11:23:13', '2020-05-30 11:23:13'),
(497, 1, 0, 'Product modification', 'Product', 11, 1, '2020-05-30 11:23:26', '2020-05-30 11:23:26'),
(498, 1, 0, 'Product modification', 'Product', 12, 1, '2020-05-30 11:23:45', '2020-05-30 11:23:45'),
(499, 1, 0, 'Product modification', 'Product', 13, 1, '2020-05-30 11:23:57', '2020-05-30 11:23:57'),
(500, 1, 0, 'Product modification', 'Product', 15, 1, '2020-05-30 11:24:19', '2020-05-30 11:24:19'),
(501, 1, 0, 'Product modification', 'Product', 16, 1, '2020-05-30 11:24:32', '2020-05-30 11:24:32'),
(502, 1, 0, 'Product modification', 'Product', 7, 1, '2020-05-30 12:29:45', '2020-05-30 12:29:45'),
(503, 1, 0, 'Product modification', 'Product', 14, 1, '2020-05-30 12:30:15', '2020-05-30 12:30:15'),
(504, 1, 0, 'FeatureValue eliminado', 'FeatureValue', 16, 1, '2020-05-31 11:09:39', '2020-05-31 11:09:39'),
(505, 1, 0, 'Conexión al back-office desde 190.210.222.38', '', 0, 2, '2020-06-01 09:23:20', '2020-06-01 09:23:20'),
(506, 1, 0, 'Conexión al back-office desde 190.210.222.38', '', 0, 2, '2020-06-01 09:56:45', '2020-06-01 09:56:45'),
(507, 1, 0, 'Product modification', 'Product', 23, 1, '2020-06-01 10:05:37', '2020-06-01 10:05:37'),
(508, 1, 0, 'Product modification', 'Product', 23, 1, '2020-06-01 10:06:34', '2020-06-01 10:06:34'),
(509, 1, 0, 'Product modification', 'Product', 23, 1, '2020-06-01 10:07:05', '2020-06-01 10:07:05'),
(510, 1, 0, 'Product modification', 'Product', 24, 1, '2020-06-01 10:08:32', '2020-06-01 10:08:32'),
(511, 1, 0, 'Product modification', 'Product', 25, 1, '2020-06-01 10:09:22', '2020-06-01 10:09:22'),
(512, 1, 0, 'Product modification', 'Product', 26, 1, '2020-06-01 10:10:01', '2020-06-01 10:10:01'),
(513, 1, 0, 'Product modification', 'Product', 27, 1, '2020-06-01 10:10:32', '2020-06-01 10:10:32'),
(514, 1, 0, 'Product modification', 'Product', 28, 1, '2020-06-01 10:11:05', '2020-06-01 10:11:05'),
(515, 1, 0, 'Product modification', 'Product', 23, 1, '2020-06-01 10:11:44', '2020-06-01 10:11:44'),
(516, 1, 0, 'Product modification', 'Product', 23, 1, '2020-06-01 10:12:08', '2020-06-01 10:12:08'),
(517, 1, 0, 'Product modification', 'Product', 23, 1, '2020-06-01 10:12:25', '2020-06-01 10:12:25'),
(518, 1, 0, 'Product modification', 'Product', 23, 1, '2020-06-01 10:12:53', '2020-06-01 10:12:53'),
(519, 1, 0, 'AttributeGroup añadido', 'AttributeGroup', 4, 1, '2020-06-01 16:37:58', '2020-06-01 16:37:58'),
(520, 1, 0, 'Attribute añadido', 'Attribute', 81, 1, '2020-06-01 16:38:21', '2020-06-01 16:38:21'),
(521, 1, 0, 'Attribute añadido', 'Attribute', 82, 1, '2020-06-01 16:38:30', '2020-06-01 16:38:30'),
(522, 1, 0, 'AttributeGroup añadido', 'AttributeGroup', 5, 1, '2020-06-01 16:39:03', '2020-06-01 16:39:03'),
(523, 1, 0, 'AttributeGroup modificación', 'AttributeGroup', 5, 1, '2020-06-01 16:39:24', '2020-06-01 16:39:24'),
(524, 1, 0, 'AttributeGroup modificación', 'AttributeGroup', 4, 1, '2020-06-01 16:39:32', '2020-06-01 16:39:32'),
(525, 1, 0, 'Attribute añadido', 'Attribute', 83, 1, '2020-06-01 16:39:45', '2020-06-01 16:39:45'),
(526, 1, 0, 'Attribute añadido', 'Attribute', 84, 1, '2020-06-01 16:39:52', '2020-06-01 16:39:52'),
(527, 1, 0, 'AttributeGroup añadido', 'AttributeGroup', 6, 1, '2020-06-01 16:40:41', '2020-06-01 16:40:41'),
(528, 1, 0, 'Attribute añadido', 'Attribute', 85, 1, '2020-06-01 16:41:09', '2020-06-01 16:41:09'),
(529, 1, 0, 'Attribute añadido', 'Attribute', 86, 1, '2020-06-01 16:41:22', '2020-06-01 16:41:22'),
(530, 1, 0, 'Attribute añadido', 'Attribute', 87, 1, '2020-06-01 16:41:42', '2020-06-01 16:41:42'),
(531, 1, 0, 'Attribute añadido', 'Attribute', 88, 1, '2020-06-01 16:41:57', '2020-06-01 16:41:57'),
(532, 1, 0, 'AttributeGroup modificación', 'AttributeGroup', 6, 1, '2020-06-01 16:42:20', '2020-06-01 16:42:20'),
(533, 1, 0, 'AttributeGroup añadido', 'AttributeGroup', 7, 1, '2020-06-01 16:42:37', '2020-06-01 16:42:37'),
(534, 1, 0, 'Attribute añadido', 'Attribute', 89, 1, '2020-06-01 16:42:52', '2020-06-01 16:42:52'),
(535, 1, 0, 'Attribute añadido', 'Attribute', 90, 1, '2020-06-01 16:43:01', '2020-06-01 16:43:01'),
(536, 1, 0, 'Attribute añadido', 'Attribute', 91, 1, '2020-06-01 16:43:13', '2020-06-01 16:43:13'),
(537, 1, 0, 'Attribute añadido', 'Attribute', 92, 1, '2020-06-01 16:43:25', '2020-06-01 16:43:25'),
(538, 1, 0, 'AttributeGroup añadido', 'AttributeGroup', 8, 1, '2020-06-01 16:43:44', '2020-06-01 16:43:44'),
(539, 1, 0, 'Attribute añadido', 'Attribute', 93, 1, '2020-06-01 16:43:59', '2020-06-01 16:43:59'),
(540, 1, 0, 'Attribute añadido', 'Attribute', 94, 1, '2020-06-01 16:44:08', '2020-06-01 16:44:08'),
(541, 1, 0, 'Attribute añadido', 'Attribute', 95, 1, '2020-06-01 16:44:19', '2020-06-01 16:44:19'),
(542, 1, 0, 'Attribute añadido', 'Attribute', 96, 1, '2020-06-01 16:44:27', '2020-06-01 16:44:27'),
(543, 1, 0, 'Attribute añadido', 'Attribute', 97, 1, '2020-06-01 16:44:37', '2020-06-01 16:44:37'),
(544, 1, 0, 'Attribute añadido', 'Attribute', 98, 1, '2020-06-01 16:44:44', '2020-06-01 16:44:44'),
(545, 1, 0, 'Attribute añadido', 'Attribute', 99, 1, '2020-06-01 16:44:55', '2020-06-01 16:44:55'),
(546, 1, 0, 'Attribute añadido', 'Attribute', 100, 1, '2020-06-01 16:45:02', '2020-06-01 16:45:02'),
(547, 1, 0, 'Attribute añadido', 'Attribute', 101, 1, '2020-06-01 16:45:09', '2020-06-01 16:45:09'),
(548, 1, 0, 'Attribute añadido', 'Attribute', 102, 1, '2020-06-01 16:45:15', '2020-06-01 16:45:15'),
(549, 1, 0, 'Attribute añadido', 'Attribute', 103, 1, '2020-06-01 16:45:23', '2020-06-01 16:45:23'),
(550, 1, 0, 'Attribute añadido', 'Attribute', 104, 1, '2020-06-01 16:45:29', '2020-06-01 16:45:29'),
(551, 1, 0, 'Attribute añadido', 'Attribute', 105, 1, '2020-06-01 16:45:37', '2020-06-01 16:45:37'),
(552, 1, 0, 'Attribute añadido', 'Attribute', 106, 1, '2020-06-01 16:45:43', '2020-06-01 16:45:43'),
(553, 1, 0, 'Attribute añadido', 'Attribute', 107, 1, '2020-06-01 16:45:51', '2020-06-01 16:45:51'),
(554, 1, 0, 'Attribute añadido', 'Attribute', 108, 1, '2020-06-01 16:45:59', '2020-06-01 16:45:59'),
(555, 1, 0, 'Attribute añadido', 'Attribute', 109, 1, '2020-06-01 16:46:06', '2020-06-01 16:46:06'),
(556, 1, 0, 'Attribute añadido', 'Attribute', 110, 1, '2020-06-01 16:46:15', '2020-06-01 16:46:15'),
(557, 1, 0, 'AttributeGroup añadido', 'AttributeGroup', 9, 1, '2020-06-01 16:59:12', '2020-06-01 16:59:12'),
(558, 1, 0, 'Attribute añadido', 'Attribute', 111, 1, '2020-06-01 16:59:27', '2020-06-01 16:59:27'),
(559, 1, 0, 'Attribute añadido', 'Attribute', 112, 1, '2020-06-01 16:59:34', '2020-06-01 16:59:34'),
(560, 1, 0, 'Attribute añadido', 'Attribute', 113, 1, '2020-06-01 16:59:42', '2020-06-01 16:59:42'),
(561, 1, 0, 'Attribute añadido', 'Attribute', 114, 1, '2020-06-01 16:59:46', '2020-06-01 16:59:46'),
(562, 1, 0, 'Attribute añadido', 'Attribute', 115, 1, '2020-06-01 16:59:51', '2020-06-01 16:59:51'),
(563, 1, 0, 'Attribute añadido', 'Attribute', 116, 1, '2020-06-01 16:59:58', '2020-06-01 16:59:58'),
(564, 1, 0, 'Attribute añadido', 'Attribute', 117, 1, '2020-06-01 17:00:02', '2020-06-01 17:00:02'),
(565, 1, 0, 'Attribute añadido', 'Attribute', 118, 1, '2020-06-01 17:00:08', '2020-06-01 17:00:08'),
(566, 1, 0, 'Attribute añadido', 'Attribute', 119, 1, '2020-06-01 17:00:13', '2020-06-01 17:00:13'),
(567, 1, 0, 'Attribute añadido', 'Attribute', 120, 1, '2020-06-01 17:00:21', '2020-06-01 17:00:21'),
(568, 1, 0, 'Attribute añadido', 'Attribute', 121, 1, '2020-06-01 17:00:27', '2020-06-01 17:00:27'),
(569, 1, 0, 'Attribute añadido', 'Attribute', 122, 1, '2020-06-01 17:00:35', '2020-06-01 17:00:35'),
(570, 1, 0, 'Attribute añadido', 'Attribute', 123, 1, '2020-06-01 17:00:41', '2020-06-01 17:00:41'),
(571, 1, 0, 'Attribute añadido', 'Attribute', 124, 1, '2020-06-01 17:00:46', '2020-06-01 17:00:46'),
(572, 1, 0, 'Attribute añadido', 'Attribute', 125, 1, '2020-06-01 17:00:51', '2020-06-01 17:00:51'),
(573, 1, 0, 'Attribute añadido', 'Attribute', 126, 1, '2020-06-01 17:00:56', '2020-06-01 17:00:56'),
(574, 1, 0, 'Attribute añadido', 'Attribute', 127, 1, '2020-06-01 17:01:01', '2020-06-01 17:01:01'),
(575, 1, 0, 'Attribute añadido', 'Attribute', 128, 1, '2020-06-01 17:01:10', '2020-06-01 17:01:10'),
(576, 1, 0, 'Attribute añadido', 'Attribute', 129, 1, '2020-06-01 17:02:51', '2020-06-01 17:02:51'),
(577, 1, 0, 'Attribute añadido', 'Attribute', 130, 1, '2020-06-01 17:03:02', '2020-06-01 17:03:02'),
(578, 1, 0, 'Attribute añadido', 'Attribute', 131, 1, '2020-06-01 17:03:11', '2020-06-01 17:03:11'),
(579, 1, 0, 'Attribute añadido', 'Attribute', 132, 1, '2020-06-01 17:03:26', '2020-06-01 17:03:26'),
(580, 1, 0, 'Attribute añadido', 'Attribute', 133, 1, '2020-06-01 17:03:48', '2020-06-01 17:03:48'),
(581, 1, 0, 'Attribute añadido', 'Attribute', 134, 1, '2020-06-01 17:03:57', '2020-06-01 17:03:57'),
(582, 1, 0, 'Product modification', 'Product', 14, 1, '2020-06-01 17:05:58', '2020-06-01 17:05:58'),
(583, 1, 0, 'Product modification', 'Product', 14, 1, '2020-06-01 17:07:14', '2020-06-01 17:07:14'),
(584, 1, 0, 'Product modification', 'Product', 14, 1, '2020-06-01 17:08:53', '2020-06-01 17:08:53'),
(585, 1, 0, 'Product modification', 'Product', 14, 1, '2020-06-01 17:09:35', '2020-06-01 17:09:35'),
(586, 1, 0, 'Product modification', 'Product', 27, 1, '2020-06-01 17:10:47', '2020-06-01 17:10:47'),
(587, 1, 0, 'Product modification', 'Product', 27, 1, '2020-06-01 17:10:57', '2020-06-01 17:10:57'),
(588, 1, 0, 'Product modification', 'Product', 27, 1, '2020-06-01 17:12:49', '2020-06-01 17:12:49'),
(589, 1, 0, 'Product modification', 'Product', 27, 1, '2020-06-01 17:14:18', '2020-06-01 17:14:18'),
(590, 1, 0, 'Product modification', 'Product', 27, 1, '2020-06-01 17:14:44', '2020-06-01 17:14:44'),
(591, 1, 0, 'Product modification', 'Product', 27, 1, '2020-06-01 17:15:11', '2020-06-01 17:15:11'),
(592, 1, 0, 'Product modification', 'Product', 27, 1, '2020-06-01 17:15:53', '2020-06-01 17:15:53'),
(593, 1, 0, 'Product modification', 'Product', 27, 1, '2020-06-01 17:16:01', '2020-06-01 17:16:01'),
(594, 1, 0, 'Product modification', 'Product', 27, 1, '2020-06-01 17:16:26', '2020-06-01 17:16:26'),
(595, 1, 0, 'Product modification', 'Product', 27, 1, '2020-06-01 17:19:03', '2020-06-01 17:19:03'),
(596, 1, 0, 'Product modification', 'Product', 27, 1, '2020-06-01 17:21:19', '2020-06-01 17:21:19'),
(597, 1, 0, 'Product modification', 'Product', 27, 1, '2020-06-01 17:23:19', '2020-06-01 17:23:19'),
(598, 1, 0, 'Product modification', 'Product', 27, 1, '2020-06-01 17:24:09', '2020-06-01 17:24:09'),
(599, 1, 0, 'Product modification', 'Product', 28, 1, '2020-06-01 17:56:15', '2020-06-01 17:56:15'),
(600, 1, 0, 'Product modification', 'Product', 28, 1, '2020-06-01 17:56:19', '2020-06-01 17:56:19'),
(601, 1, 0, 'Product modification', 'Product', 26, 1, '2020-06-01 18:05:48', '2020-06-01 18:05:48'),
(602, 1, 0, 'Product modification', 'Product', 26, 1, '2020-06-01 18:27:43', '2020-06-01 18:27:43'),
(603, 1, 0, 'Product modification', 'Product', 26, 1, '2020-06-01 18:28:28', '2020-06-01 18:28:28'),
(604, 1, 0, 'Product modification', 'Product', 26, 1, '2020-06-01 19:01:22', '2020-06-01 19:01:22'),
(605, 1, 0, 'Product modification', 'Product', 27, 1, '2020-06-01 19:01:33', '2020-06-01 19:01:33'),
(606, 1, 0, 'Product modification', 'Product', 28, 1, '2020-06-01 19:01:44', '2020-06-01 19:01:44'),
(607, 1, 0, 'State modificación', 'State', 106, 1, '2020-06-01 19:39:51', '2020-06-01 19:39:51'),
(608, 1, 0, 'State modificación', 'State', 106, 1, '2020-06-01 19:40:21', '2020-06-01 19:40:21'),
(609, 1, 0, 'Zone añadido', 'Zone', 9, 1, '2020-06-01 19:42:22', '2020-06-01 19:42:22'),
(610, 1, 0, 'Zone añadido', 'Zone', 10, 1, '2020-06-01 19:46:16', '2020-06-01 19:46:16'),
(611, 1, 0, 'Zone modificación', 'Zone', 9, 1, '2020-06-01 19:46:34', '2020-06-01 19:46:34'),
(612, 1, 0, 'Zone añadido', 'Zone', 11, 1, '2020-06-01 19:49:39', '2020-06-01 19:49:39'),
(613, 1, 0, 'Zone modificación', 'Zone', 10, 1, '2020-06-01 19:50:23', '2020-06-01 19:50:23'),
(614, 1, 0, 'Zone modificación', 'Zone', 9, 1, '2020-06-01 19:50:35', '2020-06-01 19:50:35'),
(615, 1, 0, 'Zone modificación', 'Zone', 11, 1, '2020-06-01 19:50:44', '2020-06-01 19:50:44'),
(616, 1, 0, 'Zone modificación', 'Zone', 11, 1, '2020-06-01 19:51:27', '2020-06-01 19:51:27'),
(617, 1, 0, 'Zone añadido', 'Zone', 12, 1, '2020-06-01 19:53:00', '2020-06-01 19:53:00'),
(618, 1, 0, 'State modificación', 'State', 106, 1, '2020-06-01 19:53:21', '2020-06-01 19:53:21'),
(619, 1, 0, 'State modificación', 'State', 102, 1, '2020-06-01 19:53:32', '2020-06-01 19:53:32'),
(620, 1, 0, 'State modificación', 'State', 103, 1, '2020-06-01 19:53:45', '2020-06-01 19:53:45'),
(621, 1, 0, 'State modificación', 'State', 104, 1, '2020-06-01 19:53:55', '2020-06-01 19:53:55'),
(622, 1, 0, 'State modificación', 'State', 105, 1, '2020-06-01 19:54:06', '2020-06-01 19:54:06'),
(623, 1, 0, 'State modificación', 'State', 107, 1, '2020-06-01 19:54:14', '2020-06-01 19:54:14'),
(624, 1, 0, 'State modificación', 'State', 108, 1, '2020-06-01 19:54:21', '2020-06-01 19:54:21'),
(625, 1, 0, 'State modificación', 'State', 109, 1, '2020-06-01 19:54:37', '2020-06-01 19:54:37'),
(626, 1, 0, 'State modificación', 'State', 110, 1, '2020-06-01 19:54:47', '2020-06-01 19:54:47'),
(627, 1, 0, 'State modificación', 'State', 111, 1, '2020-06-01 19:55:11', '2020-06-01 19:55:11'),
(628, 1, 0, 'State modificación', 'State', 112, 1, '2020-06-01 19:55:21', '2020-06-01 19:55:21'),
(629, 1, 0, 'State modificación', 'State', 113, 1, '2020-06-01 19:55:31', '2020-06-01 19:55:31'),
(630, 1, 0, 'State modificación', 'State', 114, 1, '2020-06-01 19:55:45', '2020-06-01 19:55:45'),
(631, 1, 0, 'State modificación', 'State', 115, 1, '2020-06-01 19:55:55', '2020-06-01 19:55:55'),
(632, 1, 0, 'State modificación', 'State', 116, 1, '2020-06-01 19:56:06', '2020-06-01 19:56:06'),
(633, 1, 0, 'State modificación', 'State', 117, 1, '2020-06-01 19:56:18', '2020-06-01 19:56:18'),
(634, 1, 0, 'State modificación', 'State', 118, 1, '2020-06-01 19:56:31', '2020-06-01 19:56:31'),
(635, 1, 0, 'State modificación', 'State', 119, 1, '2020-06-01 19:56:44', '2020-06-01 19:56:44'),
(636, 1, 0, 'State modificación', 'State', 120, 1, '2020-06-01 19:57:01', '2020-06-01 19:57:01'),
(637, 1, 0, 'State modificación', 'State', 121, 1, '2020-06-01 19:57:13', '2020-06-01 19:57:13'),
(638, 1, 0, 'State modificación', 'State', 122, 1, '2020-06-01 19:57:22', '2020-06-01 19:57:22'),
(639, 1, 0, 'State modificación', 'State', 123, 1, '2020-06-01 19:57:35', '2020-06-01 19:57:35'),
(640, 1, 0, 'State modificación', 'State', 124, 1, '2020-06-01 19:57:43', '2020-06-01 19:57:43'),
(641, 1, 0, 'State modificación', 'State', 125, 1, '2020-06-01 19:57:52', '2020-06-01 19:57:52'),
(642, 1, 0, 'State modificación', 'State', 325, 1, '2020-06-01 19:58:19', '2020-06-01 19:58:19'),
(643, 1, 0, 'Country modificación', 'Country', 44, 1, '2020-06-01 23:15:55', '2020-06-01 23:15:55'),
(644, 1, 0, 'Country modificación', 'Country', 44, 1, '2020-06-01 23:21:00', '2020-06-01 23:21:00'),
(645, 1, 0, 'Country modificación', 'Country', 44, 1, '2020-06-01 23:25:09', '2020-06-01 23:25:09'),
(646, 1, 0, 'Country modificación', 'Country', 44, 1, '2020-06-01 23:25:32', '2020-06-01 23:25:32'),
(647, 1, 0, 'Country modificación', 'Country', 44, 1, '2020-06-01 23:26:00', '2020-06-01 23:26:00'),
(648, 1, 0, 'Country modificación', 'Country', 44, 1, '2020-06-01 23:26:44', '2020-06-01 23:26:44'),
(649, 1, 0, 'Frontcontroller::init - Cart cannot be loaded or an order has already been placed using this cart', 'Cart', 32, 0, '2020-06-02 00:20:15', '2020-06-02 00:20:15'),
(650, 1, 0, 'Protect vendor folder in module fieldsizechart', '', 0, 1, '2020-06-02 01:24:11', '2020-06-02 01:24:11'),
(651, 1, 0, 'Module fieldsizechart has no vendor folder', '', 0, 1, '2020-06-02 01:24:11', '2020-06-02 01:24:11'),
(652, 1, 0, 'Protect vendor folder in module contactform', '', 0, 1, '2020-06-02 01:53:54', '2020-06-02 01:53:54'),
(653, 1, 0, 'Protect vendor folder in module ps_mbo', '', 0, 1, '2020-06-02 01:54:13', '2020-06-02 01:54:13'),
(654, 1, 0, 'Could not crawl for translation files: The \\\"/home/opticabrera3yq/public_html/var/cache/prod/themes/zeko_shop_home1/translations\\\" directory does not exist.', '', 0, 1, '2020-06-02 02:18:31', '2020-06-02 02:18:31'),
(655, 1, 0, 'Could not crawl for translation files: The \\\"/home/opticabrera3yq/public_html/var/cache/prod/themes/zeko_shop_home1/translations\\\" directory does not exist.', '', 0, 1, '2020-06-02 02:19:07', '2020-06-02 02:19:07'),
(656, 1, 0, 'Could not crawl for translation files: The \\\"/home/opticabrera3yq/public_html/var/cache/prod/themes/zeko_shop_home1/translations\\\" directory does not exist.', '', 0, 1, '2020-06-02 02:19:15', '2020-06-02 02:19:15'),
(657, 1, 0, 'There are no translation file available.', '', 0, 1, '2020-06-02 02:20:44', '2020-06-02 02:20:44'),
(658, 1, 0, 'Could not crawl for translation files: The \\\"/home/opticabrera3yq/public_html/var/cache/prod/themes/zeko_shop_home1/translations\\\" directory does not exist.', '', 0, 1, '2020-06-02 02:24:52', '2020-06-02 02:24:52'),
(659, 1, 0, 'Could not crawl for translation files: The \\\"/home/opticabrera3yq/public_html/var/cache/prod/themes/zeko_shop_home1/translations\\\" directory does not exist.', '', 0, 1, '2020-06-02 02:24:54', '2020-06-02 02:24:54'),
(660, 1, 0, 'Could not crawl for translation files: The \\\"/home/opticabrera3yq/public_html/var/cache/prod/themes/zeko_shop_home1/translations\\\" directory does not exist.', '', 0, 1, '2020-06-02 02:24:55', '2020-06-02 02:24:55'),
(661, 1, 0, 'Could not crawl for translation files: The \\\"/home/opticabrera3yq/public_html/var/cache/prod/themes/zeko_shop_home1/translations\\\" directory does not exist.', '', 0, 1, '2020-06-02 02:25:02', '2020-06-02 02:25:02'),
(662, 1, 0, 'Zone modificación', 'Zone', 10, 1, '2020-06-02 13:07:41', '2020-06-02 13:07:41'),
(663, 1, 0, 'Zone modificación', 'Zone', 11, 1, '2020-06-02 13:08:50', '2020-06-02 13:08:50'),
(664, 1, 0, 'State modificación', 'State', 108, 1, '2020-06-02 13:09:54', '2020-06-02 13:09:54'),
(665, 1, 0, 'State modificación', 'State', 118, 1, '2020-06-02 13:10:28', '2020-06-02 13:10:28'),
(666, 1, 0, 'Zone modificación', 'Zone', 11, 1, '2020-06-02 13:11:05', '2020-06-02 13:11:05'),
(667, 1, 0, 'Zone modificación', 'Zone', 12, 1, '2020-06-02 13:11:36', '2020-06-02 13:11:36'),
(668, 1, 0, 'State modificación', 'State', 105, 1, '2020-06-02 13:12:01', '2020-06-02 13:12:01'),
(669, 1, 0, 'Zone modificación', 'Zone', 11, 1, '2020-06-02 13:12:45', '2020-06-02 13:12:45'),
(670, 1, 0, 'Conexión al back-office desde 181.170.203.89', '', 0, 1, '2020-06-04 13:13:28', '2020-06-04 13:13:28'),
(671, 1, 0, 'AttributeGroup añadido', 'AttributeGroup', 10, 1, '2020-06-04 16:38:38', '2020-06-04 16:38:38'),
(672, 1, 0, 'Attribute añadido', 'Attribute', 135, 1, '2020-06-04 16:41:11', '2020-06-04 16:41:11'),
(673, 1, 0, 'Attribute añadido', 'Attribute', 136, 1, '2020-06-04 16:41:32', '2020-06-04 16:41:32'),
(674, 1, 0, 'Attribute añadido', 'Attribute', 137, 1, '2020-06-04 16:41:59', '2020-06-04 16:41:59'),
(675, 1, 0, 'Attribute añadido', 'Attribute', 138, 1, '2020-06-04 16:42:09', '2020-06-04 16:42:09'),
(676, 1, 0, 'Attribute añadido', 'Attribute', 139, 1, '2020-06-04 16:42:27', '2020-06-04 16:42:27'),
(677, 1, 0, 'Attribute añadido', 'Attribute', 140, 1, '2020-06-04 16:42:37', '2020-06-04 16:42:37'),
(678, 1, 0, 'Attribute añadido', 'Attribute', 141, 1, '2020-06-04 16:42:43', '2020-06-04 16:42:43'),
(679, 1, 0, 'Attribute añadido', 'Attribute', 142, 1, '2020-06-04 16:42:55', '2020-06-04 16:42:55'),
(680, 1, 0, 'Attribute añadido', 'Attribute', 143, 1, '2020-06-04 16:43:05', '2020-06-04 16:43:05'),
(681, 1, 0, 'Attribute añadido', 'Attribute', 144, 1, '2020-06-04 16:43:19', '2020-06-04 16:43:19'),
(682, 1, 0, 'Attribute añadido', 'Attribute', 145, 1, '2020-06-04 16:43:27', '2020-06-04 16:43:27'),
(683, 1, 0, 'Attribute añadido', 'Attribute', 146, 1, '2020-06-04 16:43:39', '2020-06-04 16:43:39'),
(684, 1, 0, 'Attribute añadido', 'Attribute', 147, 1, '2020-06-04 16:44:03', '2020-06-04 16:44:03'),
(685, 1, 0, 'Attribute añadido', 'Attribute', 148, 1, '2020-06-04 16:44:14', '2020-06-04 16:44:14'),
(686, 1, 0, 'Attribute añadido', 'Attribute', 149, 1, '2020-06-04 16:44:26', '2020-06-04 16:44:26'),
(687, 1, 0, 'Attribute añadido', 'Attribute', 150, 1, '2020-06-04 16:44:32', '2020-06-04 16:44:32'),
(688, 1, 0, 'Attribute añadido', 'Attribute', 151, 1, '2020-06-04 16:44:45', '2020-06-04 16:44:45'),
(689, 1, 0, 'Attribute añadido', 'Attribute', 152, 1, '2020-06-04 16:45:03', '2020-06-04 16:45:03'),
(690, 1, 0, 'Attribute añadido', 'Attribute', 153, 1, '2020-06-04 16:45:18', '2020-06-04 16:45:18'),
(691, 1, 0, 'Attribute añadido', 'Attribute', 154, 1, '2020-06-04 16:45:25', '2020-06-04 16:45:25'),
(692, 1, 0, 'Attribute añadido', 'Attribute', 155, 1, '2020-06-04 16:45:35', '2020-06-04 16:45:35'),
(693, 1, 0, 'Attribute añadido', 'Attribute', 156, 1, '2020-06-04 16:45:43', '2020-06-04 16:45:43'),
(694, 1, 0, 'Attribute añadido', 'Attribute', 157, 1, '2020-06-04 16:45:53', '2020-06-04 16:45:53'),
(695, 1, 0, 'Attribute añadido', 'Attribute', 158, 1, '2020-06-04 16:46:01', '2020-06-04 16:46:01'),
(696, 1, 0, 'Attribute añadido', 'Attribute', 159, 1, '2020-06-04 16:53:10', '2020-06-04 16:53:10'),
(697, 1, 0, 'Attribute añadido', 'Attribute', 160, 1, '2020-06-04 16:53:22', '2020-06-04 16:53:22'),
(698, 1, 0, 'Attribute añadido', 'Attribute', 161, 1, '2020-06-04 16:53:32', '2020-06-04 16:53:32'),
(699, 1, 0, 'Attribute añadido', 'Attribute', 162, 1, '2020-06-04 16:54:41', '2020-06-04 16:54:41'),
(700, 1, 0, 'Attribute añadido', 'Attribute', 163, 1, '2020-06-04 16:54:58', '2020-06-04 16:54:58'),
(701, 1, 0, 'Attribute añadido', 'Attribute', 164, 1, '2020-06-04 16:55:05', '2020-06-04 16:55:05'),
(702, 1, 0, 'Attribute añadido', 'Attribute', 165, 1, '2020-06-04 16:55:13', '2020-06-04 16:55:13'),
(703, 1, 0, 'Attribute añadido', 'Attribute', 166, 1, '2020-06-04 16:55:20', '2020-06-04 16:55:20'),
(704, 1, 0, 'Attribute añadido', 'Attribute', 167, 1, '2020-06-04 16:55:30', '2020-06-04 16:55:30'),
(705, 1, 0, 'Attribute añadido', 'Attribute', 168, 1, '2020-06-04 16:55:40', '2020-06-04 16:55:40'),
(706, 1, 0, 'Attribute añadido', 'Attribute', 169, 1, '2020-06-04 16:56:30', '2020-06-04 16:56:30'),
(707, 1, 0, 'Attribute modificación', 'Attribute', 169, 1, '2020-06-04 16:56:56', '2020-06-04 16:56:56'),
(708, 1, 0, 'Attribute modificación', 'Attribute', 169, 1, '2020-06-04 16:57:15', '2020-06-04 16:57:15'),
(709, 1, 0, 'Attribute modificación', 'Attribute', 169, 1, '2020-06-04 16:57:30', '2020-06-04 16:57:30'),
(710, 1, 0, 'Attribute modificación', 'Attribute', 146, 1, '2020-06-04 16:57:57', '2020-06-04 16:57:57'),
(711, 1, 0, 'Attribute modificación', 'Attribute', 142, 1, '2020-06-04 16:58:13', '2020-06-04 16:58:13'),
(712, 1, 0, 'Attribute modificación', 'Attribute', 144, 1, '2020-06-04 16:58:32', '2020-06-04 16:58:32'),
(713, 1, 0, 'Attribute modificación', 'Attribute', 148, 1, '2020-06-04 16:58:55', '2020-06-04 16:58:55'),
(714, 1, 0, 'Attribute modificación', 'Attribute', 156, 1, '2020-06-04 16:59:11', '2020-06-04 16:59:11'),
(715, 1, 0, 'Attribute modificación', 'Attribute', 164, 1, '2020-06-04 16:59:26', '2020-06-04 16:59:26'),
(716, 1, 0, 'Attribute añadido', 'Attribute', 170, 1, '2020-06-04 17:00:17', '2020-06-04 17:00:17'),
(717, 1, 0, 'Attribute añadido', 'Attribute', 171, 1, '2020-06-04 17:00:24', '2020-06-04 17:00:24'),
(718, 1, 0, 'Attribute añadido', 'Attribute', 172, 1, '2020-06-04 17:00:37', '2020-06-04 17:00:37'),
(719, 1, 0, 'Attribute añadido', 'Attribute', 173, 1, '2020-06-04 17:00:48', '2020-06-04 17:00:48'),
(720, 1, 0, 'Attribute añadido', 'Attribute', 174, 1, '2020-06-04 17:01:02', '2020-06-04 17:01:02'),
(721, 1, 0, 'Attribute añadido', 'Attribute', 175, 1, '2020-06-04 17:01:09', '2020-06-04 17:01:09'),
(722, 1, 0, 'Attribute añadido', 'Attribute', 176, 1, '2020-06-04 17:01:19', '2020-06-04 17:01:19'),
(723, 1, 0, 'Attribute añadido', 'Attribute', 177, 1, '2020-06-04 17:01:27', '2020-06-04 17:01:27'),
(724, 1, 0, 'Attribute añadido', 'Attribute', 178, 1, '2020-06-04 17:01:36', '2020-06-04 17:01:36'),
(725, 1, 0, 'Attribute añadido', 'Attribute', 179, 1, '2020-06-04 17:02:14', '2020-06-04 17:02:14'),
(726, 1, 0, 'Attribute añadido', 'Attribute', 180, 1, '2020-06-04 17:02:22', '2020-06-04 17:02:22'),
(727, 1, 0, 'Attribute añadido', 'Attribute', 181, 1, '2020-06-04 17:02:31', '2020-06-04 17:02:31'),
(728, 1, 0, 'Attribute añadido', 'Attribute', 182, 1, '2020-06-04 17:02:39', '2020-06-04 17:02:39'),
(729, 1, 0, 'Attribute añadido', 'Attribute', 183, 1, '2020-06-04 17:02:45', '2020-06-04 17:02:45'),
(730, 1, 0, 'Attribute añadido', 'Attribute', 184, 1, '2020-06-04 17:02:55', '2020-06-04 17:02:55'),
(731, 1, 0, 'Attribute añadido', 'Attribute', 185, 1, '2020-06-04 17:03:04', '2020-06-04 17:03:04'),
(732, 1, 0, 'Attribute añadido', 'Attribute', 186, 1, '2020-06-04 17:03:14', '2020-06-04 17:03:14'),
(733, 1, 0, 'Attribute añadido', 'Attribute', 187, 1, '2020-06-04 17:03:22', '2020-06-04 17:03:22'),
(734, 1, 0, 'Attribute añadido', 'Attribute', 188, 1, '2020-06-04 17:03:31', '2020-06-04 17:03:31'),
(735, 1, 0, 'Attribute añadido', 'Attribute', 189, 1, '2020-06-04 17:03:41', '2020-06-04 17:03:41'),
(736, 1, 0, 'Attribute añadido', 'Attribute', 190, 1, '2020-06-04 17:03:49', '2020-06-04 17:03:49'),
(737, 1, 0, 'Attribute añadido', 'Attribute', 191, 1, '2020-06-04 17:03:58', '2020-06-04 17:03:58'),
(738, 1, 0, 'Product modification', 'Product', 23, 1, '2020-06-04 17:05:17', '2020-06-04 17:05:17'),
(739, 1, 0, 'Product modification', 'Product', 23, 1, '2020-06-04 17:05:36', '2020-06-04 17:05:36'),
(740, 1, 0, 'Product modification', 'Product', 24, 1, '2020-06-04 17:34:41', '2020-06-04 17:34:41'),
(741, 1, 0, 'Product modification', 'Product', 24, 1, '2020-06-04 17:34:54', '2020-06-04 17:34:54'),
(742, 1, 0, 'Attribute añadido', 'Attribute', 192, 1, '2020-06-04 17:37:56', '2020-06-04 17:37:56'),
(743, 1, 0, 'Product modification', 'Product', 23, 1, '2020-06-04 17:39:22', '2020-06-04 17:39:22'),
(744, 1, 0, 'Product modification', 'Product', 23, 1, '2020-06-04 17:39:41', '2020-06-04 17:39:41'),
(745, 1, 0, 'AttributeGroup modificación', 'AttributeGroup', 10, 1, '2020-06-04 17:42:06', '2020-06-04 17:42:06'),
(746, 1, 0, 'AttributeGroup modificación', 'AttributeGroup', 10, 1, '2020-06-04 17:42:23', '2020-06-04 17:42:23'),
(747, 1, 0, 'Product modification', 'Product', 24, 1, '2020-06-04 17:45:07', '2020-06-04 17:45:07'),
(748, 1, 0, 'Product modification', 'Product', 24, 1, '2020-06-04 17:45:16', '2020-06-04 17:45:16'),
(749, 1, 0, 'Product modification', 'Product', 25, 1, '2020-06-04 17:45:50', '2020-06-04 17:45:50'),
(750, 1, 0, 'Product modification', 'Product', 25, 1, '2020-06-04 17:46:01', '2020-06-04 17:46:01'),
(751, 1, 0, 'Product modification', 'Product', 25, 1, '2020-06-04 17:46:35', '2020-06-04 17:46:35'),
(752, 1, 0, 'Product modification', 'Product', 25, 1, '2020-06-04 17:47:12', '2020-06-04 17:47:12'),
(753, 1, 0, 'Product modification', 'Product', 25, 1, '2020-06-04 17:47:16', '2020-06-04 17:47:16'),
(754, 1, 0, 'Product modification', 'Product', 25, 1, '2020-06-04 17:47:24', '2020-06-04 17:47:24'),
(755, 1, 0, 'Product modification', 'Product', 25, 1, '2020-06-04 17:47:40', '2020-06-04 17:47:40'),
(756, 1, 0, 'Product modification', 'Product', 25, 1, '2020-06-04 17:47:51', '2020-06-04 17:47:51'),
(757, 1, 0, 'Product modification', 'Product', 25, 1, '2020-06-04 17:47:58', '2020-06-04 17:47:58'),
(758, 1, 0, 'Product modification', 'Product', 25, 1, '2020-06-04 17:48:04', '2020-06-04 17:48:04'),
(759, 1, 0, 'Product modification', 'Product', 27, 1, '2020-06-04 17:49:15', '2020-06-04 17:49:15'),
(760, 1, 0, 'Product modification', 'Product', 27, 1, '2020-06-04 17:49:38', '2020-06-04 17:49:38'),
(761, 1, 0, 'Product modification', 'Product', 27, 1, '2020-06-04 17:49:50', '2020-06-04 17:49:50'),
(762, 1, 0, 'Product modification', 'Product', 27, 1, '2020-06-04 17:49:59', '2020-06-04 17:49:59'),
(763, 1, 0, 'Conexión al back-office desde 181.170.203.89', '', 0, 1, '2020-06-05 23:42:46', '2020-06-05 23:42:46'),
(764, 1, 0, 'Conexión al back-office desde 181.170.203.89', '', 0, 1, '2020-06-10 18:37:52', '2020-06-10 18:37:52'),
(765, 1, 0, 'Frontcontroller::init - Cart cannot be loaded or an order has already been placed using this cart', 'Cart', 38, 0, '2020-06-11 15:41:31', '2020-06-11 15:41:31'),
(766, 1, 0, 'Conexión al back-office desde 181.170.203.89', '', 0, 1, '2020-06-11 15:54:56', '2020-06-11 15:54:56'),
(767, 1, 0, 'Conexión al back-office desde 190.210.222.38', '', 0, 2, '2020-06-11 15:57:58', '2020-06-11 15:57:58'),
(768, 1, 0, 'Conexión al back-office desde 181.170.203.89', '', 0, 1, '2020-06-11 23:11:45', '2020-06-11 23:11:45'),
(769, 1, 0, 'Product modification', 'Product', 28, 1, '2020-06-11 23:32:30', '2020-06-11 23:32:30'),
(770, 1, 0, 'Product modification', 'Product', 28, 1, '2020-06-11 23:40:11', '2020-06-11 23:40:11'),
(771, 1, 0, 'Product modification', 'Product', 28, 1, '2020-06-11 23:55:07', '2020-06-11 23:55:07'),
(772, 1, 0, 'Conexión al back-office desde 190.178.1.205', '', 0, 1, '2020-06-15 17:55:28', '2020-06-15 17:55:28'),
(773, 1, 0, 'Protect vendor folder in module ps_imageslider', '', 0, 1, '2020-06-15 18:03:57', '2020-06-15 18:03:57'),
(774, 1, 0, 'Protect vendor folder in module pscleaner', '', 0, 1, '2020-06-15 18:04:05', '2020-06-15 18:04:05'),
(775, 1, 0, 'Protect vendor folder in module statspersonalinfos', '', 0, 1, '2020-06-15 18:04:13', '2020-06-15 18:04:13'),
(776, 1, 0, 'Protect vendor folder in module ps_faviconnotificationbo', '', 0, 1, '2020-06-15 18:04:21', '2020-06-15 18:04:21'),
(777, 1, 0, 'Frontcontroller::init - Cart cannot be loaded or an order has already been placed using this cart', 'Cart', 20, 0, '2020-06-15 18:06:09', '2020-06-15 18:06:09'),
(778, 1, 0, 'Protect vendor folder in module cartabandonmentpro', '', 0, 1, '2020-06-15 18:13:42', '2020-06-15 18:13:42'),
(779, 1, 0, 'Module cartabandonmentpro has no vendor folder', '', 0, 1, '2020-06-15 18:13:42', '2020-06-15 18:13:42'),
(780, 1, 0, 'Protect vendor folder in module oneallsociallogin', '', 0, 1, '2020-06-15 18:23:23', '2020-06-15 18:23:23'),
(781, 1, 0, 'Module oneallsociallogin has no vendor folder', '', 0, 1, '2020-06-15 18:23:23', '2020-06-15 18:23:23'),
(782, 2, 0, 'OneAll Plugin is misconfigured. Please, fix the plugin administration panel.', '', 0, 0, '2020-06-15 18:23:53', '2020-06-15 18:23:53'),
(783, 1, 0, 'Alias eliminado', 'Alias', 1, 1, '2020-06-15 18:59:34', '2020-06-15 18:59:34'),
(784, 1, 0, 'Alias eliminado', 'Alias', 2, 1, '2020-06-15 18:59:34', '2020-06-15 18:59:34'),
(785, 1, 0, 'Frontcontroller::init - Cart cannot be loaded or an order has already been placed using this cart', 'Cart', 42, 0, '2020-06-15 19:37:05', '2020-06-15 19:37:05'),
(786, 1, 0, 'CustomerAddress modificación', 'CustomerAddress', 10, 1, '2020-06-15 19:48:21', '2020-06-15 19:48:21'),
(787, 1, 0, 'Conexión al back-office desde 181.170.203.89', '', 0, 1, '2020-06-15 19:59:34', '2020-06-15 19:59:34'),
(788, 1, 0, 'Product modification', 'Product', 1, 1, '2020-06-15 20:02:49', '2020-06-15 20:02:49'),
(789, 1, 0, 'Product modification', 'Product', 1, 1, '2020-06-15 20:02:53', '2020-06-15 20:02:53'),
(790, 1, 0, 'Product modification', 'Product', 1, 1, '2020-06-15 20:05:16', '2020-06-15 20:05:16'),
(791, 1, 0, 'Product modification', 'Product', 1, 1, '2020-06-16 07:44:32', '2020-06-16 07:44:32'),
(792, 1, 0, 'Product modification', 'Product', 1, 1, '2020-06-16 07:46:37', '2020-06-16 07:46:37'),
(793, 1, 0, 'Product modification', 'Product', 1, 1, '2020-06-16 07:54:37', '2020-06-16 07:54:37'),
(794, 1, 0, 'Product modification', 'Product', 1, 1, '2020-06-16 07:54:45', '2020-06-16 07:54:45'),
(795, 1, 0, 'Product modification', 'Product', 1, 1, '2020-06-16 07:59:26', '2020-06-16 07:59:26'),
(796, 1, 0, 'Product modification', 'Product', 1, 1, '2020-06-16 07:59:33', '2020-06-16 07:59:33'),
(797, 1, 0, 'Conexión al back-office desde 190.210.222.38', '', 0, 2, '2020-06-16 09:44:02', '2020-06-16 09:44:02');
INSERT INTO `ps_log` (`id_log`, `severity`, `error_code`, `message`, `object_type`, `object_id`, `id_employee`, `date_add`, `date_upd`) VALUES
(798, 1, 0, 'Conexión al back-office desde 181.170.203.89', '', 0, 1, '2020-06-16 10:09:44', '2020-06-16 10:09:44'),
(799, 1, 0, 'importar Productos (desde 0 hasta 5)', '', 0, 1, '2020-06-16 11:23:46', '2020-06-16 11:23:46'),
(800, 1, 0, 'importar Productos (desde 5 hasta 20)', '', 0, 1, '2020-06-16 11:23:47', '2020-06-16 11:23:47'),
(801, 1, 0, 'importar Productos (desde 25 hasta 80)', '', 0, 1, '2020-06-16 11:23:47', '2020-06-16 11:23:47'),
(802, 1, 0, 'importar Productos (desde 0 hasta 5)', '', 0, 1, '2020-06-16 11:23:48', '2020-06-16 11:23:48'),
(803, 1, 0, 'importar Productos (desde 5 hasta 20)', '', 0, 1, '2020-06-16 11:23:50', '2020-06-16 11:23:50'),
(804, 1, 0, 'importar Productos (desde 25 hasta 23)', '', 0, 1, '2020-06-16 11:23:53', '2020-06-16 11:23:53'),
(805, 1, 0, 'importar Productos (desde 0 hasta 5)', '', 0, 1, '2020-06-16 11:23:54', '2020-06-16 11:23:54'),
(806, 1, 0, 'Product modification', 'Product', 1, 1, '2020-06-16 11:31:38', '2020-06-16 11:31:38'),
(807, 1, 0, 'Product modification', 'Product', 14, 1, '2020-06-16 11:31:50', '2020-06-16 11:31:50'),
(808, 1, 0, 'Product modification', 'Product', 22, 1, '2020-06-16 11:32:02', '2020-06-16 11:32:02'),
(809, 1, 0, 'Product modification', 'Product', 26, 1, '2020-06-16 11:32:38', '2020-06-16 11:32:38'),
(810, 1, 0, 'Product modification', 'Product', 1, 1, '2020-06-16 11:39:25', '2020-06-16 11:39:25'),
(811, 1, 0, 'Product modification', 'Product', 25, 1, '2020-06-16 11:43:50', '2020-06-16 11:43:50'),
(812, 1, 0, 'Product modification', 'Product', 25, 1, '2020-06-16 12:06:38', '2020-06-16 12:06:38'),
(813, 1, 0, 'Frontcontroller::init - Cart cannot be loaded or an order has already been placed using this cart', 'Cart', 34, 0, '2020-06-16 12:38:44', '2020-06-16 12:38:44'),
(814, 1, 0, 'Conexión al back-office desde 190.210.222.38', '', 0, 2, '2020-06-16 12:42:59', '2020-06-16 12:42:59'),
(815, 1, 0, 'importar Productos (desde 0 hasta 5)', '', 0, 1, '2020-06-16 12:57:57', '2020-06-16 12:57:57'),
(816, 1, 0, 'importar Productos (desde 5 hasta 20)', '', 0, 1, '2020-06-16 12:57:57', '2020-06-16 12:57:57'),
(817, 1, 0, 'importar Productos (desde 25 hasta 80)', '', 0, 1, '2020-06-16 12:57:58', '2020-06-16 12:57:58'),
(818, 1, 0, 'importar Productos (desde 0 hasta 5)', '', 0, 1, '2020-06-16 12:57:59', '2020-06-16 12:57:59'),
(819, 1, 0, 'importar Productos (desde 5 hasta 20)', '', 0, 1, '2020-06-16 12:58:00', '2020-06-16 12:58:00'),
(820, 1, 0, 'importar Productos (desde 25 hasta 72)', '', 0, 1, '2020-06-16 12:58:01', '2020-06-16 12:58:01'),
(821, 1, 0, 'importar Productos (desde 0 hasta 5)', '', 0, 1, '2020-06-16 12:58:01', '2020-06-16 12:58:01'),
(822, 1, 0, 'CustomerAddress modificación', 'CustomerAddress', 8, 1, '2020-06-16 16:14:15', '2020-06-16 16:14:15'),
(823, 1, 0, 'CustomerAddress modificación', 'CustomerAddress', 9, 1, '2020-06-16 16:14:20', '2020-06-16 16:14:20'),
(824, 1, 0, 'CustomerAddress modificación', 'CustomerAddress', 11, 1, '2020-06-16 16:14:25', '2020-06-16 16:14:25'),
(825, 1, 0, 'CustomerAddress modificación', 'CustomerAddress', 12, 1, '2020-06-16 16:14:37', '2020-06-16 16:14:37'),
(826, 1, 0, 'CustomerAddress modificación', 'CustomerAddress', 13, 1, '2020-06-16 16:14:43', '2020-06-16 16:14:43'),
(827, 1, 0, 'CustomerAddress modificación', 'CustomerAddress', 14, 1, '2020-06-16 16:14:46', '2020-06-16 16:14:46'),
(828, 1, 0, 'CustomerAddress modificación', 'CustomerAddress', 15, 1, '2020-06-16 16:14:48', '2020-06-16 16:14:48'),
(829, 1, 0, 'CustomerAddress modificación', 'CustomerAddress', 19, 1, '2020-06-16 16:14:51', '2020-06-16 16:14:51'),
(830, 1, 0, 'CustomerAddress modificación', 'CustomerAddress', 20, 1, '2020-06-16 16:14:56', '2020-06-16 16:14:56'),
(831, 1, 0, 'Frontcontroller::init - Cart cannot be loaded or an order has already been placed using this cart', 'Cart', 49, 0, '2020-06-16 17:06:53', '2020-06-16 17:06:53'),
(832, 1, 0, 'Conexión al back-office desde 190.19.123.120', '', 0, 3, '2020-06-16 18:01:48', '2020-06-16 18:01:48'),
(833, 1, 0, 'Product modification', 'Product', 25, 3, '2020-06-16 18:09:39', '2020-06-16 18:09:39'),
(834, 1, 0, 'Conexión al back-office desde 190.19.123.120', '', 0, 3, '2020-06-16 18:22:20', '2020-06-16 18:22:20'),
(835, 1, 0, 'Product modification', 'Product', 28, 3, '2020-06-16 18:24:02', '2020-06-16 18:24:02'),
(836, 1, 0, 'Product modification', 'Product', 28, 3, '2020-06-16 18:24:37', '2020-06-16 18:24:37'),
(837, 1, 0, 'Product modification', 'Product', 28, 3, '2020-06-16 18:25:02', '2020-06-16 18:25:02'),
(838, 1, 0, 'Product modification', 'Product', 27, 3, '2020-06-16 18:30:06', '2020-06-16 18:30:06'),
(839, 1, 0, 'Product modification', 'Product', 27, 3, '2020-06-16 18:31:05', '2020-06-16 18:31:05'),
(840, 1, 0, 'Product modification', 'Product', 23, 3, '2020-06-16 18:32:34', '2020-06-16 18:32:34'),
(841, 1, 0, 'Product modification', 'Product', 26, 3, '2020-06-16 18:33:59', '2020-06-16 18:33:59'),
(842, 1, 0, 'Product modification', 'Product', 26, 3, '2020-06-16 18:34:43', '2020-06-16 18:34:43'),
(843, 1, 0, 'Conexión al back-office desde 190.210.222.38', '', 0, 2, '2020-06-17 15:33:30', '2020-06-17 15:33:30'),
(844, 1, 0, 'Conexión al back-office desde 181.170.203.89', '', 0, 1, '2020-06-18 10:25:44', '2020-06-18 10:25:44'),
(845, 1, 0, 'Conexión al back-office desde 190.210.222.38', '', 0, 2, '2020-06-18 12:17:19', '2020-06-18 12:17:19'),
(846, 1, 0, 'importar Productos (desde 0 hasta 5)', '', 0, 1, '2020-06-19 00:54:35', '2020-06-19 00:54:35'),
(847, 1, 0, 'importar Productos (desde 5 hasta 8)', '', 0, 1, '2020-06-19 00:54:38', '2020-06-19 00:54:38'),
(848, 1, 0, 'importar Productos (desde 13 hasta 32)', '', 0, 1, '2020-06-19 00:54:39', '2020-06-19 00:54:39'),
(849, 1, 0, 'importar Productos (desde 0 hasta 5)', '', 0, 1, '2020-06-19 00:54:43', '2020-06-19 00:54:43'),
(850, 1, 0, 'importar Productos (desde 5 hasta 5)', '', 0, 1, '2020-06-19 00:54:47', '2020-06-19 00:54:47'),
(851, 1, 0, 'importar Productos (desde 10 hasta 5)', '', 0, 1, '2020-06-19 00:54:51', '2020-06-19 00:54:51'),
(852, 1, 0, 'importar Productos (desde 15 hasta 6)', '', 0, 1, '2020-06-19 00:55:00', '2020-06-19 00:55:00'),
(853, 1, 0, 'importar Productos (desde 21 hasta 5)', '', 0, 1, '2020-06-19 00:55:07', '2020-06-19 00:55:07'),
(854, 1, 0, 'importar Productos (desde 26 hasta 5)', '', 0, 1, '2020-06-19 00:55:11', '2020-06-19 00:55:11'),
(855, 1, 0, 'importar Productos (desde 31 hasta 7)', '', 0, 1, '2020-06-19 00:55:17', '2020-06-19 00:55:17'),
(856, 1, 0, 'importar Productos (desde 0 hasta 5)', '', 0, 1, '2020-06-19 00:55:18', '2020-06-19 00:55:18'),
(857, 1, 0, 'importar Productos (desde 0 hasta 5)', '', 0, 1, '2020-06-19 01:33:49', '2020-06-19 01:33:49'),
(858, 1, 0, 'importar Productos (desde 5 hasta 20)', '', 0, 1, '2020-06-19 01:33:50', '2020-06-19 01:33:50'),
(859, 1, 0, 'importar Productos (desde 0 hasta 5)', '', 0, 1, '2020-06-19 01:33:51', '2020-06-19 01:33:51'),
(860, 1, 0, 'importar Productos (desde 5 hasta 20)', '', 0, 1, '2020-06-19 01:33:52', '2020-06-19 01:33:52'),
(861, 1, 0, 'importar Productos (desde 0 hasta 5)', '', 0, 1, '2020-06-19 01:33:52', '2020-06-19 01:33:52'),
(862, 1, 0, 'Gender añadido', 'Gender', 3, 1, '2020-06-19 02:07:58', '2020-06-19 02:07:58'),
(863, 1, 0, 'Conexión al back-office desde 190.178.27.216', '', 0, 1, '2020-06-19 08:44:11', '2020-06-19 08:44:11'),
(864, 1, 0, 'Conexión al back-office desde 190.210.222.38', '', 0, 2, '2020-06-19 09:44:16', '2020-06-19 09:44:16'),
(865, 1, 0, 'Conexión al back-office desde 181.170.203.89', '', 0, 1, '2020-06-19 10:43:44', '2020-06-19 10:43:44'),
(866, 1, 0, 'Conexión al back-office desde 190.210.222.38', '', 0, 2, '2020-06-19 12:28:38', '2020-06-19 12:28:38'),
(867, 1, 0, 'Conexión al back-office desde 190.210.222.38', '', 0, 2, '2020-06-19 13:04:58', '2020-06-19 13:04:58'),
(868, 1, 0, 'Conexión al back-office desde 190.210.222.38', '', 0, 2, '2020-06-19 13:21:27', '2020-06-19 13:21:27'),
(869, 1, 0, 'Conexión al back-office desde 190.210.222.38', '', 0, 2, '2020-06-19 14:13:39', '2020-06-19 14:13:39'),
(870, 1, 0, 'Conexión al back-office desde 190.210.222.38', '', 0, 2, '2020-06-19 14:36:22', '2020-06-19 14:36:22'),
(871, 1, 0, 'Product modification', 'Product', 67, 2, '2020-06-19 14:36:41', '2020-06-19 14:36:41'),
(872, 1, 0, 'Product modification', 'Product', 67, 2, '2020-06-19 14:38:27', '2020-06-19 14:38:27'),
(873, 1, 0, 'importar Productos (desde 0 hasta 5)', '', 0, 1, '2020-06-19 16:56:50', '2020-06-19 16:56:50'),
(874, 1, 0, 'importar Productos (desde 5 hasta 20)', '', 0, 1, '2020-06-19 16:56:50', '2020-06-19 16:56:50'),
(875, 1, 0, 'importar Productos (desde 25 hasta 80)', '', 0, 1, '2020-06-19 16:56:51', '2020-06-19 16:56:51'),
(876, 1, 0, 'importar Productos (desde 0 hasta 5)', '', 0, 1, '2020-06-19 16:56:51', '2020-06-19 16:56:51'),
(877, 1, 0, 'importar Productos (desde 5 hasta 20)', '', 0, 1, '2020-06-19 16:56:53', '2020-06-19 16:56:53'),
(878, 1, 0, 'importar Productos (desde 25 hasta 76)', '', 0, 1, '2020-06-19 16:56:55', '2020-06-19 16:56:55'),
(879, 1, 0, 'importar Productos (desde 0 hasta 5)', '', 0, 1, '2020-06-19 16:56:59', '2020-06-19 16:56:59'),
(880, 1, 0, 'importar Productos (desde 5 hasta 20)', '', 0, 1, '2020-06-19 16:56:59', '2020-06-19 16:56:59'),
(881, 1, 0, 'importar Productos (desde 25 hasta 80)', '', 0, 1, '2020-06-19 16:57:00', '2020-06-19 16:57:00'),
(882, 1, 0, 'FeatureValue eliminado', 'FeatureValue', 69, 1, '2020-06-19 16:59:38', '2020-06-19 16:59:38'),
(883, 1, 0, 'FeatureValue eliminado', 'FeatureValue', 89, 1, '2020-06-19 16:59:38', '2020-06-19 16:59:38'),
(884, 1, 0, 'FeatureValue eliminado', 'FeatureValue', 55, 1, '2020-06-19 17:02:10', '2020-06-19 17:02:10'),
(885, 1, 0, 'FeatureValue eliminado', 'FeatureValue', 83, 1, '2020-06-19 17:02:10', '2020-06-19 17:02:10'),
(886, 1, 0, 'FeatureValue eliminado', 'FeatureValue', 79, 1, '2020-06-19 17:02:28', '2020-06-19 17:02:28'),
(887, 1, 0, 'FeatureValue eliminado', 'FeatureValue', 27, 1, '2020-06-19 17:04:39', '2020-06-19 17:04:39'),
(888, 1, 0, 'importar Productos (desde 0 hasta 5)', '', 0, 1, '2020-06-19 17:13:22', '2020-06-19 17:13:22'),
(889, 1, 0, 'importar Productos (desde 5 hasta 20)', '', 0, 1, '2020-06-19 17:13:22', '2020-06-19 17:13:22'),
(890, 1, 0, 'importar Productos (desde 25 hasta 80)', '', 0, 1, '2020-06-19 17:13:22', '2020-06-19 17:13:22'),
(891, 1, 0, 'importar Productos (desde 0 hasta 5)', '', 0, 1, '2020-06-19 17:13:24', '2020-06-19 17:13:24'),
(892, 1, 0, 'importar Productos (desde 5 hasta 14)', '', 0, 1, '2020-06-19 17:13:28', '2020-06-19 17:13:28'),
(893, 1, 0, 'importar Productos (desde 19 hasta 16)', '', 0, 1, '2020-06-19 17:13:33', '2020-06-19 17:13:33'),
(894, 1, 0, 'importar Productos (desde 35 hasta 15)', '', 0, 1, '2020-06-19 17:13:34', '2020-06-19 17:13:34'),
(895, 1, 0, 'importar Productos (desde 0 hasta 5)', '', 0, 1, '2020-06-19 17:13:35', '2020-06-19 17:13:35'),
(896, 1, 0, 'Product modification', 'Product', 23, 1, '2020-06-19 22:02:26', '2020-06-19 22:02:26'),
(897, 1, 0, 'Product modification', 'Product', 24, 1, '2020-06-19 22:26:25', '2020-06-19 22:26:25'),
(898, 1, 0, 'Product modification', 'Product', 25, 1, '2020-06-19 22:26:44', '2020-06-19 22:26:44'),
(899, 1, 0, 'Product modification', 'Product', 28, 1, '2020-06-19 22:27:00', '2020-06-19 22:27:00'),
(900, 1, 0, 'Product modification', 'Product', 26, 1, '2020-06-19 22:27:40', '2020-06-19 22:27:40'),
(901, 1, 0, 'Product modification', 'Product', 27, 1, '2020-06-19 22:28:03', '2020-06-19 22:28:03'),
(902, 1, 0, 'Product modification', 'Product', 29, 1, '2020-06-19 22:28:54', '2020-06-19 22:28:54'),
(903, 1, 0, 'Product modification', 'Product', 30, 1, '2020-06-19 22:29:16', '2020-06-19 22:29:16'),
(904, 1, 0, 'Feature modificación', 'Feature', 8, 1, '2020-06-19 23:13:32', '2020-06-19 23:13:32'),
(905, 1, 0, 'importar Productos (desde 0 hasta 5)', '', 0, 1, '2020-06-19 23:20:45', '2020-06-19 23:20:45'),
(906, 1, 0, 'importar Productos (desde 5 hasta 20)', '', 0, 1, '2020-06-19 23:20:45', '2020-06-19 23:20:45'),
(907, 1, 0, 'importar Productos (desde 25 hasta 80)', '', 0, 1, '2020-06-19 23:20:46', '2020-06-19 23:20:46'),
(908, 1, 0, 'importar Productos (desde 0 hasta 5)', '', 0, 1, '2020-06-19 23:20:46', '2020-06-19 23:20:46'),
(909, 1, 0, 'importar Productos (desde 5 hasta 20)', '', 0, 1, '2020-06-19 23:20:47', '2020-06-19 23:20:47'),
(910, 1, 0, 'importar Productos (desde 25 hasta 80)', '', 0, 1, '2020-06-19 23:20:48', '2020-06-19 23:20:48'),
(911, 1, 0, 'importar Productos (desde 0 hasta 5)', '', 0, 1, '2020-06-19 23:20:49', '2020-06-19 23:20:49'),
(912, 1, 0, 'Feature modificación', 'Feature', 7, 1, '2020-06-19 23:24:10', '2020-06-19 23:24:10'),
(913, 1, 0, 'Product modification', 'Product', 44, 1, '2020-06-19 23:29:05', '2020-06-19 23:29:05'),
(914, 1, 0, 'Product modification', 'Product', 44, 1, '2020-06-19 23:30:12', '2020-06-19 23:30:12'),
(915, 1, 0, 'Product modification', 'Product', 5, 1, '2020-06-19 23:33:00', '2020-06-19 23:33:00'),
(916, 1, 0, 'Product modification', 'Product', 5, 1, '2020-06-19 23:33:31', '2020-06-19 23:33:31'),
(917, 1, 0, 'Product modification', 'Product', 5, 1, '2020-06-19 23:33:43', '2020-06-19 23:33:43'),
(918, 1, 0, 'Product modification', 'Product', 23, 1, '2020-06-19 23:58:00', '2020-06-19 23:58:00'),
(919, 1, 0, 'Product modification', 'Product', 24, 1, '2020-06-19 23:58:18', '2020-06-19 23:58:18'),
(920, 1, 0, 'Product modification', 'Product', 25, 1, '2020-06-19 23:58:40', '2020-06-19 23:58:40'),
(921, 1, 0, 'Product modification', 'Product', 27, 1, '2020-06-19 23:59:34', '2020-06-19 23:59:34'),
(922, 1, 0, 'Conexión al back-office desde 181.170.203.89', '', 0, 1, '2020-06-20 11:32:29', '2020-06-20 11:32:29'),
(923, 1, 0, 'Attribute modificación', 'Attribute', 183, 1, '2020-06-20 11:47:54', '2020-06-20 11:47:54'),
(924, 1, 0, 'Attribute modificación', 'Attribute', 179, 1, '2020-06-20 11:48:08', '2020-06-20 11:48:08'),
(925, 1, 0, 'Attribute modificación', 'Attribute', 175, 1, '2020-06-20 11:48:27', '2020-06-20 11:48:27'),
(926, 1, 0, 'Attribute modificación', 'Attribute', 135, 1, '2020-06-20 11:48:55', '2020-06-20 11:48:55'),
(927, 1, 0, 'Attribute modificación', 'Attribute', 136, 1, '2020-06-20 11:49:05', '2020-06-20 11:49:05'),
(928, 1, 0, 'Attribute modificación', 'Attribute', 136, 1, '2020-06-20 11:49:12', '2020-06-20 11:49:12'),
(929, 1, 0, 'Attribute modificación', 'Attribute', 137, 1, '2020-06-20 11:49:29', '2020-06-20 11:49:29'),
(930, 1, 0, 'Attribute modificación', 'Attribute', 139, 1, '2020-06-20 11:49:42', '2020-06-20 11:49:42'),
(931, 1, 0, 'Attribute modificación', 'Attribute', 140, 1, '2020-06-20 11:49:53', '2020-06-20 11:49:53'),
(932, 1, 0, 'Attribute modificación', 'Attribute', 135, 1, '2020-06-20 11:50:21', '2020-06-20 11:50:21'),
(933, 1, 0, 'Attribute modificación', 'Attribute', 141, 1, '2020-06-20 11:50:39', '2020-06-20 11:50:39'),
(934, 1, 0, 'Attribute modificación', 'Attribute', 143, 1, '2020-06-20 11:50:51', '2020-06-20 11:50:51'),
(935, 1, 0, 'Attribute modificación', 'Attribute', 145, 1, '2020-06-20 11:51:05', '2020-06-20 11:51:05'),
(936, 1, 0, 'Attribute modificación', 'Attribute', 150, 1, '2020-06-20 11:51:23', '2020-06-20 11:51:23'),
(937, 1, 0, 'Attribute modificación', 'Attribute', 154, 1, '2020-06-20 11:52:10', '2020-06-20 11:52:10'),
(938, 1, 0, 'Attribute modificación', 'Attribute', 158, 1, '2020-06-20 11:52:27', '2020-06-20 11:52:27'),
(939, 1, 0, 'Attribute modificación', 'Attribute', 162, 1, '2020-06-20 11:52:42', '2020-06-20 11:52:42'),
(940, 1, 0, 'Attribute modificación', 'Attribute', 166, 1, '2020-06-20 11:52:54', '2020-06-20 11:52:54'),
(941, 1, 0, 'Attribute modificación', 'Attribute', 171, 1, '2020-06-20 11:53:09', '2020-06-20 11:53:09'),
(942, 1, 0, 'Attribute modificación', 'Attribute', 187, 1, '2020-06-20 11:56:11', '2020-06-20 11:56:11'),
(943, 1, 0, 'Attribute modificación', 'Attribute', 191, 1, '2020-06-20 11:56:24', '2020-06-20 11:56:24'),
(944, 1, 0, 'Attribute añadido', 'Attribute', 193, 1, '2020-06-20 11:57:02', '2020-06-20 11:57:02'),
(945, 1, 0, 'Attribute añadido', 'Attribute', 194, 1, '2020-06-20 11:59:00', '2020-06-20 11:59:00'),
(946, 1, 0, 'Attribute añadido', 'Attribute', 195, 1, '2020-06-20 11:59:51', '2020-06-20 11:59:51'),
(947, 1, 0, 'Attribute añadido', 'Attribute', 196, 1, '2020-06-20 12:00:20', '2020-06-20 12:00:20'),
(948, 1, 0, 'Product modification', 'Product', 29, 1, '2020-06-20 12:03:14', '2020-06-20 12:03:14'),
(949, 1, 0, 'Product modification', 'Product', 29, 1, '2020-06-20 12:06:11', '2020-06-20 12:06:11'),
(950, 1, 0, 'Product modification', 'Product', 29, 1, '2020-06-20 12:06:15', '2020-06-20 12:06:15'),
(951, 1, 0, 'AttributeGroup añadido', 'AttributeGroup', 11, 1, '2020-06-20 12:14:44', '2020-06-20 12:14:44'),
(952, 1, 0, 'Attribute añadido', 'Attribute', 197, 1, '2020-06-20 12:19:56', '2020-06-20 12:19:56'),
(953, 1, 0, 'Attribute añadido', 'Attribute', 198, 1, '2020-06-20 12:20:12', '2020-06-20 12:20:12'),
(954, 1, 0, 'Attribute añadido', 'Attribute', 199, 1, '2020-06-20 12:20:20', '2020-06-20 12:20:20'),
(955, 1, 0, 'Attribute añadido', 'Attribute', 200, 1, '2020-06-20 12:20:27', '2020-06-20 12:20:27'),
(956, 1, 0, 'Product modification', 'Product', 29, 1, '2020-06-20 12:21:08', '2020-06-20 12:21:08'),
(957, 1, 0, 'Product modification', 'Product', 29, 1, '2020-06-20 12:21:39', '2020-06-20 12:21:39'),
(958, 1, 0, 'Product modification', 'Product', 29, 1, '2020-06-20 12:21:59', '2020-06-20 12:21:59'),
(959, 1, 0, 'Product modification', 'Product', 29, 1, '2020-06-20 12:22:26', '2020-06-20 12:22:26'),
(960, 1, 0, 'Product modification', 'Product', 29, 1, '2020-06-20 12:23:21', '2020-06-20 12:23:21'),
(961, 1, 0, 'Product modification', 'Product', 29, 1, '2020-06-20 12:23:38', '2020-06-20 12:23:38'),
(962, 1, 0, 'Product modification', 'Product', 29, 1, '2020-06-20 12:24:18', '2020-06-20 12:24:18'),
(963, 1, 0, 'Product modification', 'Product', 29, 1, '2020-06-20 12:24:25', '2020-06-20 12:24:25'),
(964, 1, 0, 'Product modification', 'Product', 29, 1, '2020-06-20 12:24:49', '2020-06-20 12:24:49'),
(965, 1, 0, 'Product modification', 'Product', 29, 1, '2020-06-20 12:26:31', '2020-06-20 12:26:31'),
(966, 1, 0, 'Product modification', 'Product', 29, 1, '2020-06-20 12:27:39', '2020-06-20 12:27:39'),
(967, 1, 0, 'Product modification', 'Product', 29, 1, '2020-06-20 12:28:39', '2020-06-20 12:28:39'),
(968, 1, 0, 'Product modification', 'Product', 29, 1, '2020-06-20 12:30:07', '2020-06-20 12:30:07'),
(969, 1, 0, 'Attribute modificación', 'Attribute', 198, 1, '2020-06-20 12:32:24', '2020-06-20 12:32:24'),
(970, 1, 0, 'Attribute modificación', 'Attribute', 199, 1, '2020-06-20 12:32:35', '2020-06-20 12:32:35'),
(971, 1, 0, 'Attribute modificación', 'Attribute', 200, 1, '2020-06-20 12:32:45', '2020-06-20 12:32:45'),
(972, 1, 0, 'Product modification', 'Product', 29, 1, '2020-06-20 12:36:43', '2020-06-20 12:36:43'),
(973, 1, 0, 'Product modification', 'Product', 29, 1, '2020-06-20 12:37:24', '2020-06-20 12:37:24'),
(974, 1, 0, 'Product modification', 'Product', 29, 1, '2020-06-20 12:38:54', '2020-06-20 12:38:54'),
(975, 1, 0, 'Product modification', 'Product', 30, 1, '2020-06-20 12:40:41', '2020-06-20 12:40:41'),
(976, 1, 0, 'Product modification', 'Product', 30, 1, '2020-06-20 12:41:33', '2020-06-20 12:41:33'),
(977, 1, 0, 'Product modification', 'Product', 30, 1, '2020-06-20 12:42:06', '2020-06-20 12:42:06'),
(978, 1, 0, 'Product modification', 'Product', 30, 1, '2020-06-20 12:45:06', '2020-06-20 12:45:06'),
(979, 1, 0, 'Product modification', 'Product', 30, 1, '2020-06-20 12:45:32', '2020-06-20 12:45:32'),
(980, 1, 0, 'Product modification', 'Product', 30, 1, '2020-06-20 12:47:54', '2020-06-20 12:47:54'),
(981, 1, 0, 'Product modification', 'Product', 30, 1, '2020-06-20 12:48:55', '2020-06-20 12:48:55'),
(982, 1, 0, 'Product modification', 'Product', 30, 1, '2020-06-20 12:49:07', '2020-06-20 12:49:07'),
(983, 1, 0, 'Product modification', 'Product', 26, 1, '2020-06-20 12:53:45', '2020-06-20 12:53:45'),
(984, 1, 0, 'CustomerAddress modificación', 'CustomerAddress', 12, 1, '2020-06-20 13:00:40', '2020-06-20 13:00:40'),
(985, 1, 0, 'CustomerAddress modificación', 'CustomerAddress', 12, 1, '2020-06-20 13:01:02', '2020-06-20 13:01:02'),
(986, 1, 0, 'CustomerAddress modificación', 'CustomerAddress', 12, 1, '2020-06-20 13:01:28', '2020-06-20 13:01:28'),
(987, 1, 0, 'Product modification', 'Product', 26, 1, '2020-06-20 13:07:27', '2020-06-20 13:07:27'),
(988, 1, 0, 'Product modification', 'Product', 26, 1, '2020-06-20 13:11:52', '2020-06-20 13:11:52'),
(989, 1, 0, 'Product modification', 'Product', 26, 1, '2020-06-20 13:11:58', '2020-06-20 13:11:58'),
(990, 1, 0, 'Product modification', 'Product', 26, 1, '2020-06-20 13:12:08', '2020-06-20 13:12:08'),
(991, 1, 0, 'Product modification', 'Product', 26, 1, '2020-06-20 13:12:49', '2020-06-20 13:12:49'),
(992, 1, 0, 'Product modification', 'Product', 26, 1, '2020-06-20 13:13:34', '2020-06-20 13:13:34'),
(993, 1, 0, 'Product modification', 'Product', 26, 1, '2020-06-20 13:15:28', '2020-06-20 13:15:28'),
(994, 1, 0, 'Product modification', 'Product', 26, 1, '2020-06-20 13:16:19', '2020-06-20 13:16:19'),
(995, 1, 0, 'Product modification', 'Product', 26, 1, '2020-06-20 13:23:17', '2020-06-20 13:23:17'),
(996, 1, 0, 'Product modification', 'Product', 26, 1, '2020-06-20 13:24:26', '2020-06-20 13:24:26'),
(997, 1, 0, 'Product modification', 'Product', 26, 1, '2020-06-20 13:24:58', '2020-06-20 13:24:58'),
(998, 1, 0, 'Product modification', 'Product', 26, 1, '2020-06-20 13:25:10', '2020-06-20 13:25:10'),
(999, 1, 0, 'Product modification', 'Product', 26, 1, '2020-06-20 13:25:35', '2020-06-20 13:25:35'),
(1000, 1, 0, 'Product modification', 'Product', 26, 1, '2020-06-20 13:26:20', '2020-06-20 13:26:20'),
(1001, 1, 0, 'Product modification', 'Product', 26, 1, '2020-06-20 13:26:34', '2020-06-20 13:26:34'),
(1002, 1, 0, 'Product modification', 'Product', 26, 1, '2020-06-20 13:26:46', '2020-06-20 13:26:46'),
(1003, 1, 0, 'Product modification', 'Product', 26, 1, '2020-06-20 13:27:09', '2020-06-20 13:27:09'),
(1004, 1, 0, 'Product modification', 'Product', 26, 1, '2020-06-20 13:27:24', '2020-06-20 13:27:24'),
(1005, 1, 0, 'Product modification', 'Product', 26, 1, '2020-06-20 13:27:34', '2020-06-20 13:27:34'),
(1006, 1, 0, 'Product modification', 'Product', 26, 1, '2020-06-20 13:27:54', '2020-06-20 13:27:54'),
(1007, 1, 0, 'Product modification', 'Product', 26, 1, '2020-06-20 13:28:39', '2020-06-20 13:28:39'),
(1008, 1, 0, 'Product modification', 'Product', 26, 1, '2020-06-20 13:29:08', '2020-06-20 13:29:08'),
(1009, 1, 0, 'Product modification', 'Product', 26, 1, '2020-06-20 13:29:42', '2020-06-20 13:29:42'),
(1010, 1, 0, 'Product modification', 'Product', 26, 1, '2020-06-20 13:30:01', '2020-06-20 13:30:01'),
(1011, 1, 0, 'Product modification', 'Product', 26, 1, '2020-06-20 13:30:13', '2020-06-20 13:30:13'),
(1012, 1, 0, 'Product modification', 'Product', 26, 1, '2020-06-20 13:30:25', '2020-06-20 13:30:25'),
(1013, 1, 0, 'Product modification', 'Product', 26, 1, '2020-06-20 13:30:51', '2020-06-20 13:30:51'),
(1014, 1, 0, 'Product modification', 'Product', 26, 1, '2020-06-20 13:31:33', '2020-06-20 13:31:33'),
(1015, 1, 0, 'Product modification', 'Product', 26, 1, '2020-06-20 13:32:06', '2020-06-20 13:32:06'),
(1016, 1, 0, 'Product modification', 'Product', 26, 1, '2020-06-20 13:32:21', '2020-06-20 13:32:21'),
(1017, 1, 0, 'Product modification', 'Product', 26, 1, '2020-06-20 13:33:04', '2020-06-20 13:33:04'),
(1018, 1, 0, 'Product modification', 'Product', 26, 1, '2020-06-20 13:33:24', '2020-06-20 13:33:24'),
(1019, 1, 0, 'Product modification', 'Product', 26, 1, '2020-06-20 13:35:07', '2020-06-20 13:35:07'),
(1020, 1, 0, 'Product modification', 'Product', 26, 1, '2020-06-20 13:35:32', '2020-06-20 13:35:32'),
(1021, 1, 0, 'Product modification', 'Product', 26, 1, '2020-06-20 13:35:45', '2020-06-20 13:35:45'),
(1022, 1, 0, 'Product modification', 'Product', 26, 1, '2020-06-20 13:38:24', '2020-06-20 13:38:24'),
(1023, 1, 0, 'Product modification', 'Product', 26, 1, '2020-06-20 13:38:39', '2020-06-20 13:38:39'),
(1024, 1, 0, 'Product modification', 'Product', 26, 1, '2020-06-20 13:39:23', '2020-06-20 13:39:23'),
(1025, 1, 0, 'Product modification', 'Product', 26, 1, '2020-06-20 13:40:10', '2020-06-20 13:40:10'),
(1026, 1, 0, 'Product modification', 'Product', 26, 1, '2020-06-20 13:40:37', '2020-06-20 13:40:37'),
(1027, 1, 0, 'Product modification', 'Product', 28, 1, '2020-06-20 13:42:30', '2020-06-20 13:42:30'),
(1028, 1, 0, 'Product modification', 'Product', 28, 1, '2020-06-20 13:43:05', '2020-06-20 13:43:05'),
(1029, 1, 0, 'Product modification', 'Product', 26, 1, '2020-06-20 13:43:32', '2020-06-20 13:43:32'),
(1030, 1, 0, 'Product modification', 'Product', 26, 1, '2020-06-20 13:46:43', '2020-06-20 13:46:43'),
(1031, 1, 0, 'Product modification', 'Product', 26, 1, '2020-06-20 13:47:24', '2020-06-20 13:47:24'),
(1032, 1, 0, 'Product modification', 'Product', 26, 1, '2020-06-20 13:47:55', '2020-06-20 13:47:55'),
(1033, 1, 0, 'Product modification', 'Product', 26, 1, '2020-06-20 13:48:42', '2020-06-20 13:48:42'),
(1034, 1, 0, 'Product modification', 'Product', 26, 1, '2020-06-20 13:48:57', '2020-06-20 13:48:57'),
(1035, 1, 0, 'Product modification', 'Product', 28, 1, '2020-06-20 13:52:06', '2020-06-20 13:52:06'),
(1036, 1, 0, 'Conexión al back-office desde 190.178.19.99', '', 0, 1, '2020-06-20 17:45:11', '2020-06-20 17:45:11'),
(1037, 1, 0, 'Product modification', 'Product', 26, 1, '2020-06-20 17:50:56', '2020-06-20 17:50:56'),
(1038, 1, 0, 'Conexión al back-office desde 190.193.41.19', '', 0, 2, '2020-06-20 19:23:27', '2020-06-20 19:23:27'),
(1039, 1, 0, 'Conexión al back-office desde 190.210.222.38', '', 0, 2, '2020-06-22 09:32:12', '2020-06-22 09:32:12'),
(1040, 1, 0, 'Conexión al back-office desde 190.210.222.38', '', 0, 2, '2020-06-22 11:10:04', '2020-06-22 11:10:04'),
(1041, 1, 0, 'Conexión al back-office desde 181.170.203.89', '', 0, 1, '2020-06-22 12:45:58', '2020-06-22 12:45:58'),
(1042, 1, 0, 'Conexión al back-office desde 190.210.222.38', '', 0, 2, '2020-06-22 16:13:18', '2020-06-22 16:13:18'),
(1043, 1, 0, 'Product modification', 'Product', 28, 1, '2020-06-22 17:17:05', '2020-06-22 17:17:05'),
(1044, 1, 0, 'Cart eliminado', 'Cart', 43, 1, '2020-06-22 17:45:08', '2020-06-22 17:45:08'),
(1045, 1, 0, 'Cart eliminado', 'Cart', 41, 1, '2020-06-22 17:45:08', '2020-06-22 17:45:08'),
(1046, 1, 0, 'Cart eliminado', 'Cart', 65, 1, '2020-06-22 17:46:48', '2020-06-22 17:46:48'),
(1047, 1, 0, 'Cart eliminado', 'Cart', 66, 1, '2020-06-22 17:51:20', '2020-06-22 17:51:20'),
(1048, 1, 0, 'Cart eliminado', 'Cart', 67, 1, '2020-06-22 17:55:42', '2020-06-22 17:55:42'),
(1049, 1, 0, 'importar Productos (desde 0 hasta 5)', '', 0, 1, '2020-06-22 23:10:34', '2020-06-22 23:10:34'),
(1050, 1, 0, 'importar Productos (desde 5 hasta 20)', '', 0, 1, '2020-06-22 23:10:34', '2020-06-22 23:10:34'),
(1051, 1, 0, 'importar Productos (desde 25 hasta 80)', '', 0, 1, '2020-06-22 23:10:35', '2020-06-22 23:10:35'),
(1052, 1, 0, 'importar Productos (desde 0 hasta 5)', '', 0, 1, '2020-06-22 23:10:37', '2020-06-22 23:10:37'),
(1053, 1, 0, 'importar Productos (desde 5 hasta 12)', '', 0, 1, '2020-06-22 23:10:41', '2020-06-22 23:10:41'),
(1054, 1, 0, 'importar Productos (desde 17 hasta 15)', '', 0, 1, '2020-06-22 23:10:49', '2020-06-22 23:10:49'),
(1055, 1, 0, 'importar Productos (desde 32 hasta 8)', '', 0, 1, '2020-06-22 23:10:52', '2020-06-22 23:10:52'),
(1056, 1, 0, 'importar Productos (desde 40 hasta 15)', '', 0, 1, '2020-06-22 23:10:56', '2020-06-22 23:10:56'),
(1057, 1, 0, 'importar Productos (desde 55 hasta 17)', '', 0, 1, '2020-06-22 23:11:03', '2020-06-22 23:11:03'),
(1058, 1, 0, 'importar Productos (desde 0 hasta 5)', '', 0, 1, '2020-06-22 23:11:03', '2020-06-22 23:11:03'),
(1059, 1, 0, 'importar Productos (desde 0 hasta 5)', '', 0, 1, '2020-06-22 23:15:48', '2020-06-22 23:15:48'),
(1060, 1, 0, 'importar Productos (desde 5 hasta 20)', '', 0, 1, '2020-06-22 23:15:48', '2020-06-22 23:15:48'),
(1061, 1, 0, 'importar Productos (desde 25 hasta 80)', '', 0, 1, '2020-06-22 23:15:49', '2020-06-22 23:15:49'),
(1062, 1, 0, 'importar Productos (desde 0 hasta 5)', '', 0, 1, '2020-06-22 23:15:49', '2020-06-22 23:15:49'),
(1063, 1, 0, 'importar Productos (desde 5 hasta 20)', '', 0, 1, '2020-06-22 23:15:51', '2020-06-22 23:15:51'),
(1064, 1, 0, 'importar Productos (desde 25 hasta 77)', '', 0, 1, '2020-06-22 23:15:52', '2020-06-22 23:15:52'),
(1065, 1, 0, 'importar Productos (desde 0 hasta 5)', '', 0, 1, '2020-06-22 23:15:52', '2020-06-22 23:15:52'),
(1066, 1, 0, 'importar Productos (desde 5 hasta 20)', '', 0, 1, '2020-06-22 23:15:53', '2020-06-22 23:15:53'),
(1067, 1, 0, 'Product deactivated: 125', '', 0, 1, '2020-06-22 23:24:34', '2020-06-22 23:24:34'),
(1068, 1, 0, 'Product modification', 'Product', 23, 1, '2020-06-22 23:50:16', '2020-06-22 23:50:16'),
(1069, 1, 0, 'Product modification', 'Product', 26, 1, '2020-06-22 23:51:54', '2020-06-22 23:51:54'),
(1070, 1, 0, 'Product modification', 'Product', 26, 1, '2020-06-22 23:52:19', '2020-06-22 23:52:19'),
(1071, 1, 0, 'Product modification', 'Product', 26, 1, '2020-06-22 23:52:26', '2020-06-22 23:52:26'),
(1072, 1, 0, 'Product modification', 'Product', 26, 1, '2020-06-22 23:52:38', '2020-06-22 23:52:38'),
(1073, 1, 0, 'Product modification', 'Product', 26, 1, '2020-06-22 23:53:15', '2020-06-22 23:53:15'),
(1074, 1, 0, 'Product modification', 'Product', 26, 1, '2020-06-22 23:53:52', '2020-06-22 23:53:52'),
(1075, 1, 0, 'Product modification', 'Product', 28, 1, '2020-06-22 23:54:56', '2020-06-22 23:54:56'),
(1076, 1, 0, 'Product modification', 'Product', 25, 1, '2020-06-22 23:56:28', '2020-06-22 23:56:28'),
(1077, 1, 0, 'Product modification', 'Product', 25, 1, '2020-06-22 23:56:57', '2020-06-22 23:56:57'),
(1078, 1, 0, 'Product modification', 'Product', 25, 1, '2020-06-22 23:57:33', '2020-06-22 23:57:33'),
(1079, 1, 0, 'Product modification', 'Product', 27, 1, '2020-06-23 00:00:07', '2020-06-23 00:00:07'),
(1080, 1, 0, 'Product modification', 'Product', 23, 1, '2020-06-23 00:03:39', '2020-06-23 00:03:39'),
(1081, 1, 0, 'ModelFieldSlideShow modificación', 'ModelFieldSlideShow', 2, 1, '2020-06-23 00:18:21', '2020-06-23 00:18:21'),
(1082, 1, 0, 'ModelFieldSlideShow modificación', 'ModelFieldSlideShow', 3, 1, '2020-06-23 00:18:36', '2020-06-23 00:18:36'),
(1083, 1, 0, 'ModelFieldSlideShow modificación', 'ModelFieldSlideShow', 2, 1, '2020-06-23 00:19:38', '2020-06-23 00:19:38'),
(1084, 1, 0, 'ModelFieldSlideShow modificación', 'ModelFieldSlideShow', 3, 1, '2020-06-23 00:19:53', '2020-06-23 00:19:53'),
(1085, 1, 0, 'Conexión al back-office desde 190.210.222.38', '', 0, 2, '2020-06-23 09:27:36', '2020-06-23 09:27:36'),
(1086, 1, 0, 'Conexión al back-office desde 190.210.222.38', '', 0, 2, '2020-06-23 10:13:31', '2020-06-23 10:13:31'),
(1087, 1, 0, 'Conexión al back-office desde 181.170.203.89', '', 0, 1, '2020-06-23 10:35:21', '2020-06-23 10:35:21'),
(1088, 1, 0, 'Product modification', 'Product', 28, 1, '2020-06-23 10:36:42', '2020-06-23 10:36:42'),
(1089, 1, 0, 'Product modification', 'Product', 28, 1, '2020-06-23 10:36:52', '2020-06-23 10:36:52'),
(1090, 1, 0, 'Product modification', 'Product', 28, 1, '2020-06-23 10:37:19', '2020-06-23 10:37:19'),
(1091, 1, 0, 'Product modification', 'Product', 25, 1, '2020-06-23 10:37:53', '2020-06-23 10:37:53'),
(1092, 1, 0, 'Product modification', 'Product', 25, 1, '2020-06-23 10:37:57', '2020-06-23 10:37:57'),
(1093, 1, 0, 'Product modification', 'Product', 24, 1, '2020-06-23 10:38:28', '2020-06-23 10:38:28'),
(1094, 1, 0, 'Product modification', 'Product', 24, 1, '2020-06-23 10:38:31', '2020-06-23 10:38:31'),
(1095, 1, 0, 'Product modification', 'Product', 23, 1, '2020-06-23 10:38:59', '2020-06-23 10:38:59'),
(1096, 1, 0, 'Product modification', 'Product', 23, 1, '2020-06-23 10:39:02', '2020-06-23 10:39:02'),
(1097, 1, 0, 'Product modification', 'Product', 28, 1, '2020-06-23 10:39:13', '2020-06-23 10:39:13'),
(1098, 1, 0, 'Product deactivated: 118', '', 0, 1, '2020-06-23 10:39:27', '2020-06-23 10:39:27'),
(1099, 1, 0, 'Product modification', 'Product', 26, 1, '2020-06-23 10:40:17', '2020-06-23 10:40:17'),
(1100, 1, 0, 'Product modification', 'Product', 30, 1, '2020-06-23 10:43:10', '2020-06-23 10:43:10'),
(1101, 1, 0, 'Product modification', 'Product', 30, 1, '2020-06-23 10:43:19', '2020-06-23 10:43:19'),
(1102, 1, 0, 'Product modification', 'Product', 29, 1, '2020-06-23 10:44:12', '2020-06-23 10:44:12'),
(1103, 1, 0, 'Product modification', 'Product', 29, 1, '2020-06-23 10:44:22', '2020-06-23 10:44:22'),
(1104, 1, 0, 'Frontcontroller::init - Cart cannot be loaded or an order has already been placed using this cart', 'Cart', 69, 0, '2020-06-23 10:47:01', '2020-06-23 10:47:01'),
(1105, 1, 0, 'Conexión al back-office desde 190.210.222.38', '', 0, 2, '2020-06-23 10:49:18', '2020-06-23 10:49:18'),
(1106, 1, 0, 'Conexión al back-office desde 190.210.222.38', '', 0, 2, '2020-06-23 10:54:54', '2020-06-23 10:54:54'),
(1107, 1, 0, 'Conexión al back-office desde 181.170.203.89', '', 0, 1, '2020-06-23 11:07:10', '2020-06-23 11:07:10'),
(1108, 1, 0, 'Product modification', 'Product', 115, 1, '2020-06-23 11:34:29', '2020-06-23 11:34:29'),
(1109, 1, 0, 'Conexión al back-office desde 190.210.222.38', '', 0, 2, '2020-06-23 11:36:59', '2020-06-23 11:36:59'),
(1110, 1, 0, 'Conexión al back-office desde 190.210.222.38', '', 0, 2, '2020-06-23 12:27:50', '2020-06-23 12:27:50'),
(1111, 1, 0, 'importar Productos (desde 0 hasta 5)', '', 0, 1, '2020-06-23 12:32:46', '2020-06-23 12:32:46'),
(1112, 1, 0, 'importar Productos (desde 5 hasta 20)', '', 0, 1, '2020-06-23 12:32:46', '2020-06-23 12:32:46'),
(1113, 1, 0, 'importar Productos (desde 25 hasta 80)', '', 0, 1, '2020-06-23 12:32:47', '2020-06-23 12:32:47'),
(1114, 1, 0, 'importar Productos (desde 105 hasta 100)', '', 0, 1, '2020-06-23 12:32:47', '2020-06-23 12:32:47'),
(1115, 1, 0, 'importar Productos (desde 0 hasta 5)', '', 0, 1, '2020-06-23 12:32:48', '2020-06-23 12:32:48'),
(1116, 1, 0, 'importar Productos (desde 5 hasta 20)', '', 0, 1, '2020-06-23 12:32:49', '2020-06-23 12:32:49'),
(1117, 1, 0, 'importar Productos (desde 25 hasta 74)', '', 0, 1, '2020-06-23 12:32:53', '2020-06-23 12:32:53'),
(1118, 1, 0, 'importar Productos (desde 99 hasta 89)', '', 0, 1, '2020-06-23 12:32:56', '2020-06-23 12:32:56'),
(1119, 1, 0, 'importar Productos (desde 0 hasta 5)', '', 0, 1, '2020-06-23 12:32:56', '2020-06-23 12:32:56'),
(1120, 1, 0, 'ModelFieldSlideShow modificación', 'ModelFieldSlideShow', 1, 1, '2020-06-23 12:41:37', '2020-06-23 12:41:37'),
(1121, 1, 0, 'Conexión al back-office desde 190.193.41.19', '', 0, 2, '2020-06-23 19:52:20', '2020-06-23 19:52:20'),
(1122, 1, 0, 'Conexión al back-office desde 190.210.222.38', '', 0, 2, '2020-06-24 13:54:19', '2020-06-24 13:54:19'),
(1123, 1, 0, 'Conexión al back-office desde 190.210.222.38', '', 0, 2, '2020-06-24 14:58:29', '2020-06-24 14:58:29'),
(1124, 1, 0, 'Conexión al back-office desde 190.210.222.38', '', 0, 2, '2020-06-24 15:13:35', '2020-06-24 15:13:35'),
(1125, 1, 0, 'Conexión al back-office desde 190.210.222.38', '', 0, 2, '2020-06-24 15:53:22', '2020-06-24 15:53:22'),
(1126, 1, 0, 'Conexión al back-office desde 190.210.222.38', '', 0, 2, '2020-06-24 16:28:59', '2020-06-24 16:28:59'),
(1127, 1, 0, 'Conexión al back-office desde 190.210.222.38', '', 0, 2, '2020-06-25 12:30:33', '2020-06-25 12:30:33'),
(1128, 1, 0, 'Conexión al back-office desde 190.210.222.38', '', 0, 2, '2020-06-25 14:14:18', '2020-06-25 14:14:18'),
(1129, 1, 0, 'Frontcontroller::init - Cart cannot be loaded or an order has already been placed using this cart', 'Cart', 73, 0, '2020-06-25 15:46:54', '2020-06-25 15:46:54'),
(1130, 1, 0, 'Conexión al back-office desde 190.210.222.38', '', 0, 2, '2020-06-25 15:56:08', '2020-06-25 15:56:08'),
(1131, 1, 0, 'Conexión al back-office desde 181.170.203.89', '', 0, 1, '2020-06-25 19:56:28', '2020-06-25 19:56:28'),
(1132, 1, 0, 'Conexión al back-office desde 190.210.222.38', '', 0, 2, '2020-06-26 10:15:26', '2020-06-26 10:15:26'),
(1133, 1, 0, 'Conexión al back-office desde 181.170.203.89', '', 0, 1, '2020-06-26 12:48:05', '2020-06-26 12:48:05'),
(1134, 1, 0, 'ModelFieldSlideShow modificación', 'ModelFieldSlideShow', 1, 1, '2020-06-26 16:51:11', '2020-06-26 16:51:11'),
(1135, 1, 0, 'FeatureValue modificación', 'FeatureValue', 31, 1, '2020-06-26 19:16:22', '2020-06-26 19:16:22'),
(1136, 1, 0, 'FeatureValue modificación', 'FeatureValue', 98, 1, '2020-06-26 19:20:17', '2020-06-26 19:20:17'),
(1137, 1, 0, 'FeatureValue modificación', 'FeatureValue', 96, 1, '2020-06-26 19:20:32', '2020-06-26 19:20:32'),
(1138, 1, 0, 'Product modification', 'Product', 28, 1, '2020-06-26 19:49:03', '2020-06-26 19:49:03'),
(1139, 1, 0, 'Product modification', 'Product', 28, 1, '2020-06-26 19:49:54', '2020-06-26 19:49:54'),
(1140, 1, 0, 'Product modification', 'Product', 28, 1, '2020-06-26 19:50:33', '2020-06-26 19:50:33'),
(1141, 1, 0, 'Product modification', 'Product', 28, 1, '2020-06-26 20:00:48', '2020-06-26 20:00:48'),
(1142, 1, 0, 'Product modification', 'Product', 28, 1, '2020-06-26 20:24:10', '2020-06-26 20:24:10'),
(1143, 1, 0, 'Product modification', 'Product', 25, 1, '2020-06-26 20:27:11', '2020-06-26 20:27:11'),
(1144, 1, 0, 'Product modification', 'Product', 25, 1, '2020-06-26 20:27:36', '2020-06-26 20:27:36'),
(1145, 1, 0, 'Product modification', 'Product', 26, 1, '2020-06-26 20:28:35', '2020-06-26 20:28:35'),
(1146, 1, 0, 'Product modification', 'Product', 26, 1, '2020-06-26 20:32:00', '2020-06-26 20:32:00'),
(1147, 1, 0, 'Product modification', 'Product', 26, 1, '2020-06-26 20:32:41', '2020-06-26 20:32:41'),
(1148, 1, 0, 'Product modification', 'Product', 26, 1, '2020-06-26 20:33:09', '2020-06-26 20:33:09'),
(1149, 1, 0, 'Product modification', 'Product', 26, 1, '2020-06-26 20:33:26', '2020-06-26 20:33:26'),
(1150, 1, 0, 'Product modification', 'Product', 26, 1, '2020-06-26 20:33:54', '2020-06-26 20:33:54'),
(1151, 1, 0, 'Product modification', 'Product', 26, 1, '2020-06-26 21:58:47', '2020-06-26 21:58:47'),
(1152, 1, 0, 'Product modification', 'Product', 26, 1, '2020-06-26 22:10:11', '2020-06-26 22:10:11'),
(1153, 1, 0, 'Conexión al back-office desde 190.178.3.222', '', 0, 1, '2020-06-27 11:08:52', '2020-06-27 11:08:52'),
(1154, 1, 0, 'Conexión al back-office desde 190.193.41.19', '', 0, 2, '2020-06-28 15:43:03', '2020-06-28 15:43:03'),
(1155, 1, 0, 'Conexión al back-office desde 181.170.203.89', '', 0, 1, '2020-06-30 20:50:43', '2020-06-30 20:50:43'),
(1156, 1, 0, 'Product modification', 'Product', 23, 1, '2020-06-30 20:54:11', '2020-06-30 20:54:11'),
(1157, 1, 0, 'Product modification', 'Product', 23, 1, '2020-06-30 20:54:16', '2020-06-30 20:54:16'),
(1158, 1, 0, 'Product modification', 'Product', 25, 1, '2020-06-30 20:55:24', '2020-06-30 20:55:24'),
(1159, 1, 0, 'Product modification', 'Product', 25, 1, '2020-06-30 20:55:26', '2020-06-30 20:55:26'),
(1160, 1, 0, 'Product modification', 'Product', 28, 1, '2020-06-30 20:58:27', '2020-06-30 20:58:27'),
(1161, 1, 0, 'Product modification', 'Product', 23, 1, '2020-06-30 20:59:01', '2020-06-30 20:59:01'),
(1162, 1, 0, 'Product modification', 'Product', 25, 1, '2020-06-30 20:59:43', '2020-06-30 20:59:43'),
(1163, 1, 0, 'Product modification', 'Product', 26, 1, '2020-06-30 21:00:00', '2020-06-30 21:00:00'),
(1164, 1, 0, 'Product modification', 'Product', 27, 1, '2020-06-30 21:00:45', '2020-06-30 21:00:45'),
(1165, 1, 0, 'Product modification', 'Product', 27, 1, '2020-06-30 21:00:48', '2020-06-30 21:00:48'),
(1166, 1, 0, 'Conexión al back-office desde 181.170.203.89', '', 0, 1, '2020-07-02 12:01:22', '2020-07-02 12:01:22'),
(1167, 1, 0, 'importar Productos (desde 0 hasta 5)', '', 0, 1, '2020-07-02 12:16:02', '2020-07-02 12:16:02'),
(1168, 1, 0, 'importar Productos (desde 5 hasta 20)', '', 0, 1, '2020-07-02 12:16:02', '2020-07-02 12:16:02'),
(1169, 1, 0, 'importar Productos (desde 0 hasta 5)', '', 0, 1, '2020-07-02 12:16:03', '2020-07-02 12:16:03'),
(1170, 1, 0, 'importar Productos (desde 5 hasta 20)', '', 0, 1, '2020-07-02 12:16:09', '2020-07-02 12:16:09'),
(1171, 1, 0, 'importar Productos (desde 0 hasta 5)', '', 0, 1, '2020-07-02 12:16:09', '2020-07-02 12:16:09'),
(1172, 1, 0, 'Conexión al back-office desde 190.178.20.18', '', 0, 1, '2020-07-04 07:30:35', '2020-07-04 07:30:35'),
(1173, 1, 0, 'Product modification', 'Product', 17, 1, '2020-07-04 07:31:56', '2020-07-04 07:31:56'),
(1174, 1, 0, 'Protect vendor folder in module gsitemap', '', 0, 1, '2020-07-04 07:32:46', '2020-07-04 07:32:46'),
(1175, 1, 0, 'Protect vendor folder in module ps_wirepayment', '', 0, 1, '2020-07-04 07:36:41', '2020-07-04 07:36:41'),
(1176, 1, 0, 'Protect vendor folder in module ps_languageselector', '', 0, 1, '2020-07-04 07:37:02', '2020-07-04 07:37:02'),
(1177, 1, 0, 'Protect vendor folder in module ps_emailsubscription', '', 0, 1, '2020-07-04 07:39:03', '2020-07-04 07:39:03'),
(1178, 1, 0, 'Product modification', 'Product', 17, 1, '2020-07-04 07:39:20', '2020-07-04 07:39:20'),
(1179, 1, 0, 'Product modification', 'Product', 17, 1, '2020-07-04 07:41:31', '2020-07-04 07:41:31'),
(1180, 1, 0, 'WhatsappChatBlock modificación', 'WhatsappChatBlock', 1, 1, '2020-07-04 07:44:45', '2020-07-04 07:44:45'),
(1181, 1, 0, 'Product modification', 'Product', 33, 1, '2020-07-04 08:28:01', '2020-07-04 08:28:01'),
(1182, 1, 0, 'Product modification', 'Product', 33, 1, '2020-07-04 08:28:10', '2020-07-04 08:28:10'),
(1183, 1, 0, 'Product modification', 'Product', 33, 1, '2020-07-04 08:28:24', '2020-07-04 08:28:24'),
(1184, 1, 0, 'Product modification', 'Product', 33, 1, '2020-07-04 08:31:42', '2020-07-04 08:31:42'),
(1185, 1, 0, 'Protect vendor folder in module fieldnewproductslider', '', 0, 1, '2020-07-04 08:39:09', '2020-07-04 08:39:09'),
(1186, 1, 0, 'Module fieldnewproductslider has no vendor folder', '', 0, 1, '2020-07-04 08:39:09', '2020-07-04 08:39:09'),
(1187, 1, 0, 'Protect vendor folder in module fieldbestsellers', '', 0, 1, '2020-07-04 08:39:24', '2020-07-04 08:39:24'),
(1188, 1, 0, 'Module fieldbestsellers has no vendor folder', '', 0, 1, '2020-07-04 08:39:24', '2020-07-04 08:39:24'),
(1189, 1, 0, 'ModelFieldSlideShow modificación', 'ModelFieldSlideShow', 1, 1, '2020-07-04 08:50:35', '2020-07-04 08:50:35'),
(1190, 1, 0, 'ModelFieldSlideShow modificación', 'ModelFieldSlideShow', 1, 1, '2020-07-04 08:50:57', '2020-07-04 08:50:57'),
(1191, 1, 0, 'ModelFieldSlideShow modificación', 'ModelFieldSlideShow', 1, 1, '2020-07-04 09:02:28', '2020-07-04 09:02:28'),
(1192, 1, 0, 'ModelFieldSlideShow modificación', 'ModelFieldSlideShow', 1, 1, '2020-07-04 09:02:36', '2020-07-04 09:02:36'),
(1193, 1, 0, 'ModelFieldSlideShow modificación', 'ModelFieldSlideShow', 1, 1, '2020-07-04 09:06:59', '2020-07-04 09:06:59'),
(1194, 1, 0, 'ModelFieldSlideShow modificación', 'ModelFieldSlideShow', 1, 1, '2020-07-04 09:09:29', '2020-07-04 09:09:29'),
(1195, 1, 0, 'ModelFieldSlideShow modificación', 'ModelFieldSlideShow', 1, 1, '2020-07-04 09:19:24', '2020-07-04 09:19:24'),
(1196, 1, 0, 'ModelFieldSlideShow modificación', 'ModelFieldSlideShow', 1, 1, '2020-07-04 09:21:19', '2020-07-04 09:21:19'),
(1197, 1, 0, 'ModelFieldSlideShow modificación', 'ModelFieldSlideShow', 1, 1, '2020-07-04 09:21:40', '2020-07-04 09:21:40'),
(1198, 1, 0, 'ModelFieldSlideShow modificación', 'ModelFieldSlideShow', 1, 1, '2020-07-04 09:31:10', '2020-07-04 09:31:10'),
(1199, 1, 0, 'ModelFieldSlideShow modificación', 'ModelFieldSlideShow', 1, 1, '2020-07-04 09:31:20', '2020-07-04 09:31:20'),
(1200, 1, 0, 'ModelFieldSlideShow modificación', 'ModelFieldSlideShow', 2, 1, '2020-07-04 09:33:45', '2020-07-04 09:33:45'),
(1201, 1, 0, 'ModelFieldSlideShow modificación', 'ModelFieldSlideShow', 3, 1, '2020-07-04 09:33:53', '2020-07-04 09:33:53'),
(1202, 1, 0, 'Conexión al back-office desde 181.170.203.89', '', 0, 1, '2020-07-04 11:06:53', '2020-07-04 11:06:53'),
(1203, 1, 0, 'Protect vendor folder in module fieldbrandslider', '', 0, 1, '2020-07-04 11:18:53', '2020-07-04 11:18:53'),
(1204, 1, 0, 'Module fieldbrandslider has no vendor folder', '', 0, 1, '2020-07-04 11:18:53', '2020-07-04 11:18:53'),
(1205, 1, 0, 'Frontcontroller::init - Cart cannot be loaded or an order has already been placed using this cart', 'Cart', 89, 0, '2020-07-05 01:30:58', '2020-07-05 01:30:58'),
(1206, 1, 0, 'Conexión al back-office desde 190.210.222.38', '', 0, 2, '2020-07-06 14:29:41', '2020-07-06 14:29:41'),
(1207, 1, 0, 'Conexión al back-office desde 190.210.222.38', '', 0, 2, '2020-07-06 14:54:20', '2020-07-06 14:54:20'),
(1208, 1, 0, 'Conexión al back-office desde 181.170.203.89', '', 0, 1, '2020-07-06 15:08:35', '2020-07-06 15:08:35'),
(1209, 1, 0, 'Conexión al back-office desde 181.170.203.89', '', 0, 1, '2020-07-07 12:11:10', '2020-07-07 12:11:10'),
(1210, 1, 0, 'Conexión al back-office desde 181.170.202.20', '', 0, 1, '2020-07-08 17:33:19', '2020-07-08 17:33:19'),
(1211, 1, 0, 'Conexión al back-office desde 190.19.123.120', '', 0, 3, '2020-07-08 17:49:28', '2020-07-08 17:49:28'),
(1212, 1, 0, 'Product modification', 'Product', 27, 3, '2020-07-08 18:27:56', '2020-07-08 18:27:56'),
(1213, 1, 0, 'Product modification', 'Product', 27, 3, '2020-07-08 18:30:23', '2020-07-08 18:30:23'),
(1214, 1, 0, 'Product modification', 'Product', 27, 3, '2020-07-08 18:57:59', '2020-07-08 18:57:59'),
(1215, 1, 0, 'Conexión al back-office desde 190.19.123.120', '', 0, 3, '2020-07-08 18:58:38', '2020-07-08 18:58:38'),
(1216, 1, 0, 'Product duplicated: (from 27 to 134).', '', 0, 3, '2020-07-08 19:06:15', '2020-07-08 19:06:15'),
(1217, 1, 0, 'Product modification', 'Product', 134, 3, '2020-07-08 19:13:19', '2020-07-08 19:13:19'),
(1218, 1, 0, 'Product modification', 'Product', 134, 3, '2020-07-08 19:13:39', '2020-07-08 19:13:39'),
(1219, 1, 0, 'Product modification', 'Product', 134, 3, '2020-07-08 19:15:41', '2020-07-08 19:15:41'),
(1220, 1, 0, 'Product modification', 'Product', 134, 3, '2020-07-08 19:17:20', '2020-07-08 19:17:20'),
(1221, 1, 0, 'Product modification', 'Product', 134, 3, '2020-07-08 19:19:57', '2020-07-08 19:19:57'),
(1222, 1, 0, 'Product modification', 'Product', 134, 3, '2020-07-08 19:20:00', '2020-07-08 19:20:00'),
(1223, 1, 0, 'Product modification', 'Product', 134, 3, '2020-07-08 19:20:50', '2020-07-08 19:20:50'),
(1224, 1, 0, 'Product modification', 'Product', 134, 3, '2020-07-08 19:23:32', '2020-07-08 19:23:32'),
(1225, 1, 0, 'Product modification', 'Product', 134, 3, '2020-07-08 19:23:42', '2020-07-08 19:23:42'),
(1226, 1, 0, 'Product modification', 'Product', 134, 3, '2020-07-08 19:24:49', '2020-07-08 19:24:49'),
(1227, 1, 0, 'Product modification', 'Product', 134, 3, '2020-07-08 19:25:04', '2020-07-08 19:25:04'),
(1228, 1, 0, 'Product modification', 'Product', 134, 1, '2020-07-08 19:25:44', '2020-07-08 19:25:44'),
(1229, 1, 0, 'Product modification', 'Product', 134, 1, '2020-07-08 19:26:19', '2020-07-08 19:26:19'),
(1230, 1, 0, 'Product modification', 'Product', 134, 1, '2020-07-08 19:26:48', '2020-07-08 19:26:48'),
(1231, 1, 0, 'Product modification', 'Product', 134, 1, '2020-07-08 19:27:20', '2020-07-08 19:27:20'),
(1232, 1, 0, 'Product modification', 'Product', 134, 1, '2020-07-08 19:27:53', '2020-07-08 19:27:53'),
(1233, 1, 0, 'Product modification', 'Product', 27, 3, '2020-07-08 19:33:03', '2020-07-08 19:33:03'),
(1234, 1, 0, 'Product modification', 'Product', 27, 1, '2020-07-08 19:34:31', '2020-07-08 19:34:31'),
(1235, 1, 0, 'Product modification', 'Product', 27, 1, '2020-07-08 19:34:51', '2020-07-08 19:34:51'),
(1236, 1, 0, 'Product modification', 'Product', 27, 1, '2020-07-08 19:37:02', '2020-07-08 19:37:02'),
(1237, 1, 0, 'Product modification', 'Product', 27, 1, '2020-07-08 19:37:21', '2020-07-08 19:37:21'),
(1238, 1, 0, 'Product modification', 'Product', 27, 1, '2020-07-08 22:18:13', '2020-07-08 22:18:13'),
(1239, 1, 0, 'Product modification', 'Product', 27, 1, '2020-07-08 23:56:32', '2020-07-08 23:56:32'),
(1240, 1, 0, 'Product modification', 'Product', 27, 1, '2020-07-08 23:56:52', '2020-07-08 23:56:52'),
(1241, 1, 0, 'Conexión al back-office desde 190.19.123.120', '', 0, 3, '2020-07-09 16:21:41', '2020-07-09 16:21:41'),
(1242, 1, 0, 'Product modification', 'Product', 23, 3, '2020-07-09 16:25:04', '2020-07-09 16:25:04'),
(1243, 1, 0, 'Product modification', 'Product', 24, 3, '2020-07-09 16:26:52', '2020-07-09 16:26:52'),
(1244, 1, 0, 'Product modification', 'Product', 24, 3, '2020-07-09 16:27:24', '2020-07-09 16:27:24'),
(1245, 1, 0, 'Product modification', 'Product', 25, 3, '2020-07-09 16:29:23', '2020-07-09 16:29:23'),
(1246, 1, 0, 'Product modification', 'Product', 25, 3, '2020-07-09 16:29:46', '2020-07-09 16:29:46'),
(1247, 1, 0, 'Product modification', 'Product', 26, 3, '2020-07-09 16:30:57', '2020-07-09 16:30:57'),
(1248, 1, 0, 'Product modification', 'Product', 27, 3, '2020-07-09 16:31:56', '2020-07-09 16:31:56'),
(1249, 1, 0, 'Product modification', 'Product', 28, 3, '2020-07-09 16:32:44', '2020-07-09 16:32:44'),
(1250, 1, 0, 'Product modification', 'Product', 28, 3, '2020-07-09 16:49:05', '2020-07-09 16:49:05'),
(1251, 1, 0, 'Product modification', 'Product', 134, 3, '2020-07-09 16:50:25', '2020-07-09 16:50:25'),
(1252, 1, 0, 'Conexión al back-office desde 181.170.202.20', '', 0, 1, '2020-07-09 20:13:41', '2020-07-09 20:13:41'),
(1253, 1, 0, 'Conexión al back-office desde 190.19.123.120', '', 0, 3, '2020-07-12 17:12:30', '2020-07-12 17:12:30'),
(1254, 1, 0, 'Product modification', 'Product', 134, 3, '2020-07-12 17:18:54', '2020-07-12 17:18:54'),
(1255, 1, 0, 'Product modification', 'Product', 134, 3, '2020-07-12 17:19:46', '2020-07-12 17:19:46'),
(1256, 1, 0, 'Product duplicated: (from 26 to 135).', '', 0, 3, '2020-07-12 17:21:20', '2020-07-12 17:21:20'),
(1257, 1, 0, 'Product modification', 'Product', 135, 3, '2020-07-12 17:24:24', '2020-07-12 17:24:24'),
(1258, 1, 0, 'Product modification', 'Product', 135, 3, '2020-07-12 17:38:14', '2020-07-12 17:38:14'),
(1259, 1, 0, 'Product duplicated: (from 23 to 136).', '', 0, 3, '2020-07-12 17:43:02', '2020-07-12 17:43:02'),
(1260, 1, 0, 'Product modification', 'Product', 136, 3, '2020-07-12 17:45:59', '2020-07-12 17:45:59'),
(1261, 1, 0, 'Product modification', 'Product', 136, 3, '2020-07-12 17:47:11', '2020-07-12 17:47:11'),
(1262, 1, 0, 'Product modification', 'Product', 136, 3, '2020-07-12 17:48:17', '2020-07-12 17:48:17'),
(1263, 1, 0, 'Product duplicated: (from 28 to 137).', '', 0, 3, '2020-07-12 17:48:48', '2020-07-12 17:48:48'),
(1264, 1, 0, 'Product modification', 'Product', 137, 3, '2020-07-12 17:49:56', '2020-07-12 17:49:56'),
(1265, 1, 0, 'Product modification', 'Product', 137, 3, '2020-07-12 17:52:58', '2020-07-12 17:52:58'),
(1266, 1, 0, 'Product modification', 'Product', 137, 3, '2020-07-12 17:54:22', '2020-07-12 17:54:22');
INSERT INTO `ps_log` (`id_log`, `severity`, `error_code`, `message`, `object_type`, `object_id`, `id_employee`, `date_add`, `date_upd`) VALUES
(1267, 1, 0, 'Product modification', 'Product', 137, 3, '2020-07-12 17:54:55', '2020-07-12 17:54:55'),
(1268, 1, 0, 'Product duplicated: (from 25 to 138).', '', 0, 3, '2020-07-12 17:58:36', '2020-07-12 17:58:36'),
(1269, 1, 0, 'Product modification', 'Product', 138, 3, '2020-07-12 18:00:24', '2020-07-12 18:00:24'),
(1270, 1, 0, 'Product modification', 'Product', 138, 3, '2020-07-12 18:01:39', '2020-07-12 18:01:39'),
(1271, 1, 0, 'Product modification', 'Product', 138, 3, '2020-07-12 18:02:28', '2020-07-12 18:02:28'),
(1272, 1, 0, 'Product modification', 'Product', 138, 3, '2020-07-12 18:02:31', '2020-07-12 18:02:31'),
(1273, 1, 0, 'Product modification', 'Product', 138, 3, '2020-07-12 18:03:10', '2020-07-12 18:03:10'),
(1274, 1, 0, 'Product duplicated: (from 24 to 139).', '', 0, 3, '2020-07-12 18:03:56', '2020-07-12 18:03:56'),
(1275, 1, 0, 'Product modification', 'Product', 139, 3, '2020-07-12 18:05:45', '2020-07-12 18:05:45'),
(1276, 1, 0, 'Product modification', 'Product', 139, 3, '2020-07-12 18:06:06', '2020-07-12 18:06:06'),
(1277, 1, 0, 'Product modification', 'Product', 139, 3, '2020-07-12 18:06:26', '2020-07-12 18:06:26'),
(1278, 1, 0, 'Product modification', 'Product', 139, 3, '2020-07-12 18:06:32', '2020-07-12 18:06:32'),
(1279, 1, 0, 'Product modification', 'Product', 134, 3, '2020-07-12 18:10:20', '2020-07-12 18:10:20'),
(1280, 1, 0, 'Product modification', 'Product', 139, 3, '2020-07-12 18:11:19', '2020-07-12 18:11:19'),
(1281, 1, 0, 'Product modification', 'Product', 138, 3, '2020-07-12 18:11:43', '2020-07-12 18:11:43'),
(1282, 1, 0, 'Product modification', 'Product', 137, 3, '2020-07-12 18:11:59', '2020-07-12 18:11:59'),
(1283, 1, 0, 'Product modification', 'Product', 136, 3, '2020-07-12 18:12:35', '2020-07-12 18:12:35'),
(1284, 1, 0, 'Product modification', 'Product', 135, 3, '2020-07-12 18:12:55', '2020-07-12 18:12:55'),
(1285, 1, 0, 'Product modification', 'Product', 134, 3, '2020-07-12 18:17:05', '2020-07-12 18:17:05'),
(1286, 1, 0, 'Product modification', 'Product', 134, 3, '2020-07-12 18:17:26', '2020-07-12 18:17:26'),
(1287, 1, 0, 'Product modification', 'Product', 134, 3, '2020-07-12 18:17:28', '2020-07-12 18:17:28'),
(1288, 1, 0, 'Product modification', 'Product', 139, 3, '2020-07-12 18:18:29', '2020-07-12 18:18:29'),
(1289, 1, 0, 'Product modification', 'Product', 139, 3, '2020-07-12 18:19:43', '2020-07-12 18:19:43'),
(1290, 1, 0, 'Product modification', 'Product', 139, 3, '2020-07-12 18:19:49', '2020-07-12 18:19:49'),
(1291, 1, 0, 'Product modification', 'Product', 138, 3, '2020-07-12 18:20:56', '2020-07-12 18:20:56'),
(1292, 1, 0, 'Product modification', 'Product', 138, 3, '2020-07-12 18:21:01', '2020-07-12 18:21:01'),
(1293, 1, 0, 'Product modification', 'Product', 137, 3, '2020-07-12 18:22:19', '2020-07-12 18:22:19'),
(1294, 1, 0, 'Product modification', 'Product', 137, 3, '2020-07-12 18:24:11', '2020-07-12 18:24:11'),
(1295, 1, 0, 'Product modification', 'Product', 137, 3, '2020-07-12 18:24:15', '2020-07-12 18:24:15'),
(1296, 1, 0, 'Product modification', 'Product', 135, 3, '2020-07-12 18:25:19', '2020-07-12 18:25:19'),
(1297, 1, 0, 'Product modification', 'Product', 135, 3, '2020-07-12 18:25:30', '2020-07-12 18:25:30'),
(1298, 1, 0, 'Product modification', 'Product', 135, 3, '2020-07-12 18:25:43', '2020-07-12 18:25:43'),
(1299, 1, 0, 'Product modification', 'Product', 135, 3, '2020-07-12 18:25:50', '2020-07-12 18:25:50'),
(1300, 1, 0, 'Product modification', 'Product', 135, 3, '2020-07-12 18:26:37', '2020-07-12 18:26:37'),
(1301, 1, 0, 'Product modification', 'Product', 28, 3, '2020-07-12 18:31:42', '2020-07-12 18:31:42'),
(1302, 1, 0, 'Product modification', 'Product', 28, 3, '2020-07-12 18:31:45', '2020-07-12 18:31:45'),
(1303, 1, 0, 'Product modification', 'Product', 137, 3, '2020-07-12 18:32:42', '2020-07-12 18:32:42'),
(1304, 1, 0, 'Product modification', 'Product', 28, 3, '2020-07-12 18:33:34', '2020-07-12 18:33:34'),
(1305, 1, 0, 'Product modification', 'Product', 23, 3, '2020-07-12 18:36:03', '2020-07-12 18:36:03'),
(1306, 1, 0, 'Product modification', 'Product', 23, 3, '2020-07-12 18:36:09', '2020-07-12 18:36:09'),
(1307, 1, 0, 'Product modification', 'Product', 26, 3, '2020-07-12 18:37:23', '2020-07-12 18:37:23'),
(1308, 1, 0, 'Product modification', 'Product', 26, 3, '2020-07-12 18:37:25', '2020-07-12 18:37:25'),
(1309, 1, 0, 'Product modification', 'Product', 135, 3, '2020-07-12 18:37:43', '2020-07-12 18:37:43'),
(1310, 1, 0, 'Product modification', 'Product', 26, 3, '2020-07-12 18:37:47', '2020-07-12 18:37:47'),
(1311, 1, 0, 'Product modification', 'Product', 134, 3, '2020-07-12 18:43:39', '2020-07-12 18:43:39'),
(1312, 1, 0, 'Product modification', 'Product', 134, 3, '2020-07-12 18:44:41', '2020-07-12 18:44:41'),
(1313, 1, 0, 'Product modification', 'Product', 134, 3, '2020-07-12 18:44:58', '2020-07-12 18:44:58'),
(1314, 1, 0, 'Product modification', 'Product', 134, 3, '2020-07-12 18:45:02', '2020-07-12 18:45:02'),
(1315, 1, 0, 'Product modification', 'Product', 137, 3, '2020-07-12 18:46:41', '2020-07-12 18:46:41'),
(1316, 1, 0, 'Product modification', 'Product', 137, 3, '2020-07-12 18:46:42', '2020-07-12 18:46:42'),
(1317, 1, 0, 'Product modification', 'Product', 136, 3, '2020-07-12 18:52:50', '2020-07-12 18:52:50'),
(1318, 1, 0, 'Product modification', 'Product', 136, 3, '2020-07-12 18:52:51', '2020-07-12 18:52:51'),
(1319, 1, 0, 'Product modification', 'Product', 135, 3, '2020-07-12 18:53:31', '2020-07-12 18:53:31'),
(1320, 1, 0, 'Product modification', 'Product', 135, 3, '2020-07-12 18:53:32', '2020-07-12 18:53:32'),
(1321, 1, 0, 'Product modification', 'Product', 134, 3, '2020-07-12 18:54:32', '2020-07-12 18:54:32'),
(1322, 1, 0, 'Product modification', 'Product', 135, 3, '2020-07-12 18:55:03', '2020-07-12 18:55:03'),
(1323, 1, 0, 'Product modification', 'Product', 136, 3, '2020-07-12 18:55:21', '2020-07-12 18:55:21'),
(1324, 1, 0, 'Product modification', 'Product', 137, 3, '2020-07-12 18:56:44', '2020-07-12 18:56:44'),
(1325, 1, 0, 'Product modification', 'Product', 137, 3, '2020-07-12 19:01:25', '2020-07-12 19:01:25'),
(1326, 1, 0, 'Product modification', 'Product', 137, 3, '2020-07-12 19:01:26', '2020-07-12 19:01:26'),
(1327, 1, 0, 'Product modification', 'Product', 136, 3, '2020-07-12 19:01:48', '2020-07-12 19:01:48'),
(1328, 1, 0, 'Product modification', 'Product', 135, 3, '2020-07-12 19:02:04', '2020-07-12 19:02:04'),
(1329, 1, 0, 'Product modification', 'Product', 135, 3, '2020-07-12 19:02:06', '2020-07-12 19:02:06'),
(1330, 1, 0, 'Product modification', 'Product', 134, 3, '2020-07-12 19:02:42', '2020-07-12 19:02:42'),
(1331, 1, 0, 'Product modification', 'Product', 134, 3, '2020-07-12 19:02:45', '2020-07-12 19:02:45'),
(1332, 1, 0, 'Conexión al back-office desde 190.19.123.120', '', 0, 3, '2020-07-13 12:16:16', '2020-07-13 12:16:16'),
(1333, 1, 0, 'Product modification', 'Product', 134, 3, '2020-07-13 12:17:50', '2020-07-13 12:17:50'),
(1334, 1, 0, 'Product modification', 'Product', 134, 3, '2020-07-13 12:19:43', '2020-07-13 12:19:43'),
(1335, 1, 0, 'Product modification', 'Product', 134, 3, '2020-07-13 12:20:07', '2020-07-13 12:20:07'),
(1336, 1, 0, 'Product modification', 'Product', 139, 3, '2020-07-13 12:21:47', '2020-07-13 12:21:47'),
(1337, 1, 0, 'Product modification', 'Product', 139, 3, '2020-07-13 12:23:22', '2020-07-13 12:23:22'),
(1338, 1, 0, 'Product modification', 'Product', 138, 3, '2020-07-13 12:23:52', '2020-07-13 12:23:52'),
(1339, 1, 0, 'Product modification', 'Product', 138, 3, '2020-07-13 12:23:56', '2020-07-13 12:23:56'),
(1340, 1, 0, 'Product modification', 'Product', 137, 3, '2020-07-13 12:25:34', '2020-07-13 12:25:34'),
(1341, 1, 0, 'Product modification', 'Product', 137, 3, '2020-07-13 12:25:37', '2020-07-13 12:25:37'),
(1342, 1, 0, 'Product modification', 'Product', 136, 3, '2020-07-13 12:26:28', '2020-07-13 12:26:28'),
(1343, 1, 0, 'Product modification', 'Product', 136, 3, '2020-07-13 12:26:32', '2020-07-13 12:26:32'),
(1344, 1, 0, 'Product modification', 'Product', 135, 3, '2020-07-13 12:27:19', '2020-07-13 12:27:19'),
(1345, 1, 0, 'Product modification', 'Product', 135, 3, '2020-07-13 12:27:22', '2020-07-13 12:27:22'),
(1346, 1, 0, 'Product modification', 'Product', 134, 3, '2020-07-13 12:28:05', '2020-07-13 12:28:05'),
(1347, 1, 0, 'Product modification', 'Product', 134, 3, '2020-07-13 12:28:15', '2020-07-13 12:28:15'),
(1348, 1, 0, 'Product modification', 'Product', 134, 3, '2020-07-13 12:28:34', '2020-07-13 12:28:34'),
(1349, 1, 0, 'Product modification', 'Product', 137, 3, '2020-07-13 12:29:03', '2020-07-13 12:29:03'),
(1350, 1, 0, 'Product modification', 'Product', 136, 3, '2020-07-13 12:29:26', '2020-07-13 12:29:26'),
(1351, 1, 0, 'Product modification', 'Product', 135, 3, '2020-07-13 12:29:39', '2020-07-13 12:29:39'),
(1352, 1, 0, 'Product modification', 'Product', 139, 3, '2020-07-13 12:35:39', '2020-07-13 12:35:39'),
(1353, 1, 0, 'Product modification', 'Product', 137, 3, '2020-07-13 12:35:55', '2020-07-13 12:35:55'),
(1354, 1, 0, 'Product modification', 'Product', 137, 3, '2020-07-13 12:35:58', '2020-07-13 12:35:58'),
(1355, 1, 0, 'Product modification', 'Product', 138, 3, '2020-07-13 12:36:30', '2020-07-13 12:36:30'),
(1356, 1, 0, 'Product modification', 'Product', 136, 3, '2020-07-13 12:37:07', '2020-07-13 12:37:07'),
(1357, 1, 0, 'Product modification', 'Product', 135, 3, '2020-07-13 12:37:22', '2020-07-13 12:37:22'),
(1358, 1, 0, 'Product modification', 'Product', 135, 3, '2020-07-13 12:37:25', '2020-07-13 12:37:25'),
(1359, 1, 0, 'Product modification', 'Product', 134, 3, '2020-07-13 12:37:49', '2020-07-13 12:37:49'),
(1360, 1, 0, 'Product modification', 'Product', 23, 3, '2020-07-13 12:52:51', '2020-07-13 12:52:51'),
(1361, 1, 0, 'Product modification', 'Product', 23, 3, '2020-07-13 12:53:14', '2020-07-13 12:53:14'),
(1362, 1, 0, 'Product modification', 'Product', 26, 3, '2020-07-13 12:54:36', '2020-07-13 12:54:36'),
(1363, 1, 0, 'Product modification', 'Product', 26, 3, '2020-07-13 12:56:09', '2020-07-13 12:56:09'),
(1364, 1, 0, 'Product modification', 'Product', 28, 3, '2020-07-13 12:56:57', '2020-07-13 12:56:57'),
(1365, 1, 0, 'Conexión al back-office desde 181.170.202.20', '', 0, 1, '2020-07-13 13:51:05', '2020-07-13 13:51:05'),
(1366, 1, 0, 'Product modification', 'Product', 139, 1, '2020-07-13 14:16:37', '2020-07-13 14:16:37'),
(1367, 1, 0, 'Product modification', 'Product', 139, 1, '2020-07-13 14:16:58', '2020-07-13 14:16:58'),
(1368, 1, 0, 'Product modification', 'Product', 139, 1, '2020-07-13 14:17:54', '2020-07-13 14:17:54'),
(1369, 1, 0, 'Conexión al back-office desde 190.178.30.100', '', 0, 1, '2020-07-13 19:07:41', '2020-07-13 19:07:41'),
(1370, 1, 0, 'Protect vendor folder in module ps_mainmenu', '', 0, 1, '2020-07-13 19:08:42', '2020-07-13 19:08:42'),
(1371, 1, 0, 'Protect vendor folder in module dashproducts', '', 0, 1, '2020-07-13 19:08:53', '2020-07-13 19:08:53'),
(1372, 1, 0, 'Product modification', 'Product', 23, 1, '2020-07-13 19:30:10', '2020-07-13 19:30:10'),
(1373, 1, 0, 'Product deactivated: 135', '', 0, 1, '2020-07-13 19:31:05', '2020-07-13 19:31:05'),
(1374, 1, 0, 'Product activated: 135', '', 0, 1, '2020-07-13 19:44:38', '2020-07-13 19:44:38'),
(1375, 1, 0, 'Product activated: 23', '', 0, 1, '2020-07-13 19:44:52', '2020-07-13 19:44:52'),
(1376, 1, 0, 'Conexión al back-office desde 181.170.202.20', '', 0, 1, '2020-07-14 17:45:33', '2020-07-14 17:45:33'),
(1377, 1, 0, 'Conexión al back-office desde 181.167.42.231', '', 0, 1, '2020-07-18 12:42:22', '2020-07-18 12:42:22'),
(1378, 1, 0, 'Frontcontroller::init - Cart cannot be loaded or an order has already been placed using this cart', 'Cart', 109, 0, '2020-07-18 16:00:16', '2020-07-18 16:00:16'),
(1379, 1, 0, 'Conexión al back-office desde 181.171.219.224', '', 0, 1, '2020-07-23 23:08:02', '2020-07-23 23:08:02'),
(1380, 1, 0, 'Conexión al back-office desde 190.210.222.38', '', 0, 2, '2020-07-27 16:37:46', '2020-07-27 16:37:46'),
(1381, 1, 0, 'Conexión al back-office desde 181.170.204.253', '', 0, 1, '2020-07-29 12:52:27', '2020-07-29 12:52:27'),
(1382, 1, 0, 'Frontcontroller::init - Cart cannot be loaded or an order has already been placed using this cart', 'Cart', 112, 0, '2020-07-29 20:05:19', '2020-07-29 20:05:19'),
(1383, 1, 0, 'Frontcontroller::init - Cart cannot be loaded or an order has already been placed using this cart', 'Cart', 112, 0, '2020-07-29 20:05:20', '2020-07-29 20:05:20'),
(1384, 1, 0, 'Conexión al back-office desde 190.210.222.38', '', 0, 2, '2020-07-30 10:06:49', '2020-07-30 10:06:49'),
(1385, 1, 0, 'Conexión al back-office desde 190.210.222.38', '', 0, 2, '2020-07-30 10:38:46', '2020-07-30 10:38:46'),
(1386, 1, 0, 'Conexión al back-office desde 181.170.204.253', '', 0, 1, '2020-07-30 11:32:06', '2020-07-30 11:32:06'),
(1387, 1, 0, 'Conexión al back-office desde 190.210.222.38', '', 0, 2, '2020-07-30 12:45:14', '2020-07-30 12:45:14'),
(1388, 1, 0, 'Conexión al back-office desde 190.210.222.38', '', 0, 2, '2020-07-30 16:51:11', '2020-07-30 16:51:11'),
(1389, 1, 0, 'Conexión al back-office desde 190.178.25.197', '', 0, 1, '2020-07-31 06:48:39', '2020-07-31 06:48:39'),
(1390, 1, 0, 'Protect vendor folder in module blockreassurance', '', 0, 1, '2020-07-31 06:56:20', '2020-07-31 06:56:20'),
(1391, 1, 0, 'Protect vendor folder in module psgdpr', '', 0, 1, '2020-07-31 06:56:39', '2020-07-31 06:56:39'),
(1392, 1, 0, 'Protect vendor folder in module ps_featuredproducts', '', 0, 1, '2020-07-31 06:56:42', '2020-07-31 06:56:42'),
(1393, 1, 0, 'Protect vendor folder in module customfields', '', 0, 1, '2020-07-31 07:00:27', '2020-07-31 07:00:27'),
(1394, 1, 0, 'Module customfields has no vendor folder', '', 0, 1, '2020-07-31 07:00:27', '2020-07-31 07:00:27'),
(1395, 1, 0, 'Product modification', 'Product', 140, 1, '2020-07-31 07:05:05', '2020-07-31 07:05:05'),
(1396, 1, 0, 'AttributeGroup añadido', 'AttributeGroup', 12, 1, '2020-07-31 07:08:59', '2020-07-31 07:08:59'),
(1397, 1, 0, 'AttributeGroup modificación', 'AttributeGroup', 12, 1, '2020-07-31 07:10:21', '2020-07-31 07:10:21'),
(1398, 1, 0, 'Attribute añadido', 'Attribute', 201, 1, '2020-07-31 07:10:52', '2020-07-31 07:10:52'),
(1399, 1, 0, 'Attribute añadido', 'Attribute', 202, 1, '2020-07-31 07:11:09', '2020-07-31 07:11:09'),
(1400, 1, 0, 'Product activated: 140', '', 0, 1, '2020-07-31 07:11:13', '2020-07-31 07:11:13'),
(1401, 1, 0, 'Product modification', 'Product', 140, 1, '2020-07-31 07:11:40', '2020-07-31 07:11:40'),
(1402, 1, 0, 'Product modification', 'Product', 140, 1, '2020-07-31 07:12:14', '2020-07-31 07:12:14'),
(1403, 1, 0, 'AttributeGroup modificación', 'AttributeGroup', 12, 1, '2020-07-31 07:12:44', '2020-07-31 07:12:44'),
(1404, 1, 0, 'Product modification', 'Product', 140, 1, '2020-07-31 07:20:33', '2020-07-31 07:20:33'),
(1405, 1, 0, 'Product modification', 'Product', 140, 1, '2020-07-31 08:05:05', '2020-07-31 08:05:05'),
(1406, 1, 0, 'Conexión al back-office desde 190.178.25.197', '', 0, 1, '2020-07-31 08:36:30', '2020-07-31 08:36:30'),
(1407, 1, 0, 'Conexión al back-office desde 186.18.1.181', '', 0, 1, '2020-07-31 08:41:04', '2020-07-31 08:41:04'),
(1408, 1, 0, 'Attribute modificación', 'Attribute', 201, 1, '2020-08-01 10:18:03', '2020-08-01 10:18:03'),
(1409, 1, 0, 'Attribute modificación', 'Attribute', 202, 1, '2020-08-01 10:18:16', '2020-08-01 10:18:16'),
(1410, 1, 0, 'Product modification', 'Product', 140, 1, '2020-08-01 10:44:23', '2020-08-01 10:44:23'),
(1411, 1, 0, 'Conexión al back-office desde 181.170.204.253', '', 0, 1, '2020-08-03 22:32:45', '2020-08-03 22:32:45'),
(1412, 1, 0, 'Conexión al back-office desde 181.170.204.253', '', 0, 1, '2020-08-05 10:56:03', '2020-08-05 10:56:03'),
(1413, 1, 0, 'Conexión al back-office desde 190.19.123.120', '', 0, 3, '2020-08-10 15:34:20', '2020-08-10 15:34:20'),
(1414, 1, 0, 'Product modification', 'Product', 16, 3, '2020-08-10 15:36:33', '2020-08-10 15:36:33'),
(1415, 1, 0, 'Product modification', 'Product', 16, 3, '2020-08-10 15:37:06', '2020-08-10 15:37:06'),
(1416, 1, 0, 'Product modification', 'Product', 16, 3, '2020-08-10 15:37:28', '2020-08-10 15:37:28'),
(1417, 1, 0, 'Product modification', 'Product', 15, 3, '2020-08-10 15:38:04', '2020-08-10 15:38:04'),
(1418, 1, 0, 'Product modification', 'Product', 14, 3, '2020-08-10 15:38:34', '2020-08-10 15:38:34'),
(1419, 1, 0, 'Product modification', 'Product', 13, 3, '2020-08-10 15:39:19', '2020-08-10 15:39:19'),
(1420, 1, 0, 'Product modification', 'Product', 12, 3, '2020-08-10 15:40:07', '2020-08-10 15:40:07'),
(1421, 1, 0, 'Product modification', 'Product', 11, 3, '2020-08-10 15:40:40', '2020-08-10 15:40:40'),
(1422, 1, 0, 'Product modification', 'Product', 10, 3, '2020-08-10 15:41:11', '2020-08-10 15:41:11'),
(1423, 1, 0, 'Product modification', 'Product', 9, 3, '2020-08-10 15:41:42', '2020-08-10 15:41:42'),
(1424, 1, 0, 'Product modification', 'Product', 8, 3, '2020-08-10 15:42:27', '2020-08-10 15:42:27'),
(1425, 1, 0, 'Product modification', 'Product', 7, 3, '2020-08-10 15:42:55', '2020-08-10 15:42:55'),
(1426, 1, 0, 'Product modification', 'Product', 6, 3, '2020-08-10 15:43:17', '2020-08-10 15:43:17'),
(1427, 1, 0, 'Product modification', 'Product', 5, 3, '2020-08-10 15:43:43', '2020-08-10 15:43:43'),
(1428, 1, 0, 'Product modification', 'Product', 22, 3, '2020-08-10 15:57:34', '2020-08-10 15:57:34'),
(1429, 1, 0, 'Product modification', 'Product', 21, 3, '2020-08-10 15:58:00', '2020-08-10 15:58:00'),
(1430, 1, 0, 'Product modification', 'Product', 20, 3, '2020-08-10 15:58:21', '2020-08-10 15:58:21'),
(1431, 1, 0, 'Product modification', 'Product', 19, 3, '2020-08-10 15:58:43', '2020-08-10 15:58:43'),
(1432, 1, 0, 'Product modification', 'Product', 18, 3, '2020-08-10 15:59:07', '2020-08-10 15:59:07'),
(1433, 1, 0, 'Product modification', 'Product', 17, 3, '2020-08-10 15:59:35', '2020-08-10 15:59:35'),
(1434, 1, 0, 'Conexión al back-office desde 181.167.49.214', '', 0, 1, '2020-08-11 09:51:45', '2020-08-11 09:51:45'),
(1435, 1, 0, 'Product modification', 'Product', 24, 1, '2020-08-11 09:54:57', '2020-08-11 09:54:57'),
(1436, 1, 0, 'Product modification', 'Product', 139, 1, '2020-08-11 09:56:18', '2020-08-11 09:56:18'),
(1437, 1, 0, 'Product modification', 'Product', 26, 1, '2020-08-11 10:07:01', '2020-08-11 10:07:01'),
(1438, 1, 0, 'Product modification', 'Product', 135, 1, '2020-08-11 10:07:14', '2020-08-11 10:07:14'),
(1439, 1, 0, 'Product modification', 'Product', 28, 1, '2020-08-11 10:07:35', '2020-08-11 10:07:35'),
(1440, 1, 0, 'Product modification', 'Product', 137, 1, '2020-08-11 10:07:49', '2020-08-11 10:07:49'),
(1441, 1, 0, 'Product modification', 'Product', 136, 1, '2020-08-11 10:08:51', '2020-08-11 10:08:51'),
(1442, 1, 0, 'Product modification', 'Product', 25, 1, '2020-08-11 10:10:51', '2020-08-11 10:10:51'),
(1443, 1, 0, 'Product modification', 'Product', 27, 1, '2020-08-11 10:11:25', '2020-08-11 10:11:25'),
(1444, 1, 0, 'Product modification', 'Product', 134, 1, '2020-08-11 10:12:30', '2020-08-11 10:12:30'),
(1445, 1, 0, 'Product modification', 'Product', 138, 1, '2020-08-11 10:12:47', '2020-08-11 10:12:47'),
(1446, 1, 0, 'Product modification', 'Product', 29, 1, '2020-08-11 10:15:52', '2020-08-11 10:15:52'),
(1447, 1, 0, 'Product modification', 'Product', 30, 1, '2020-08-11 10:16:30', '2020-08-11 10:16:30'),
(1448, 1, 0, 'importar Productos (desde 0 hasta 5)', '', 0, 1, '2020-08-11 15:49:09', '2020-08-11 15:49:09'),
(1449, 1, 0, 'importar Productos (desde 5 hasta 20)', '', 0, 1, '2020-08-11 15:49:09', '2020-08-11 15:49:09'),
(1450, 1, 0, 'importar Productos (desde 0 hasta 5)', '', 0, 1, '2020-08-11 15:49:12', '2020-08-11 15:49:12'),
(1451, 1, 0, 'importar Productos (desde 5 hasta 11)', '', 0, 1, '2020-08-11 15:49:15', '2020-08-11 15:49:15'),
(1452, 1, 0, 'importar Productos (desde 0 hasta 5)', '', 0, 1, '2020-08-11 15:49:15', '2020-08-11 15:49:15'),
(1453, 1, 0, 'importar Productos (desde 5 hasta 20)', '', 0, 1, '2020-08-11 15:49:16', '2020-08-11 15:49:16'),
(1454, 1, 0, 'Conexión al back-office desde 190.19.123.120', '', 0, 3, '2020-08-11 16:04:09', '2020-08-11 16:04:09'),
(1455, 1, 0, 'Product modification', 'Product', 150, 3, '2020-08-11 16:05:14', '2020-08-11 16:05:14'),
(1456, 1, 0, 'Product modification', 'Product', 150, 3, '2020-08-11 16:05:47', '2020-08-11 16:05:47'),
(1457, 1, 0, 'Product deactivated: 152', '', 0, 3, '2020-08-11 16:05:52', '2020-08-11 16:05:52'),
(1458, 1, 0, 'Product activated: 152', '', 0, 3, '2020-08-11 16:05:58', '2020-08-11 16:05:58'),
(1459, 1, 0, 'Product modification', 'Product', 152, 3, '2020-08-11 16:06:21', '2020-08-11 16:06:21'),
(1460, 1, 0, 'Product modification', 'Product', 151, 3, '2020-08-11 16:06:53', '2020-08-11 16:06:53'),
(1461, 1, 0, 'Product modification', 'Product', 149, 3, '2020-08-11 16:08:23', '2020-08-11 16:08:23'),
(1462, 1, 0, 'Product modification', 'Product', 148, 3, '2020-08-11 16:08:45', '2020-08-11 16:08:45'),
(1463, 1, 0, 'Product modification', 'Product', 147, 3, '2020-08-11 16:09:07', '2020-08-11 16:09:07'),
(1464, 1, 0, 'Product modification', 'Product', 146, 3, '2020-08-11 16:09:27', '2020-08-11 16:09:27'),
(1465, 1, 0, 'Product modification', 'Product', 145, 3, '2020-08-11 16:10:13', '2020-08-11 16:10:13'),
(1466, 1, 0, 'Product modification', 'Product', 145, 3, '2020-08-11 16:10:17', '2020-08-11 16:10:17'),
(1467, 1, 0, 'Product modification', 'Product', 144, 3, '2020-08-11 16:10:39', '2020-08-11 16:10:39'),
(1468, 1, 0, 'Product modification', 'Product', 143, 3, '2020-08-11 16:11:00', '2020-08-11 16:11:00'),
(1469, 1, 0, 'Product modification', 'Product', 142, 3, '2020-08-11 16:11:18', '2020-08-11 16:11:18'),
(1470, 1, 0, 'Product modification', 'Product', 141, 3, '2020-08-11 16:11:35', '2020-08-11 16:11:35'),
(1471, 1, 0, 'Product modification', 'Product', 140, 3, '2020-08-11 16:11:53', '2020-08-11 16:11:53'),
(1472, 1, 0, 'Product modification', 'Product', 140, 3, '2020-08-11 16:14:18', '2020-08-11 16:14:18'),
(1473, 1, 0, 'Product modification', 'Product', 140, 1, '2020-08-11 17:45:42', '2020-08-11 17:45:42'),
(1474, 1, 0, 'Product modification', 'Product', 140, 1, '2020-08-11 17:46:42', '2020-08-11 17:46:42'),
(1475, 1, 0, 'Product modification', 'Product', 140, 1, '2020-08-11 17:47:19', '2020-08-11 17:47:19'),
(1476, 1, 0, 'Product modification', 'Product', 140, 1, '2020-08-11 19:40:41', '2020-08-11 19:40:41'),
(1477, 1, 0, 'Conexión al back-office desde 190.178.53.124', '', 0, 1, '2020-08-13 12:25:40', '2020-08-13 12:25:40'),
(1478, 1, 0, 'Product duplicated: (from 140 to 153).', '', 0, 1, '2020-08-15 12:00:01', '2020-08-15 12:00:01'),
(1479, 1, 0, 'Product modification', 'Product', 153, 1, '2020-08-15 12:00:25', '2020-08-15 12:00:25'),
(1480, 1, 0, 'Product modification', 'Product', 153, 1, '2020-08-15 12:02:09', '2020-08-15 12:02:09'),
(1481, 1, 0, 'Product modification', 'Product', 153, 1, '2020-08-15 12:02:26', '2020-08-15 12:02:26'),
(1482, 1, 0, 'Product activated: 153', '', 0, 1, '2020-08-15 12:02:51', '2020-08-15 12:02:51'),
(1483, 1, 0, 'Product modification', 'Product', 153, 1, '2020-08-15 12:03:35', '2020-08-15 12:03:35'),
(1484, 1, 0, 'Product modification', 'Product', 153, 1, '2020-08-15 12:03:38', '2020-08-15 12:03:38'),
(1485, 1, 0, 'Product modification', 'Product', 153, 1, '2020-08-15 12:03:38', '2020-08-15 12:03:38'),
(1486, 1, 0, 'Product modification', 'Product', 153, 1, '2020-08-15 12:03:49', '2020-08-15 12:03:49'),
(1487, 1, 0, 'Product modification', 'Product', 153, 1, '2020-08-15 12:03:53', '2020-08-15 12:03:53'),
(1488, 1, 0, 'Product modification', 'Product', 153, 1, '2020-08-15 12:10:30', '2020-08-15 12:10:30'),
(1489, 1, 0, 'Conexión al back-office desde 190.210.222.38', '', 0, 2, '2020-08-18 13:16:28', '2020-08-18 13:16:28'),
(1490, 1, 0, 'Conexión al back-office desde 181.167.49.214', '', 0, 1, '2020-08-18 14:16:40', '2020-08-18 14:16:40'),
(1491, 1, 0, 'Frontcontroller::init - Cart cannot be loaded or an order has already been placed using this cart', 'Cart', 123, 0, '2020-08-18 18:51:32', '2020-08-18 18:51:32'),
(1492, 1, 0, 'Product modification', 'Product', 153, 1, '2020-08-18 19:17:42', '2020-08-18 19:17:42'),
(1493, 1, 0, 'Product modification', 'Product', 153, 1, '2020-08-18 19:19:30', '2020-08-18 19:19:30'),
(1494, 1, 0, 'Product modification', 'Product', 153, 1, '2020-08-18 19:22:09', '2020-08-18 19:22:09'),
(1495, 1, 0, 'Conexión al back-office desde 181.167.49.214', '', 0, 1, '2020-08-19 13:43:49', '2020-08-19 13:43:49'),
(1496, 1, 0, 'Conexión al back-office desde 181.167.49.214', '', 0, 1, '2020-08-21 13:59:03', '2020-08-21 13:59:03'),
(1497, 1, 0, 'importar Productos (desde 0 hasta 5)', '', 0, 1, '2020-08-21 14:01:20', '2020-08-21 14:01:20'),
(1498, 1, 0, 'importar Productos (desde 5 hasta 20)', '', 0, 1, '2020-08-21 14:01:21', '2020-08-21 14:01:21'),
(1499, 1, 0, 'importar Productos (desde 25 hasta 80)', '', 0, 1, '2020-08-21 14:01:21', '2020-08-21 14:01:21'),
(1500, 1, 0, 'importar Productos (desde 0 hasta 5)', '', 0, 1, '2020-08-21 14:01:22', '2020-08-21 14:01:22'),
(1501, 1, 0, 'importar Productos (desde 5 hasta 20)', '', 0, 1, '2020-08-21 14:01:24', '2020-08-21 14:01:24'),
(1502, 1, 0, 'importar Productos (desde 25 hasta 57)', '', 0, 1, '2020-08-21 14:01:27', '2020-08-21 14:01:27'),
(1503, 1, 0, 'importar Productos (desde 0 hasta 5)', '', 0, 1, '2020-08-21 14:01:27', '2020-08-21 14:01:27'),
(1504, 1, 0, 'Conexión al back-office desde 190.178.27.217', '', 0, 1, '2020-08-21 17:38:35', '2020-08-21 17:38:35'),
(1505, 1, 0, 'Product modification', 'Product', 153, 1, '2020-08-21 17:39:30', '2020-08-21 17:39:30'),
(1506, 1, 0, 'Conexión al back-office desde 186.18.1.181', '', 0, 1, '2020-08-22 09:20:12', '2020-08-22 09:20:12'),
(1507, 1, 0, 'Frontcontroller::init - Cart cannot be loaded or an order has already been placed using this cart', 'Cart', 133, 0, '2020-08-22 18:31:10', '2020-08-22 18:31:10'),
(1508, 1, 0, 'Conexión al back-office desde 190.178.18.74', '', 0, 1, '2020-08-24 10:47:52', '2020-08-24 10:47:52'),
(1509, 1, 0, 'Protect vendor folder in module kbproductfield', '', 0, 1, '2020-08-24 11:13:02', '2020-08-24 11:13:02'),
(1510, 1, 0, 'Module kbproductfield has no vendor folder', '', 0, 1, '2020-08-24 11:13:02', '2020-08-24 11:13:02'),
(1511, 1, 0, 'Product modification', 'Product', 154, 1, '2020-08-24 11:14:13', '2020-08-24 11:14:13'),
(1512, 1, 0, 'Product modification', 'Product', 154, 1, '2020-08-24 11:16:13', '2020-08-24 11:16:13'),
(1513, 1, 0, 'Product modification', 'Product', 154, 1, '2020-08-24 11:16:14', '2020-08-24 11:16:14'),
(1514, 1, 0, 'Product modification', 'Product', 154, 1, '2020-08-24 11:16:47', '2020-08-24 11:16:47'),
(1515, 1, 0, 'Product modification', 'Product', 154, 1, '2020-08-24 11:16:50', '2020-08-24 11:16:50'),
(1516, 1, 0, 'Product modification', 'Product', 154, 1, '2020-08-24 11:16:53', '2020-08-24 11:16:53'),
(1517, 1, 0, 'Product modification', 'Product', 154, 1, '2020-08-24 11:17:09', '2020-08-24 11:17:09'),
(1518, 1, 0, 'Product modification', 'Product', 154, 1, '2020-08-24 11:17:38', '2020-08-24 11:17:38'),
(1519, 1, 0, 'Product modification', 'Product', 154, 1, '2020-08-24 11:17:50', '2020-08-24 11:17:50'),
(1520, 1, 0, 'Product modification', 'Product', 154, 1, '2020-08-24 11:22:31', '2020-08-24 11:22:31'),
(1521, 1, 0, 'Product modification', 'Product', 154, 1, '2020-08-24 11:23:49', '2020-08-24 11:23:49'),
(1522, 1, 0, 'Product modification', 'Product', 154, 1, '2020-08-24 11:44:46', '2020-08-24 11:44:46'),
(1523, 1, 0, 'Conexión al back-office desde 190.178.18.74', '', 0, 1, '2020-08-24 15:45:14', '2020-08-24 15:45:14'),
(1524, 1, 0, 'Conexión al back-office desde 190.178.18.74', '', 0, 1, '2020-08-25 05:27:59', '2020-08-25 05:27:59'),
(1525, 1, 0, 'Conexión al back-office desde 43.225.74.76', '', 0, 1, '2020-08-25 06:25:47', '2020-08-25 06:25:47'),
(1526, 1, 0, 'Conexión al back-office desde 43.225.74.76', '', 0, 1, '2020-08-25 06:57:49', '2020-08-25 06:57:49'),
(1527, 1, 0, 'Conexión al back-office desde 43.225.74.76', '', 0, 1, '2020-08-25 08:11:11', '2020-08-25 08:11:11'),
(1528, 1, 0, 'Conexión al back-office desde 181.167.49.214', '', 0, 1, '2020-08-25 09:39:27', '2020-08-25 09:39:27'),
(1529, 1, 0, 'Product modification', 'Product', 8, 1, '2020-08-25 11:54:37', '2020-08-25 11:54:37'),
(1530, 1, 0, 'Frontcontroller::init - Cart cannot be loaded or an order has already been placed using this cart', 'Cart', 137, 0, '2020-08-25 12:36:19', '2020-08-25 12:36:19'),
(1531, 1, 0, 'CartRule añadido', 'CartRule', 1, 1, '2020-08-25 12:55:10', '2020-08-25 12:55:10'),
(1532, 1, 0, 'CartRule modificación', 'CartRule', 1, 1, '2020-08-25 13:04:31', '2020-08-25 13:04:31'),
(1533, 1, 0, 'CartRule modificación', 'CartRule', 1, 1, '2020-08-25 13:06:11', '2020-08-25 13:06:11'),
(1534, 1, 0, 'CartRule modificación', 'CartRule', 1, 1, '2020-08-25 13:06:29', '2020-08-25 13:06:29'),
(1535, 1, 0, 'CartRule modificación', 'CartRule', 1, 1, '2020-08-25 13:06:48', '2020-08-25 13:06:48'),
(1536, 1, 0, 'CartRule modificación', 'CartRule', 1, 1, '2020-08-25 13:07:15', '2020-08-25 13:07:15'),
(1537, 1, 0, 'CartRule modificación', 'CartRule', 1, 1, '2020-08-25 13:07:54', '2020-08-25 13:07:54'),
(1538, 1, 0, 'CartRule modificación', 'CartRule', 1, 1, '2020-08-25 13:08:20', '2020-08-25 13:08:20'),
(1539, 1, 0, 'importar Productos (desde 0 hasta 5)', '', 0, 1, '2020-08-25 13:15:34', '2020-08-25 13:15:34'),
(1540, 1, 0, 'importar Productos (desde 5 hasta 5)', '', 0, 1, '2020-08-25 13:15:36', '2020-08-25 13:15:36'),
(1541, 1, 0, 'importar Productos (desde 10 hasta 20)', '', 0, 1, '2020-08-25 13:15:37', '2020-08-25 13:15:37'),
(1542, 1, 0, 'importar Productos (desde 30 hasta 80)', '', 0, 1, '2020-08-25 13:15:38', '2020-08-25 13:15:38'),
(1543, 1, 0, 'importar Productos (desde 0 hasta 5)', '', 0, 1, '2020-08-25 13:15:39', '2020-08-25 13:15:39'),
(1544, 1, 0, 'importar Productos (desde 5 hasta 16)', '', 0, 1, '2020-08-25 13:15:41', '2020-08-25 13:15:41'),
(1545, 1, 0, 'importar Productos (desde 21 hasta 42)', '', 0, 1, '2020-08-25 13:15:42', '2020-08-25 13:15:42'),
(1546, 1, 0, 'importar Productos (desde 0 hasta 5)', '', 0, 1, '2020-08-25 13:15:43', '2020-08-25 13:15:43'),
(1547, 1, 0, 'CartRule modificación', 'CartRule', 1, 1, '2020-08-25 13:16:50', '2020-08-25 13:16:50'),
(1548, 1, 0, 'CartRule modificación', 'CartRule', 1, 1, '2020-08-25 13:17:27', '2020-08-25 13:17:27'),
(1549, 1, 0, 'CartRule modificación', 'CartRule', 1, 1, '2020-08-25 13:17:54', '2020-08-25 13:17:54'),
(1550, 1, 0, 'CartRule modificación', 'CartRule', 1, 1, '2020-08-25 13:19:02', '2020-08-25 13:19:02'),
(1551, 1, 0, 'CartRule modificación', 'CartRule', 1, 1, '2020-08-25 13:19:09', '2020-08-25 13:19:09'),
(1552, 1, 0, 'CartRule modificación', 'CartRule', 1, 1, '2020-08-25 13:25:53', '2020-08-25 13:25:53'),
(1553, 1, 0, 'CartRule modificación', 'CartRule', 1, 1, '2020-08-25 13:26:05', '2020-08-25 13:26:05'),
(1554, 1, 0, 'CartRule modificación', 'CartRule', 1, 1, '2020-08-25 13:26:43', '2020-08-25 13:26:43'),
(1555, 1, 0, 'CartRule modificación', 'CartRule', 1, 1, '2020-08-25 13:26:51', '2020-08-25 13:26:51'),
(1556, 1, 0, 'CartRule modificación', 'CartRule', 1, 1, '2020-08-25 13:27:13', '2020-08-25 13:27:13'),
(1557, 1, 0, 'CartRule modificación', 'CartRule', 1, 1, '2020-08-25 13:27:29', '2020-08-25 13:27:29'),
(1558, 1, 0, 'CartRule eliminado', 'CartRule', 1, 1, '2020-08-25 13:27:42', '2020-08-25 13:27:42'),
(1559, 1, 0, 'CartRule añadido', 'CartRule', 2, 1, '2020-08-25 13:29:33', '2020-08-25 13:29:33'),
(1560, 1, 0, 'CartRule modificación', 'CartRule', 2, 1, '2020-08-25 13:29:54', '2020-08-25 13:29:54'),
(1561, 1, 0, 'CartRule modificación', 'CartRule', 2, 1, '2020-08-25 13:30:46', '2020-08-25 13:30:46'),
(1562, 1, 0, 'CartRule modificación', 'CartRule', 2, 1, '2020-08-25 13:30:54', '2020-08-25 13:30:54'),
(1563, 1, 0, 'CartRule modificación', 'CartRule', 2, 1, '2020-08-25 13:32:29', '2020-08-25 13:32:29'),
(1564, 1, 0, 'CartRule modificación', 'CartRule', 2, 1, '2020-08-25 13:33:19', '2020-08-25 13:33:19'),
(1565, 1, 0, 'CartRule modificación', 'CartRule', 2, 1, '2020-08-25 13:33:54', '2020-08-25 13:33:54'),
(1566, 1, 0, 'CartRule modificación', 'CartRule', 2, 1, '2020-08-25 13:34:50', '2020-08-25 13:34:50'),
(1567, 1, 0, 'CartRule modificación', 'CartRule', 2, 1, '2020-08-25 13:51:31', '2020-08-25 13:51:31'),
(1568, 1, 0, 'CartRule modificación', 'CartRule', 2, 1, '2020-08-25 13:59:34', '2020-08-25 13:59:34'),
(1569, 1, 0, 'Product modification', 'Product', 154, 1, '2020-08-25 19:19:09', '2020-08-25 19:19:09'),
(1570, 1, 0, 'Cart eliminado', 'Cart', 134, 1, '2020-08-25 19:22:02', '2020-08-25 19:22:02'),
(1571, 1, 0, 'Cart eliminado', 'Cart', 68, 1, '2020-08-25 19:22:25', '2020-08-25 19:22:25'),
(1572, 1, 0, 'Cart eliminado', 'Cart', 136, 1, '2020-08-25 19:22:56', '2020-08-25 19:22:56'),
(1573, 1, 0, 'Cart eliminado', 'Cart', 135, 1, '2020-08-25 19:22:56', '2020-08-25 19:22:56'),
(1574, 1, 0, 'Cart eliminado', 'Cart', 132, 1, '2020-08-25 19:22:56', '2020-08-25 19:22:56'),
(1575, 1, 0, 'Cart eliminado', 'Cart', 131, 1, '2020-08-25 19:22:56', '2020-08-25 19:22:56'),
(1576, 1, 0, 'Cart eliminado', 'Cart', 130, 1, '2020-08-25 19:22:56', '2020-08-25 19:22:56'),
(1577, 1, 0, 'Cart eliminado', 'Cart', 129, 1, '2020-08-25 19:22:56', '2020-08-25 19:22:56'),
(1578, 1, 0, 'Cart eliminado', 'Cart', 128, 1, '2020-08-25 19:22:56', '2020-08-25 19:22:56'),
(1579, 1, 0, 'Cart eliminado', 'Cart', 127, 1, '2020-08-25 19:22:56', '2020-08-25 19:22:56'),
(1580, 1, 0, 'Cart eliminado', 'Cart', 126, 1, '2020-08-25 19:22:56', '2020-08-25 19:22:56'),
(1581, 1, 0, 'Cart eliminado', 'Cart', 125, 1, '2020-08-25 19:22:56', '2020-08-25 19:22:56'),
(1582, 1, 0, 'Cart eliminado', 'Cart', 124, 1, '2020-08-25 19:22:56', '2020-08-25 19:22:56'),
(1583, 1, 0, 'Cart eliminado', 'Cart', 122, 1, '2020-08-25 19:22:56', '2020-08-25 19:22:56'),
(1584, 1, 0, 'Cart eliminado', 'Cart', 121, 1, '2020-08-25 19:22:56', '2020-08-25 19:22:56'),
(1585, 1, 0, 'Cart eliminado', 'Cart', 120, 1, '2020-08-25 19:22:56', '2020-08-25 19:22:56'),
(1586, 1, 0, 'Cart eliminado', 'Cart', 119, 1, '2020-08-25 19:22:56', '2020-08-25 19:22:56'),
(1587, 1, 0, 'Cart eliminado', 'Cart', 118, 1, '2020-08-25 19:22:56', '2020-08-25 19:22:56'),
(1588, 1, 0, 'Cart eliminado', 'Cart', 117, 1, '2020-08-25 19:22:56', '2020-08-25 19:22:56'),
(1589, 1, 0, 'Cart eliminado', 'Cart', 116, 1, '2020-08-25 19:22:56', '2020-08-25 19:22:56'),
(1590, 1, 0, 'Cart eliminado', 'Cart', 115, 1, '2020-08-25 19:22:56', '2020-08-25 19:22:56'),
(1591, 1, 0, 'Cart eliminado', 'Cart', 114, 1, '2020-08-25 19:22:56', '2020-08-25 19:22:56'),
(1592, 1, 0, 'Cart eliminado', 'Cart', 113, 1, '2020-08-25 19:22:56', '2020-08-25 19:22:56'),
(1593, 1, 0, 'Cart eliminado', 'Cart', 111, 1, '2020-08-25 19:22:56', '2020-08-25 19:22:56'),
(1594, 1, 0, 'Cart eliminado', 'Cart', 110, 1, '2020-08-25 19:22:56', '2020-08-25 19:22:56'),
(1595, 1, 0, 'Cart eliminado', 'Cart', 108, 1, '2020-08-25 19:22:56', '2020-08-25 19:22:56'),
(1596, 1, 0, 'Cart eliminado', 'Cart', 107, 1, '2020-08-25 19:22:56', '2020-08-25 19:22:56'),
(1597, 1, 0, 'Cart eliminado', 'Cart', 106, 1, '2020-08-25 19:22:56', '2020-08-25 19:22:56'),
(1598, 1, 0, 'Cart eliminado', 'Cart', 105, 1, '2020-08-25 19:22:56', '2020-08-25 19:22:56'),
(1599, 1, 0, 'Cart eliminado', 'Cart', 104, 1, '2020-08-25 19:22:56', '2020-08-25 19:22:56'),
(1600, 1, 0, 'Cart eliminado', 'Cart', 103, 1, '2020-08-25 19:22:56', '2020-08-25 19:22:56'),
(1601, 1, 0, 'Cart eliminado', 'Cart', 102, 1, '2020-08-25 19:22:56', '2020-08-25 19:22:56'),
(1602, 1, 0, 'Cart eliminado', 'Cart', 101, 1, '2020-08-25 19:22:56', '2020-08-25 19:22:56'),
(1603, 1, 0, 'Cart eliminado', 'Cart', 100, 1, '2020-08-25 19:22:56', '2020-08-25 19:22:56'),
(1604, 1, 0, 'Cart eliminado', 'Cart', 99, 1, '2020-08-25 19:22:56', '2020-08-25 19:22:56'),
(1605, 1, 0, 'Cart eliminado', 'Cart', 98, 1, '2020-08-25 19:22:56', '2020-08-25 19:22:56'),
(1606, 1, 0, 'Cart eliminado', 'Cart', 97, 1, '2020-08-25 19:22:56', '2020-08-25 19:22:56'),
(1607, 1, 0, 'Cart eliminado', 'Cart', 96, 1, '2020-08-25 19:22:56', '2020-08-25 19:22:56'),
(1608, 1, 0, 'Cart eliminado', 'Cart', 95, 1, '2020-08-25 19:22:56', '2020-08-25 19:22:56'),
(1609, 1, 0, 'Cart eliminado', 'Cart', 94, 1, '2020-08-25 19:22:56', '2020-08-25 19:22:56'),
(1610, 1, 0, 'Cart eliminado', 'Cart', 93, 1, '2020-08-25 19:22:56', '2020-08-25 19:22:56'),
(1611, 1, 0, 'Cart eliminado', 'Cart', 92, 1, '2020-08-25 19:22:56', '2020-08-25 19:22:56'),
(1612, 1, 0, 'Cart eliminado', 'Cart', 91, 1, '2020-08-25 19:22:56', '2020-08-25 19:22:56'),
(1613, 1, 0, 'Cart eliminado', 'Cart', 90, 1, '2020-08-25 19:22:56', '2020-08-25 19:22:56'),
(1614, 1, 0, 'Cart eliminado', 'Cart', 88, 1, '2020-08-25 19:22:56', '2020-08-25 19:22:56'),
(1615, 1, 0, 'Cart eliminado', 'Cart', 87, 1, '2020-08-25 19:22:56', '2020-08-25 19:22:56'),
(1616, 1, 0, 'Cart eliminado', 'Cart', 86, 1, '2020-08-25 19:22:56', '2020-08-25 19:22:56'),
(1617, 1, 0, 'Cart eliminado', 'Cart', 85, 1, '2020-08-25 19:22:56', '2020-08-25 19:22:56'),
(1618, 1, 0, 'Cart eliminado', 'Cart', 84, 1, '2020-08-25 19:22:56', '2020-08-25 19:22:56'),
(1619, 1, 0, 'Cart eliminado', 'Cart', 83, 1, '2020-08-25 19:22:56', '2020-08-25 19:22:56'),
(1620, 1, 0, 'Cart eliminado', 'Cart', 82, 1, '2020-08-25 19:22:56', '2020-08-25 19:22:56'),
(1621, 1, 0, 'Cart eliminado', 'Cart', 81, 1, '2020-08-25 19:22:56', '2020-08-25 19:22:56'),
(1622, 1, 0, 'Cart eliminado', 'Cart', 80, 1, '2020-08-25 19:23:54', '2020-08-25 19:23:54'),
(1623, 1, 0, 'Cart eliminado', 'Cart', 79, 1, '2020-08-25 19:23:54', '2020-08-25 19:23:54'),
(1624, 1, 0, 'Cart eliminado', 'Cart', 78, 1, '2020-08-25 19:23:54', '2020-08-25 19:23:54'),
(1625, 1, 0, 'Cart eliminado', 'Cart', 77, 1, '2020-08-25 19:23:54', '2020-08-25 19:23:54'),
(1626, 1, 0, 'Cart eliminado', 'Cart', 76, 1, '2020-08-25 19:23:54', '2020-08-25 19:23:54'),
(1627, 1, 0, 'Cart eliminado', 'Cart', 75, 1, '2020-08-25 19:23:54', '2020-08-25 19:23:54'),
(1628, 1, 0, 'Cart eliminado', 'Cart', 74, 1, '2020-08-25 19:23:54', '2020-08-25 19:23:54'),
(1629, 1, 0, 'Cart eliminado', 'Cart', 72, 1, '2020-08-25 19:23:54', '2020-08-25 19:23:54'),
(1630, 1, 0, 'Cart eliminado', 'Cart', 71, 1, '2020-08-25 19:23:54', '2020-08-25 19:23:54'),
(1631, 1, 0, 'Cart eliminado', 'Cart', 70, 1, '2020-08-25 19:23:54', '2020-08-25 19:23:54'),
(1632, 1, 0, 'Cart eliminado', 'Cart', 64, 1, '2020-08-25 19:23:54', '2020-08-25 19:23:54'),
(1633, 1, 0, 'Cart eliminado', 'Cart', 63, 1, '2020-08-25 19:23:54', '2020-08-25 19:23:54'),
(1634, 1, 0, 'Cart eliminado', 'Cart', 62, 1, '2020-08-25 19:23:54', '2020-08-25 19:23:54'),
(1635, 1, 0, 'Cart eliminado', 'Cart', 61, 1, '2020-08-25 19:23:54', '2020-08-25 19:23:54'),
(1636, 1, 0, 'Cart eliminado', 'Cart', 60, 1, '2020-08-25 19:23:54', '2020-08-25 19:23:54'),
(1637, 1, 0, 'Cart eliminado', 'Cart', 59, 1, '2020-08-25 19:23:54', '2020-08-25 19:23:54'),
(1638, 1, 0, 'Cart eliminado', 'Cart', 58, 1, '2020-08-25 19:23:54', '2020-08-25 19:23:54'),
(1639, 1, 0, 'Cart eliminado', 'Cart', 57, 1, '2020-08-25 19:23:54', '2020-08-25 19:23:54'),
(1640, 1, 0, 'Cart eliminado', 'Cart', 56, 1, '2020-08-25 19:23:54', '2020-08-25 19:23:54'),
(1641, 1, 0, 'Cart eliminado', 'Cart', 55, 1, '2020-08-25 19:23:54', '2020-08-25 19:23:54'),
(1642, 1, 0, 'Cart eliminado', 'Cart', 54, 1, '2020-08-25 19:23:54', '2020-08-25 19:23:54'),
(1643, 1, 0, 'Cart eliminado', 'Cart', 53, 1, '2020-08-25 19:23:54', '2020-08-25 19:23:54'),
(1644, 1, 0, 'Cart eliminado', 'Cart', 52, 1, '2020-08-25 19:23:54', '2020-08-25 19:23:54'),
(1645, 1, 0, 'Cart eliminado', 'Cart', 51, 1, '2020-08-25 19:23:54', '2020-08-25 19:23:54'),
(1646, 1, 0, 'Cart eliminado', 'Cart', 50, 1, '2020-08-25 19:23:54', '2020-08-25 19:23:54'),
(1647, 1, 0, 'Cart eliminado', 'Cart', 48, 1, '2020-08-25 19:23:54', '2020-08-25 19:23:54'),
(1648, 1, 0, 'Cart eliminado', 'Cart', 47, 1, '2020-08-25 19:23:54', '2020-08-25 19:23:54'),
(1649, 1, 0, 'Cart eliminado', 'Cart', 46, 1, '2020-08-25 19:23:54', '2020-08-25 19:23:54'),
(1650, 1, 0, 'Cart eliminado', 'Cart', 44, 1, '2020-08-25 19:23:54', '2020-08-25 19:23:54'),
(1651, 1, 0, 'Cart eliminado', 'Cart', 40, 1, '2020-08-25 19:23:54', '2020-08-25 19:23:54'),
(1652, 1, 0, 'Cart eliminado', 'Cart', 39, 1, '2020-08-25 19:23:54', '2020-08-25 19:23:54'),
(1653, 1, 0, 'Cart eliminado', 'Cart', 37, 1, '2020-08-25 19:23:54', '2020-08-25 19:23:54'),
(1654, 1, 0, 'Cart eliminado', 'Cart', 36, 1, '2020-08-25 19:23:54', '2020-08-25 19:23:54'),
(1655, 1, 0, 'Cart eliminado', 'Cart', 35, 1, '2020-08-25 19:23:54', '2020-08-25 19:23:54'),
(1656, 1, 0, 'Conexión al back-office desde 182.74.233.130', '', 0, 1, '2020-08-26 02:36:03', '2020-08-26 02:36:03'),
(1657, 1, 0, 'Conexión al back-office desde 43.225.74.76', '', 0, 1, '2020-08-26 06:13:42', '2020-08-26 06:13:42'),
(1658, 1, 0, 'Conexión al back-office desde 190.178.5.170', '', 0, 1, '2020-08-28 10:10:31', '2020-08-28 10:10:31'),
(1659, 1, 0, 'Frontcontroller::init - Cart cannot be loaded or an order has already been placed using this cart', 'Cart', 139, 0, '2020-08-31 19:43:07', '2020-08-31 19:43:07'),
(1660, 1, 0, 'Frontcontroller::init - Cart cannot be loaded or an order has already been placed using this cart', 'Cart', 147, 0, '2020-08-31 19:55:44', '2020-08-31 19:55:44'),
(1661, 1, 0, 'Conexión al back-office desde 181.167.35.169', '', 0, 1, '2020-08-31 19:57:55', '2020-08-31 19:57:55'),
(1662, 1, 0, 'Frontcontroller::init - Cart cannot be loaded or an order has already been placed using this cart', 'Cart', 149, 0, '2020-09-01 00:54:50', '2020-09-01 00:54:50'),
(1663, 1, 0, 'Conexión al back-office desde 190.178.47.185', '', 0, 1, '2020-09-01 06:10:48', '2020-09-01 06:10:48'),
(1664, 1, 0, 'Supplier añadido', 'Supplier', 1, 1, '2020-09-01 06:26:31', '2020-09-01 06:26:31'),
(1665, 1, 0, 'Product modification', 'Product', 30, 1, '2020-09-01 06:30:24', '2020-09-01 06:30:24'),
(1666, 1, 0, 'Product modification', 'Product', 30, 1, '2020-09-01 06:32:44', '2020-09-01 06:32:44'),
(1667, 1, 0, 'Product modification', 'Product', 154, 1, '2020-09-01 06:35:17', '2020-09-01 06:35:17'),
(1668, 1, 0, 'Product modification', 'Product', 153, 1, '2020-09-01 06:35:27', '2020-09-01 06:35:27'),
(1669, 1, 0, 'Product modification', 'Product', 153, 1, '2020-09-01 06:35:43', '2020-09-01 06:35:43'),
(1670, 1, 0, 'Product modification', 'Product', 153, 1, '2020-09-01 07:34:50', '2020-09-01 07:34:50'),
(1671, 1, 0, 'Product modification', 'Product', 154, 1, '2020-09-01 07:35:07', '2020-09-01 07:35:07'),
(1672, 1, 0, 'Product modification', 'Product', 153, 1, '2020-09-01 07:35:24', '2020-09-01 07:35:24'),
(1673, 1, 0, 'Product duplicated: (from 154 to 155).', '', 0, 1, '2020-09-01 07:35:30', '2020-09-01 07:35:30'),
(1674, 1, 0, 'Product modification', 'Product', 155, 1, '2020-09-01 07:35:52', '2020-09-01 07:35:52'),
(1675, 1, 0, 'Product activated: 155', '', 0, 1, '2020-09-01 07:35:56', '2020-09-01 07:35:56'),
(1676, 1, 0, 'Product modification', 'Product', 155, 1, '2020-09-01 07:36:18', '2020-09-01 07:36:18'),
(1677, 1, 0, 'Product duplicated: (from 155 to 156).', '', 0, 1, '2020-09-01 07:36:25', '2020-09-01 07:36:25'),
(1678, 1, 0, 'Product modification', 'Product', 156, 1, '2020-09-01 07:36:46', '2020-09-01 07:36:46'),
(1679, 1, 0, 'Product activated: 156', '', 0, 1, '2020-09-01 07:36:55', '2020-09-01 07:36:55'),
(1680, 1, 0, 'Product duplicated: (from 156 to 157).', '', 0, 1, '2020-09-01 07:37:06', '2020-09-01 07:37:06'),
(1681, 1, 0, 'Product modification', 'Product', 157, 1, '2020-09-01 07:37:22', '2020-09-01 07:37:22'),
(1682, 1, 0, 'Product modification', 'Product', 157, 1, '2020-09-01 07:37:26', '2020-09-01 07:37:26'),
(1683, 1, 0, 'Product duplicated: (from 157 to 158).', '', 0, 1, '2020-09-01 07:37:33', '2020-09-01 07:37:33'),
(1684, 1, 0, 'Product modification', 'Product', 158, 1, '2020-09-01 07:37:49', '2020-09-01 07:37:49'),
(1685, 1, 0, 'Product modification', 'Product', 158, 1, '2020-09-01 07:37:50', '2020-09-01 07:37:50'),
(1686, 1, 0, 'Product modification', 'Product', 158, 1, '2020-09-01 07:59:17', '2020-09-01 07:59:17'),
(1687, 1, 0, 'Product modification', 'Product', 157, 1, '2020-09-01 07:59:21', '2020-09-01 07:59:21'),
(1688, 1, 0, 'Product modification', 'Product', 156, 1, '2020-09-01 07:59:24', '2020-09-01 07:59:24'),
(1689, 1, 0, 'Product modification', 'Product', 155, 1, '2020-09-01 07:59:28', '2020-09-01 07:59:28'),
(1690, 1, 0, 'Product modification', 'Product', 154, 1, '2020-09-01 07:59:31', '2020-09-01 07:59:31'),
(1691, 1, 0, 'Product modification', 'Product', 153, 1, '2020-09-01 07:59:35', '2020-09-01 07:59:35'),
(1692, 1, 0, 'Product modification', 'Product', 153, 1, '2020-09-01 08:09:55', '2020-09-01 08:09:55'),
(1693, 1, 0, 'Product modification', 'Product', 154, 1, '2020-09-01 08:09:56', '2020-09-01 08:09:56'),
(1694, 1, 0, 'Product modification', 'Product', 155, 1, '2020-09-01 08:09:58', '2020-09-01 08:09:58'),
(1695, 1, 0, 'Product modification', 'Product', 156, 1, '2020-09-01 08:09:59', '2020-09-01 08:09:59'),
(1696, 1, 0, 'Product modification', 'Product', 157, 1, '2020-09-01 08:10:00', '2020-09-01 08:10:00'),
(1697, 1, 0, 'Product modification', 'Product', 158, 1, '2020-09-01 08:10:01', '2020-09-01 08:10:01'),
(1698, 1, 0, 'AttributeGroup modificación', 'AttributeGroup', 12, 1, '2020-09-01 09:10:53', '2020-09-01 09:10:53'),
(1699, 1, 0, 'AttributeGroup modificación', 'AttributeGroup', 12, 1, '2020-09-01 09:11:17', '2020-09-01 09:11:17'),
(1700, 1, 0, 'Conexión al back-office desde 181.167.35.169', '', 0, 1, '2020-09-01 15:48:13', '2020-09-01 15:48:13'),
(1701, 1, 0, 'importar Productos (desde 0 hasta 5)', '', 0, 1, '2020-09-01 15:49:42', '2020-09-01 15:49:42'),
(1702, 1, 0, 'importar Productos (desde 5 hasta 20)', '', 0, 1, '2020-09-01 15:49:43', '2020-09-01 15:49:43'),
(1703, 1, 0, 'importar Productos (desde 0 hasta 5)', '', 0, 1, '2020-09-01 15:49:44', '2020-09-01 15:49:44'),
(1704, 1, 0, 'importar Productos (desde 5 hasta 20)', '', 0, 1, '2020-09-01 15:49:45', '2020-09-01 15:49:45'),
(1705, 1, 0, 'importar Productos (desde 0 hasta 5)', '', 0, 1, '2020-09-01 15:49:46', '2020-09-01 15:49:46'),
(1706, 1, 0, 'Conexión al back-office desde 190.19.123.120', '', 0, 3, '2020-09-01 16:07:19', '2020-09-01 16:07:19'),
(1707, 1, 0, 'Conexión al back-office desde 190.19.123.120', '', 0, 3, '2020-09-01 16:10:49', '2020-09-01 16:10:49'),
(1708, 1, 0, 'importar Productos (desde 0 hasta 5)', '', 0, 1, '2020-09-01 18:06:51', '2020-09-01 18:06:51'),
(1709, 1, 0, 'importar Productos (desde 0 hasta 5)', '', 0, 1, '2020-09-01 18:06:52', '2020-09-01 18:06:52'),
(1710, 1, 0, 'importar Productos (desde 0 hasta 5)', '', 0, 1, '2020-09-01 18:06:53', '2020-09-01 18:06:53'),
(1711, 1, 0, 'Frontcontroller::init - Cart cannot be loaded or an order has already been placed using this cart', 'Cart', 146, 0, '2020-09-01 19:10:02', '2020-09-01 19:10:02'),
(1712, 1, 0, 'Frontcontroller::init - Cart cannot be loaded or an order has already been placed using this cart', 'Cart', 150, 0, '2020-09-01 19:12:02', '2020-09-01 19:12:02'),
(1713, 1, 0, 'Frontcontroller::init - Cart cannot be loaded or an order has already been placed using this cart', 'Cart', 151, 0, '2020-09-01 19:13:59', '2020-09-01 19:13:59'),
(1714, 1, 0, 'Frontcontroller::init - Cart cannot be loaded or an order has already been placed using this cart', 'Cart', 152, 0, '2020-09-01 19:18:42', '2020-09-01 19:18:42'),
(1715, 1, 0, 'Frontcontroller::init - Cart cannot be loaded or an order has already been placed using this cart', 'Cart', 153, 0, '2020-09-01 19:21:43', '2020-09-01 19:21:43'),
(1716, 1, 0, 'Frontcontroller::init - Cart cannot be loaded or an order has already been placed using this cart', 'Cart', 154, 0, '2020-09-01 19:23:04', '2020-09-01 19:23:04'),
(1717, 1, 0, 'Supplier añadido', 'Supplier', 2, 1, '2020-09-01 19:25:18', '2020-09-01 19:25:18'),
(1718, 1, 0, 'Product duplicated: (from 158 to 159).', '', 0, 1, '2020-09-01 19:26:12', '2020-09-01 19:26:12'),
(1719, 1, 0, 'Product modification', 'Product', 159, 1, '2020-09-01 19:26:48', '2020-09-01 19:26:48'),
(1720, 1, 0, 'AttributeGroup modificación', 'AttributeGroup', 11, 1, '2020-09-01 19:26:49', '2020-09-01 19:26:49'),
(1721, 1, 0, 'Product modification', 'Product', 159, 1, '2020-09-01 19:26:50', '2020-09-01 19:26:50'),
(1722, 1, 0, 'AttributeGroup modificación', 'AttributeGroup', 11, 1, '2020-09-01 19:27:28', '2020-09-01 19:27:28'),
(1723, 1, 0, 'Frontcontroller::init - Cart cannot be loaded or an order has already been placed using this cart', 'Cart', 155, 0, '2020-09-01 19:27:31', '2020-09-01 19:27:31'),
(1724, 1, 0, 'AttributeGroup modificación', 'AttributeGroup', 11, 1, '2020-09-01 19:27:45', '2020-09-01 19:27:45'),
(1725, 1, 0, 'AttributeGroup modificación', 'AttributeGroup', 11, 1, '2020-09-01 19:28:08', '2020-09-01 19:28:08'),
(1726, 1, 0, 'AttributeGroup modificación', 'AttributeGroup', 11, 1, '2020-09-01 19:28:39', '2020-09-01 19:28:39'),
(1727, 1, 0, 'Conexión al back-office desde 190.178.47.185', '', 0, 1, '2020-09-01 19:43:43', '2020-09-01 19:43:43'),
(1728, 1, 0, 'Frontcontroller::init - Cart cannot be loaded or an order has already been placed using this cart', 'Cart', 157, 0, '2020-09-02 04:56:02', '2020-09-02 04:56:02'),
(1729, 1, 0, 'Frontcontroller::init - Cart cannot be loaded or an order has already been placed using this cart', 'Cart', 158, 0, '2020-09-02 05:39:59', '2020-09-02 05:39:59'),
(1730, 1, 0, 'Conexión al back-office desde 139.167.198.190', '', 0, 1, '2020-09-03 06:13:19', '2020-09-03 06:13:19'),
(1731, 1, 0, 'Frontcontroller::init - Cart cannot be loaded or an order has already been placed using this cart', 'Cart', 160, 0, '2020-09-03 06:17:14', '2020-09-03 06:17:14'),
(1732, 1, 0, 'Conexión al back-office desde 139.167.235.110', '', 0, 1, '2020-09-03 11:19:46', '2020-09-03 11:19:46'),
(1733, 1, 0, 'Conexión al back-office desde 181.171.199.116', '', 0, 1, '2020-09-04 15:27:23', '2020-09-04 15:27:23'),
(1734, 1, 0, 'importar Productos (desde 0 hasta 5)', '', 0, 1, '2020-09-04 15:29:29', '2020-09-04 15:29:29'),
(1735, 1, 0, 'importar Productos (desde 0 hasta 5)', '', 0, 1, '2020-09-04 15:31:47', '2020-09-04 15:31:47'),
(1736, 1, 0, 'importar Productos (desde 5 hasta 20)', '', 0, 1, '2020-09-04 15:31:48', '2020-09-04 15:31:48'),
(1737, 1, 0, 'importar Productos (desde 0 hasta 5)', '', 0, 1, '2020-09-04 15:31:52', '2020-09-04 15:31:52'),
(1738, 1, 0, 'importar Productos (desde 5 hasta 5)', '', 0, 1, '2020-09-04 15:31:53', '2020-09-04 15:31:53'),
(1739, 1, 0, 'importar Productos (desde 10 hasta 20)', '', 0, 1, '2020-09-04 15:31:54', '2020-09-04 15:31:54'),
(1740, 1, 0, 'importar Productos (desde 0 hasta 5)', '', 0, 1, '2020-09-04 15:31:55', '2020-09-04 15:31:55'),
(1741, 1, 0, 'importar Productos (desde 5 hasta 20)', '', 0, 1, '2020-09-04 15:31:55', '2020-09-04 15:31:55'),
(1742, 1, 0, 'Conexión al back-office desde 190.19.123.120', '', 0, 3, '2020-09-04 16:13:05', '2020-09-04 16:13:05');
INSERT INTO `ps_log` (`id_log`, `severity`, `error_code`, `message`, `object_type`, `object_id`, `id_employee`, `date_add`, `date_upd`) VALUES
(1743, 1, 0, 'Conexión al back-office desde 190.19.123.120', '', 0, 3, '2020-09-04 16:38:09', '2020-09-04 16:38:09'),
(1744, 1, 0, 'Product modification', 'Product', 23, 3, '2020-09-04 16:39:47', '2020-09-04 16:39:47'),
(1745, 1, 0, 'Product modification', 'Product', 23, 3, '2020-09-04 16:40:38', '2020-09-04 16:40:38'),
(1746, 1, 0, 'Product modification', 'Product', 23, 3, '2020-09-04 16:40:46', '2020-09-04 16:40:46'),
(1747, 1, 0, 'Product modification', 'Product', 24, 3, '2020-09-04 16:42:01', '2020-09-04 16:42:01'),
(1748, 1, 0, 'Product modification', 'Product', 24, 3, '2020-09-04 16:42:16', '2020-09-04 16:42:16'),
(1749, 1, 0, 'Product modification', 'Product', 25, 3, '2020-09-04 16:42:58', '2020-09-04 16:42:58'),
(1750, 1, 0, 'Product modification', 'Product', 26, 3, '2020-09-04 16:44:16', '2020-09-04 16:44:16'),
(1751, 1, 0, 'Product modification', 'Product', 26, 3, '2020-09-04 16:44:36', '2020-09-04 16:44:36'),
(1752, 1, 0, 'Product modification', 'Product', 27, 3, '2020-09-04 16:46:09', '2020-09-04 16:46:09'),
(1753, 1, 0, 'Product modification', 'Product', 27, 3, '2020-09-04 16:54:12', '2020-09-04 16:54:12'),
(1754, 1, 0, 'Product modification', 'Product', 27, 3, '2020-09-04 16:54:32', '2020-09-04 16:54:32'),
(1755, 1, 0, 'Product modification', 'Product', 27, 3, '2020-09-04 16:54:38', '2020-09-04 16:54:38'),
(1756, 1, 0, 'Product modification', 'Product', 28, 3, '2020-09-04 16:55:15', '2020-09-04 16:55:15'),
(1757, 1, 0, 'Product modification', 'Product', 28, 3, '2020-09-04 16:55:23', '2020-09-04 16:55:23'),
(1758, 1, 0, 'Product modification', 'Product', 134, 3, '2020-09-04 16:56:33', '2020-09-04 16:56:33'),
(1759, 1, 0, 'Product modification', 'Product', 134, 3, '2020-09-04 16:57:11', '2020-09-04 16:57:11'),
(1760, 1, 0, 'Product modification', 'Product', 135, 3, '2020-09-04 16:57:54', '2020-09-04 16:57:54'),
(1761, 1, 0, 'Product modification', 'Product', 135, 3, '2020-09-04 16:58:09', '2020-09-04 16:58:09'),
(1762, 1, 0, 'Product modification', 'Product', 136, 3, '2020-09-04 16:59:14', '2020-09-04 16:59:14'),
(1763, 1, 0, 'Product modification', 'Product', 137, 3, '2020-09-04 17:00:44', '2020-09-04 17:00:44'),
(1764, 1, 0, 'Product modification', 'Product', 138, 3, '2020-09-04 17:01:50', '2020-09-04 17:01:50'),
(1765, 1, 0, 'Product modification', 'Product', 139, 3, '2020-09-04 17:03:29', '2020-09-04 17:03:29'),
(1766, 1, 0, 'Product modification', 'Product', 139, 3, '2020-09-04 17:03:42', '2020-09-04 17:03:42'),
(1767, 1, 0, 'Conexión al back-office desde 190.178.5.247', '', 0, 1, '2020-09-07 06:03:56', '2020-09-07 06:03:56'),
(1768, 1, 0, 'Conexión al back-office desde 190.178.5.247', '', 0, 1, '2020-09-07 06:06:27', '2020-09-07 06:06:27'),
(1769, 1, 0, 'Conexión al back-office desde 190.178.5.247', '', 0, 1, '2020-09-07 06:10:48', '2020-09-07 06:10:48'),
(1770, 1, 0, 'Conexión al back-office desde 190.19.123.120', '', 0, 3, '2020-09-07 15:26:03', '2020-09-07 15:26:03'),
(1771, 1, 0, 'Product modification', 'Product', 137, 3, '2020-09-07 15:35:46', '2020-09-07 15:35:46'),
(1772, 1, 0, 'Product modification', 'Product', 137, 3, '2020-09-07 15:36:25', '2020-09-07 15:36:25'),
(1773, 1, 0, 'Product modification', 'Product', 136, 3, '2020-09-07 15:38:23', '2020-09-07 15:38:23'),
(1774, 1, 0, 'Product modification', 'Product', 136, 3, '2020-09-07 15:38:41', '2020-09-07 15:38:41'),
(1775, 1, 0, 'Product modification', 'Product', 135, 3, '2020-09-07 15:39:17', '2020-09-07 15:39:17'),
(1776, 1, 0, 'Product modification', 'Product', 135, 3, '2020-09-07 15:39:36', '2020-09-07 15:39:36'),
(1777, 1, 0, 'Product modification', 'Product', 134, 3, '2020-09-07 15:40:16', '2020-09-07 15:40:16'),
(1778, 1, 0, 'Product modification', 'Product', 134, 3, '2020-09-07 15:40:37', '2020-09-07 15:40:37'),
(1779, 1, 0, 'Conexión al back-office desde 190.178.9.42', '', 0, 1, '2020-09-07 19:23:47', '2020-09-07 19:23:47'),
(1780, 1, 0, 'Protect vendor folder in module an_productfields', '', 0, 1, '2020-09-07 19:24:45', '2020-09-07 19:24:45'),
(1781, 1, 0, 'Module an_productfields has no vendor folder', '', 0, 1, '2020-09-07 19:24:45', '2020-09-07 19:24:45'),
(1782, 1, 0, 'AnProductFields añadido', 'AnProductFields', 1, 1, '2020-09-07 19:29:47', '2020-09-07 19:29:47'),
(1783, 1, 0, 'AnProductFields modificación', 'AnProductFields', 1, 1, '2020-09-07 19:30:23', '2020-09-07 19:30:23'),
(1784, 1, 0, 'AnProductFields modificación', 'AnProductFields', 1, 1, '2020-09-07 19:31:59', '2020-09-07 19:31:59'),
(1785, 1, 0, 'AnProductFields modificación', 'AnProductFields', 1, 1, '2020-09-07 19:32:14', '2020-09-07 19:32:14'),
(1786, 1, 0, 'AnProductFields modificación', 'AnProductFields', 1, 1, '2020-09-07 19:33:35', '2020-09-07 19:33:35'),
(1787, 1, 0, 'AnProductFields modificación', 'AnProductFields', 1, 1, '2020-09-07 19:33:49', '2020-09-07 19:33:49'),
(1788, 1, 0, 'AnProductFields modificación', 'AnProductFields', 1, 1, '2020-09-07 19:34:05', '2020-09-07 19:34:05'),
(1789, 1, 0, 'AnProductFields añadido', 'AnProductFields', 1, 1, '2020-09-07 19:37:58', '2020-09-07 19:37:58'),
(1790, 1, 0, 'AnProductFields modificación', 'AnProductFields', 1, 1, '2020-09-07 19:38:48', '2020-09-07 19:38:48'),
(1791, 1, 0, 'AnProductFields modificación', 'AnProductFields', 1, 1, '2020-09-07 19:39:01', '2020-09-07 19:39:01'),
(1792, 1, 0, 'AnProductFields modificación', 'AnProductFields', 1, 1, '2020-09-07 19:39:21', '2020-09-07 19:39:21'),
(1793, 1, 0, 'AnProductFields modificación', 'AnProductFields', 1, 1, '2020-09-07 19:41:58', '2020-09-07 19:41:58'),
(1794, 1, 0, 'AnProductFields modificación', 'AnProductFields', 1, 1, '2020-09-07 19:45:37', '2020-09-07 19:45:37'),
(1795, 1, 0, 'Frontcontroller::init - Cart cannot be loaded or an order has already been placed using this cart', 'Cart', 162, 0, '2020-09-07 20:02:40', '2020-09-07 20:02:40'),
(1796, 1, 0, 'AnProductFields añadido', 'AnProductFields', 2, 1, '2020-09-07 20:15:43', '2020-09-07 20:15:43'),
(1797, 1, 0, 'AnProductFields añadido', 'AnProductFields', 3, 1, '2020-09-07 20:16:19', '2020-09-07 20:16:19'),
(1798, 1, 0, 'AnProductFields modificación', 'AnProductFields', 1, 1, '2020-09-07 20:23:51', '2020-09-07 20:23:51'),
(1799, 1, 0, 'AnProductFields modificación', 'AnProductFields', 2, 1, '2020-09-07 20:23:52', '2020-09-07 20:23:52'),
(1800, 1, 0, 'AnProductFields modificación', 'AnProductFields', 3, 1, '2020-09-07 20:23:55', '2020-09-07 20:23:55'),
(1801, 1, 0, 'AnProductFields modificación', 'AnProductFields', 1, 1, '2020-09-07 20:26:19', '2020-09-07 20:26:19'),
(1802, 1, 0, 'AnProductFields modificación', 'AnProductFields', 1, 1, '2020-09-07 20:27:56', '2020-09-07 20:27:56'),
(1803, 1, 0, 'Frontcontroller::init - Cart cannot be loaded or an order has already been placed using this cart', 'Cart', 163, 0, '2020-09-07 20:30:51', '2020-09-07 20:30:51'),
(1804, 1, 0, 'Conexión al back-office desde 190.178.9.42', '', 0, 1, '2020-09-08 05:34:01', '2020-09-08 05:34:01'),
(1805, 1, 0, 'Product modification', 'Product', 159, 1, '2020-09-08 05:49:28', '2020-09-08 05:49:28'),
(1806, 1, 0, 'Product modification', 'Product', 159, 1, '2020-09-08 05:49:30', '2020-09-08 05:49:30'),
(1807, 1, 0, 'AnProductFields añadido', 'AnProductFields', 4, 1, '2020-09-08 06:09:51', '2020-09-08 06:09:51'),
(1808, 1, 0, 'AnProductFields modificación', 'AnProductFields', 4, 1, '2020-09-08 06:10:05', '2020-09-08 06:10:05'),
(1809, 1, 0, 'AnProductFields modificación', 'AnProductFields', 4, 1, '2020-09-08 06:10:27', '2020-09-08 06:10:27'),
(1810, 1, 0, 'AnProductFields modificación', 'AnProductFields', 2, 1, '2020-09-08 06:15:58', '2020-09-08 06:15:58'),
(1811, 1, 0, 'AnProductFields modificación', 'AnProductFields', 1, 1, '2020-09-08 06:23:53', '2020-09-08 06:23:53'),
(1812, 1, 0, 'AnProductFields modificación', 'AnProductFields', 3, 1, '2020-09-08 06:23:58', '2020-09-08 06:23:58'),
(1813, 1, 0, 'AnProductFields eliminado', 'AnProductFields', 4, 1, '2020-09-08 06:33:14', '2020-09-08 06:33:14'),
(1814, 1, 0, 'AnProductFields modificación', 'AnProductFields', 1, 1, '2020-09-08 06:33:26', '2020-09-08 06:33:26'),
(1815, 1, 0, 'AnProductFields modificación', 'AnProductFields', 2, 1, '2020-09-08 06:33:36', '2020-09-08 06:33:36'),
(1816, 1, 0, 'AnProductFields modificación', 'AnProductFields', 3, 1, '2020-09-08 06:33:41', '2020-09-08 06:33:41'),
(1817, 1, 0, 'AttributeGroup modificación', 'AttributeGroup', 12, 1, '2020-09-08 06:56:46', '2020-09-08 06:56:46'),
(1818, 1, 0, 'Attribute modificación', 'Attribute', 201, 1, '2020-09-08 07:22:35', '2020-09-08 07:22:35'),
(1819, 1, 0, 'Attribute modificación', 'Attribute', 202, 1, '2020-09-08 07:22:57', '2020-09-08 07:22:57'),
(1820, 1, 0, 'AttributeGroup modificación', 'AttributeGroup', 12, 1, '2020-09-08 07:24:15', '2020-09-08 07:24:15'),
(1821, 1, 0, 'AnProductFields modificación', 'AnProductFields', 1, 1, '2020-09-08 07:49:10', '2020-09-08 07:49:10'),
(1822, 1, 0, 'AnProductFields modificación', 'AnProductFields', 2, 1, '2020-09-08 07:49:17', '2020-09-08 07:49:17'),
(1823, 1, 0, 'AnProductFields modificación', 'AnProductFields', 3, 1, '2020-09-08 07:49:23', '2020-09-08 07:49:23'),
(1824, 1, 0, 'AnProductFields modificación', 'AnProductFields', 1, 1, '2020-09-08 07:50:16', '2020-09-08 07:50:16'),
(1825, 1, 0, 'Product modification', 'Product', 153, 1, '2020-09-08 07:51:02', '2020-09-08 07:51:02'),
(1826, 1, 0, 'Product deleted: (159).', '', 0, 1, '2020-09-08 07:51:21', '2020-09-08 07:51:21'),
(1827, 1, 0, 'Product modification', 'Product', 154, 1, '2020-09-08 07:51:42', '2020-09-08 07:51:42'),
(1828, 1, 0, 'Product modification', 'Product', 155, 1, '2020-09-08 07:51:48', '2020-09-08 07:51:48'),
(1829, 1, 0, 'Product modification', 'Product', 156, 1, '2020-09-08 07:51:53', '2020-09-08 07:51:53'),
(1830, 1, 0, 'Product modification', 'Product', 157, 1, '2020-09-08 07:51:58', '2020-09-08 07:51:58'),
(1831, 1, 0, 'Product modification', 'Product', 158, 1, '2020-09-08 07:52:09', '2020-09-08 07:52:09'),
(1832, 1, 0, 'AnProductFields añadido', 'AnProductFields', 5, 1, '2020-09-08 07:54:23', '2020-09-08 07:54:23'),
(1833, 1, 0, 'AnProductFields añadido', 'AnProductFields', 6, 1, '2020-09-08 07:55:47', '2020-09-08 07:55:47'),
(1834, 1, 0, 'AnProductFields añadido', 'AnProductFields', 7, 1, '2020-09-08 07:56:00', '2020-09-08 07:56:00'),
(1835, 1, 0, 'AnProductFields añadido', 'AnProductFields', 8, 1, '2020-09-08 07:58:19', '2020-09-08 07:58:19'),
(1836, 1, 0, 'AnProductFields añadido', 'AnProductFields', 9, 1, '2020-09-08 07:58:22', '2020-09-08 07:58:22'),
(1837, 1, 0, 'AnProductFields añadido', 'AnProductFields', 10, 1, '2020-09-08 07:58:26', '2020-09-08 07:58:26'),
(1838, 1, 0, 'AnProductFields añadido', 'AnProductFields', 11, 1, '2020-09-08 08:00:29', '2020-09-08 08:00:29'),
(1839, 1, 0, 'AnProductFields añadido', 'AnProductFields', 12, 1, '2020-09-08 08:00:32', '2020-09-08 08:00:32'),
(1840, 1, 0, 'AnProductFields añadido', 'AnProductFields', 13, 1, '2020-09-08 08:00:34', '2020-09-08 08:00:34'),
(1841, 1, 0, 'AnProductFields añadido', 'AnProductFields', 14, 1, '2020-09-08 08:02:23', '2020-09-08 08:02:23'),
(1842, 1, 0, 'AnProductFields añadido', 'AnProductFields', 15, 1, '2020-09-08 08:02:26', '2020-09-08 08:02:26'),
(1843, 1, 0, 'AnProductFields añadido', 'AnProductFields', 16, 1, '2020-09-08 08:02:30', '2020-09-08 08:02:30'),
(1844, 1, 0, 'AnProductFields añadido', 'AnProductFields', 17, 1, '2020-09-08 08:07:25', '2020-09-08 08:07:25'),
(1845, 1, 0, 'AnProductFields añadido', 'AnProductFields', 18, 1, '2020-09-08 08:07:30', '2020-09-08 08:07:30'),
(1846, 1, 0, 'AnProductFields añadido', 'AnProductFields', 19, 1, '2020-09-08 08:07:33', '2020-09-08 08:07:33'),
(1847, 1, 0, 'AnProductFields modificación', 'AnProductFields', 1, 1, '2020-09-08 08:08:19', '2020-09-08 08:08:19'),
(1848, 1, 0, 'AnProductFields modificación', 'AnProductFields', 2, 1, '2020-09-08 08:08:22', '2020-09-08 08:08:22'),
(1849, 1, 0, 'AnProductFields modificación', 'AnProductFields', 3, 1, '2020-09-08 08:08:25', '2020-09-08 08:08:25'),
(1850, 1, 0, 'AnProductFields modificación', 'AnProductFields', 5, 1, '2020-09-08 08:08:27', '2020-09-08 08:08:27'),
(1851, 1, 0, 'AnProductFields modificación', 'AnProductFields', 6, 1, '2020-09-08 08:08:30', '2020-09-08 08:08:30'),
(1852, 1, 0, 'AnProductFields modificación', 'AnProductFields', 7, 1, '2020-09-08 08:08:32', '2020-09-08 08:08:32'),
(1853, 1, 0, 'AnProductFields modificación', 'AnProductFields', 8, 1, '2020-09-08 08:08:34', '2020-09-08 08:08:34'),
(1854, 1, 0, 'AnProductFields modificación', 'AnProductFields', 9, 1, '2020-09-08 08:08:37', '2020-09-08 08:08:37'),
(1855, 1, 0, 'AnProductFields modificación', 'AnProductFields', 10, 1, '2020-09-08 08:08:39', '2020-09-08 08:08:39'),
(1856, 1, 0, 'AnProductFields modificación', 'AnProductFields', 11, 1, '2020-09-08 08:08:42', '2020-09-08 08:08:42'),
(1857, 1, 0, 'AnProductFields modificación', 'AnProductFields', 12, 1, '2020-09-08 08:08:45', '2020-09-08 08:08:45'),
(1858, 1, 0, 'AnProductFields modificación', 'AnProductFields', 13, 1, '2020-09-08 08:08:49', '2020-09-08 08:08:49'),
(1859, 1, 0, 'AnProductFields modificación', 'AnProductFields', 14, 1, '2020-09-08 08:08:50', '2020-09-08 08:08:50'),
(1860, 1, 0, 'AnProductFields modificación', 'AnProductFields', 15, 1, '2020-09-08 08:08:57', '2020-09-08 08:08:57'),
(1861, 1, 0, 'AnProductFields modificación', 'AnProductFields', 16, 1, '2020-09-08 08:09:01', '2020-09-08 08:09:01'),
(1862, 1, 0, 'AnProductFields modificación', 'AnProductFields', 17, 1, '2020-09-08 08:09:04', '2020-09-08 08:09:04'),
(1863, 1, 0, 'AnProductFields modificación', 'AnProductFields', 18, 1, '2020-09-08 08:09:06', '2020-09-08 08:09:06'),
(1864, 1, 0, 'AnProductFields modificación', 'AnProductFields', 19, 1, '2020-09-08 08:09:09', '2020-09-08 08:09:09'),
(1865, 1, 0, 'AnProductFields añadido', 'AnProductFields', 20, 1, '2020-09-08 08:11:43', '2020-09-08 08:11:43'),
(1866, 1, 0, 'AnProductFields añadido', 'AnProductFields', 21, 1, '2020-09-08 08:11:50', '2020-09-08 08:11:50'),
(1867, 1, 0, 'AnProductFields añadido', 'AnProductFields', 22, 1, '2020-09-08 08:12:56', '2020-09-08 08:12:56'),
(1868, 1, 0, 'AnProductFields añadido', 'AnProductFields', 23, 1, '2020-09-08 08:14:46', '2020-09-08 08:14:46'),
(1869, 1, 0, 'AnProductFields añadido', 'AnProductFields', 24, 1, '2020-09-08 08:14:48', '2020-09-08 08:14:48'),
(1870, 1, 0, 'AnProductFields añadido', 'AnProductFields', 25, 1, '2020-09-08 08:14:51', '2020-09-08 08:14:51'),
(1871, 1, 0, 'AnProductFields añadido', 'AnProductFields', 26, 1, '2020-09-08 08:16:54', '2020-09-08 08:16:54'),
(1872, 1, 0, 'AnProductFields añadido', 'AnProductFields', 27, 1, '2020-09-08 08:16:57', '2020-09-08 08:16:57'),
(1873, 1, 0, 'AnProductFields añadido', 'AnProductFields', 28, 1, '2020-09-08 08:17:04', '2020-09-08 08:17:04'),
(1874, 1, 0, 'AnProductFields añadido', 'AnProductFields', 29, 1, '2020-09-08 08:19:36', '2020-09-08 08:19:36'),
(1875, 1, 0, 'AnProductFields añadido', 'AnProductFields', 30, 1, '2020-09-08 08:19:44', '2020-09-08 08:19:44'),
(1876, 1, 0, 'AnProductFields añadido', 'AnProductFields', 31, 1, '2020-09-08 08:19:47', '2020-09-08 08:19:47'),
(1877, 1, 0, 'AttributeGroup modificación', 'AttributeGroup', 12, 1, '2020-09-08 08:22:11', '2020-09-08 08:22:11'),
(1878, 1, 0, 'AttributeGroup modificación', 'AttributeGroup', 12, 1, '2020-09-08 08:26:05', '2020-09-08 08:26:05'),
(1879, 1, 0, 'AnProductFields modificación', 'AnProductFields', 31, 1, '2020-09-08 08:59:26', '2020-09-08 08:59:26'),
(1880, 1, 0, 'AnProductFields modificación', 'AnProductFields', 30, 1, '2020-09-08 08:59:29', '2020-09-08 08:59:29'),
(1881, 1, 0, 'AnProductFields modificación', 'AnProductFields', 29, 1, '2020-09-08 08:59:31', '2020-09-08 08:59:31'),
(1882, 1, 0, 'AnProductFields modificación', 'AnProductFields', 29, 1, '2020-09-08 09:00:06', '2020-09-08 09:00:06'),
(1883, 1, 0, 'AnProductFields modificación', 'AnProductFields', 30, 1, '2020-09-08 09:00:09', '2020-09-08 09:00:09'),
(1884, 1, 0, 'AnProductFields modificación', 'AnProductFields', 31, 1, '2020-09-08 09:00:12', '2020-09-08 09:00:12'),
(1885, 1, 0, 'AnProductFields modificación', 'AnProductFields', 31, 1, '2020-09-08 09:02:33', '2020-09-08 09:02:33'),
(1886, 1, 0, 'AnProductFields modificación', 'AnProductFields', 29, 1, '2020-09-08 09:02:36', '2020-09-08 09:02:36'),
(1887, 1, 0, 'AnProductFields modificación', 'AnProductFields', 30, 1, '2020-09-08 09:02:37', '2020-09-08 09:02:37'),
(1888, 1, 0, 'AnProductFields modificación', 'AnProductFields', 30, 1, '2020-09-08 09:05:21', '2020-09-08 09:05:21'),
(1889, 1, 0, 'AnProductFields modificación', 'AnProductFields', 29, 1, '2020-09-08 09:06:13', '2020-09-08 09:06:13'),
(1890, 1, 0, 'AnProductFields modificación', 'AnProductFields', 29, 1, '2020-09-08 09:06:33', '2020-09-08 09:06:33'),
(1891, 1, 0, 'AnProductFields modificación', 'AnProductFields', 30, 1, '2020-09-08 09:06:39', '2020-09-08 09:06:39'),
(1892, 1, 0, 'AnProductFields modificación', 'AnProductFields', 29, 1, '2020-09-08 09:07:00', '2020-09-08 09:07:00'),
(1893, 1, 0, 'AnProductFields modificación', 'AnProductFields', 29, 1, '2020-09-08 09:07:48', '2020-09-08 09:07:48'),
(1894, 1, 0, 'AnProductFields modificación', 'AnProductFields', 30, 1, '2020-09-08 09:07:52', '2020-09-08 09:07:52'),
(1895, 1, 0, 'AnProductFields modificación', 'AnProductFields', 31, 1, '2020-09-08 09:07:55', '2020-09-08 09:07:55'),
(1896, 1, 0, 'AnProductFields modificación', 'AnProductFields', 29, 1, '2020-09-08 09:08:35', '2020-09-08 09:08:35'),
(1897, 1, 0, 'AnProductFields modificación', 'AnProductFields', 30, 1, '2020-09-08 09:08:45', '2020-09-08 09:08:45'),
(1898, 1, 0, 'AnProductFields modificación', 'AnProductFields', 30, 1, '2020-09-08 09:08:55', '2020-09-08 09:08:55'),
(1899, 1, 0, 'AnProductFields modificación', 'AnProductFields', 31, 1, '2020-09-08 09:09:37', '2020-09-08 09:09:37'),
(1900, 1, 0, 'AnProductFields modificación', 'AnProductFields', 30, 1, '2020-09-08 09:12:17', '2020-09-08 09:12:17'),
(1901, 1, 0, 'Frontcontroller::init - Cart cannot be loaded or an order has already been placed using this cart', 'Cart', 164, 0, '2020-09-08 09:45:00', '2020-09-08 09:45:00'),
(1902, 1, 0, 'Conexión al back-office desde 181.171.199.116', '', 0, 1, '2020-09-08 10:05:51', '2020-09-08 10:05:51'),
(1903, 1, 0, 'Product modification', 'Product', 153, 1, '2020-09-08 10:12:12', '2020-09-08 10:12:12'),
(1904, 1, 0, 'Product modification', 'Product', 154, 1, '2020-09-08 10:12:14', '2020-09-08 10:12:14'),
(1905, 1, 0, 'Product modification', 'Product', 154, 1, '2020-09-08 10:13:21', '2020-09-08 10:13:21'),
(1906, 1, 0, 'Product modification', 'Product', 153, 1, '2020-09-08 10:13:23', '2020-09-08 10:13:23'),
(1907, 1, 0, 'Frontcontroller::init - Cart cannot be loaded or an order has already been placed using this cart', 'Cart', 166, 0, '2020-09-08 10:24:52', '2020-09-08 10:24:52'),
(1908, 1, 0, 'Product modification', 'Product', 23, 1, '2020-09-08 10:42:11', '2020-09-08 10:42:11'),
(1909, 1, 0, 'Product modification', 'Product', 23, 1, '2020-09-08 10:43:43', '2020-09-08 10:43:43'),
(1910, 1, 0, 'Product modification', 'Product', 23, 1, '2020-09-08 10:44:24', '2020-09-08 10:44:24'),
(1911, 1, 0, 'Product modification', 'Product', 23, 1, '2020-09-08 10:46:14', '2020-09-08 10:46:14'),
(1912, 1, 0, 'Product modification', 'Product', 23, 1, '2020-09-08 10:58:18', '2020-09-08 10:58:18'),
(1913, 1, 0, 'Product modification', 'Product', 23, 1, '2020-09-08 10:58:42', '2020-09-08 10:58:42'),
(1914, 1, 0, 'Product modification', 'Product', 23, 1, '2020-09-08 10:59:39', '2020-09-08 10:59:39'),
(1915, 1, 0, 'Product modification', 'Product', 26, 1, '2020-09-08 11:07:59', '2020-09-08 11:07:59'),
(1916, 1, 0, 'Product modification', 'Product', 26, 1, '2020-09-08 11:08:12', '2020-09-08 11:08:12'),
(1917, 1, 0, 'Product modification', 'Product', 26, 1, '2020-09-08 11:08:32', '2020-09-08 11:08:32'),
(1918, 1, 0, 'Product modification', 'Product', 26, 1, '2020-09-08 11:09:00', '2020-09-08 11:09:00'),
(1919, 1, 0, 'Conexión al back-office desde 181.171.199.116', '', 0, 1, '2020-09-11 14:04:02', '2020-09-11 14:04:02'),
(1920, 1, 0, 'Product modification', 'Product', 135, 1, '2020-09-11 14:23:52', '2020-09-11 14:23:52'),
(1921, 1, 0, 'Product modification', 'Product', 24, 1, '2020-09-11 14:33:11', '2020-09-11 14:33:11'),
(1922, 1, 0, 'Product modification', 'Product', 24, 1, '2020-09-11 14:33:37', '2020-09-11 14:33:37'),
(1923, 1, 0, 'Product modification', 'Product', 24, 1, '2020-09-11 14:33:46', '2020-09-11 14:33:46'),
(1924, 1, 0, 'Product modification', 'Product', 25, 1, '2020-09-11 14:36:56', '2020-09-11 14:36:56'),
(1925, 1, 0, 'Product modification', 'Product', 25, 1, '2020-09-11 14:37:24', '2020-09-11 14:37:24'),
(1926, 1, 0, 'Product modification', 'Product', 25, 1, '2020-09-11 14:38:01', '2020-09-11 14:38:01'),
(1927, 1, 0, 'Product modification', 'Product', 26, 1, '2020-09-11 14:46:22', '2020-09-11 14:46:22'),
(1928, 1, 0, 'Product modification', 'Product', 136, 1, '2020-09-11 15:58:56', '2020-09-11 15:58:56'),
(1929, 1, 0, 'Product modification', 'Product', 136, 1, '2020-09-11 15:59:07', '2020-09-11 15:59:07'),
(1930, 1, 0, 'Product modification', 'Product', 28, 1, '2020-09-11 16:01:21', '2020-09-11 16:01:21'),
(1931, 1, 0, 'Product modification', 'Product', 28, 1, '2020-09-11 16:01:39', '2020-09-11 16:01:39'),
(1932, 1, 0, 'Product modification', 'Product', 28, 1, '2020-09-11 16:01:50', '2020-09-11 16:01:50'),
(1933, 1, 0, 'Product modification', 'Product', 28, 1, '2020-09-11 16:02:43', '2020-09-11 16:02:43'),
(1934, 1, 0, 'Product modification', 'Product', 28, 1, '2020-09-11 16:02:55', '2020-09-11 16:02:55'),
(1935, 1, 0, 'Product modification', 'Product', 137, 1, '2020-09-11 16:16:15', '2020-09-11 16:16:15'),
(1936, 1, 0, 'Product modification', 'Product', 137, 1, '2020-09-11 16:16:38', '2020-09-11 16:16:38'),
(1937, 1, 0, 'Product modification', 'Product', 137, 1, '2020-09-11 16:16:47', '2020-09-11 16:16:47'),
(1938, 1, 0, 'Product modification', 'Product', 139, 1, '2020-09-11 16:23:33', '2020-09-11 16:23:33'),
(1939, 1, 0, 'Product modification', 'Product', 139, 1, '2020-09-11 16:24:30', '2020-09-11 16:24:30'),
(1940, 1, 0, 'Product modification', 'Product', 139, 1, '2020-09-11 16:24:40', '2020-09-11 16:24:40'),
(1941, 1, 0, 'Product modification', 'Product', 138, 1, '2020-09-11 16:30:32', '2020-09-11 16:30:32'),
(1942, 1, 0, 'Product modification', 'Product', 139, 1, '2020-09-11 16:32:20', '2020-09-11 16:32:20'),
(1943, 1, 0, 'Product modification', 'Product', 138, 1, '2020-09-11 16:34:51', '2020-09-11 16:34:51'),
(1944, 1, 0, 'Product modification', 'Product', 138, 1, '2020-09-11 16:35:00', '2020-09-11 16:35:00'),
(1945, 1, 0, 'Product modification', 'Product', 135, 1, '2020-09-11 16:36:44', '2020-09-11 16:36:44'),
(1946, 1, 0, 'Product modification', 'Product', 135, 1, '2020-09-11 16:36:53', '2020-09-11 16:36:53'),
(1947, 1, 0, 'Product modification', 'Product', 27, 1, '2020-09-11 16:37:57', '2020-09-11 16:37:57'),
(1948, 1, 0, 'Product modification', 'Product', 27, 1, '2020-09-11 16:38:10', '2020-09-11 16:38:10'),
(1949, 1, 0, 'Product modification', 'Product', 27, 1, '2020-09-11 16:38:27', '2020-09-11 16:38:27'),
(1950, 1, 0, 'Product modification', 'Product', 134, 1, '2020-09-11 16:39:05', '2020-09-11 16:39:05'),
(1951, 1, 0, 'Product modification', 'Product', 134, 1, '2020-09-11 16:39:16', '2020-09-11 16:39:16'),
(1952, 1, 0, 'Product modification', 'Product', 134, 1, '2020-09-11 16:39:26', '2020-09-11 16:39:26'),
(1953, 1, 0, 'Product modification', 'Product', 29, 1, '2020-09-11 17:14:19', '2020-09-11 17:14:19'),
(1954, 1, 0, 'Product modification', 'Product', 29, 1, '2020-09-11 17:14:40', '2020-09-11 17:14:40'),
(1955, 1, 0, 'Product modification', 'Product', 29, 1, '2020-09-11 17:15:08', '2020-09-11 17:15:08'),
(1956, 1, 0, 'Product modification', 'Product', 30, 1, '2020-09-11 17:29:16', '2020-09-11 17:29:16'),
(1957, 1, 0, 'Product modification', 'Product', 30, 1, '2020-09-11 17:29:29', '2020-09-11 17:29:29'),
(1958, 1, 0, 'Product modification', 'Product', 30, 1, '2020-09-11 17:30:10', '2020-09-11 17:30:10'),
(1959, 1, 0, 'Product modification', 'Product', 30, 1, '2020-09-11 17:30:25', '2020-09-11 17:30:25'),
(1960, 1, 0, 'Product deactivated: 153', '', 0, 1, '2020-09-11 17:32:51', '2020-09-11 17:32:51'),
(1961, 1, 0, 'Product deactivated: 154', '', 0, 1, '2020-09-11 17:33:16', '2020-09-11 17:33:16'),
(1962, 1, 0, 'Product deactivated: 155', '', 0, 1, '2020-09-11 17:33:16', '2020-09-11 17:33:16'),
(1963, 1, 0, 'Product deactivated: 156', '', 0, 1, '2020-09-11 17:33:17', '2020-09-11 17:33:17'),
(1964, 1, 0, 'Product deactivated: 157', '', 0, 1, '2020-09-11 17:33:17', '2020-09-11 17:33:17'),
(1965, 1, 0, 'Product deactivated: 158', '', 0, 1, '2020-09-11 17:33:19', '2020-09-11 17:33:19'),
(1966, 1, 0, 'Conexión al back-office desde 190.178.20.207', '', 0, 1, '2020-09-11 17:40:21', '2020-09-11 17:40:21'),
(1967, 1, 0, 'importar Categorías (desde 0 hasta 5)', '', 0, 1, '2020-09-11 19:05:23', '2020-09-11 19:05:23'),
(1968, 1, 0, 'importar Categorías (desde 5 hasta 20)', '', 0, 1, '2020-09-11 19:05:24', '2020-09-11 19:05:24'),
(1969, 1, 0, 'importar Categorías (desde 0 hasta 5)', '', 0, 1, '2020-09-11 19:05:25', '2020-09-11 19:05:25'),
(1970, 1, 0, 'importar Categorías (desde 5 hasta 20)', '', 0, 1, '2020-09-11 19:05:25', '2020-09-11 19:05:25'),
(1971, 1, 0, 'Conexión al back-office desde 181.167.49.227', '', 0, 1, '2020-09-14 10:47:58', '2020-09-14 10:47:58'),
(1972, 1, 0, 'Conexión al back-office desde 181.167.49.227', '', 0, 1, '2020-09-15 14:21:22', '2020-09-15 14:21:22'),
(1973, 1, 0, 'Conexión al back-office desde 190.178.62.90', '', 0, 1, '2020-09-15 16:50:54', '2020-09-15 16:50:54'),
(1974, 1, 0, 'AnProductFields modificación', 'AnProductFields', 29, 1, '2020-09-15 18:53:37', '2020-09-15 18:53:37'),
(1975, 1, 0, 'AnProductFields modificación', 'AnProductFields', 30, 1, '2020-09-15 18:53:42', '2020-09-15 18:53:42'),
(1976, 1, 0, 'AnProductFields modificación', 'AnProductFields', 31, 1, '2020-09-15 18:53:47', '2020-09-15 18:53:47'),
(1977, 1, 0, 'fieldMegamenuModel modificación', 'fieldMegamenuModel', 2, 1, '2020-09-15 19:16:58', '2020-09-15 19:16:58'),
(1978, 1, 0, 'Supplier eliminado', 'Supplier', 2, 1, '2020-09-15 19:19:22', '2020-09-15 19:19:22'),
(1979, 1, 0, 'Supplier eliminado', 'Supplier', 1, 1, '2020-09-15 19:19:26', '2020-09-15 19:19:26'),
(1980, 1, 0, 'fieldMegamenuModel modificación', 'fieldMegamenuModel', 2, 1, '2020-09-15 19:37:07', '2020-09-15 19:37:07'),
(1981, 1, 0, 'fieldMegamenuModel modificación', 'fieldMegamenuModel', 2, 1, '2020-09-15 19:40:55', '2020-09-15 19:40:55'),
(1982, 1, 0, 'fieldMegamenuModel modificación', 'fieldMegamenuModel', 2, 1, '2020-09-15 19:41:15', '2020-09-15 19:41:15'),
(1983, 1, 0, 'Frontcontroller::init - Cart cannot be loaded or an order has already been placed using this cart', 'Cart', 175, 0, '2020-09-24 19:22:02', '2020-09-24 19:22:02'),
(1984, 1, 0, 'Conexión al back-office desde 181.171.202.114', '', 0, 1, '2020-09-28 12:57:50', '2020-09-28 12:57:50'),
(1985, 1, 0, 'importar Productos (desde 0 hasta 5)', '', 0, 1, '2020-09-28 12:59:38', '2020-09-28 12:59:38'),
(1986, 1, 0, 'importar Productos (desde 5 hasta 20)', '', 0, 1, '2020-09-28 12:59:41', '2020-09-28 12:59:41'),
(1987, 1, 0, 'importar Productos (desde 0 hasta 5)', '', 0, 1, '2020-09-28 12:59:42', '2020-09-28 12:59:42'),
(1988, 1, 0, 'importar Productos (desde 5 hasta 20)', '', 0, 1, '2020-09-28 12:59:43', '2020-09-28 12:59:43'),
(1989, 1, 0, 'importar Productos (desde 0 hasta 5)', '', 0, 1, '2020-09-28 12:59:44', '2020-09-28 12:59:44'),
(1990, 1, 0, 'Conexión al back-office desde 181.171.202.114', '', 0, 1, '2020-09-29 15:09:20', '2020-09-29 15:09:20'),
(1991, 1, 0, 'Conexión al back-office desde 190.19.123.120', '', 0, 3, '2020-09-30 09:53:24', '2020-09-30 09:53:24'),
(1992, 1, 0, 'Product deactivated: 138', '', 0, 3, '2020-09-30 09:56:13', '2020-09-30 09:56:13'),
(1993, 1, 0, 'Product deactivated: 139', '', 0, 3, '2020-09-30 09:56:34', '2020-09-30 09:56:34'),
(1994, 1, 0, 'Conexión al back-office desde 181.171.202.114', '', 0, 1, '2020-09-30 10:38:04', '2020-09-30 10:38:04'),
(1995, 1, 0, 'Product modification', 'Product', 158, 1, '2020-09-30 12:30:26', '2020-09-30 12:30:26'),
(1996, 1, 0, 'Product modification', 'Product', 157, 1, '2020-09-30 12:30:44', '2020-09-30 12:30:44'),
(1997, 1, 0, 'Product modification', 'Product', 156, 1, '2020-09-30 12:31:03', '2020-09-30 12:31:03'),
(1998, 1, 0, 'Product modification', 'Product', 155, 1, '2020-09-30 12:31:23', '2020-09-30 12:31:23'),
(1999, 1, 0, 'Product modification', 'Product', 154, 1, '2020-09-30 12:31:35', '2020-09-30 12:31:35'),
(2000, 1, 0, 'Product modification', 'Product', 153, 1, '2020-09-30 12:31:51', '2020-09-30 12:31:51'),
(2001, 1, 0, 'importar Productos (desde 0 hasta 5)', '', 0, 1, '2020-09-30 12:33:53', '2020-09-30 12:33:53'),
(2002, 1, 0, 'importar Productos (desde 5 hasta 20)', '', 0, 1, '2020-09-30 12:33:54', '2020-09-30 12:33:54'),
(2003, 1, 0, 'importar Productos (desde 0 hasta 5)', '', 0, 1, '2020-09-30 12:33:56', '2020-09-30 12:33:56'),
(2004, 1, 0, 'importar Productos (desde 5 hasta 12)', '', 0, 1, '2020-09-30 12:34:00', '2020-09-30 12:34:00'),
(2005, 1, 0, 'importar Productos (desde 0 hasta 5)', '', 0, 1, '2020-09-30 12:34:00', '2020-09-30 12:34:00'),
(2006, 1, 0, 'importar Productos (desde 5 hasta 20)', '', 0, 1, '2020-09-30 12:34:00', '2020-09-30 12:34:00'),
(2007, 1, 0, 'importar Productos (desde 0 hasta 5)', '', 0, 1, '2020-09-30 12:57:40', '2020-09-30 12:57:40'),
(2008, 1, 0, 'importar Productos (desde 0 hasta 5)', '', 0, 1, '2020-09-30 12:57:41', '2020-09-30 12:57:41'),
(2009, 1, 0, 'importar Productos (desde 0 hasta 5)', '', 0, 1, '2020-09-30 12:57:41', '2020-09-30 12:57:41'),
(2010, 1, 0, 'Product modification', 'Product', 134, 1, '2020-09-30 13:08:07', '2020-09-30 13:08:07'),
(2011, 1, 0, 'Product modification', 'Product', 25, 1, '2020-09-30 13:15:54', '2020-09-30 13:15:54'),
(2012, 1, 0, 'Product modification', 'Product', 155, 1, '2020-09-30 13:16:37', '2020-09-30 13:16:37'),
(2013, 1, 0, 'Product modification', 'Product', 155, 1, '2020-09-30 13:17:26', '2020-09-30 13:17:26'),
(2014, 1, 0, 'Product modification', 'Product', 156, 1, '2020-09-30 13:19:53', '2020-09-30 13:19:53'),
(2015, 1, 0, 'Product modification', 'Product', 156, 1, '2020-09-30 13:20:10', '2020-09-30 13:20:10'),
(2016, 1, 0, 'Product modification', 'Product', 157, 1, '2020-09-30 13:23:24', '2020-09-30 13:23:24'),
(2017, 1, 0, 'Product modification', 'Product', 157, 1, '2020-09-30 13:23:39', '2020-09-30 13:23:39'),
(2018, 1, 0, 'Product modification', 'Product', 136, 1, '2020-09-30 13:33:06', '2020-09-30 13:33:06'),
(2019, 1, 0, 'Product modification', 'Product', 135, 1, '2020-09-30 13:39:04', '2020-09-30 13:39:04'),
(2020, 1, 0, 'Product modification', 'Product', 137, 1, '2020-09-30 13:40:37', '2020-09-30 13:40:37'),
(2021, 1, 0, 'Product modification', 'Product', 157, 3, '2020-09-30 13:42:04', '2020-09-30 13:42:04'),
(2022, 1, 0, 'Product modification', 'Product', 157, 3, '2020-09-30 13:46:21', '2020-09-30 13:46:21'),
(2023, 1, 0, 'Product activated: 157', '', 0, 3, '2020-09-30 14:12:29', '2020-09-30 14:12:29'),
(2024, 1, 0, 'Product modification', 'Product', 157, 3, '2020-09-30 14:23:29', '2020-09-30 14:23:29'),
(2025, 1, 0, 'Product modification', 'Product', 157, 3, '2020-09-30 14:23:38', '2020-09-30 14:23:38'),
(2026, 1, 0, 'Product modification', 'Product', 134, 3, '2020-09-30 14:47:01', '2020-09-30 14:47:01'),
(2027, 1, 0, 'Product modification', 'Product', 134, 3, '2020-09-30 14:47:47', '2020-09-30 14:47:47'),
(2028, 1, 0, 'Product modification', 'Product', 135, 3, '2020-09-30 14:49:12', '2020-09-30 14:49:12'),
(2029, 1, 0, 'Product modification', 'Product', 135, 3, '2020-09-30 14:49:29', '2020-09-30 14:49:29'),
(2030, 1, 0, 'Product modification', 'Product', 137, 3, '2020-09-30 14:50:56', '2020-09-30 14:50:56'),
(2031, 1, 0, 'Product modification', 'Product', 137, 3, '2020-09-30 14:51:19', '2020-09-30 14:51:19'),
(2032, 1, 0, 'Product modification', 'Product', 136, 3, '2020-09-30 14:54:09', '2020-09-30 14:54:09'),
(2033, 1, 0, 'Product modification', 'Product', 136, 3, '2020-09-30 14:54:37', '2020-09-30 14:54:37'),
(2034, 1, 0, 'FeatureValue modificación', 'FeatureValue', 40, 1, '2020-09-30 16:52:53', '2020-09-30 16:52:53'),
(2035, 1, 0, 'FeatureValue modificación', 'FeatureValue', 40, 1, '2020-09-30 16:55:01', '2020-09-30 16:55:01'),
(2036, 1, 0, 'Product modification', 'Product', 156, 1, '2020-09-30 18:18:25', '2020-09-30 18:18:25'),
(2037, 1, 0, 'Product modification', 'Product', 155, 1, '2020-09-30 18:19:34', '2020-09-30 18:19:34'),
(2038, 1, 0, 'Product modification', 'Product', 158, 1, '2020-09-30 18:19:45', '2020-09-30 18:19:45'),
(2039, 1, 0, 'Product modification', 'Product', 154, 1, '2020-09-30 18:20:02', '2020-09-30 18:20:02'),
(2040, 1, 0, 'Product modification', 'Product', 153, 1, '2020-09-30 18:20:12', '2020-09-30 18:20:12'),
(2041, 1, 0, 'Product modification', 'Product', 157, 1, '2020-09-30 18:20:51', '2020-09-30 18:20:51'),
(2042, 1, 0, 'Product activated: 154', '', 0, 1, '2020-09-30 18:23:24', '2020-09-30 18:23:24'),
(2043, 1, 0, 'Conexión al back-office desde 181.171.202.114', '', 0, 1, '2020-10-01 21:57:28', '2020-10-01 21:57:28'),
(2044, 1, 0, 'Conexión al back-office desde 190.19.123.120', '', 0, 3, '2020-10-02 12:39:29', '2020-10-02 12:39:29'),
(2045, 1, 0, 'Conexión al back-office desde 190.247.208.142', '', 0, 3, '2020-10-02 12:45:56', '2020-10-02 12:45:56'),
(2046, 1, 0, 'Product modification', 'Product', 23, 3, '2020-10-02 12:47:23', '2020-10-02 12:47:23'),
(2047, 1, 0, 'Product modification', 'Product', 156, 3, '2020-10-02 12:54:51', '2020-10-02 12:54:51'),
(2048, 1, 0, 'Product modification', 'Product', 156, 3, '2020-10-02 12:55:18', '2020-10-02 12:55:18'),
(2049, 1, 0, 'Product modification', 'Product', 156, 3, '2020-10-02 12:57:16', '2020-10-02 12:57:16'),
(2050, 1, 0, 'Conexión al back-office desde 190.19.123.120', '', 0, 3, '2020-10-02 13:00:42', '2020-10-02 13:00:42'),
(2051, 1, 0, 'Product modification', 'Product', 155, 3, '2020-10-02 13:01:53', '2020-10-02 13:01:53'),
(2052, 1, 0, 'Product modification', 'Product', 155, 3, '2020-10-02 13:01:59', '2020-10-02 13:01:59'),
(2053, 1, 0, 'Product modification', 'Product', 155, 3, '2020-10-02 13:02:08', '2020-10-02 13:02:08'),
(2054, 1, 0, 'Product modification', 'Product', 155, 3, '2020-10-02 13:02:50', '2020-10-02 13:02:50'),
(2055, 1, 0, 'Product modification', 'Product', 155, 3, '2020-10-02 13:02:54', '2020-10-02 13:02:54'),
(2056, 1, 0, 'Conexión al back-office desde 181.171.202.114', '', 0, 1, '2020-10-02 13:09:43', '2020-10-02 13:09:43'),
(2057, 1, 0, 'Product modification', 'Product', 23, 1, '2020-10-02 13:12:36', '2020-10-02 13:12:36'),
(2058, 1, 0, 'Product modification', 'Product', 23, 1, '2020-10-02 13:13:56', '2020-10-02 13:13:56'),
(2059, 1, 0, 'Product modification', 'Product', 23, 1, '2020-10-02 13:14:57', '2020-10-02 13:14:57'),
(2060, 1, 0, 'Product modification', 'Product', 23, 1, '2020-10-02 13:16:28', '2020-10-02 13:16:28'),
(2061, 1, 0, 'Product modification', 'Product', 23, 1, '2020-10-02 13:16:44', '2020-10-02 13:16:44'),
(2062, 1, 0, 'Product modification', 'Product', 23, 1, '2020-10-02 13:18:01', '2020-10-02 13:18:01'),
(2063, 1, 0, 'Product modification', 'Product', 136, 1, '2020-10-02 13:19:30', '2020-10-02 13:19:30'),
(2064, 1, 0, 'Product modification', 'Product', 155, 1, '2020-10-02 13:46:24', '2020-10-02 13:46:24'),
(2065, 1, 0, 'Product modification', 'Product', 155, 1, '2020-10-02 13:46:53', '2020-10-02 13:46:53'),
(2066, 1, 0, 'Conexión al back-office desde 181.167.49.241', '', 0, 1, '2020-10-05 12:24:26', '2020-10-05 12:24:26'),
(2067, 1, 0, 'Product modification', 'Product', 26, 1, '2020-10-05 12:45:25', '2020-10-05 12:45:25'),
(2068, 1, 0, 'Product modification', 'Product', 137, 1, '2020-10-05 12:54:27', '2020-10-05 12:54:27'),
(2069, 1, 0, 'Product modification', 'Product', 135, 1, '2020-10-05 12:55:26', '2020-10-05 12:55:26'),
(2070, 1, 0, 'Product modification', 'Product', 134, 1, '2020-10-05 12:56:04', '2020-10-05 12:56:04'),
(2071, 1, 0, 'Product modification', 'Product', 27, 1, '2020-10-05 12:56:45', '2020-10-05 12:56:45'),
(2072, 1, 0, 'Product modification', 'Product', 28, 1, '2020-10-05 12:57:42', '2020-10-05 12:57:42'),
(2073, 1, 0, 'Product modification', 'Product', 24, 1, '2020-10-05 12:58:36', '2020-10-05 12:58:36'),
(2074, 1, 0, 'importar Productos (desde 0 hasta 5)', '', 0, 1, '2020-10-05 15:26:11', '2020-10-05 15:26:11'),
(2075, 1, 0, 'importar Productos (desde 5 hasta 20)', '', 0, 1, '2020-10-05 15:26:11', '2020-10-05 15:26:11'),
(2076, 1, 0, 'importar Productos (desde 25 hasta 80)', '', 0, 1, '2020-10-05 15:26:11', '2020-10-05 15:26:11'),
(2077, 1, 0, 'importar Productos (desde 0 hasta 5)', '', 0, 1, '2020-10-05 15:26:12', '2020-10-05 15:26:12'),
(2078, 1, 0, 'importar Productos (desde 5 hasta 20)', '', 0, 1, '2020-10-05 15:26:13', '2020-10-05 15:26:13'),
(2079, 1, 0, 'importar Productos (desde 25 hasta 80)', '', 0, 1, '2020-10-05 15:26:14', '2020-10-05 15:26:14'),
(2080, 1, 0, 'importar Productos (desde 0 hasta 5)', '', 0, 1, '2020-10-05 15:26:14', '2020-10-05 15:26:14'),
(2081, 1, 0, 'Conexión al back-office desde 190.19.123.120', '', 0, 3, '2020-10-08 11:43:11', '2020-10-08 11:43:11'),
(2082, 1, 0, 'Product modification', 'Product', 157, 3, '2020-10-08 11:44:38', '2020-10-08 11:44:38'),
(2083, 1, 0, 'Product modification', 'Product', 157, 3, '2020-10-08 11:45:05', '2020-10-08 11:45:05'),
(2084, 1, 0, 'Product modification', 'Product', 157, 3, '2020-10-08 11:45:51', '2020-10-08 11:45:51'),
(2085, 1, 0, 'Product modification', 'Product', 157, 3, '2020-10-08 11:46:08', '2020-10-08 11:46:08'),
(2086, 1, 0, 'Product modification', 'Product', 156, 3, '2020-10-08 11:46:48', '2020-10-08 11:46:48'),
(2087, 1, 0, 'Product modification', 'Product', 156, 3, '2020-10-08 11:47:06', '2020-10-08 11:47:06'),
(2088, 1, 0, 'Product modification', 'Product', 156, 3, '2020-10-08 11:47:07', '2020-10-08 11:47:07'),
(2089, 1, 0, 'Product modification', 'Product', 156, 3, '2020-10-08 11:47:16', '2020-10-08 11:47:16'),
(2090, 1, 0, 'Product modification', 'Product', 156, 3, '2020-10-08 11:47:53', '2020-10-08 11:47:53'),
(2091, 1, 0, 'Product modification', 'Product', 137, 3, '2020-10-08 11:48:31', '2020-10-08 11:48:31'),
(2092, 1, 0, 'Product modification', 'Product', 137, 3, '2020-10-08 11:48:53', '2020-10-08 11:48:53'),
(2093, 1, 0, 'Product modification', 'Product', 137, 3, '2020-10-08 11:49:01', '2020-10-08 11:49:01'),
(2094, 1, 0, 'Product modification', 'Product', 136, 3, '2020-10-08 11:49:40', '2020-10-08 11:49:40'),
(2095, 1, 0, 'Product modification', 'Product', 136, 3, '2020-10-08 11:49:56', '2020-10-08 11:49:56'),
(2096, 1, 0, 'Product modification', 'Product', 135, 3, '2020-10-08 11:56:28', '2020-10-08 11:56:28'),
(2097, 1, 0, 'Product modification', 'Product', 135, 3, '2020-10-08 11:56:53', '2020-10-08 11:56:53'),
(2098, 1, 0, 'Product modification', 'Product', 134, 3, '2020-10-08 11:58:03', '2020-10-08 11:58:03'),
(2099, 1, 0, 'Product modification', 'Product', 134, 3, '2020-10-08 11:58:21', '2020-10-08 11:58:21'),
(2100, 1, 0, 'Product modification', 'Product', 125, 3, '2020-10-08 12:03:48', '2020-10-08 12:03:48'),
(2101, 1, 0, 'Conexión al back-office desde 190.19.123.120', '', 0, 3, '2020-10-08 13:05:53', '2020-10-08 13:05:53'),
(2102, 1, 0, 'Product modification', 'Product', 134, 3, '2020-10-08 13:13:16', '2020-10-08 13:13:16'),
(2103, 1, 0, 'Product modification', 'Product', 134, 3, '2020-10-08 13:15:59', '2020-10-08 13:15:59'),
(2104, 1, 0, 'Product modification', 'Product', 134, 3, '2020-10-08 13:16:37', '2020-10-08 13:16:37'),
(2105, 1, 0, 'Product modification', 'Product', 134, 3, '2020-10-08 13:24:31', '2020-10-08 13:24:31'),
(2106, 1, 0, 'Product modification', 'Product', 134, 3, '2020-10-08 13:29:44', '2020-10-08 13:29:44'),
(2107, 1, 0, 'Product modification', 'Product', 134, 3, '2020-10-08 13:32:45', '2020-10-08 13:32:45'),
(2108, 1, 0, 'Product modification', 'Product', 135, 3, '2020-10-08 13:34:02', '2020-10-08 13:34:02'),
(2109, 1, 0, 'Product modification', 'Product', 135, 3, '2020-10-08 13:34:21', '2020-10-08 13:34:21'),
(2110, 1, 0, 'Product modification', 'Product', 135, 3, '2020-10-08 13:34:43', '2020-10-08 13:34:43'),
(2111, 1, 0, 'Product modification', 'Product', 157, 3, '2020-10-08 13:35:47', '2020-10-08 13:35:47'),
(2112, 1, 0, 'Product modification', 'Product', 157, 3, '2020-10-08 13:36:07', '2020-10-08 13:36:07'),
(2113, 1, 0, 'Product modification', 'Product', 157, 3, '2020-10-08 13:37:20', '2020-10-08 13:37:20'),
(2114, 1, 0, 'Product modification', 'Product', 156, 3, '2020-10-08 13:39:22', '2020-10-08 13:39:22'),
(2115, 1, 0, 'Product modification', 'Product', 156, 3, '2020-10-08 13:39:34', '2020-10-08 13:39:34'),
(2116, 1, 0, 'Product modification', 'Product', 137, 3, '2020-10-08 13:41:12', '2020-10-08 13:41:12'),
(2117, 1, 0, 'Product modification', 'Product', 137, 3, '2020-10-08 13:41:48', '2020-10-08 13:41:48'),
(2118, 1, 0, 'Product modification', 'Product', 136, 3, '2020-10-08 13:42:43', '2020-10-08 13:42:43'),
(2119, 1, 0, 'Product modification', 'Product', 136, 3, '2020-10-08 13:43:00', '2020-10-08 13:43:00'),
(2120, 1, 0, 'Product modification', 'Product', 136, 3, '2020-10-08 13:43:13', '2020-10-08 13:43:13'),
(2121, 1, 0, 'Product modification', 'Product', 156, 3, '2020-10-08 13:44:29', '2020-10-08 13:44:29'),
(2122, 1, 0, 'Conexión al back-office desde 181.170.183.101', '', 0, 1, '2020-10-13 15:07:45', '2020-10-13 15:07:45'),
(2123, 1, 0, 'Conexión al back-office desde 190.178.44.146', '', 0, 1, '2020-10-14 06:18:05', '2020-10-14 06:18:05'),
(2124, 1, 0, 'Conexión al back-office desde 190.178.44.146', '', 0, 1, '2020-10-14 10:33:39', '2020-10-14 10:33:39'),
(2125, 1, 0, 'Conexión al back-office desde 190.210.222.38', '', 0, 2, '2020-10-19 12:30:28', '2020-10-19 12:30:28'),
(2126, 1, 0, 'Conexión al back-office desde 181.170.183.101', '', 0, 1, '2020-10-21 17:01:32', '2020-10-21 17:01:32'),
(2127, 1, 0, 'importar Productos (desde 0 hasta 5)', '', 0, 1, '2020-10-21 17:02:36', '2020-10-21 17:02:36'),
(2128, 1, 0, 'importar Productos (desde 5 hasta 20)', '', 0, 1, '2020-10-21 17:02:36', '2020-10-21 17:02:36'),
(2129, 1, 0, 'importar Productos (desde 25 hasta 80)', '', 0, 1, '2020-10-21 17:02:37', '2020-10-21 17:02:37'),
(2130, 1, 0, 'importar Productos (desde 0 hasta 5)', '', 0, 1, '2020-10-21 17:02:37', '2020-10-21 17:02:37'),
(2131, 1, 0, 'importar Productos (desde 5 hasta 20)', '', 0, 1, '2020-10-21 17:02:39', '2020-10-21 17:02:39'),
(2132, 1, 0, 'importar Productos (desde 25 hasta 80)', '', 0, 1, '2020-10-21 17:02:41', '2020-10-21 17:02:41'),
(2133, 1, 0, 'importar Productos (desde 0 hasta 5)', '', 0, 1, '2020-10-21 17:02:41', '2020-10-21 17:02:41'),
(2134, 1, 0, 'Conexión al back-office desde 181.170.183.101', '', 0, 1, '2020-10-22 10:37:59', '2020-10-22 10:37:59'),
(2135, 1, 0, 'Conexión al back-office desde 190.19.123.120', '', 0, 3, '2020-10-22 10:47:55', '2020-10-22 10:47:55'),
(2136, 1, 0, 'Frontcontroller::init - Cart cannot be loaded or an order has already been placed using this cart', 'Cart', 208, 0, '2020-10-22 10:50:35', '2020-10-22 10:50:35'),
(2137, 1, 0, 'ModelFieldSlideShow añadido', 'ModelFieldSlideShow', 4, 1, '2020-10-22 12:37:15', '2020-10-22 12:37:15'),
(2138, 1, 0, 'ModelFieldSlideShow modificación', 'ModelFieldSlideShow', 4, 1, '2020-10-22 12:46:51', '2020-10-22 12:46:51'),
(2139, 1, 0, 'ModelFieldSlideShow modificación', 'ModelFieldSlideShow', 4, 1, '2020-10-22 12:47:15', '2020-10-22 12:47:15'),
(2140, 1, 0, 'Conexión al back-office desde 181.167.35.57', '', 0, 1, '2020-10-26 10:54:16', '2020-10-26 10:54:16'),
(2141, 1, 0, 'ModelFieldSlideShow modificación', 'ModelFieldSlideShow', 4, 1, '2020-10-26 11:13:57', '2020-10-26 11:13:57'),
(2142, 1, 0, 'Product modification', 'Product', 137, 1, '2020-10-26 23:50:33', '2020-10-26 23:50:33'),
(2143, 1, 0, 'Product modification', 'Product', 136, 1, '2020-10-26 23:53:13', '2020-10-26 23:53:13'),
(2144, 1, 0, 'Product modification', 'Product', 157, 1, '2020-10-26 23:53:50', '2020-10-26 23:53:50'),
(2145, 1, 0, 'Product modification', 'Product', 135, 1, '2020-10-26 23:54:26', '2020-10-26 23:54:26'),
(2146, 1, 0, 'Product modification', 'Product', 134, 1, '2020-10-26 23:55:10', '2020-10-26 23:55:10'),
(2147, 1, 0, 'Product modification', 'Product', 134, 1, '2020-10-26 23:57:51', '2020-10-26 23:57:51'),
(2148, 1, 0, 'Product modification', 'Product', 136, 1, '2020-10-26 23:59:46', '2020-10-26 23:59:46'),
(2149, 1, 0, 'Product modification', 'Product', 157, 1, '2020-10-27 00:03:15', '2020-10-27 00:03:15'),
(2150, 1, 0, 'Product modification', 'Product', 137, 1, '2020-10-27 00:04:31', '2020-10-27 00:04:31'),
(2151, 1, 0, 'Frontcontroller::init - Cart cannot be loaded or an order has already been placed using this cart', 'Cart', 214, 0, '2020-10-27 13:30:20', '2020-10-27 13:30:20'),
(2152, 1, 0, 'Frontcontroller::init - Cart cannot be loaded or an order has already been placed using this cart', 'Cart', 215, 0, '2020-10-27 18:34:47', '2020-10-27 18:34:47'),
(2153, 1, 0, 'Frontcontroller::init - Cart cannot be loaded or an order has already been placed using this cart', 'Cart', 220, 0, '2020-10-28 13:02:46', '2020-10-28 13:02:46'),
(2154, 1, 0, 'Conexión al back-office desde 181.167.35.57', '', 0, 1, '2020-10-28 13:53:37', '2020-10-28 13:53:37'),
(2155, 1, 0, 'Product modification', 'Product', 35, 1, '2020-10-28 13:54:18', '2020-10-28 13:54:18'),
(2156, 1, 0, 'Frontcontroller::init - Cart cannot be loaded or an order has already been placed using this cart', 'Cart', 219, 0, '2020-10-28 15:05:41', '2020-10-28 15:05:41'),
(2157, 1, 0, 'Conexión al back-office desde 190.19.123.120', '', 0, 3, '2020-10-28 17:28:55', '2020-10-28 17:28:55'),
(2158, 1, 0, 'Product modification', 'Product', 16, 3, '2020-10-28 17:34:11', '2020-10-28 17:34:11'),
(2159, 1, 0, 'Product modification', 'Product', 16, 3, '2020-10-28 17:34:24', '2020-10-28 17:34:24'),
(2160, 1, 0, 'Product modification', 'Product', 15, 3, '2020-10-28 17:34:43', '2020-10-28 17:34:43'),
(2161, 1, 0, 'Product modification', 'Product', 14, 3, '2020-10-28 17:35:00', '2020-10-28 17:35:00'),
(2162, 1, 0, 'Product modification', 'Product', 13, 3, '2020-10-28 17:35:19', '2020-10-28 17:35:19'),
(2163, 1, 0, 'Product modification', 'Product', 12, 3, '2020-10-28 17:35:37', '2020-10-28 17:35:37'),
(2164, 1, 0, 'Product modification', 'Product', 11, 3, '2020-10-28 17:35:57', '2020-10-28 17:35:57'),
(2165, 1, 0, 'Product modification', 'Product', 10, 3, '2020-10-28 17:36:16', '2020-10-28 17:36:16'),
(2166, 1, 0, 'Product modification', 'Product', 9, 3, '2020-10-28 17:36:35', '2020-10-28 17:36:35'),
(2167, 1, 0, 'Product modification', 'Product', 8, 3, '2020-10-28 17:37:00', '2020-10-28 17:37:00'),
(2168, 1, 0, 'Product modification', 'Product', 7, 3, '2020-10-28 17:37:27', '2020-10-28 17:37:27'),
(2169, 1, 0, 'Product modification', 'Product', 6, 3, '2020-10-28 17:37:52', '2020-10-28 17:37:52'),
(2170, 1, 0, 'Product modification', 'Product', 5, 3, '2020-10-28 17:38:11', '2020-10-28 17:38:11'),
(2171, 1, 0, 'Product deactivated: 4', '', 0, 3, '2020-10-28 17:41:21', '2020-10-28 17:41:21'),
(2172, 1, 0, 'Product activated: 4', '', 0, 3, '2020-10-28 17:41:26', '2020-10-28 17:41:26'),
(2173, 1, 0, 'Product modification', 'Product', 4, 3, '2020-10-28 17:41:37', '2020-10-28 17:41:37'),
(2174, 1, 0, 'Product modification', 'Product', 3, 3, '2020-10-28 17:41:54', '2020-10-28 17:41:54'),
(2175, 1, 0, 'Product modification', 'Product', 2, 3, '2020-10-28 17:42:07', '2020-10-28 17:42:07'),
(2176, 1, 0, 'Product modification', 'Product', 1, 3, '2020-10-28 17:42:20', '2020-10-28 17:42:20'),
(2177, 1, 0, 'Product modification', 'Product', 29, 3, '2020-10-28 17:44:23', '2020-10-28 17:44:23'),
(2178, 1, 0, 'Product modification', 'Product', 29, 3, '2020-10-28 17:44:29', '2020-10-28 17:44:29'),
(2179, 1, 0, 'Product modification', 'Product', 30, 3, '2020-10-28 17:44:50', '2020-10-28 17:44:50'),
(2180, 1, 0, 'Conexión al back-office desde 190.19.123.120', '', 0, 3, '2020-10-30 17:50:10', '2020-10-30 17:50:10'),
(2181, 1, 0, 'Product modification', 'Product', 17, 3, '2020-10-30 17:52:37', '2020-10-30 17:52:37'),
(2182, 1, 0, 'Product modification', 'Product', 17, 3, '2020-10-30 17:52:43', '2020-10-30 17:52:43'),
(2183, 1, 0, 'Product modification', 'Product', 18, 3, '2020-10-30 17:53:23', '2020-10-30 17:53:23'),
(2184, 1, 0, 'Product modification', 'Product', 19, 3, '2020-10-30 17:54:14', '2020-10-30 17:54:14'),
(2185, 1, 0, 'Product modification', 'Product', 20, 3, '2020-10-30 17:54:48', '2020-10-30 17:54:48'),
(2186, 1, 0, 'Product modification', 'Product', 21, 3, '2020-10-30 17:55:16', '2020-10-30 17:55:16'),
(2187, 1, 0, 'Product modification', 'Product', 22, 3, '2020-10-30 17:55:55', '2020-10-30 17:55:55'),
(2188, 1, 0, 'Conexión al back-office desde 190.19.123.120', '', 0, 3, '2020-11-01 18:16:32', '2020-11-01 18:16:32'),
(2189, 1, 0, 'Product modification', 'Product', 134, 3, '2020-11-01 18:28:01', '2020-11-01 18:28:01'),
(2190, 1, 0, 'Product modification', 'Product', 134, 3, '2020-11-01 18:29:42', '2020-11-01 18:29:42'),
(2191, 1, 0, 'Product modification', 'Product', 134, 3, '2020-11-01 18:31:08', '2020-11-01 18:31:08'),
(2192, 1, 0, 'Product modification', 'Product', 134, 3, '2020-11-01 18:32:48', '2020-11-01 18:32:48'),
(2193, 1, 0, 'Product modification', 'Product', 134, 3, '2020-11-01 18:33:41', '2020-11-01 18:33:41'),
(2194, 1, 0, 'Product modification', 'Product', 134, 3, '2020-11-01 18:34:58', '2020-11-01 18:34:58'),
(2195, 1, 0, 'Product modification', 'Product', 134, 3, '2020-11-01 18:35:28', '2020-11-01 18:35:28'),
(2196, 1, 0, 'Product modification', 'Product', 135, 3, '2020-11-01 18:37:18', '2020-11-01 18:37:18'),
(2197, 1, 0, 'Product modification', 'Product', 135, 3, '2020-11-01 18:38:06', '2020-11-01 18:38:06'),
(2198, 1, 0, 'Product modification', 'Product', 135, 3, '2020-11-01 18:38:46', '2020-11-01 18:38:46'),
(2199, 1, 0, 'Product modification', 'Product', 136, 3, '2020-11-01 18:39:52', '2020-11-01 18:39:52'),
(2200, 1, 0, 'Product modification', 'Product', 136, 3, '2020-11-01 18:41:25', '2020-11-01 18:41:25'),
(2201, 1, 0, 'Product modification', 'Product', 136, 3, '2020-11-01 18:42:05', '2020-11-01 18:42:05'),
(2202, 1, 0, 'Product modification', 'Product', 137, 3, '2020-11-01 18:43:10', '2020-11-01 18:43:10'),
(2203, 1, 0, 'Product modification', 'Product', 137, 3, '2020-11-01 18:44:05', '2020-11-01 18:44:05'),
(2204, 1, 0, 'Product modification', 'Product', 137, 3, '2020-11-01 18:45:32', '2020-11-01 18:45:32'),
(2205, 1, 0, 'Product modification', 'Product', 137, 3, '2020-11-01 18:47:35', '2020-11-01 18:47:35'),
(2206, 1, 0, 'Product modification', 'Product', 137, 3, '2020-11-01 18:51:54', '2020-11-01 18:51:54');
