CREATE TABLE `ps_contact` (
  `id_contact` int(10) UNSIGNED NOT NULL,
  `email` varchar(255) NOT NULL,
  `customer_service` tinyint(1) NOT NULL DEFAULT 0,
  `position` tinyint(2) UNSIGNED NOT NULL DEFAULT 0
) ENGINE=InnoDB DEFAULT CHARSET=utf8;

--
-- Volcado de datos para la tabla `ps_contact`
--

INSERT INTO `ps_contact` (`id_contact`, `email`, `customer_service`, `position`) VALUES
(1, 'dtolcha@skyson.com.ar', 1, 0),
(2, 'digital@opticabrera.com.ar', 1, 0);

-- --------------------------------------------------------

--
-- Estructura de tabla para la tabla `ps_contact_lang`
--

CREATE TABLE `ps_contact_lang` (
  `id_contact` int(10) UNSIGNED NOT NULL,
  `id_lang` int(10) UNSIGNED NOT NULL,
  `name` varchar(255) NOT NULL,
  `description` text DEFAULT NULL
) ENGINE=InnoDB DEFAULT CHARSET=utf8;

--
-- Volcado de datos para la tabla `ps_contact_lang`
--

INSERT INTO `ps_contact_lang` (`id_contact`, `id_lang`, `name`, `description`) VALUES
(1, 1, 'Webmaster', 'Si se produce un problema técnico en este sitio web'),
(2, 1, 'Servicio al cliente', 'Para cualquier pregunta sobre un artículo o un pedido');

-- --------------------------------------------------------

--
-- Estructura de tabla para la tabla `ps_contact_shop`
--

CREATE TABLE `ps_contact_shop` (
  `id_contact` int(11) UNSIGNED NOT NULL,
  `id_shop` int(11) UNSIGNED NOT NULL
) ENGINE=InnoDB DEFAULT CHARSET=utf8;

--
-- Volcado de datos para la tabla `ps_contact_shop`
--

INSERT INTO `ps_contact_shop` (`id_contact`, `id_shop`) VALUES
(1, 1),
(2, 1);

-- --------------------------------------------------------

--
-- Estructura de tabla para la tabla `ps_country`
--

CREATE TABLE `ps_country` (
  `id_country` int(10) UNSIGNED NOT NULL,
  `id_zone` int(10) UNSIGNED NOT NULL,
  `id_currency` int(10) UNSIGNED NOT NULL DEFAULT 0,
  `iso_code` varchar(3) NOT NULL,
  `call_prefix` int(10) NOT NULL DEFAULT 0,
  `active` tinyint(1) UNSIGNED NOT NULL DEFAULT 0,
  `contains_states` tinyint(1) NOT NULL DEFAULT 0,
  `need_identification_number` tinyint(1) NOT NULL DEFAULT 0,
  `need_zip_code` tinyint(1) NOT NULL DEFAULT 1,
  `zip_code_format` varchar(12) NOT NULL DEFAULT '',
  `display_tax_label` tinyint(1) NOT NULL
) ENGINE=InnoDB DEFAULT CHARSET=utf8;

--
-- Volcado de datos para la tabla `ps_country`
--

INSERT INTO `ps_country` (`id_country`, `id_zone`, `id_currency`, `iso_code`, `call_prefix`, `active`, `contains_states`, `need_identification_number`, `need_zip_code`, `zip_code_format`, `display_tax_label`) VALUES
(1, 1, 0, 'DE', 49, 0, 0, 0, 1, 'NNNNN', 1),
(2, 1, 0, 'AT', 43, 0, 0, 0, 1, 'NNNN', 1),
(3, 1, 0, 'BE', 32, 0, 0, 0, 1, 'NNNN', 1),
(4, 2, 0, 'CA', 1, 0, 1, 0, 1, 'LNL NLN', 0),
(5, 3, 0, 'CN', 86, 0, 0, 0, 1, 'NNNNNN', 1),
(6, 1, 0, 'ES', 34, 0, 0, 1, 1, 'NNNNN', 1),
(7, 1, 0, 'FI', 358, 0, 0, 0, 1, 'NNNNN', 1),
(8, 1, 0, 'FR', 33, 0, 0, 0, 1, 'NNNNN', 1),
(9, 1, 0, 'GR', 30, 0, 0, 0, 1, 'NNNNN', 1),
(10, 1, 0, 'IT', 39, 0, 1, 0, 1, 'NNNNN', 1),
(11, 3, 0, 'JP', 81, 0, 1, 0, 1, 'NNN-NNNN', 1),
(12, 1, 0, 'LU', 352, 0, 0, 0, 1, 'NNNN', 1),
(13, 1, 0, 'NL', 31, 0, 0, 0, 1, 'NNNN LL', 1),
(14, 1, 0, 'PL', 48, 0, 0, 0, 1, 'NN-NNN', 1),
(15, 1, 0, 'PT', 351, 0, 0, 0, 1, 'NNNN-NNN', 1),
(16, 1, 0, 'CZ', 420, 0, 0, 0, 1, 'NNN NN', 1),
(17, 1, 0, 'GB', 44, 0, 0, 0, 1, '', 1),
(18, 1, 0, 'SE', 46, 0, 0, 0, 1, 'NNN NN', 1),
(19, 7, 0, 'CH', 41, 0, 0, 0, 1, 'NNNN', 1),
(20, 1, 0, 'DK', 45, 0, 0, 0, 1, 'NNNN', 1),
(21, 2, 0, 'US', 1, 0, 1, 0, 1, 'NNNNN', 0),
(22, 3, 0, 'HK', 852, 0, 0, 0, 0, '', 1),
(23, 7, 0, 'NO', 47, 0, 0, 0, 1, 'NNNN', 1),
(24, 5, 0, 'AU', 61, 0, 1, 0, 1, 'NNNN', 1),
(25, 3, 0, 'SG', 65, 0, 0, 0, 1, 'NNNNNN', 1),
(26, 1, 0, 'IE', 353, 0, 0, 0, 0, '', 1),
(27, 5, 0, 'NZ', 64, 0, 0, 0, 1, 'NNNN', 1),
(28, 3, 0, 'KR', 82, 0, 0, 0, 1, 'NNN-NNN', 1),
(29, 3, 0, 'IL', 972, 0, 0, 0, 1, 'NNNNNNN', 1),
(30, 4, 0, 'ZA', 27, 0, 0, 0, 1, 'NNNN', 1),
(31, 4, 0, 'NG', 234, 0, 0, 0, 1, '', 1),
(32, 4, 0, 'CI', 225, 0, 0, 0, 1, '', 1),
(33, 4, 0, 'TG', 228, 0, 0, 0, 1, '', 1),
(34, 6, 0, 'BO', 591, 0, 0, 0, 1, '', 1),
(35, 4, 0, 'MU', 230, 0, 0, 0, 1, '', 1),
(36, 1, 0, 'RO', 40, 0, 0, 0, 1, 'NNNNNN', 1),
(37, 1, 0, 'SK', 421, 0, 0, 0, 1, 'NNN NN', 1),
(38, 4, 0, 'DZ', 213, 0, 0, 0, 1, 'NNNNN', 1),
(39, 2, 0, 'AS', 0, 0, 0, 0, 1, '', 1),
(40, 7, 0, 'AD', 376, 0, 0, 0, 1, 'CNNN', 1),
(41, 4, 0, 'AO', 244, 0, 0, 0, 0, '', 1),
(42, 8, 0, 'AI', 0, 0, 0, 0, 1, '', 1),
(43, 2, 0, 'AG', 0, 0, 0, 0, 1, '', 1),
(44, 6, 0, 'AR', 54, 1, 1, 1, 1, 'NNNN', 1),
(45, 3, 0, 'AM', 374, 0, 0, 0, 1, 'NNNN', 1),
(46, 8, 0, 'AW', 297, 0, 0, 0, 1, '', 1),
(47, 3, 0, 'AZ', 994, 0, 0, 0, 1, 'CNNNN', 1),
(48, 2, 0, 'BS', 0, 0, 0, 0, 1, '', 1),
(49, 3, 0, 'BH', 973, 0, 0, 0, 1, '', 1),
(50, 3, 0, 'BD', 880, 0, 0, 0, 1, 'NNNN', 1),
(51, 2, 0, 'BB', 0, 0, 0, 0, 1, 'CNNNNN', 1),
(52, 7, 0, 'BY', 0, 0, 0, 0, 1, 'NNNNNN', 1),
(53, 8, 0, 'BZ', 501, 0, 0, 0, 0, '', 1),
(54, 4, 0, 'BJ', 229, 0, 0, 0, 0, '', 1),
(55, 2, 0, 'BM', 0, 0, 0, 0, 1, '', 1),
(56, 3, 0, 'BT', 975, 0, 0, 0, 1, '', 1),
(57, 4, 0, 'BW', 267, 0, 0, 0, 1, '', 1),
(58, 6, 0, 'BR', 55, 0, 0, 0, 1, 'NNNNN-NNN', 1),
(59, 3, 0, 'BN', 673, 0, 0, 0, 1, 'LLNNNN', 1),
(60, 4, 0, 'BF', 226, 0, 0, 0, 1, '', 1),
(61, 3, 0, 'MM', 95, 0, 0, 0, 1, '', 1),
(62, 4, 0, 'BI', 257, 0, 0, 0, 1, '', 1),
(63, 3, 0, 'KH', 855, 0, 0, 0, 1, 'NNNNN', 1),
(64, 4, 0, 'CM', 237, 0, 0, 0, 1, '', 1),
(65, 4, 0, 'CV', 238, 0, 0, 0, 1, 'NNNN', 1),
(66, 4, 0, 'CF', 236, 0, 0, 0, 1, '', 1),
(67, 4, 0, 'TD', 235, 0, 0, 0, 1, '', 1),
(68, 6, 0, 'CL', 56, 0, 0, 0, 1, 'NNN-NNNN', 1),
(69, 6, 0, 'CO', 57, 0, 0, 0, 1, 'NNNNNN', 1),
(70, 4, 0, 'KM', 269, 0, 0, 0, 1, '', 1),
(71, 4, 0, 'CD', 242, 0, 0, 0, 1, '', 1),
(72, 4, 0, 'CG', 243, 0, 0, 0, 1, '', 1),
(73, 8, 0, 'CR', 506, 0, 0, 0, 1, 'NNNNN', 1),
(74, 7, 0, 'HR', 385, 0, 0, 0, 1, 'NNNNN', 1),
(75, 8, 0, 'CU', 53, 0, 0, 0, 1, '', 1),
(76, 1, 0, 'CY', 357, 0, 0, 0, 1, 'NNNN', 1),
(77, 4, 0, 'DJ', 253, 0, 0, 0, 1, '', 1),
(78, 8, 0, 'DM', 0, 0, 0, 0, 1, '', 1),
(79, 8, 0, 'DO', 0, 0, 0, 0, 1, '', 1),
(80, 3, 0, 'TL', 670, 0, 0, 0, 1, '', 1),
(81, 6, 0, 'EC', 593, 0, 0, 0, 1, 'CNNNNNN', 1),
(82, 4, 0, 'EG', 20, 0, 0, 0, 1, 'NNNNN', 1),
(83, 8, 0, 'SV', 503, 0, 0, 0, 1, '', 1),
(84, 4, 0, 'GQ', 240, 0, 0, 0, 1, '', 1),
(85, 4, 0, 'ER', 291, 0, 0, 0, 1, '', 1),
(86, 1, 0, 'EE', 372, 0, 0, 0, 1, 'NNNNN', 1),
(87, 4, 0, 'ET', 251, 0, 0, 0, 1, '', 1),
(88, 8, 0, 'FK', 0, 0, 0, 0, 1, 'LLLL NLL', 1),
(89, 7, 0, 'FO', 298, 0, 0, 0, 1, '', 1),
(90, 5, 0, 'FJ', 679, 0, 0, 0, 1, '', 1),
(91, 4, 0, 'GA', 241, 0, 0, 0, 1, '', 1),
(92, 4, 0, 'GM', 220, 0, 0, 0, 1, '', 1),
(93, 3, 0, 'GE', 995, 0, 0, 0, 1, 'NNNN', 1),
(94, 4, 0, 'GH', 233, 0, 0, 0, 1, '', 1),
(95, 8, 0, 'GD', 0, 0, 0, 0, 1, '', 1),
(96, 7, 0, 'GL', 299, 0, 0, 0, 1, '', 1),
(97, 7, 0, 'GI', 350, 0, 0, 0, 1, '', 1),
(98, 8, 0, 'GP', 590, 0, 0, 0, 1, '', 1),
(99, 5, 0, 'GU', 0, 0, 0, 0, 1, '', 1),
(100, 8, 0, 'GT', 502, 0, 0, 0, 1, '', 1),
(101, 7, 0, 'GG', 0, 0, 0, 0, 1, 'LLN NLL', 1),
(102, 4, 0, 'GN', 224, 0, 0, 0, 1, '', 1),
(103, 4, 0, 'GW', 245, 0, 0, 0, 1, '', 1),
(104, 6, 0, 'GY', 592, 0, 0, 0, 1, '', 1),
(105, 8, 0, 'HT', 509, 0, 0, 0, 1, '', 1),
(106, 5, 0, 'HM', 0, 0, 0, 0, 1, '', 1),
(107, 7, 0, 'VA', 379, 0, 0, 0, 1, 'NNNNN', 1),
(108, 8, 0, 'HN', 504, 0, 0, 0, 1, '', 1),
(109, 7, 0, 'IS', 354, 0, 0, 0, 1, 'NNN', 1),
(110, 3, 0, 'IN', 91, 0, 0, 0, 1, 'NNN NNN', 1),
(111, 3, 0, 'ID', 62, 0, 1, 0, 1, 'NNNNN', 1),
(112, 3, 0, 'IR', 98, 0, 0, 0, 1, 'NNNNN-NNNNN', 1),
(113, 3, 0, 'IQ', 964, 0, 0, 0, 1, 'NNNNN', 1),
(114, 7, 0, 'IM', 0, 0, 0, 0, 1, 'CN NLL', 1),
(115, 8, 0, 'JM', 0, 0, 0, 0, 1, '', 1),
(116, 7, 0, 'JE', 0, 0, 0, 0, 1, 'CN NLL', 1),
(117, 3, 0, 'JO', 962, 0, 0, 0, 1, '', 1),
(118, 3, 0, 'KZ', 7, 0, 0, 0, 1, 'NNNNNN', 1),
(119, 4, 0, 'KE', 254, 0, 0, 0, 1, '', 1),
(120, 5, 0, 'KI', 686, 0, 0, 0, 1, '', 1),
(121, 3, 0, 'KP', 850, 0, 0, 0, 1, '', 1),
(122, 3, 0, 'KW', 965, 0, 0, 0, 1, '', 1),
(123, 3, 0, 'KG', 996, 0, 0, 0, 1, '', 1),
(124, 3, 0, 'LA', 856, 0, 0, 0, 1, '', 1),
(125, 1, 0, 'LV', 371, 0, 0, 0, 1, 'C-NNNN', 1),
(126, 3, 0, 'LB', 961, 0, 0, 0, 1, '', 1),
(127, 4, 0, 'LS', 266, 0, 0, 0, 1, '', 1),
(128, 4, 0, 'LR', 231, 0, 0, 0, 1, '', 1),
(129, 4, 0, 'LY', 218, 0, 0, 0, 1, '', 1),
(130, 1, 0, 'LI', 423, 0, 0, 0, 1, 'NNNN', 1),
(131, 1, 0, 'LT', 370, 0, 0, 0, 1, 'NNNNN', 1),
(132, 3, 0, 'MO', 853, 0, 0, 0, 0, '', 1),
(133, 7, 0, 'MK', 389, 0, 0, 0, 1, '', 1),
(134, 4, 0, 'MG', 261, 0, 0, 0, 1, '', 1),
(135, 4, 0, 'MW', 265, 0, 0, 0, 1, '', 1),
(136, 3, 0, 'MY', 60, 0, 0, 0, 1, 'NNNNN', 1),
(137, 3, 0, 'MV', 960, 0, 0, 0, 1, '', 1),
(138, 4, 0, 'ML', 223, 0, 0, 0, 1, '', 1),
(139, 1, 0, 'MT', 356, 0, 0, 0, 1, 'LLL NNNN', 1),
(140, 5, 0, 'MH', 692, 0, 0, 0, 1, '', 1),
(141, 8, 0, 'MQ', 596, 0, 0, 0, 1, '', 1),
(142, 4, 0, 'MR', 222, 0, 0, 0, 1, '', 1),
(143, 1, 0, 'HU', 36, 0, 0, 0, 1, 'NNNN', 1),
(144, 4, 0, 'YT', 262, 0, 0, 0, 1, '', 1),
(145, 2, 0, 'MX', 52, 0, 1, 1, 1, 'NNNNN', 1),
(146, 5, 0, 'FM', 691, 0, 0, 0, 1, '', 1),
(147, 7, 0, 'MD', 373, 0, 0, 0, 1, 'C-NNNN', 1),
(148, 7, 0, 'MC', 377, 0, 0, 0, 1, '980NN', 1),
(149, 3, 0, 'MN', 976, 0, 0, 0, 1, '', 1),
(150, 7, 0, 'ME', 382, 0, 0, 0, 1, 'NNNNN', 1),
(151, 8, 0, 'MS', 0, 0, 0, 0, 1, '', 1),
(152, 4, 0, 'MA', 212, 0, 0, 0, 1, 'NNNNN', 1),
(153, 4, 0, 'MZ', 258, 0, 0, 0, 1, '', 1),
(154, 4, 0, 'NA', 264, 0, 0, 0, 1, '', 1),
(155, 5, 0, 'NR', 674, 0, 0, 0, 1, '', 1),
(156, 3, 0, 'NP', 977, 0, 0, 0, 1, '', 1),
(157, 8, 0, 'AN', 599, 0, 0, 0, 1, '', 1),
(158, 5, 0, 'NC', 687, 0, 0, 0, 1, '', 1),
(159, 8, 0, 'NI', 505, 0, 0, 0, 1, 'NNNNNN', 1),
(160, 4, 0, 'NE', 227, 0, 0, 0, 1, '', 1),
(161, 5, 0, 'NU', 683, 0, 0, 0, 1, '', 1),
(162, 5, 0, 'NF', 0, 0, 0, 0, 1, '', 1),
(163, 5, 0, 'MP', 0, 0, 0, 0, 1, '', 1),
(164, 3, 0, 'OM', 968, 0, 0, 0, 1, '', 1),
(165, 3, 0, 'PK', 92, 0, 0, 0, 1, '', 1),
(166, 5, 0, 'PW', 680, 0, 0, 0, 1, '', 1),
(167, 3, 0, 'PS', 0, 0, 0, 0, 1, '', 1),
(168, 8, 0, 'PA', 507, 0, 0, 0, 1, 'NNNNNN', 1),
(169, 5, 0, 'PG', 675, 0, 0, 0, 1, '', 1),
(170, 6, 0, 'PY', 595, 0, 0, 0, 1, '', 1),
(171, 6, 0, 'PE', 51, 0, 0, 0, 1, '', 1),
(172, 3, 0, 'PH', 63, 0, 0, 0, 1, 'NNNN', 1),
(173, 5, 0, 'PN', 0, 0, 0, 0, 1, 'LLLL NLL', 1),
(174, 8, 0, 'PR', 0, 0, 0, 0, 1, 'NNNNN', 1),
(175, 3, 0, 'QA', 974, 0, 0, 0, 1, '', 1),
(176, 4, 0, 'RE', 262, 0, 0, 0, 1, '', 1),
(177, 7, 0, 'RU', 7, 0, 0, 0, 1, 'NNNNNN', 1),
(178, 4, 0, 'RW', 250, 0, 0, 0, 1, '', 1),
(179, 8, 0, 'BL', 0, 0, 0, 0, 1, '', 1),
(180, 8, 0, 'KN', 0, 0, 0, 0, 1, '', 1),
(181, 8, 0, 'LC', 0, 0, 0, 0, 1, '', 1),
(182, 8, 0, 'MF', 0, 0, 0, 0, 1, '', 1),
(183, 8, 0, 'PM', 508, 0, 0, 0, 1, '', 1),
(184, 8, 0, 'VC', 0, 0, 0, 0, 1, '', 1),
(185, 5, 0, 'WS', 685, 0, 0, 0, 1, '', 1),
(186, 7, 0, 'SM', 378, 0, 0, 0, 1, 'NNNNN', 1),
(187, 4, 0, 'ST', 239, 0, 0, 0, 1, '', 1),
(188, 3, 0, 'SA', 966, 0, 0, 0, 1, '', 1),
(189, 4, 0, 'SN', 221, 0, 0, 0, 1, '', 1),
(190, 7, 0, 'RS', 381, 0, 0, 0, 1, 'NNNNN', 1),
(191, 4, 0, 'SC', 248, 0, 0, 0, 1, '', 1),
(192, 4, 0, 'SL', 232, 0, 0, 0, 1, '', 1),
(193, 1, 0, 'SI', 386, 0, 0, 0, 1, 'C-NNNN', 1),
(194, 5, 0, 'SB', 677, 0, 0, 0, 1, '', 1),
(195, 4, 0, 'SO', 252, 0, 0, 0, 1, '', 1),
(196, 8, 0, 'GS', 0, 0, 0, 0, 1, 'LLLL NLL', 1),
(197, 3, 0, 'LK', 94, 0, 0, 0, 1, 'NNNNN', 1),
(198, 4, 0, 'SD', 249, 0, 0, 0, 1, '', 1),
(199, 8, 0, 'SR', 597, 0, 0, 0, 1, '', 1),
(200, 7, 0, 'SJ', 0, 0, 0, 0, 1, '', 1),
(201, 4, 0, 'SZ', 268, 0, 0, 0, 1, '', 1),
(202, 3, 0, 'SY', 963, 0, 0, 0, 1, '', 1),
(203, 3, 0, 'TW', 886, 0, 0, 0, 1, 'NNNNN', 1),
(204, 3, 0, 'TJ', 992, 0, 0, 0, 1, '', 1),
(205, 4, 0, 'TZ', 255, 0, 0, 0, 1, '', 1),
(206, 3, 0, 'TH', 66, 0, 0, 0, 1, 'NNNNN', 1),
(207, 5, 0, 'TK', 690, 0, 0, 0, 1, '', 1),
(208, 5, 0, 'TO', 676, 0, 0, 0, 1, '', 1),
(209, 6, 0, 'TT', 0, 0, 0, 0, 1, '', 1),
(210, 4, 0, 'TN', 216, 0, 0, 0, 1, '', 1),
(211, 7, 0, 'TR', 90, 0, 0, 0, 1, 'NNNNN', 1),
(212, 3, 0, 'TM', 993, 0, 0, 0, 1, '', 1),
(213, 8, 0, 'TC', 0, 0, 0, 0, 1, 'LLLL NLL', 1),
(214, 5, 0, 'TV', 688, 0, 0, 0, 1, '', 1),
(215, 4, 0, 'UG', 256, 0, 0, 0, 1, '', 1),
(216, 1, 0, 'UA', 380, 0, 0, 0, 1, 'NNNNN', 1),
(217, 3, 0, 'AE', 971, 0, 0, 0, 1, '', 1),
(218, 6, 0, 'UY', 598, 0, 0, 0, 1, '', 1),
(219, 3, 0, 'UZ', 998, 0, 0, 0, 1, '', 1),
(220, 5, 0, 'VU', 678, 0, 0, 0, 1, '', 1),
(221, 6, 0, 'VE', 58, 0, 0, 0, 1, '', 1),
(222, 3, 0, 'VN', 84, 0, 0, 0, 1, 'NNNNNN', 1),
(223, 2, 0, 'VG', 0, 0, 0, 0, 1, 'CNNNN', 1),
(224, 2, 0, 'VI', 0, 0, 0, 0, 1, '', 1),
(225, 5, 0, 'WF', 681, 0, 0, 0, 1, '', 1),
(226, 4, 0, 'EH', 0, 0, 0, 0, 1, '', 1),
(227, 3, 0, 'YE', 967, 0, 0, 0, 1, '', 1),
(228, 4, 0, 'ZM', 260, 0, 0, 0, 1, '', 1),
(229, 4, 0, 'ZW', 263, 0, 0, 0, 1, '', 1),
(230, 7, 0, 'AL', 355, 0, 0, 0, 1, 'NNNN', 1),
(231, 3, 0, 'AF', 93, 0, 0, 0, 1, 'NNNN', 1),
(232, 5, 0, 'AQ', 0, 0, 0, 0, 1, '', 1),
(233, 1, 0, 'BA', 387, 0, 0, 0, 1, '', 1),
(234, 5, 0, 'BV', 0, 0, 0, 0, 1, '', 1),
(235, 5, 0, 'IO', 0, 0, 0, 0, 1, 'LLLL NLL', 1),
(236, 1, 0, 'BG', 359, 0, 0, 0, 1, 'NNNN', 1),
(237, 8, 0, 'KY', 0, 0, 0, 0, 1, '', 1),
(238, 3, 0, 'CX', 0, 0, 0, 0, 1, '', 1),
(239, 3, 0, 'CC', 0, 0, 0, 0, 1, '', 1),
(240, 5, 0, 'CK', 682, 0, 0, 0, 1, '', 1),
(241, 6, 0, 'GF', 594, 0, 0, 0, 1, '', 1),
(242, 5, 0, 'PF', 689, 0, 0, 0, 1, '', 1),
(243, 5, 0, 'TF', 0, 0, 0, 0, 1, '', 1),
(244, 7, 0, 'AX', 0, 0, 0, 0, 1, 'NNNNN', 1);

-- --------------------------------------------------------

--
-- Estructura de tabla para la tabla `ps_country_lang`
--

CREATE TABLE `ps_country_lang` (
  `id_country` int(10) UNSIGNED NOT NULL,
  `id_lang` int(10) UNSIGNED NOT NULL,
  `name` varchar(64) NOT NULL
) ENGINE=InnoDB DEFAULT CHARSET=utf8;

--
-- Volcado de datos para la tabla `ps_country_lang`
--

INSERT INTO `ps_country_lang` (`id_country`, `id_lang`, `name`) VALUES
(1, 1, 'Germany'),
(2, 1, 'Austria'),
(3, 1, 'Belgium'),
(4, 1, 'Canada'),
(5, 1, 'China'),
(6, 1, 'Spain'),
(7, 1, 'Finland'),
(8, 1, 'France'),
(9, 1, 'Greece'),
(10, 1, 'Italy'),
(11, 1, 'Japan'),
(12, 1, 'Luxemburg'),
(13, 1, 'Netherlands'),
(14, 1, 'Poland'),
(15, 1, 'Portugal'),
(16, 1, 'Czech Republic'),
(17, 1, 'United Kingdom'),
(18, 1, 'Sweden'),
(19, 1, 'Switzerland'),
(20, 1, 'Denmark'),
(21, 1, 'United States'),
(22, 1, 'HongKong'),
(23, 1, 'Norway'),
(24, 1, 'Australia'),
(25, 1, 'Singapore'),
(26, 1, 'Ireland'),
(27, 1, 'New Zealand'),
(28, 1, 'South Korea'),
(29, 1, 'Israel'),
(30, 1, 'South Africa'),
(31, 1, 'Nigeria'),
(32, 1, 'Ivory Coast'),
(33, 1, 'Togo'),
(34, 1, 'Bolivia'),
(35, 1, 'Mauritius'),
(36, 1, 'Romania'),
(37, 1, 'Slovakia'),
(38, 1, 'Algeria'),
(39, 1, 'American Samoa'),
(40, 1, 'Andorra'),
(41, 1, 'Angola'),
(42, 1, 'Anguilla'),
(43, 1, 'Antigua and Barbuda'),
(44, 1, 'Argentina'),
(45, 1, 'Armenia'),
(46, 1, 'Aruba'),
(47, 1, 'Azerbaijan'),
(48, 1, 'Bahamas'),
(49, 1, 'Bahrain'),
(50, 1, 'Bangladesh'),
(51, 1, 'Barbados'),
(52, 1, 'Belarus'),
(53, 1, 'Belize'),
(54, 1, 'Benin'),
(55, 1, 'Bermuda'),
(56, 1, 'Bhutan'),
(57, 1, 'Botswana'),
(58, 1, 'Brazil'),
(59, 1, 'Brunei'),
(60, 1, 'Burkina Faso'),
(61, 1, 'Burma (Myanmar)'),
(62, 1, 'Burundi'),
(63, 1, 'Cambodia'),
(64, 1, 'Cameroon'),
(65, 1, 'Cape Verde'),
(66, 1, 'Central African Republic'),
(67, 1, 'Chad'),
(68, 1, 'Chile'),
(69, 1, 'Colombia'),
(70, 1, 'Comoros'),
(71, 1, 'Congo, Dem. Republic'),
(72, 1, 'Congo, Republic'),
(73, 1, 'Costa Rica'),
(74, 1, 'Croatia'),
(75, 1, 'Cuba'),
(76, 1, 'Cyprus'),
(77, 1, 'Djibouti'),
(78, 1, 'Dominica'),
(79, 1, 'Dominican Republic'),
(80, 1, 'East Timor'),
(81, 1, 'Ecuador'),
(82, 1, 'Egypt'),
(83, 1, 'El Salvador'),
(84, 1, 'Equatorial Guinea'),
(85, 1, 'Eritrea'),
(86, 1, 'Estonia'),
(87, 1, 'Ethiopia'),
(88, 1, 'Falkland Islands'),
(89, 1, 'Faroe Islands'),
(90, 1, 'Fiji'),
(91, 1, 'Gabon'),
(92, 1, 'Gambia'),
(93, 1, 'Georgia'),
(94, 1, 'Ghana'),
(95, 1, 'Grenada'),
(96, 1, 'Greenland'),
(97, 1, 'Gibraltar'),
(98, 1, 'Guadeloupe'),
(99, 1, 'Guam'),
(100, 1, 'Guatemala'),
(101, 1, 'Guernsey'),
(102, 1, 'Guinea'),
(103, 1, 'Guinea-Bissau'),
(104, 1, 'Guyana'),
(105, 1, 'Haiti'),
(106, 1, 'Heard Island and McDonald Islands'),
(107, 1, 'Vatican City State'),
(108, 1, 'Honduras'),
(109, 1, 'Iceland'),
(110, 1, 'India'),
(111, 1, 'Indonesia'),
(112, 1, 'Iran'),
(113, 1, 'Iraq'),
(114, 1, 'Man Island'),
(115, 1, 'Jamaica'),
(116, 1, 'Jersey'),
(117, 1, 'Jordan'),
(118, 1, 'Kazakhstan'),
(119, 1, 'Kenya'),
(120, 1, 'Kiribati'),
(121, 1, 'Korea, Dem. Republic of'),
(122, 1, 'Kuwait'),
(123, 1, 'Kyrgyzstan'),
(124, 1, 'Laos'),
(125, 1, 'Latvia'),
(126, 1, 'Lebanon'),
(127, 1, 'Lesotho'),
(128, 1, 'Liberia'),
(129, 1, 'Libya'),
(130, 1, 'Liechtenstein'),
(131, 1, 'Lithuania'),
(132, 1, 'Macau'),
(133, 1, 'Macedonia'),
(134, 1, 'Madagascar'),
(135, 1, 'Malawi'),
(136, 1, 'Malaysia'),
(137, 1, 'Maldives'),
(138, 1, 'Mali'),
(139, 1, 'Malta'),
(140, 1, 'Marshall Islands'),
(141, 1, 'Martinique'),
(142, 1, 'Mauritania'),
(143, 1, 'Hungary'),
(144, 1, 'Mayotte'),
(145, 1, 'Mexico'),
(146, 1, 'Micronesia'),
(147, 1, 'Moldova'),
(148, 1, 'Monaco'),
(149, 1, 'Mongolia'),
(150, 1, 'Montenegro'),
(151, 1, 'Montserrat'),
(152, 1, 'Morocco'),
(153, 1, 'Mozambique'),
(154, 1, 'Namibia'),
(155, 1, 'Nauru'),
(156, 1, 'Nepal'),
(157, 1, 'Netherlands Antilles'),
(158, 1, 'New Caledonia'),
(159, 1, 'Nicaragua'),
(160, 1, 'Niger'),
(161, 1, 'Niue'),
(162, 1, 'Norfolk Island'),
(163, 1, 'Northern Mariana Islands'),
(164, 1, 'Oman'),
(165, 1, 'Pakistan'),
(166, 1, 'Palau'),
(167, 1, 'Palestinian Territories'),
(168, 1, 'Panama'),
(169, 1, 'Papua New Guinea'),
(170, 1, 'Paraguay'),
(171, 1, 'Peru'),
(172, 1, 'Philippines'),
(173, 1, 'Pitcairn'),
(174, 1, 'Puerto Rico'),
(175, 1, 'Qatar'),
(176, 1, 'Reunion Island'),
(177, 1, 'Russian Federation'),
(178, 1, 'Rwanda'),
(179, 1, 'Saint Barthelemy'),
(180, 1, 'Saint Kitts and Nevis'),
(181, 1, 'Saint Lucia'),
(182, 1, 'Saint Martin'),
(183, 1, 'Saint Pierre and Miquelon'),
(184, 1, 'Saint Vincent and the Grenadines'),
(185, 1, 'Samoa'),
(186, 1, 'San Marino'),
(187, 1, 'São Tomé and Príncipe'),
(188, 1, 'Saudi Arabia'),
(189, 1, 'Senegal'),
(190, 1, 'Serbia'),
(191, 1, 'Seychelles'),
(192, 1, 'Sierra Leone'),
(193, 1, 'Slovenia'),
(194, 1, 'Solomon Islands'),
(195, 1, 'Somalia'),
(196, 1, 'South Georgia and the South Sandwich Islands'),
(197, 1, 'Sri Lanka'),
(198, 1, 'Sudan'),
(199, 1, 'Suriname'),
(200, 1, 'Svalbard and Jan Mayen'),
(201, 1, 'Swaziland'),
(202, 1, 'Syria'),
(203, 1, 'Taiwan'),
(204, 1, 'Tajikistan'),
(205, 1, 'Tanzania'),
(206, 1, 'Thailand'),
(207, 1, 'Tokelau'),
(208, 1, 'Tonga'),
(209, 1, 'Trinidad and Tobago'),
(210, 1, 'Tunisia'),
(211, 1, 'Turkey'),
(212, 1, 'Turkmenistan'),
(213, 1, 'Turks and Caicos Islands'),
(214, 1, 'Tuvalu'),
(215, 1, 'Uganda'),
(216, 1, 'Ukraine'),
(217, 1, 'United Arab Emirates'),
(218, 1, 'Uruguay'),
(219, 1, 'Uzbekistan'),
(220, 1, 'Vanuatu'),
(221, 1, 'Venezuela'),
(222, 1, 'Vietnam'),
(223, 1, 'Virgin Islands (British)'),
(224, 1, 'Virgin Islands (U.S.)'),
(225, 1, 'Wallis and Futuna'),
(226, 1, 'Western Sahara'),
(227, 1, 'Yemen'),
(228, 1, 'Zambia'),
(229, 1, 'Zimbabwe'),
(230, 1, 'Albania'),
(231, 1, 'Afghanistan'),
(232, 1, 'Antarctica'),
(233, 1, 'Bosnia and Herzegovina'),
(234, 1, 'Bouvet Island'),
(235, 1, 'British Indian Ocean Territory'),
(236, 1, 'Bulgaria'),
(237, 1, 'Cayman Islands'),
(238, 1, 'Christmas Island'),
(239, 1, 'Cocos (Keeling) Islands'),
(240, 1, 'Cook Islands'),
(241, 1, 'French Guiana'),
(242, 1, 'French Polynesia'),
(243, 1, 'French Southern Territories'),
(244, 1, 'Åland Islands');

-- --------------------------------------------------------

--
-- Estructura de tabla para la tabla `ps_country_shop`
--

CREATE TABLE `ps_country_shop` (
  `id_country` int(11) UNSIGNED NOT NULL,
  `id_shop` int(11) UNSIGNED NOT NULL
) ENGINE=InnoDB DEFAULT CHARSET=utf8;

--
-- Volcado de datos para la tabla `ps_country_shop`
--

INSERT INTO `ps_country_shop` (`id_country`, `id_shop`) VALUES
(1, 1),
(2, 1),
(3, 1),
(4, 1),
(5, 1),
(6, 1),
(7, 1),
(8, 1),
(9, 1),
(10, 1),
(11, 1),
(12, 1),
(13, 1),
(14, 1),
(15, 1),
(16, 1),
(17, 1),
(18, 1),
(19, 1),
(20, 1),
(21, 1),
(22, 1),
(23, 1),
(24, 1),
(25, 1),
(26, 1),
(27, 1),
(28, 1),
(29, 1),
(30, 1),
(31, 1),
(32, 1),
(33, 1),
(34, 1),
(35, 1),
(36, 1),
(37, 1),
(38, 1),
(39, 1),
(40, 1),
(41, 1),
(42, 1),
(43, 1),
(44, 1),
(45, 1),
(46, 1),
(47, 1),
(48, 1),
(49, 1),
(50, 1),
(51, 1),
(52, 1),
(53, 1),
(54, 1),
(55, 1),
(56, 1),
(57, 1),
(58, 1),
(59, 1),
(60, 1),
(61, 1),
(62, 1),
(63, 1),
(64, 1),
(65, 1),
(66, 1),
(67, 1),
(68, 1),
(69, 1),
(70, 1),
(71, 1),
(72, 1),
(73, 1),
(74, 1),
(75, 1),
(76, 1),
(77, 1),
(78, 1),
(79, 1),
(80, 1),
(81, 1),
(82, 1),
(83, 1),
(84, 1),
(85, 1),
(86, 1),
(87, 1),
(88, 1),
(89, 1),
(90, 1),
(91, 1),
(92, 1),
(93, 1),
(94, 1),
(95, 1),
(96, 1),
(97, 1),
(98, 1),
(99, 1),
(100, 1),
(101, 1),
(102, 1),
(103, 1),
(104, 1),
(105, 1),
(106, 1),
(107, 1),
(108, 1),
(109, 1),
(110, 1),
(111, 1),
(112, 1),
(113, 1),
(114, 1),
(115, 1),
(116, 1),
(117, 1),
(118, 1),
(119, 1),
(120, 1),
(121, 1),
(122, 1),
(123, 1),
(124, 1),
(125, 1),
(126, 1),
(127, 1),
(128, 1),
(129, 1),
(130, 1),
(131, 1),
(132, 1),
(133, 1),
(134, 1),
(135, 1),
(136, 1),
(137, 1),
(138, 1),
(139, 1),
(140, 1),
(141, 1),
(142, 1),
(143, 1),
(144, 1),
(145, 1),
(146, 1),
(147, 1),
(148, 1),
(149, 1),
(150, 1),
(151, 1),
(152, 1),
(153, 1),
(154, 1),
(155, 1),
(156, 1),
(157, 1),
(158, 1),
(159, 1),
(160, 1),
(161, 1),
(162, 1),
(163, 1),
(164, 1),
(165, 1),
(166, 1),
(167, 1),
(168, 1),
(169, 1),
(170, 1),
(171, 1),
(172, 1),
(173, 1),
(174, 1),
(175, 1),
(176, 1),
(177, 1),
(178, 1),
(179, 1),
(180, 1),
(181, 1),
(182, 1),
(183, 1),
(184, 1),
(185, 1),
(186, 1),
(187, 1),
(188, 1),
(189, 1),
(190, 1),
(191, 1),
(192, 1),
(193, 1),
(194, 1),
(195, 1),
(196, 1),
(197, 1),
(198, 1),
(199, 1),
(200, 1),
(201, 1),
(202, 1),
(203, 1),
(204, 1),
(205, 1),
(206, 1),
(207, 1),
(208, 1),
(209, 1),
(210, 1),
(211, 1),
(212, 1),
(213, 1),
(214, 1),
(215, 1),
(216, 1),
(217, 1),
(218, 1),
(219, 1),
(220, 1),
(221, 1),
(222, 1),
(223, 1),
(224, 1),
(225, 1),
(226, 1),
(227, 1),
(228, 1),
(229, 1),
(230, 1),
(231, 1),
(232, 1),
(233, 1),
(234, 1),
(235, 1),
(236, 1),
(237, 1),
(238, 1),
(239, 1),
(240, 1),
(241, 1),
(242, 1),
(243, 1),
(244, 1);

-- --------------------------------------------------------

--
-- Estructura de tabla para la tabla `ps_currency`
--

CREATE TABLE `ps_currency` (
  `id_currency` int(10) UNSIGNED NOT NULL,
  `name` varchar(64) NOT NULL,
  `iso_code` varchar(3) NOT NULL DEFAULT '0',
  `numeric_iso_code` varchar(3) DEFAULT NULL,
  `precision` int(2) NOT NULL DEFAULT 6,
  `conversion_rate` decimal(13,6) NOT NULL,
  `deleted` tinyint(1) UNSIGNED NOT NULL DEFAULT 0,
  `active` tinyint(1) UNSIGNED NOT NULL DEFAULT 1
) ENGINE=InnoDB DEFAULT CHARSET=utf8;

--
-- Volcado de datos para la tabla `ps_currency`
--

INSERT INTO `ps_currency` (`id_currency`, `name`, `iso_code`, `numeric_iso_code`, `precision`, `conversion_rate`, `deleted`, `active`) VALUES
(1, '', 'ARS', '032', 2, '1.000000', 0, 1);

-- --------------------------------------------------------

--
-- Estructura de tabla para la tabla `ps_currency_lang`
--

CREATE TABLE `ps_currency_lang` (
  `id_currency` int(10) UNSIGNED NOT NULL,
  `id_lang` int(10) UNSIGNED NOT NULL,
  `name` varchar(255) NOT NULL,
  `symbol` varchar(255) NOT NULL
) ENGINE=InnoDB DEFAULT CHARSET=utf8;

--
-- Volcado de datos para la tabla `ps_currency_lang`
--

INSERT INTO `ps_currency_lang` (`id_currency`, `id_lang`, `name`, `symbol`) VALUES
(1, 1, 'peso argentino', '$');

-- --------------------------------------------------------

--
-- Estructura de tabla para la tabla `ps_currency_shop`
--

CREATE TABLE `ps_currency_shop` (
  `id_currency` int(11) UNSIGNED NOT NULL,
  `id_shop` int(11) UNSIGNED NOT NULL,
  `conversion_rate` decimal(13,6) NOT NULL
) ENGINE=InnoDB DEFAULT CHARSET=utf8;

--
-- Volcado de datos para la tabla `ps_currency_shop`
--

INSERT INTO `ps_currency_shop` (`id_currency`, `id_shop`, `conversion_rate`) VALUES
(1, 1, '1.000000');

-- --------------------------------------------------------

--
-- Estructura de tabla para la tabla `ps_customer`
--

CREATE TABLE `ps_customer` (
  `id_customer` int(10) UNSIGNED NOT NULL,
  `id_shop_group` int(11) UNSIGNED NOT NULL DEFAULT 1,
  `id_shop` int(11) UNSIGNED NOT NULL DEFAULT 1,
  `id_gender` int(10) UNSIGNED NOT NULL,
  `id_default_group` int(10) UNSIGNED NOT NULL DEFAULT 1,
  `id_lang` int(10) UNSIGNED DEFAULT NULL,
  `id_risk` int(10) UNSIGNED NOT NULL DEFAULT 1,
  `company` varchar(255) DEFAULT NULL,
  `siret` varchar(14) DEFAULT NULL,
  `ape` varchar(5) DEFAULT NULL,
  `firstname` varchar(255) NOT NULL,
  `lastname` varchar(255) NOT NULL,
  `email` varchar(255) NOT NULL,
  `passwd` varchar(255) NOT NULL,
  `last_passwd_gen` timestamp NOT NULL DEFAULT current_timestamp(),
  `birthday` date DEFAULT NULL,
  `newsletter` tinyint(1) UNSIGNED NOT NULL DEFAULT 0,
  `ip_registration_newsletter` varchar(15) DEFAULT NULL,
  `newsletter_date_add` datetime DEFAULT NULL,
  `optin` tinyint(1) UNSIGNED NOT NULL DEFAULT 0,
  `website` varchar(128) DEFAULT NULL,
  `outstanding_allow_amount` decimal(20,6) NOT NULL DEFAULT 0.000000,
  `show_public_prices` tinyint(1) UNSIGNED NOT NULL DEFAULT 0,
  `max_payment_days` int(10) UNSIGNED NOT NULL DEFAULT 60,
  `secure_key` varchar(32) NOT NULL DEFAULT '-1',
  `note` text DEFAULT NULL,
  `active` tinyint(1) UNSIGNED NOT NULL DEFAULT 0,
  `is_guest` tinyint(1) NOT NULL DEFAULT 0,
  `deleted` tinyint(1) NOT NULL DEFAULT 0,
  `date_add` datetime NOT NULL,
  `date_upd` datetime NOT NULL,
  `reset_password_token` varchar(40) DEFAULT NULL,
  `reset_password_validity` datetime DEFAULT NULL
) ENGINE=InnoDB DEFAULT CHARSET=utf8;

--
-- Volcado de datos para la tabla `ps_customer`
--

INSERT INTO `ps_customer` (`id_customer`, `id_shop_group`, `id_shop`, `id_gender`, `id_default_group`, `id_lang`, `id_risk`, `company`, `siret`, `ape`, `firstname`, `lastname`, `email`, `passwd`, `last_passwd_gen`, `birthday`, `newsletter`, `ip_registration_newsletter`, `newsletter_date_add`, `optin`, `website`, `outstanding_allow_amount`, `show_public_prices`, `max_payment_days`, `secure_key`, `note`, `active`, `is_guest`, `deleted`, `date_add`, `date_upd`, `reset_password_token`, `reset_password_validity`) VALUES
(1, 1, 1, 0, 3, 1, 0, NULL, NULL, NULL, 'PABLO', 'LOPEZ', 'lopezpablodaniel@gmail.com', '$2y$10$AHX6IaaigBaxtedqIJj/n.8Oy3UfdEt55rv4GG0jp5lkJiHLFg2Y6', '2020-05-08 09:34:29', '0000-00-00', 0, NULL, '0000-00-00 00:00:00', 0, NULL, '0.000000', 0, 0, 'f5e6cc95fd7785ce7b2dc2a8e83b8dbc', NULL, 1, 0, 0, '2020-05-08 12:34:29', '2020-05-08 12:34:51', NULL, '0000-00-00 00:00:00'),
(2, 1, 1, 0, 3, 1, 0, NULL, NULL, NULL, 'Damian', 'Tolcha', 'dtolcha@skyson.com.ar', '$2y$10$b09GTiTFYtpKpvPXmoV53.QTq15Wr/NADsMMp9SC2wrkDcoDVXcUq', '2020-12-03 16:46:03', '1972-12-13', 0, NULL, '0000-00-00 00:00:00', 0, NULL, '0.000000', 0, 0, '5909400f8b2408cf989cfd531fc68e08', NULL, 1, 0, 0, '2020-05-08 13:12:24', '2020-12-03 13:46:03', NULL, '0000-00-00 00:00:00'),
(3, 1, 1, 1, 2, 1, 0, '', '', '', 'Dar', 'perez', 'perez.gmail@gmail.com', '$2y$10$CAzsXvlHCZmIkjm5LZzLS.jrdLgZAchtL5GFa8tSbpA2/LIAxgd4W', '2020-05-14 09:58:46', '0000-00-00', 0, '', '0000-00-00 00:00:00', 0, '', '0.000000', 0, 0, '87e94d57a0e4314f75d27bfaa23521f8', '', 1, 1, 0, '2020-05-14 12:58:46', '2020-05-14 12:58:46', '', '0000-00-00 00:00:00'),
(4, 1, 1, 1, 3, 1, 0, '', '', '', 'arturo ', 'trini', 'arturotrini@trini.com.ar', '$2y$10$s70E0EG4Iwq9jxBcge/UaOd.10UcXm3Pd2Is1qsGI9eKaff0n5nf.', '2020-05-20 09:52:22', '1994-04-20', 0, '', '0000-00-00 00:00:00', 0, '', '0.000000', 0, 0, '8e5a5eb7bc0a51288c0a428f5a1dd6cb', '', 1, 0, 0, '2020-05-20 12:52:22', '2020-05-20 12:52:22', '', '0000-00-00 00:00:00'),
(5, 1, 1, 2, 3, 1, 0, '', '', '', 'Paula', 'Federik', 'paufederik.7@hotmail.com', '$2y$10$5rJuVnhL.zKYlqRvQ2.0peGwHe5XbwDgooVzkzSfb547fF9FcpZF.', '2020-05-28 12:39:53', '1993-05-15', 0, '', '0000-00-00 00:00:00', 0, '', '0.000000', 0, 0, '8ae697b0b1f4a56a50402c6e113180d9', '', 1, 0, 0, '2020-05-28 15:39:53', '2020-05-28 15:39:53', '', '0000-00-00 00:00:00'),
(6, 1, 1, 1, 2, 1, 0, '', '', '', 'Martin ', 'Gentile', 'martingentilea@gmail.com', '$2y$10$xxk0MqvZ.1JsxZIUgGmvPOilBikQA8PnzmNPXElB8xFNX841T4yKm', '2020-06-01 06:13:57', '0000-00-00', 0, '', '0000-00-00 00:00:00', 0, '', '0.000000', 0, 0, '53583060ee88d3c41fdd9450f015482d', '', 1, 1, 0, '2020-06-01 09:13:57', '2020-06-01 09:13:57', '', '0000-00-00 00:00:00'),
(7, 1, 1, 2, 2, 1, 0, '', '', '', 'jose', 'fran', 'lala@hotmail.com', '$2y$10$nkqybdKoroF9Sjk0t0.Ice4BpXv6tAdjU7R6luh8VeuqsP.sE8vCq', '2020-06-11 12:39:41', '0000-00-00', 0, '', '0000-00-00 00:00:00', 0, '', '0.000000', 0, 0, '2ddeb26374597137b78421c16715eac7', '', 1, 1, 0, '2020-06-11 15:39:41', '2020-06-11 15:39:41', '', '0000-00-00 00:00:00'),
(8, 1, 1, 0, 2, 1, 0, '', '', '', 'Martín', 'Gentile', 'mgentile@adcreditos.com.ar', '$2y$10$GlLLNHEdUf6cajF8atkDCOFtcRhOOj20vTj.THzEEwbDg3zQFR8Pe', '2020-06-16 09:12:30', '1989-01-09', 0, '', '0000-00-00 00:00:00', 0, '', '0.000000', 0, 0, 'ffde5312a8ff327dbed0a1840d28920b', '', 1, 1, 0, '2020-06-16 12:12:30', '2020-06-16 12:12:30', '', '0000-00-00 00:00:00'),
(10, 1, 1, 0, 2, 1, 0, '', '', '', 'NomPruebaDT', 'ApellruebaDT', 'digitalcreativas@gmail.com', '$2y$10$o9yVWP6fFZSKhcZZIiKTouIIRvvwkH3U3ZwCjDddSfiIysFdYxikW', '2020-06-16 09:39:12', '0000-00-00', 0, '', '0000-00-00 00:00:00', 0, '', '0.000000', 0, 0, '6ca4d6e7d86dae595163ec7c38e5c010', '', 1, 1, 0, '2020-06-16 12:39:12', '2020-06-16 12:39:12', '', '0000-00-00 00:00:00'),
(12, 1, 1, 2, 3, 1, 0, '', '', '', 'Claudia', 'Stella', 'claustella71@gmail.com', '$2y$10$lkLxWkcvyR6s06LyWnrVfejdUSr7B6U0bT5AOdkpYXTf7S/Ep/YhS', '2020-06-19 17:03:20', '1971-05-14', 0, '', '0000-00-00 00:00:00', 1, '', '0.000000', 0, 0, '873593b79d3212dcc8f49cdfdc14187c', '', 1, 0, 0, '2020-06-19 20:03:20', '2020-06-19 20:03:20', '', '0000-00-00 00:00:00'),
(13, 1, 1, 1, 2, 1, 0, '', '', '', 'jorge', 'jorge', 'lata@hotmail.com', '$2y$10$P9gifpOefE9p6WySD8WgQuWbver42StzBy4vUu5RK/GgSFC13KlvC', '2020-06-22 09:25:46', '0000-00-00', 0, '', '0000-00-00 00:00:00', 0, '', '0.000000', 0, 0, 'dd44b74f1af6da8137e382770b0b144f', '', 1, 1, 0, '2020-06-22 12:25:46', '2020-06-22 12:25:46', '', '0000-00-00 00:00:00'),
(14, 1, 1, 2, 2, 1, 0, '', '', '', 'Berenice ', 'Barcia', 'berenicebarcia@hotmail.com', '$2y$10$RwGFeYQn4rSDV/sJ/.5Teeb6gpLe69nTqttCwhjslde77FAXRgLHm', '2020-06-23 07:43:12', '0068-09-07', 0, '', '0000-00-00 00:00:00', 0, '', '0.000000', 0, 0, '0952f0564662e3082d7f8ad7f3546751', '', 1, 1, 0, '2020-06-23 10:43:12', '2020-06-23 10:43:12', '', '0000-00-00 00:00:00'),
(15, 1, 1, 0, 2, 1, 0, '', '', '', 'Martín', 'Gentile', 'mgentile@adcreditos.com.ar', '$2y$10$UtYr1pdryZPjsxwr1IvhB.6GQn8Uldsoy02h7qMgKhwGdovtxrXGG', '2020-06-23 07:43:14', '0000-00-00', 0, '', '0000-00-00 00:00:00', 0, '', '0.000000', 0, 0, '7e8297c69f642a3109e6725b4b4a7045', '', 1, 1, 0, '2020-06-23 10:43:14', '2020-06-23 10:43:14', '', '0000-00-00 00:00:00'),
(16, 1, 1, 1, 3, 1, 0, '', '', '', 'rodrigo', 'bento', 'rdg2011@hotmail.com', '$2y$10$bKnL3DV5fLs9WlmgKW8cuOHWs6Yuk8WaRn/ToDXeUzyjk74b9o85K', '2020-06-25 12:44:19', '1984-10-12', 0, '', '0000-00-00 00:00:00', 1, '', '0.000000', 0, 0, 'e289c24b84346b186db61bf94bb157db', '', 1, 0, 0, '2020-06-25 15:44:19', '2020-06-25 15:44:19', '', '0000-00-00 00:00:00'),
(17, 1, 1, 1, 3, 1, 0, NULL, NULL, NULL, 'Juan', 'Lopez', 'juanlopez_1966@hotmail.com', '$2y$10$MV/psBmu4uU9gn88A5AyMenZSkrUtXN9vWjwfglAt/ncjHOnsWvp6', '2020-07-02 15:02:13', '0071-08-03', 0, NULL, '0000-00-00 00:00:00', 0, NULL, '0.000000', 0, 0, '67c18684f51e4d3affde1c1cbc0fa968', NULL, 1, 0, 0, '2020-07-02 18:02:13', '2020-07-02 18:02:16', NULL, '0000-00-00 00:00:00'),
(18, 1, 1, 3, 2, 1, 0, '', '', '', 'Patricia', 'Kobelak', 'pkobelak@hotmail.com', '$2y$10$l6vzR6NvfkXzBKmRVuKHSO9yVi3oxaF6LvONW1k99kCuxQk9daV.W', '2020-07-03 14:34:37', '1968-09-21', 0, '', '0000-00-00 00:00:00', 0, '', '0.000000', 0, 0, '7c01790cc203d6e864085d364242c3ee', '', 1, 1, 0, '2020-07-03 17:34:37', '2020-07-03 17:34:37', '', '0000-00-00 00:00:00'),
(19, 1, 1, 1, 2, 1, 0, '', '', '', 'Gustavo', 'Bonini', 'gusbonini@hotmail.com', '$2y$10$8pxpNu0PsqwXZMHvQrq7.OVqaCjaSCY2zybemew7Ia2gRO6c5CctG', '2020-07-04 06:08:14', '0000-00-00', 0, '', '0000-00-00 00:00:00', 0, '', '0.000000', 0, 0, 'bd37081d8269da368ef9b58c357f9f7a', '', 1, 1, 0, '2020-07-04 09:08:14', '2020-07-04 09:08:14', '', '0000-00-00 00:00:00'),
(20, 1, 1, 3, 3, 1, 0, '', '', '', 'Evelyn', 'Ibarra', 'evelynibarra392@gmail.com', '$2y$10$jqBymb/JTAWq9ky1clrZyu6G2UFtzEYCNN1q8BDdGVA9Utpe3bndG', '2020-07-15 11:26:37', '2004-04-25', 0, '', '0000-00-00 00:00:00', 0, '', '0.000000', 0, 0, '42819cb2c08e70a1681cf09dce0a6a92', '', 1, 0, 0, '2020-07-15 14:26:37', '2020-07-15 14:26:37', '', '0000-00-00 00:00:00'),
(21, 1, 1, 2, 3, 1, 0, '', '', '', 'Elena', 'Insaurralde', 'padilla.brenda.6b@gmail.com', '$2y$10$c28nBGlgR6PGRD5AQXR.YOg93bvCXVPH5lHDSR8OHJorxebR6JH26', '2020-07-18 12:43:24', '0000-00-00', 0, '', '0000-00-00 00:00:00', 0, '', '0.000000', 0, 0, 'b1ba9e0300d39acb37431d5e81b294a0', '', 1, 0, 0, '2020-07-18 15:43:24', '2020-07-18 15:43:24', '', '0000-00-00 00:00:00'),
(22, 1, 1, 1, 2, 1, 0, '', '', '', 'Néstor Darío', 'Czech', 'hexametro@gmail.com', '$2y$10$Pfx1oB8BO4Vpdf65UWATAuhF6beINZyLxVGrPg5WDYwEJJ.Z9Z4tm', '2020-07-29 17:01:19', '0000-00-00', 0, '', '0000-00-00 00:00:00', 1, '', '0.000000', 0, 0, '7c5f734cb214759dd3350d79d69f8067', '', 1, 1, 0, '2020-07-29 20:01:19', '2020-07-29 20:01:19', '', '0000-00-00 00:00:00'),
(23, 1, 1, 2, 2, 1, 0, '', '', '', 'Carolina', 'Diaz', 'carodiaz_12@hotmail.com', '$2y$10$TVE57dLFNgAQLKHxosTqPe.X7B7ovnG/L9Z9/5vFgmwTgOtqrdeia', '2020-08-06 08:37:50', '0000-00-00', 0, '', '0000-00-00 00:00:00', 0, '', '0.000000', 0, 0, '2c5fe7b174a9fa15166f5ffa886253dc', '', 1, 1, 0, '2020-08-06 11:37:50', '2020-08-06 11:37:50', '', '0000-00-00 00:00:00'),
(24, 1, 1, 1, 3, 1, 0, '', '', '', 'Leandro', 'Moine', 'lea.iacc@gmail.com', '$2y$10$M8I1QXgs9DsZrh6DuEPo1ul014rDs7hGqZz0Hgltct2ze64EaA6ii', '2020-08-06 15:38:53', '1988-06-25', 0, '', '0000-00-00 00:00:00', 0, '', '0.000000', 0, 0, '1c42a1bf00debe0d24d4d537c1abd974', '', 1, 0, 0, '2020-08-06 18:38:53', '2020-08-06 18:38:53', '', '0000-00-00 00:00:00'),
(25, 1, 1, 1, 3, 1, 0, '', '', '', 'test', 'test', 'test@da.com', '$2y$10$DFlrClI7LtNhyg/GVPiaIOvcUQsi6CzDZ7SIOJl/j5S.REV0A2IF6', '2020-08-07 09:36:55', '0000-00-00', 0, '', '0000-00-00 00:00:00', 0, '', '0.000000', 0, 0, '2f9746e25fa99307ebbf5fda4a638e74', '', 1, 0, 0, '2020-08-07 12:36:55', '2020-08-07 12:36:55', '', '0000-00-00 00:00:00'),
(26, 1, 1, 3, 3, 1, 0, '', '', '', 'Marjorie ', 'Erazo ', 'mayerazo21@gmail.com', '$2y$10$4oZZWe.7x6O5HhuM5TZ75u1.NOqakEhOIOpMLlAz4ePj/gS4pGBem', '2020-08-13 11:27:52', '1989-02-24', 0, '', '0000-00-00 00:00:00', 0, '', '0.000000', 0, 0, 'b99a758988f9788dc6661456f5829d71', '', 1, 0, 0, '2020-08-13 14:27:52', '2020-08-13 14:27:52', '', '0000-00-00 00:00:00'),
(27, 1, 1, 3, 2, 1, 0, '', '', '', 'Graciela ', 'Marquez', 'mabegarin@hotmail.com', '$2y$10$VWCUHDgMFaxwNzvXvBme/.EzUfirLc7IMDHYU0dZafQFT6msJICmG', '2020-08-22 15:19:58', '1983-03-04', 0, '', '0000-00-00 00:00:00', 1, '', '0.000000', 0, 0, '24eb9ef473af4cb561fd7088e849faf7', '', 1, 1, 0, '2020-08-22 18:19:58', '2020-08-22 18:19:58', '', '0000-00-00 00:00:00'),
(28, 1, 1, 2, 2, 1, 0, '', '', '', 'Sandra', 'Mayotti', 's.mayotti@hotmail.com', '$2y$10$dfel32FZT20RoDesxH1k9ukd94KqRCN0uQwS2KYI0mRlfdYXXpZui', '2020-08-25 09:24:52', '0000-00-00', 0, '', '0000-00-00 00:00:00', 0, '', '0.000000', 0, 0, '453b266845ff5e8f51f9f128d58c754c', '', 1, 1, 0, '2020-08-25 12:24:52', '2020-08-25 12:24:52', '', '0000-00-00 00:00:00'),
(29, 1, 1, 1, 3, 1, 0, '', '', '', 'Juan Carlos', 'Mollo', 'jcmollo@gmail.com', '$2y$10$u/WG10cua9Vk2ma54oN1EePEV8e4zgAQCuPZC6c4Bz/jgUw0TdVb6', '2020-08-30 07:09:57', '1962-10-19', 0, '', '0000-00-00 00:00:00', 0, '', '0.000000', 0, 0, '2b9a45fca031adf22362077448805a66', '', 1, 0, 0, '2020-08-30 10:09:57', '2020-08-30 10:09:57', '', '0000-00-00 00:00:00'),
(30, 1, 1, 3, 3, 1, 0, '', '', '', 'Constanza ', 'Alaluf', 'alalufconstanza2600@gmail.com', '$2y$10$CziGJJU84Z2Om7jv7L8u5u3XJYMdUzaN7jGT0fTGkCNpPNpKHkMt.', '2020-08-31 21:51:28', '2000-06-02', 0, '', '0000-00-00 00:00:00', 1, '', '0.000000', 0, 0, '9d058561793263eb75419b7789a2596d', '', 1, 0, 0, '2020-09-01 00:51:28', '2020-09-01 00:51:28', '', '0000-00-00 00:00:00'),
(31, 1, 1, 1, 3, 1, 0, NULL, NULL, NULL, 'Vishal', 'Goyal', 'vishal.goyal@velsof.com', '$2y$10$NF2H09xkit./WkC8vXVnIObNSoKogxzAyaafI.eQdTp0qaQfyxvEu', '2020-09-02 01:53:50', '0000-00-00', 0, NULL, '0000-00-00 00:00:00', 0, NULL, '0.000000', 0, 0, '5b7fe7eb2a79c846f18d7a67116f876e', NULL, 1, 0, 0, '2020-09-02 04:53:50', '2020-09-03 06:18:45', NULL, '0000-00-00 00:00:00'),
(32, 1, 1, 2, 2, 1, 0, '', '', '', 'andrea', 'navarro', 'andreanavarro280@gmail.com', '$2y$10$le45IXmC8CB5vL.0363oZe1IsBtkitZ3zzG4Fx9vuRlqUUShAcGri', '2020-09-02 08:14:37', '1984-12-14', 0, '', '0000-00-00 00:00:00', 0, '', '0.000000', 0, 0, '22f0a4d3e95450213aa7d6df64810f47', '', 1, 1, 0, '2020-09-02 11:14:37', '2020-09-02 11:14:37', '', '0000-00-00 00:00:00'),
(33, 1, 1, 3, 3, 1, 0, '', '', '', 'ariel', 'ezra', 'geogatedproject208@gmail.com', '$2y$10$7.e6M9njk4xXOmEcuSTbne.zO5byFkMaQK7QvUUn28LEstsU5Zar2', '2020-09-21 18:51:43', '1995-02-01', 0, '', '0000-00-00 00:00:00', 0, '', '0.000000', 0, 0, '937b209ada848ea132b71187254017df', '', 1, 0, 0, '2020-09-21 21:51:43', '2020-09-21 21:51:43', '', '0000-00-00 00:00:00'),
(34, 1, 1, 2, 2, 1, 0, NULL, NULL, NULL, 'Sandra', 'Mayotti', 's.mayotti@hormail.com', '$2y$10$n654l/dytO8c0jl4aDVlCu4q15CFh7QhjDxo6q6NnYsSwLPFYH/OK', '2020-09-24 16:06:17', '0000-00-00', 0, NULL, '0000-00-00 00:00:00', 0, NULL, '0.000000', 0, 0, 'bf52b8cca5e192bb7aca123cef60aa6b', NULL, 1, 1, 0, '2020-09-24 19:06:17', '2020-09-24 19:18:47', NULL, '0000-00-00 00:00:00'),
(35, 1, 1, 3, 2, 1, 0, '', '', '', 'Maria belen', 'Mariani', 'belu_berita@hotmail.com', '$2y$10$L.lBmW6dPj7MSgqiciPH8.3rtDQF6YHH/m2NOVJBwapWw4q7n7eaW', '2020-09-27 11:57:18', '1985-10-04', 0, '', '0000-00-00 00:00:00', 0, '', '0.000000', 0, 0, 'c52215c2b21b90c3e45fa009a166035d', '', 1, 1, 0, '2020-09-27 14:57:18', '2020-09-27 14:57:18', '', '0000-00-00 00:00:00'),
(36, 1, 1, 1, 2, 1, 0, '', '', '', 'Emiliano', 'Alberti', 'sanchez_fx@hotmail.com', '$2y$10$zUnmur/hPuwDtNDuWjlQ1uPrgE/XwBG4kZ3KlTVl8nqny/LTGMei.', '2020-09-30 16:01:02', '0000-00-00', 0, '', '0000-00-00 00:00:00', 0, '', '0.000000', 0, 0, 'd40f1b541991b732a45e01db62864560', '', 1, 1, 0, '2020-09-30 19:01:02', '2020-09-30 19:01:02', '', '0000-00-00 00:00:00'),
(37, 1, 1, 1, 2, 1, 0, '', '', '', 'Christian', 'Ledesma', 'ledes.168@hotmail.com', '$2y$10$cSMQGwVzNqO9ZiQX9.UD0eI4FvdnEbYZAigGYLXvif0bDTc72Wm5a', '2020-10-21 20:07:27', '1990-08-16', 0, '', '0000-00-00 00:00:00', 1, '', '0.000000', 0, 0, 'e28b61e39ae1191ca12764612f0be204', '', 1, 1, 0, '2020-10-21 23:07:27', '2020-10-21 23:07:27', '', '0000-00-00 00:00:00'),
(38, 1, 1, 2, 3, 1, 0, '', '', '', 'Natalia', 'Cortés', 'kamus_nvc@yahoo.com.ar', '$2y$10$hrPBQ3HwB1hHETgInNEaEuuMW/A6Ey8talTJqMVV9mkzmqlu1ruvO', '2020-10-24 11:30:20', '1978-09-24', 0, '', '0000-00-00 00:00:00', 1, '', '0.000000', 0, 0, '9f466b9396284824a84519cff5afa4cd', '', 1, 0, 0, '2020-10-24 14:30:20', '2020-10-24 14:30:20', '', '0000-00-00 00:00:00'),
(39, 1, 1, 1, 2, 1, 0, '', '', '', 'Daniel', 'Añuca', 'jarryel22@gmail.com', '$2y$10$5jenX7YU1k4.vBRWo4db4eWL8LLDcfif8fxRMwddvElfLVmLNfbqC', '2020-10-25 21:20:37', '1960-05-31', 0, '', '0000-00-00 00:00:00', 1, '', '0.000000', 0, 0, 'a33411b48ef13bf27baf162faeb08739', '', 1, 1, 0, '2020-10-26 00:20:37', '2020-10-26 00:20:37', '', '0000-00-00 00:00:00'),
(40, 1, 1, 1, 3, 1, 0, '', '', '', 'Mauri ', 'Maffei', 'mauriciomaffei41@gmail.com', '$2y$10$qtUici0bfCM060mS52/TNeU41b3d91ly17.WKm9d1632zUnBe1Y7a', '2020-10-27 07:45:28', '1998-03-13', 0, '', '0000-00-00 00:00:00', 1, '', '0.000000', 0, 0, 'f434d8366080ee6d17089653925b80e2', '', 1, 0, 0, '2020-10-27 10:45:28', '2020-10-27 10:45:28', '', '0000-00-00 00:00:00'),
(41, 1, 1, 3, 2, 1, 0, '', '', '', 'Ana', 'Micucci', 'nanymicucci@gmail.com', '$2y$10$ujZML/6bATgcjQ5KK4hB6OSrFZr4WHnINa7mrjylwy42ndRjodiZu', '2020-10-27 15:33:29', '1991-03-06', 0, '', '0000-00-00 00:00:00', 0, '', '0.000000', 0, 0, '3de8b10b4c02459caa8238971245e926', '', 1, 1, 0, '2020-10-27 18:33:29', '2020-10-27 18:33:29', '', '0000-00-00 00:00:00'),
(42, 1, 1, 0, 3, 1, 0, '', '', '', 'Carla', 'Boreli', 'carlavanesaborrelli@hotmail.com.ar', '$2y$10$YTwk8Z9K7j8rIYim/lrDf.TUcJKKZElRwsPyGnhvdgyuOhI9/EUfy', '2020-10-27 18:16:22', '1975-11-07', 0, '', '0000-00-00 00:00:00', 1, '', '0.000000', 0, 0, '0c2c9b19c2f379fcea4e7221ce0aea74', '', 1, 0, 0, '2020-10-27 21:16:22', '2020-10-27 21:16:22', '', '0000-00-00 00:00:00'),
(43, 1, 1, 1, 3, 1, 0, '', '', '', 'Leonel', 'Cabrera ', 'maclobubbu1998@gmail.com', '$2y$10$OlRz8A4axcyeqVK8rpxDCuTfAdohsBk5PJaBh9CKcfdw0HeAlkKxG', '2020-10-28 03:28:00', '1998-08-11', 0, '', '0000-00-00 00:00:00', 0, '', '0.000000', 0, 0, '701eb040ac49a1ca10738170f5281f99', '', 1, 0, 0, '2020-10-28 06:28:00', '2020-10-28 06:28:00', '', '0000-00-00 00:00:00'),
(44, 1, 1, 3, 3, 1, 0, NULL, NULL, NULL, 'Oriana', 'Pecci', 'ilovebts8seventeen@gmail.com', '$2y$10$ezzJvTmkEqEgSAVNnM9BiOGorGr4lbKzd6UurBoO7dJQHm1WdSs4u', '2020-10-28 12:01:46', '0000-00-00', 0, NULL, '0000-00-00 00:00:00', 0, NULL, '0.000000', 0, 0, '7883c873226fbfd4401d1021db8003e0', NULL, 1, 0, 0, '2020-10-28 15:01:46', '2020-10-28 15:54:32', NULL, '0000-00-00 00:00:00'),
(45, 1, 1, 3, 2, 1, 0, '', '', '', 'Greta ', 'Ramos', 'greatcl9@gmail.com', '$2y$10$X23TCwcXmatFELw1iz8D6u8ReSzb7RZvDzUFzLUEzuPO8.PlW/n2K', '2020-11-01 15:16:51', '0094-01-12', 0, '', '0000-00-00 00:00:00', 0, '', '0.000000', 0, 0, 'b815d0872900825bc965ab1899ac3a34', '', 1, 1, 0, '2020-11-01 18:16:51', '2020-11-01 18:16:51', '', '0000-00-00 00:00:00'),
(46, 1, 1, 1, 2, 1, 0, '', '', '', 'DANIEL', 'RODRIGUEZ', 'drodriguez96@gmail.com', '$2y$10$C/dAT7GuyuXj0JXYR2cRSO9PVl2E.TuSxXBk/wSCzUBaUAhVnLTqO', '2020-11-02 11:16:01', '0000-00-00', 0, '', '0000-00-00 00:00:00', 0, '', '0.000000', 0, 0, '9266ecb8b1b667b05d8d6b025210e690', '', 1, 1, 0, '2020-11-02 14:16:01', '2020-11-02 14:16:01', '', '0000-00-00 00:00:00'),
(47, 1, 1, 3, 2, 1, 0, NULL, NULL, NULL, 'Ana', 'Castelló', 'castelloanabelen@gmail.com', '$2y$10$L3vgkwlxtd.FWk/xJqT3SeBG.pLN1YINuWU7FoPKhtyEjcRrPlrNO', '2020-11-11 05:26:36', '1986-05-06', 0, NULL, '0000-00-00 00:00:00', 0, NULL, '0.000000', 0, 0, '924bc6ae4f2219e79460c267ba5700f8', NULL, 1, 1, 0, '2020-11-11 08:26:36', '2020-11-16 15:04:40', NULL, '0000-00-00 00:00:00'),
(48, 1, 1, 1, 2, 1, 0, '', '', '', 'gg', 'cc', 'gustavoconstabel@outlook.com', '$2y$10$WN0hYLCxeqzlIiO9gr1qdOuLqtXXaPke2Mv4q3xFEjqhO1Z8CVdFq', '2020-11-13 09:42:48', '0000-00-00', 0, '', '0000-00-00 00:00:00', 0, '', '0.000000', 0, 0, '6c4a6ee60d65e863d470ae074f3a5166', '', 1, 1, 0, '2020-11-13 12:42:48', '2020-11-13 12:42:48', '', '0000-00-00 00:00:00'),
(49, 1, 1, 2, 2, 1, 0, NULL, NULL, NULL, 'Keila', 'Gaggero', 'keilagaggero@gmail.com', '$2y$10$mM808hXaihLWPBD8VEXUSeP6h0ojmfvMpiHdRK7HYVv4T99IdgtdS', '2020-11-13 12:54:36', '0000-00-00', 0, NULL, '0000-00-00 00:00:00', 0, NULL, '0.000000', 0, 0, '65820a9c5ed83466f87938d247f2a5b0', NULL, 1, 1, 0, '2020-11-13 15:54:36', '2020-11-13 15:55:54', NULL, '0000-00-00 00:00:00'),
(50, 1, 1, 3, 2, 1, 0, '', '', '', 'Rosana', 'Noguera', 'nogueras784@gmail.com', '$2y$10$whdsN7Q4wGsGKstt5ESJiOSJkAeP/vMLqWTfKU9mx11g30mG12jTi', '2020-11-16 11:10:41', '1990-07-14', 0, '', '0000-00-00 00:00:00', 0, '', '0.000000', 0, 0, '19867a25b9307a128f12cc5f6c23a2b8', '', 1, 1, 0, '2020-11-16 14:10:41', '2020-11-16 14:10:41', '', '0000-00-00 00:00:00'),
(51, 1, 1, 1, 3, 1, 0, '', '', '', 'Martin ', 'Dallago', 'martin_p.a.s@hotmail.com', '$2y$10$/V1yR3daDjq0zzRykbJeBuvCEDfe9EA5ucA7vuYuCaCAvo6Lg938e', '2020-11-27 07:32:42', '1984-08-15', 0, '', '0000-00-00 00:00:00', 1, '', '0.000000', 0, 0, 'b2e22a416cd8a23b9f957bdefc21af06', '', 1, 0, 0, '2020-11-27 10:32:42', '2020-11-27 10:32:42', '', '0000-00-00 00:00:00'),
(52, 1, 1, 2, 2, 1, 0, '', '', '', 'Florencia', 'Badalucco', 'florenciabadalucco@gmail.com', '$2y$10$MzPHm2GAmxoe3XB4eNmDj.uto6hSd/6HbBDB1cpz2ByQuTDGnXdM.', '2020-11-30 19:45:33', '0000-00-00', 0, '', '0000-00-00 00:00:00', 0, '', '0.000000', 0, 0, '097f08ba83cd0ca44c5ad87f08b6bdba', '', 1, 1, 0, '2020-11-30 22:45:33', '2020-11-30 22:45:33', '', '0000-00-00 00:00:00'),
(53, 1, 1, 3, 2, 1, 0, '', '', '', 'Maite ', 'Cordoba', 'maitecordobav@gmail.com', '$2y$10$OxjNeC5eP.PJTM6UD/88U.TIdLJptU6Dwk5p1lWzLV07bIe7QRj9i', '2020-12-01 06:29:43', '2000-03-11', 0, '', '0000-00-00 00:00:00', 1, '', '0.000000', 0, 0, 'da7325640a577dd9299281c2f6755323', '', 1, 1, 0, '2020-12-01 09:29:43', '2020-12-01 09:29:43', '', '0000-00-00 00:00:00'),
(54, 1, 1, 3, 2, 1, 0, '', '', '', 'Violeta', 'Cespedes', 'violetacespedes_svc@hotmail.com', '$2y$10$15rR74aweRtpdu5y6aTXNeFPdwoo82Ca8Hw0LZSf5SnQOt8yNT1nO', '2020-12-01 14:10:34', '0000-00-00', 0, '', '0000-00-00 00:00:00', 1, '', '0.000000', 0, 0, '3e7f8b3c8a71b5b8e5362e942e04f76b', '', 1, 1, 0, '2020-12-01 17:10:34', '2020-12-01 17:10:34', '', '0000-00-00 00:00:00'),
(55, 1, 1, 2, 3, 1, 0, NULL, NULL, NULL, 'Laura', 'Catelli', 'catelli_laura@hotmail.com', '$2y$10$KJ65Ja1heZRPLo6HBczO1.ayF9Ylx2MnWB9VEyQzdZpnSqhhUWQt.', '2020-12-01 16:53:22', '1985-10-16', 0, NULL, '0000-00-00 00:00:00', 1, NULL, '0.000000', 0, 0, '01fb911cd258bbd2b79a6d1f77d79df3', NULL, 1, 0, 0, '2020-12-01 19:53:22', '2020-12-01 20:02:53', NULL, '0000-00-00 00:00:00'),
(56, 1, 1, 3, 2, 1, 0, '', '', '', 'Violeta', 'Cespedes', 'violetacespedes_svc@hotmail.com', '$2y$10$TW7cwZhWrJIb18cl0ZL/F.5IlkloYKsFrToVJoWjA4PUHWYo95eMq', '2020-12-02 05:43:42', '1989-01-21', 0, '', '0000-00-00 00:00:00', 0, '', '0.000000', 0, 0, '06a645edf0e44e449bf11985a31d8152', '', 1, 1, 0, '2020-12-02 08:43:42', '2020-12-02 08:43:42', '', '0000-00-00 00:00:00'),
(57, 1, 1, 3, 3, 1, 0, '', '', '', 'Violeta', 'Céspedes', 'violetacespedes_svc@hotmail.com', '$2y$10$nFiLbnmVdnadYHRJhyFBb.09YfzfkEMFMWDBD1FZ873LBZgn.GEIe', '2020-12-02 05:52:19', '1989-01-21', 0, '', '0000-00-00 00:00:00', 0, '', '0.000000', 0, 0, '9622a538b78b08f02d18085bd42dfd49', '', 1, 0, 0, '2020-12-02 08:52:19', '2020-12-02 08:52:19', '', '0000-00-00 00:00:00'),
(58, 1, 1, 2, 2, 1, 0, '', '', '', 'Clelia Raquel', 'Martinez ', 'lizarragapame@gmail.com', '$2y$10$ehPQUXX4G10uom0ygpL1ruRIz5AwX7BRWfVzV0WvHZCwQleXwJAFq', '2020-12-03 07:39:29', '1977-07-08', 0, '', '0000-00-00 00:00:00', 0, '', '0.000000', 0, 0, 'e69d8a9f9896fc3fd43f6097530e652c', '', 1, 1, 0, '2020-12-03 10:39:29', '2020-12-03 10:39:29', '', '0000-00-00 00:00:00'),
(59, 1, 1, 0, 3, 1, 0, '', '', '', 'aaaa', 'aaaaa', 'marketing@opticabrera.com.ar', '$2y$10$kw7bZVc1IZJ1zCdtOmkACu2jtU/ZDnwCqUfp7ZbhxVFFFjlCJ0Bu2', '2020-12-04 09:35:46', '1989-01-09', 0, '', '0000-00-00 00:00:00', 0, '', '0.000000', 0, 0, '9b610a19a64f60a9ec2c3974154593d2', '', 1, 0, 0, '2020-12-04 12:35:46', '2020-12-04 12:35:46', '', '0000-00-00 00:00:00'),
(60, 1, 1, 2, 2, 1, 0, '', '', '', 'Clelia Raquel', 'Martinez', 'lizarragapame@gmail.com', '$2y$10$iaBz9VQeQx.rz/jiiVZ0HuXD/.HtTDP4mDSFWDm9D6fOXsxb74gVm', '2020-12-04 09:59:36', '1977-07-08', 0, '', '0000-00-00 00:00:00', 0, '', '0.000000', 0, 0, '19795fda5a0f068740062d36e045f05a', '', 1, 1, 0, '2020-12-04 12:59:36', '2020-12-04 12:59:36', '', '0000-00-00 00:00:00'),
(61, 1, 1, 2, 2, 1, 0, '', '', '', 'Mari Virginia', 'Córdoba Puño', 'maricordoba-53@hotmail.com', '$2y$10$3AwHcokWRojrnlhisrbO0ukEMIkURpyXTOtJQ3qgX9ddPRaG7sP3G', '2020-12-10 10:46:44', '1953-02-15', 0, '', '0000-00-00 00:00:00', 0, '', '0.000000', 0, 0, '29a4d63962844577a659610161650c77', '', 1, 1, 0, '2020-12-10 13:46:44', '2020-12-10 13:46:44', '', '0000-00-00 00:00:00'),
(62, 1, 1, 2, 2, 1, 0, '', '', '', 'Sandra', 'Mayotti', 's.mayotti@hotmail.com', '$2y$10$pPMXMm6dZXFZRW2uP.VRZembeyhUNUBQs7zYsdxHh6fPfPdO8ZM7.', '2020-12-21 07:42:53', '1967-05-09', 0, '', '0000-00-00 00:00:00', 0, '', '0.000000', 0, 0, 'cefb44b3af07a2d1811d4bc0a1076c83', '', 1, 1, 0, '2020-12-21 10:42:53', '2020-12-21 10:42:53', '', '0000-00-00 00:00:00'),
(63, 1, 1, 0, 3, 1, 0, '', '', '', 'Juan camilo', 'Rojas Montoya ', 'juancamilorojas@gmail.com', '$2y$10$YHB8aCtp5x9ugJayx2LX5ek8puI/TIxB7yPeM5Gxmn56uWOSci5wK', '2020-12-22 13:54:34', '2004-12-25', 0, '', '0000-00-00 00:00:00', 1, '', '0.000000', 0, 0, '006fbef41b5fa6a5ab58984435be3de0', '', 1, 0, 0, '2020-12-22 16:54:34', '2020-12-22 16:54:34', '', '0000-00-00 00:00:00'),
(64, 1, 1, 3, 3, 1, 0, '', '', '', 'candela', 'molina', 'nahircande836@gmail.com', '$2y$10$X8uR5lvLSuBC7TrdTkxQjewSA0kZzD8PcHr6WTRTf7plaXJ.bm/DG', '2020-12-23 11:12:12', '2003-07-04', 0, '', '0000-00-00 00:00:00', 0, '', '0.000000', 0, 0, '740e4a3bec0fd31dad4f1ada91d7182b', '', 1, 0, 0, '2020-12-23 14:12:12', '2020-12-23 14:12:12', '', '0000-00-00 00:00:00'),
(65, 1, 1, 1, 3, 1, 0, '', '', '', 'Lucas ', 'orru', 'orrulucasmatias@gmail.com', '$2y$10$86c7xfW04U2FaNkzbtOuM.Nl40f9meerVA2BSSOYezUeze6SI29JO', '2020-12-29 07:31:48', '1985-07-21', 0, '', '0000-00-00 00:00:00', 0, '', '0.000000', 0, 0, 'edec70d96df79e5cb41f6c739beaf48c', '', 1, 0, 0, '2020-12-29 10:31:48', '2020-12-29 10:31:48', '', '0000-00-00 00:00:00'),
(66, 1, 1, 1, 2, 1, 0, '', '', '', 'Aldo', 'Diaz', 'dariodiaz_12@hotmail.com', '$2y$10$04DR4z.jk2sJxZPrwTmfse9BcPgWE3HgLNc5edtCu/ibFH7/SgKF.', '2020-12-30 19:11:22', '1977-03-23', 0, '', '0000-00-00 00:00:00', 1, '', '0.000000', 0, 0, '70e36f6f60de7687b5182999a5e19055', '', 1, 1, 0, '2020-12-30 22:11:22', '2020-12-30 22:11:22', '', '0000-00-00 00:00:00'),
(67, 1, 1, 3, 3, 1, 0, '', '', '', 'Joana ', 'Lopez fernandez', 'yoha.lopez.fernandez@gmail.com', '$2y$10$Saw3D9mq86/y73CQek81XOUxGPPOt4ukYTndwlza0mqzjDFSpRS2u', '2021-01-11 06:25:03', '1991-06-14', 0, '', '0000-00-00 00:00:00', 0, '', '0.000000', 0, 0, 'd453f390a5081f355ee0baa77b654527', '', 1, 0, 0, '2021-01-11 09:25:03', '2021-01-11 09:25:03', '', '0000-00-00 00:00:00'),
(68, 1, 1, 1, 2, 1, 0, '', '', '', 'Orlando Eladio', 'Molina', 'Catumolina990@gmail.com', '$2y$10$73T3re6LiVcDVy8xmgnJluC3WN5b2DIp2VYMMPDmm0GhPvO6IhqCq', '2021-01-11 12:22:10', '1990-09-06', 0, '', '0000-00-00 00:00:00', 0, '', '0.000000', 0, 0, '472383664ca0dd884da43505be06c844', '', 1, 1, 0, '2021-01-11 15:22:10', '2021-01-11 15:22:10', '', '0000-00-00 00:00:00'),
(69, 1, 1, 1, 3, 1, 0, '', '', '', 'Orlando Eladio ', 'Molina', 'vale917@hotmail.com', '$2y$10$Ly2mLYRrNU0/fK0cv6vjbu2EVOf2fgNRy4Cqo.9stY5X4AGzDOFcy', '2021-01-12 11:51:43', '1994-09-06', 0, '', '0000-00-00 00:00:00', 1, '', '0.000000', 0, 0, '795aa36b67d891fe383e1beff77857e3', '', 1, 0, 0, '2021-01-12 14:51:43', '2021-01-12 14:51:43', '', '0000-00-00 00:00:00'),
(70, 1, 1, 1, 2, 1, 0, '', '', '', 'Jorge Eusebio ', 'Molina', 'Lualucia0413@gmail.com', '$2y$10$viOsnJ1HpzCrsQcfqQvr3.Y/EuDzpTg9QK2l7Ud.CG.pTDXMeoq0O', '2021-01-12 12:41:38', '1954-12-12', 0, '', '0000-00-00 00:00:00', 0, '', '0.000000', 0, 0, 'e19e17000c59d4bfb5f73c7abea53df2', '', 1, 1, 0, '2021-01-12 15:41:38', '2021-01-12 15:41:38', '', '0000-00-00 00:00:00'),
(71, 1, 1, 1, 3, 1, 0, NULL, NULL, NULL, 'Jorge Eusebio ', 'Molina', 'danger7345@gmail.com', '$2y$10$WEa2ts1lS3K/qWE5N0ioi.d5Iff8kaDAhecaTkRiadzuWvJy6FvoC', '2021-01-12 12:56:33', '1954-12-12', 0, NULL, '0000-00-00 00:00:00', 0, NULL, '0.000000', 0, 0, 'a6f3be7c0232544e922ffa8bb28a1df4', NULL, 1, 0, 0, '2021-01-12 15:56:33', '2021-01-19 12:12:41', NULL, '0000-00-00 00:00:00'),
(72, 1, 1, 1, 2, 1, 0, '', '', '', 'Juan', 'Perez', 'juanperezar.1801@gmail.com', '$2y$10$AYt0eHvL5xUspaWfwn9LY.OR8r/Sj6okHnyfJLeST0eo9iH/FLx8G', '2021-01-13 04:52:48', '0000-00-00', 0, '', '0000-00-00 00:00:00', 0, '', '0.000000', 0, 0, '69263e639f825dc91253efc9a284dbff', '', 1, 1, 0, '2021-01-13 07:52:48', '2021-01-13 07:52:48', '', '0000-00-00 00:00:00'),
(73, 1, 1, 1, 2, 1, 0, '', '', '', 'eduardo', 'chavez', 'edu2567@gmail.com', '$2y$10$.t7J.HZ6p0hGW4Kc3AavHeSz5KeWds4h.aHhfEAErnOxxAPDMt8/q', '2021-01-15 16:47:46', '0000-00-00', 0, '', '0000-00-00 00:00:00', 0, '', '0.000000', 0, 0, '5c91634bf9c5282fca3d49a431018160', '', 1, 1, 0, '2021-01-15 19:47:46', '2021-01-15 19:47:46', '', '0000-00-00 00:00:00'),
(74, 1, 1, 3, 2, 1, 0, '', '', '', 'Sol', 'Cespedes', 'solgomezcespedes@gmail.com', '$2y$10$WP5F8MXWpu5pF.Tkhte/m.FbTwVZG27vWA6tsbX46yU852RXHAhyW', '2021-01-18 17:35:49', '1997-12-16', 0, '', '0000-00-00 00:00:00', 0, '', '0.000000', 0, 0, 'ac99f50bff7ca73988c594b9f073c115', '', 1, 1, 0, '2021-01-18 20:35:49', '2021-01-18 20:35:49', '', '0000-00-00 00:00:00'),
(75, 1, 1, 3, 2, 1, 0, '', '', '', 'Sol ', 'Cespedes', 'solgomezcespedes@gmail.com', '$2y$10$Xl3JWxgbDWsCbqPoBdg47.eugr.bXRMq29nVDRPDc8RLN8FLfalQ2', '2021-01-18 17:56:23', '0000-00-00', 0, '', '0000-00-00 00:00:00', 0, '', '0.000000', 0, 0, '1f32a7442dbed29f615cf06310279259', '', 1, 1, 0, '2021-01-18 20:56:23', '2021-01-18 20:56:23', '', '0000-00-00 00:00:00'),
(76, 1, 1, 3, 2, 1, 0, '', '', '', 'Florencia', 'Di matteo', 'florencia.dimatteo@hotmail.com', '$2y$10$4CIUnYLv/6LRqt6AmpvjkO1hMk8AMgZeh69NoPa0Ml7mGUlqM.uqq', '2021-01-19 05:31:46', '0000-00-00', 0, '', '0000-00-00 00:00:00', 0, '', '0.000000', 0, 0, 'b9452578381904e9d5ce3d7ad9601388', '', 1, 1, 0, '2021-01-19 08:31:46', '2021-01-19 08:31:46', '', '0000-00-00 00:00:00'),
(77, 1, 1, 1, 3, 1, 0, '', '', '', 'Orlando Eladio', 'Molina', 'catu_990@hotmail.com', '$2y$10$8V0CBPCNWSIBVzvMvn0N1uhVUGWQu5okx5LbTAqJG8sdTEPLqIoh.', '2021-01-19 09:54:08', '1990-09-06', 0, '', '0000-00-00 00:00:00', 0, '', '0.000000', 0, 0, 'efaa0caae6672400889c008467bcd264', '', 1, 0, 0, '2021-01-19 12:54:08', '2021-01-19 12:54:08', '', '0000-00-00 00:00:00'),
(78, 1, 1, 3, 3, 1, 0, '', '', '', 'Sol', 'Cespedes', 'solgomezcespedes@gmail.com', '$2y$10$KPcqpTgl1N5JQZPdVniuAeFrw.mvHMASR2JD2kEqqHqgPcNuWUwHy', '2021-01-19 14:51:16', '1997-12-16', 0, '', '0000-00-00 00:00:00', 0, '', '0.000000', 0, 0, '3985f9112abbc15e3590ccaeb9ffb023', '', 1, 0, 0, '2021-01-19 17:51:16', '2021-01-19 17:51:16', '', '0000-00-00 00:00:00'),
(79, 1, 1, 1, 2, 1, 0, '', '', '', 'Eduardo', 'Chavez', 'edu2567@gmail.com', '$2y$10$oKkeV1FQEC5rF4FHa6SNwuYGh1G6Bk/cX5N9S41N3/Gzm3TSNm2O.', '2021-01-25 14:20:21', '1989-10-16', 0, '', '0000-00-00 00:00:00', 0, '', '0.000000', 0, 0, '97247fe1bf8eb053f203507aafa2739a', '', 1, 1, 0, '2021-01-25 17:20:21', '2021-01-25 17:20:21', '', '0000-00-00 00:00:00'),
(80, 1, 1, 2, 3, 1, 0, '', '', '', 'Aldana', 'Tommei', 'aldanatommei@GMAIL.COM', '$2y$10$uVytiuHxEAnUbN0EIopLzeeOHE7qxWUAzN.ZVnr3wCMdDffG8FoKW', '2021-02-01 18:27:08', '1979-11-26', 0, '', '0000-00-00 00:00:00', 0, '', '0.000000', 0, 0, 'a207365626504e3427d176eaf239ca99', '', 1, 0, 0, '2021-02-01 21:27:08', '2021-02-01 21:27:08', '', '0000-00-00 00:00:00'),
(81, 1, 1, 3, 2, 1, 0, '', '', '', 'Martina', 'Aner', 'martuu_85@hotmail.com', '$2y$10$8Mu9BwKexhW9bEV2TYt5Au1ahoguAarb3SL66OK6Fk2XLT1pchI8C', '2021-02-02 06:35:08', '0000-00-00', 0, '', '0000-00-00 00:00:00', 0, '', '0.000000', 0, 0, '1d8a4d2f9240aae320d9a7586de029ee', '', 1, 1, 0, '2021-02-02 09:35:08', '2021-02-02 09:35:08', '', '0000-00-00 00:00:00'),
(82, 1, 1, 3, 3, 1, 0, '', '', '', 'Karen Florencia', 'Segovia', 'segoviakarenflorencia@outlook.com', '$2y$10$EUUH1.hoRBoti318J1JyE.Ztf82Q254U9FnN.Ywk292ktXZvyg4mm', '2021-02-04 16:17:39', '1997-09-21', 0, '', '0000-00-00 00:00:00', 1, '', '0.000000', 0, 0, '201c872f5aa998d3bc50084736649ea0', '', 1, 0, 0, '2021-02-04 19:17:39', '2021-02-04 19:17:39', '', '0000-00-00 00:00:00'),
(83, 1, 1, 2, 2, 1, 0, '', '', '', 'patricia', 'keller', 'patrikeller@gmail.com', '$2y$10$IhsuUkuBhr6/jRwpAj5TTeskFAvY6KB0//qfb53fYnqqIRJc7yK1q', '2021-02-15 14:15:19', '1957-05-29', 0, '', '0000-00-00 00:00:00', 0, '', '0.000000', 0, 0, '901d2daeb72ab10998b005e292e642bc', '', 1, 1, 0, '2021-02-15 17:15:19', '2021-02-15 17:15:19', '', '0000-00-00 00:00:00'),
(84, 1, 1, 3, 3, 1, 0, '', '', '', 'alfonsina', 'Lazarte', 'alfonsinaacai@gmail.com', '$2y$10$71zny5ygK3E8y/SVwXPcKeEY/N0OP1zJKp08n0c.Dofj0HYzWaEnO', '2021-02-20 09:23:06', '1999-04-15', 0, '', '0000-00-00 00:00:00', 0, '', '0.000000', 0, 0, '7178228cdf1e2a1b5580c61867c71c49', '', 1, 0, 0, '2021-02-20 12:23:06', '2021-02-20 12:23:06', '', '0000-00-00 00:00:00'),
(85, 1, 1, 1, 2, 1, 0, '', '', '', 'aaa', 'aaa', 'martingentilea@gmail.com', '$2y$10$.uvA4fHoAjFxoWNbiSujKOloIiS7r.BHRfTvTHLZkfoh0WLhRv1Ky', '2021-02-22 08:59:37', '0000-00-00', 0, '', '0000-00-00 00:00:00', 0, '', '0.000000', 0, 0, '23f3e37212c36241339d0e9c13c8a878', '', 1, 1, 0, '2021-02-22 11:59:37', '2021-02-22 11:59:37', '', '0000-00-00 00:00:00'),
(86, 1, 1, 3, 2, 1, 0, '', '', '', 'Agustina', 'Gregorio Martinez', 'gregoriomagus@gmail.com', '$2y$10$lHIj5jGQuP1H.oWi5mzHyO.mqU6Ti480MGIvSflcHYo0.DwtNCNqK', '2021-02-25 15:03:22', '1994-05-12', 0, '', '0000-00-00 00:00:00', 0, '', '0.000000', 0, 0, '523f99eb84068413c8dce8edf8c14330', '', 1, 1, 0, '2021-02-25 18:03:22', '2021-02-25 18:03:22', '', '0000-00-00 00:00:00'),
(87, 1, 1, 0, 3, 1, 0, '', '', '', 'Alfonsonut', 'AlfonsonutNU', 'anisimovaveronika@mail.com', '$2y$10$ACHhZugkZ5IpSnEz4Nmh9OKUDMQDqb62o8XfZ0i9ANqjl6.QQs86C', '2021-03-09 05:54:35', '0000-00-00', 0, '', '0000-00-00 00:00:00', 0, '', '0.000000', 0, 0, '9f6cbaac2167c7a8514e1eeb9528afb4', '', 1, 0, 0, '2021-03-09 08:54:35', '2021-03-09 08:54:35', '', '0000-00-00 00:00:00'),
(88, 1, 1, 2, 2, 1, 0, NULL, NULL, NULL, 'Adriana', 'Sosa', 'adrianasosa1968@hotmail.com', '$2y$10$4bQtVqAThu0fjs/3IbdCR.s8ntq326CTRrl5W8NcM.RRD80l5sOQe', '2021-03-11 11:32:54', '0000-00-00', 0, NULL, '0000-00-00 00:00:00', 0, NULL, '0.000000', 0, 0, 'ec1d390e413829e1b6b02299ebb49a8d', NULL, 1, 0, 0, '2021-03-11 14:32:54', '2021-03-12 10:30:12', NULL, '0000-00-00 00:00:00'),
(89, 1, 1, 1, 3, 1, 0, NULL, NULL, NULL, 'Francisco', 'Ruiz', 'Franciscoruiz4200@gmail.com', '$2y$10$LKET4jDs1KFF4EJ.KHaqxu.0OAjArt696tdapnFPuzdPxTBYkdukK', '2021-03-11 19:44:49', '0000-00-00', 0, NULL, '0000-00-00 00:00:00', 0, NULL, '0.000000', 0, 0, 'a5d33a99d3dac92f6036bee8e78f7e1b', NULL, 1, 0, 0, '2021-03-11 16:31:37', '2021-03-11 16:44:49', NULL, '0000-00-00 00:00:00'),
(90, 1, 1, 3, 2, 1, 0, '', '', '', 'Eliana mariel', 'Gomez', 'elygomez48@hotmail.com', '$2y$10$pwlit7o3e4PMc5d.YrfsvOOIMKhPuHr8zbe6.c5DX5QhYVf0JGyRO', '2021-03-11 18:20:06', '0000-00-00', 0, '', '0000-00-00 00:00:00', 0, '', '0.000000', 0, 0, 'dce25ec19a2aa53c6513959ceaa8b549', '', 1, 1, 0, '2021-03-11 21:20:06', '2021-03-11 21:20:06', '', '0000-00-00 00:00:00'),
(91, 1, 1, 1, 3, 1, 0, '', '', '', 'Pablo Gaston', 'Samper', 'pablosamper@gmail.com', '$2y$10$l8aWiE4GRfZOzmMs5Fo5zuNVgOo/9zk3KK2U6STMIDtQ18KmZ32WC', '2021-03-19 10:09:59', '1975-04-03', 0, '', '0000-00-00 00:00:00', 1, '', '0.000000', 0, 0, 'dbec2b3685418059c23800118213f5fc', '', 1, 0, 0, '2021-03-19 13:09:59', '2021-03-19 13:09:59', '', '0000-00-00 00:00:00'),
(92, 1, 1, 3, 2, 1, 0, NULL, NULL, NULL, 'Karina', 'Rappazzo', 'kmermaid2000@hotmail.com', '$2y$10$z0pF0yGsdogtc6UerqRUqO3yk4Bv92HA8Ljn5RiQdDTLMKkc..8G2', '2021-03-25 09:37:02', '1967-04-21', 0, NULL, '0000-00-00 00:00:00', 0, NULL, '0.000000', 0, 0, '8b860ee96d8e1f06f1dbff1565b29819', NULL, 1, 1, 0, '2021-03-25 12:37:02', '2021-03-25 14:52:43', NULL, '0000-00-00 00:00:00'),
(93, 1, 1, 0, 3, 1, 0, '', '', '', 'Narella', 'Brandolini', 'narellabr@gmail.com', '$2y$10$D2mooOI/hXyFo0u6Ef5ILOZEiZME8rJTSx7N3WBys1gAYRGi/wNIS', '2021-03-25 09:48:36', '1993-09-24', 0, '', '0000-00-00 00:00:00', 0, '', '0.000000', 0, 0, '6381a7cb92ab539f3589a31617ef14ce', '', 1, 0, 0, '2021-03-25 12:48:36', '2021-03-25 12:48:36', '', '0000-00-00 00:00:00'),
(94, 1, 1, 2, 2, 1, 0, NULL, NULL, NULL, 'Sandra', 'Mayotti', 's.mayotti@hotmail.com', '$2y$10$xgjxSUGrmOCHYmVzQZn1.upg.D6fdS/4gGkBHG44I9DhhzSb4IJyu', '2021-03-26 05:41:39', '1967-05-09', 0, NULL, '0000-00-00 00:00:00', 1, NULL, '0.000000', 0, 0, 'b7e61db40f598b2464c07a2cd60ad9f0', NULL, 1, 1, 0, '2021-03-26 08:41:39', '2021-03-26 08:45:17', NULL, '0000-00-00 00:00:00'),
(95, 1, 1, 1, 3, 1, 0, '', '', '', 'Facundo gaston', 'Martinez salvo', 'Facu2323@hotmail.com', '$2y$10$taTT2idsxNxeNGKZK49AGetoAi7Q/XkbHe1rtxB3GjkVedFf14ew6', '2021-03-31 22:05:48', '1976-11-17', 0, '', '0000-00-00 00:00:00', 0, '', '0.000000', 0, 0, '2bcdf47b30bc75941bd970b531dedb91', '', 1, 0, 0, '2021-04-01 01:05:48', '2021-04-01 01:05:48', '', '0000-00-00 00:00:00'),
(96, 1, 1, 1, 3, 1, 0, '', '', '', 'FACUNDO GASTON', 'Martinez Salvo', 'fgmartinezsalvo@gmail.com', '$2y$10$r/BM4NdjC17M49BX3zl1seF0sMJpaGOXgDa6OPJyq3oFKk56ALUYi', '2021-04-01 09:24:21', '1976-11-17', 0, '', '0000-00-00 00:00:00', 0, '', '0.000000', 0, 0, '1339edbb9e1525807305d010cb4a1bf0', '', 1, 0, 0, '2021-04-01 12:24:21', '2021-04-01 12:24:21', '', '0000-00-00 00:00:00'),
(97, 1, 1, 3, 2, 1, 0, '', '', '', 'Maria Pia ', 'Giribaldi', 'mariapi.giribaldi@hotmail.com', '$2y$10$JT1nNkji7sErAzqPWV9dCOhV583hokdTSPjRBPVgUXO8gZiBeFukS', '2021-04-05 13:26:51', '0000-00-00', 0, '', '0000-00-00 00:00:00', 0, '', '0.000000', 0, 0, 'be0801cb68476262fd8b7c911910f792', '', 1, 1, 0, '2021-04-05 16:26:51', '2021-04-05 16:26:51', '', '0000-00-00 00:00:00'),
(98, 1, 1, 3, 2, 1, 0, '', '', '', 'María', 'Giribaldi', 'Mariapi.giribaldi@hotmail.com', '$2y$10$OOwegjRgWdHF4YirjHBAve9MlLO/9HUH/y4J5/uhzCYDDrlICA1yC', '2021-04-16 13:20:46', '1993-06-22', 0, '', '0000-00-00 00:00:00', 0, '', '0.000000', 0, 0, '82e549be57191f56aac30d260c92ad5c', '', 1, 1, 0, '2021-04-16 16:20:46', '2021-04-16 16:20:46', '', '0000-00-00 00:00:00'),
(99, 1, 1, 0, 3, 1, 0, '', '', '', 'Timothynob', 'TimothynobFC', 'spamasavut1962@dizaer.ru', '$2y$10$bInEUTMBaP9S/DHeoFfBg.f5.B5ZzxkqmxVVC9xnTGIukb16qS5hy', '2021-04-18 14:04:17', '0000-00-00', 0, '', '0000-00-00 00:00:00', 0, '', '0.000000', 0, 0, '1e5c3614c655392798765f5599a2d4a1', '', 1, 0, 0, '2021-04-18 17:04:17', '2021-04-18 17:04:17', '', '0000-00-00 00:00:00'),
(100, 1, 1, 0, 2, 1, 0, '', '', '', 'Sandra', 'Mayotti', 's.mayotti@hotmail.com', '$2y$10$pnL4l.atsismo1KQR7AQVuyzvC3hsxDaBrUlov6pVmIXTvIc9wkiC', '2021-05-04 12:20:28', '1967-05-09', 0, '', '0000-00-00 00:00:00', 1, '', '0.000000', 0, 0, '33741ba8f153726cc9d27d814bceeac6', '', 1, 1, 0, '2021-05-04 15:20:28', '2021-05-04 15:20:28', '', '0000-00-00 00:00:00'),
(101, 1, 1, 0, 3, 1, 0, '', '', '', 'Butet', 'ButetKH', 'khirasa@yandex.ru', '$2y$10$2AO0v4PaYPUebJxvbBhtoe4bL74nAakMcT60g2jY1GF1l6SFQ5N0m', '2021-05-05 11:10:31', '0000-00-00', 0, '', '0000-00-00 00:00:00', 0, '', '0.000000', 0, 0, 'a270308728396f7ae017246f17dafaa9', '', 1, 0, 0, '2021-05-05 14:10:31', '2021-05-05 14:10:31', '', '0000-00-00 00:00:00'),
(102, 1, 1, 2, 3, 1, 0, '', '', '', 'Clelia Raquel', 'Martinez', 'lizarragapame@gmail.com', '$2y$10$DumAUAxnXyi5LnZ10Ap36ejGWplAJUUqgL.OAPWZ2jN.piPMC.fUy', '2021-05-10 09:33:52', '1977-07-08', 0, '', '0000-00-00 00:00:00', 0, '', '0.000000', 0, 0, 'f64640b61ea423193cf23645ff0e4518', '', 1, 0, 0, '2021-05-10 12:33:52', '2021-05-10 12:33:52', '', '0000-00-00 00:00:00'),
(103, 1, 1, 1, 3, 1, 0, '', '', '', 'Flavio', 'Degiorgis', 'degflavio@hotmail.com', '$2y$10$4Mbjz7oU1mFws2m/iveH1OFH4dB1yNry67zmoAhQox6.5QnXK9Ph2', '2021-05-10 13:55:16', '1988-01-29', 0, '', '0000-00-00 00:00:00', 0, '', '0.000000', 0, 0, '08e8e697a6b9123e609d9929653d431e', '', 1, 0, 0, '2021-05-10 16:55:16', '2021-05-10 16:55:16', '', '0000-00-00 00:00:00'),
(104, 1, 1, 1, 2, 1, 0, '', '', '', 'Fernando', 'Guari', 'fguari8@gmail.com', '$2y$10$aJkjPm5hBNnQznKb9lHe7./c9tIaZR2Ynaso8sF3vCpy1PRSawLZ.', '2021-05-12 19:31:29', '0000-00-00', 0, '', '0000-00-00 00:00:00', 0, '', '0.000000', 0, 0, '573e4339fba8ae5eda3ee6fa1b4f02c5', '', 1, 1, 0, '2021-05-12 22:31:29', '2021-05-12 22:31:29', '', '0000-00-00 00:00:00'),
(105, 1, 1, 0, 3, 1, 0, '', '', '', 'Lokmailnew', 'LokmailnewGR', 'test2021@xn----8sbecghagrco7bhlcq1au.top', '$2y$10$cN4JDMtEHQrN.dnLWpITaeQhB49590JM08W/7093xe1HUMxeKeaMG', '2021-05-17 23:15:58', '0000-00-00', 0, '', '0000-00-00 00:00:00', 0, '', '0.000000', 0, 0, '52b252e7a6fce9cf252be035ab418453', '', 1, 0, 0, '2021-05-18 02:15:58', '2021-05-18 02:15:58', '', '0000-00-00 00:00:00'),
(106, 1, 1, 0, 3, 1, 0, '', '', '', 'Oscartef', 'OscartefJW', 'jacquesrodgers@writeme.com', '$2y$10$PEk5B4omRYBA/uNoAXiRnOBIKAWsnh2qEM0P.wM2QX5k0rp5SAA6O', '2021-05-20 20:57:50', '0000-00-00', 0, '', '0000-00-00 00:00:00', 0, '', '0.000000', 0, 0, '0f985855b6d844c0fa996018f92eade7', '', 1, 0, 0, '2021-05-20 23:57:50', '2021-05-20 23:57:50', '', '0000-00-00 00:00:00'),
(107, 1, 1, 0, 3, 1, 0, '', '', '', 'Johnielex', 'JohnielexJO', 'aurelianoangelini@europe.com', '$2y$10$RqoseLD9zoWgHpYkOtImPu6RLfy/plV4cx4yJ/0JX0EYoZOpOdpju', '2021-05-21 17:05:51', '0000-00-00', 0, '', '0000-00-00 00:00:00', 0, '', '0.000000', 0, 0, '07806f87d9e99e32ee78dc072b2721f0', '', 1, 0, 0, '2021-05-21 20:05:51', '2021-05-21 20:05:51', '', '0000-00-00 00:00:00'),
(108, 1, 1, 0, 3, 1, 0, '', '', '', 'Peterparly', 'PeterparlyBV', 'baldotruchon@iname.com', '$2y$10$iObaVpexqObH0T.bsV4xouqL87knz5uy3sjVKSoXTsINtw/SR0ETi', '2021-05-22 23:09:47', '0000-00-00', 0, '', '0000-00-00 00:00:00', 0, '', '0.000000', 0, 0, 'abfd05ee57f0bf913aaa1e2995068f0f', '', 1, 0, 0, '2021-05-23 02:09:47', '2021-05-23 02:09:47', '', '0000-00-00 00:00:00'),
(109, 1, 1, 2, 3, 1, 0, '', '', '', 'Ale', 'Ro', 'brbassa.17@gmail.com', '$2y$10$ga81CZXTxycFePFOmGS27u7mnKG/xUhWC97PLVA7z92hLL5tFfOQS', '2021-05-29 20:06:43', '0000-00-00', 0, '', '0000-00-00 00:00:00', 0, '', '0.000000', 0, 0, '931b74139a4169d4ed802edbbe85a99c', '', 1, 0, 0, '2021-05-29 23:06:43', '2021-05-29 23:06:43', '', '0000-00-00 00:00:00'),
(110, 1, 1, 0, 3, 1, 0, '', '', '', 'WilliamEQUIP', 'WilliamEQUIPRG', 'ginkpawinkira@mail.com', '$2y$10$z.IbTEO1NDy5krSuzUvlRe.wb8Oz2xTaPUEHjLEBzRlTPMhfwcGJG', '2021-06-02 10:30:32', '0000-00-00', 0, '', '0000-00-00 00:00:00', 0, '', '0.000000', 0, 0, '26588e540b95bd0d89ae744afd9bba04', '', 1, 0, 0, '2021-06-02 13:30:32', '2021-06-02 13:30:32', '', '0000-00-00 00:00:00'),
(111, 1, 1, 3, 3, 1, 0, '', '', '', 'Alicia marcela ', 'casas', 'marcela349@hotmail.com', '$2y$10$Xb29p7EoXXRq40eFFa5tZ.Y291rt.vntZhn145acWjSzLHHUaJgme', '2021-06-11 19:43:59', '1966-02-16', 0, '', '0000-00-00 00:00:00', 0, '', '0.000000', 0, 0, '65cb6bddb512d045020016a31cf3d297', '', 1, 0, 0, '2021-06-11 22:43:59', '2021-06-11 22:43:59', '', '0000-00-00 00:00:00'),
(112, 1, 1, 3, 2, 1, 0, '', '', '', 'Florencia ', 'Gabinetti', 'flopi_190@hotmail.com', '$2y$10$as1/vFx9R5R29MTHFVUSxejS5RNrrbcsQSPyf/zXkspDBaktCrwy.', '2021-06-18 17:53:31', '1999-01-24', 0, '', '0000-00-00 00:00:00', 0, '', '0.000000', 0, 0, 'ef830c6564ada94b7dea2d64b64423b1', '', 1, 1, 0, '2021-06-18 20:53:31', '2021-06-18 20:53:31', '', '0000-00-00 00:00:00'),
(113, 1, 1, 0, 3, 1, 0, '', '', '', 'WilliamPot', 'WilliamPotAB', 'ofconfootiti@mail.com', '$2y$10$HJ6ZRecjRvHRpPFSels9JumNGMvcAmv9DulR.LLjQILesxr/yxqYi', '2021-06-21 23:44:53', '0000-00-00', 0, '', '0000-00-00 00:00:00', 0, '', '0.000000', 0, 0, '5a906ef6cc11c66de4aa71f0dc5ef74f', '', 1, 0, 0, '2021-06-22 02:44:53', '2021-06-22 02:44:53', '', '0000-00-00 00:00:00'),
(114, 1, 1, 0, 3, 1, 0, '', '', '', 'DoyleJeW', 'DoyleJeWBQ', 'dosphighssiscentma@mail.com', '$2y$10$/z6UOA7oQPCvEGLhpVfCBOueyI.UBg2UaKs.nIhAGWJIE3KB1MGJa', '2021-06-23 11:16:41', '0000-00-00', 0, '', '0000-00-00 00:00:00', 0, '', '0.000000', 0, 0, '3b31952dc308cee39c6169e0ce29cc93', '', 1, 0, 0, '2021-06-23 14:16:41', '2021-06-23 14:16:41', '', '0000-00-00 00:00:00'),
(115, 1, 1, 0, 3, 1, 0, '', '', '', 'DonaldReeno', 'DonaldReenoSA', 'apchromdistobi@mail.com', '$2y$10$UG1HyCuZ2UcCdMowZRqiMuwZYYszndg8kwCQrPLRm/Dl6a9Y0qzgC', '2021-06-23 20:46:27', '0000-00-00', 0, '', '0000-00-00 00:00:00', 0, '', '0.000000', 0, 0, 'c1d536e041eb69a6f42a5fbfbfa3aec8', '', 1, 0, 0, '2021-06-23 23:46:27', '2021-06-23 23:46:27', '', '0000-00-00 00:00:00'),
(116, 1, 1, 3, 3, 1, 0, '', '', '', 'Tania', 'Flores', 'tflores551@gmail.com', '$2y$10$iYo9E1HHVmXUgSiUO935PuPwRRBxoQ8tXcasaILAI/4ELNrfJFHnC', '2021-07-09 17:41:41', '1990-05-24', 0, '', '0000-00-00 00:00:00', 0, '', '0.000000', 0, 0, '59c1074aa4a1ff80b6b9129deededc13', '', 1, 0, 0, '2021-07-09 20:41:41', '2021-07-09 20:41:41', '', '0000-00-00 00:00:00'),
(117, 1, 1, 3, 3, 1, 0, '', '', '', 'Karem ', 'Velez Roquier', 'Karemvelez@gmail.com', '$2y$10$.1L7HEnd.EWE/GXk/OZJMOP7j31AkKR/NVNGojdQ/5F1InW2PcgzS', '2021-07-16 13:39:18', '1996-03-21', 0, '', '0000-00-00 00:00:00', 0, '', '0.000000', 0, 0, '7676edf849591152be7fdf46b190d444', '', 1, 0, 0, '2021-07-16 16:39:18', '2021-07-16 16:39:18', '', '0000-00-00 00:00:00'),
(118, 1, 1, 3, 3, 1, 0, '', '', '', 'Ana Karen', 'Paco Apaza', 'anakarenpaco@gmail.com', '$2y$10$EVQoCaG1czIb5AW40QaPg.s3gy1uuDvXHXUZR2YpPA/x1fvwcXNVi', '2021-07-28 10:09:36', '0000-00-00', 0, '', '0000-00-00 00:00:00', 0, '', '0.000000', 0, 0, '44d437f69dceb3258b921267cb306117', '', 1, 0, 0, '2021-07-28 13:09:36', '2021-07-28 13:09:36', '', '0000-00-00 00:00:00'),
(119, 1, 1, 3, 3, 1, 0, '', '', '', 'Sofia', 'Plazas', 'sofiaplazas040@gmail.com', '$2y$10$DGdDOTP7ewxScXCevYDCZe9ibAwh5tThx.DltwhHCLBHPgi.5JYXW', '2021-07-28 10:14:23', '1996-04-05', 0, '', '0000-00-00 00:00:00', 1, '', '0.000000', 0, 0, '8a9a5c7ad2065367d45261f37f7b49ba', '', 1, 0, 0, '2021-07-28 13:14:23', '2021-07-28 13:14:23', '', '0000-00-00 00:00:00'),
(120, 1, 1, 3, 3, 1, 0, NULL, NULL, NULL, 'Andrea', 'Pared', 'andrea.carolina.p86@gmail.com', '$2y$10$Tm/c9NRuxm2VNKE4WMz89uvT7s4OCanKuqf1Ra98VyNLEWAihBUn.', '2022-06-10 00:17:47', '0000-00-00', 0, NULL, '0000-00-00 00:00:00', 0, NULL, '0.000000', 0, 0, 'e3777d92365b3d04c02317883091b245', NULL, 1, 0, 0, '2021-07-28 20:48:37', '2022-06-09 21:17:47', NULL, '0000-00-00 00:00:00'),
(121, 1, 1, 3, 3, 1, 0, '', '', '', 'Fabiana', 'Acosta', 'fabianalorenaacosta@gmail.com', '$2y$10$ZhDvJi7kOdegf5.8SMi3aeJ16psjerPSMbXqw1.Hp3yKAmpxQLTqS', '2021-08-07 14:17:17', '1990-12-26', 0, '', '0000-00-00 00:00:00', 0, '', '0.000000', 0, 0, 'ac6f5ad22450fab36c3a02ee89b0a217', '', 1, 0, 0, '2021-08-07 17:17:17', '2021-08-07 17:17:17', '', '0000-00-00 00:00:00'),
(122, 1, 1, 0, 3, 1, 0, '', '', '', 'JulieLycle', 'JulieLycleZR', 'm.mark.izde.s.a.nd.@gmail.com', '$2y$10$FEhY1Asj.6XOiwS082DxC.3.fgPglPyWw1tJUFYxWUM5Vl13s9GM6', '2021-08-19 23:47:07', '0000-00-00', 0, '', '0000-00-00 00:00:00', 0, '', '0.000000', 0, 0, 'ed910d3d783eebf0b4224e00193795da', '', 1, 0, 0, '2021-08-20 02:47:07', '2021-08-20 02:47:07', '', '0000-00-00 00:00:00'),
(123, 1, 1, 0, 3, 1, 0, '', '', '', 'EvgenClielise', 'EvgenClieliseXT', 'evgenyfedorov777@gmail.com', '$2y$10$tjdhz0lNEdz3lvcQDcvxVewlthCIWFgu0Q8ooAgfqNBVl7bby67mu', '2021-08-22 00:17:17', '0000-00-00', 0, '', '0000-00-00 00:00:00', 0, '', '0.000000', 0, 0, 'dfd154f1aa31f4e87eb923067640808b', '', 1, 0, 0, '2021-08-22 03:17:17', '2021-08-22 03:17:17', '', '0000-00-00 00:00:00'),
(124, 1, 1, 3, 3, 1, 0, '', '', '', 'Manuela', 'Tosello', 'tosellomanuela@gmail.com', '$2y$10$cFhwfh5oJxxeAonvurENxuoSGbT60jyel6CGkF32GJEgVbJ.PjKLW', '2021-08-28 11:30:39', '1989-02-16', 0, '', '0000-00-00 00:00:00', 0, '', '0.000000', 0, 0, '504f38ba391055ead4acd3c411a96d09', '', 1, 0, 0, '2021-08-28 14:30:39', '2021-08-28 14:30:39', '', '0000-00-00 00:00:00'),
(125, 1, 1, 1, 3, 1, 0, '', '', '', 'Daniel', 'Robledo', 'daniel@novatek-chem.com', '$2y$10$zmTu5PkOQJk0j6cdspwRMu.j7ZujBaNpImewwGd.zEU7wvoBiVWtG', '2021-09-04 11:54:51', '1960-09-21', 0, '', '0000-00-00 00:00:00', 1, '', '0.000000', 0, 0, '0eb7b8471f330a1918bb5b8e23b58599', '', 1, 0, 0, '2021-09-04 14:54:51', '2021-09-04 14:54:51', '', '0000-00-00 00:00:00'),
(126, 1, 1, 1, 2, 1, 0, '', '', '', 'Nicolas ', 'Guzman', 'nicoguzman@hotmail.com', '$2y$10$xDZza/CRmvMFDyuWRj4A4.VKOuGDzgCd7ik5fWKEbGtLmP8ago2hi', '2021-09-06 14:34:46', '1993-08-17', 0, '', '0000-00-00 00:00:00', 0, '', '0.000000', 0, 0, '8f98a944e5f13c776f5e3bd350e8a267', '', 1, 1, 0, '2021-09-06 17:34:46', '2021-09-06 17:34:46', '', '0000-00-00 00:00:00'),
(127, 1, 1, 3, 2, 1, 0, '', '', '', 'Camila', 'Jaramillo', 'camilacarinajaramillo@gmail.com', '$2y$10$JkhaRN/UU9k22E4apsbN/e8i6FhOtgWi/EEAc.wzSZiWcYmSh1C6G', '2021-09-07 16:42:57', '1999-08-10', 0, '', '0000-00-00 00:00:00', 0, '', '0.000000', 0, 0, '63eb61c94fd4daaf314660a631a1dcf1', '', 1, 1, 0, '2021-09-07 19:42:57', '2021-09-07 19:42:57', '', '0000-00-00 00:00:00'),
(128, 1, 1, 0, 3, 1, 0, '', '', '', 'JamesTap', 'JamesTapSF', 'blusafmencoofk@mail.com', '$2y$10$.B3em9DEvoUbeOYjRd2Ccusq6guehEwEPDOxM25X9Fgdjjjit2rYK', '2021-09-13 16:26:19', '0000-00-00', 0, '', '0000-00-00 00:00:00', 0, '', '0.000000', 0, 0, '3e2b2e53c109ef60b7b31445890d487d', '', 1, 0, 0, '2021-09-13 19:26:19', '2021-09-13 19:26:19', '', '0000-00-00 00:00:00'),
(129, 1, 1, 3, 2, 1, 0, '', '', '', 'Sabrina', 'Gimenez', 'sabri.gmnz@gmail.com', '$2y$10$WuX3AF7nrZa.ql9ZawtMFeWKi28vVN3DTKKzIgYtj0zF5DggdkXIG', '2021-09-16 11:19:29', '0092-06-01', 0, '', '0000-00-00 00:00:00', 0, '', '0.000000', 0, 0, '2e78e1fb17398f74ef9bc2c9d087c358', '', 1, 1, 0, '2021-09-16 14:19:29', '2021-09-16 14:19:29', '', '0000-00-00 00:00:00'),
(130, 1, 1, 1, 2, 1, 0, '', '', '', 'Ezequiel', 'Soria', 'soriaezequiel123@gmail.com', '$2y$10$Xh/v3Vo0nfeTITms/nM2.eM90jrdDRYSfz0Kwvn9hpxDy3yyH8q8.', '2021-09-27 17:18:32', '1996-10-01', 0, '', '0000-00-00 00:00:00', 0, '', '0.000000', 0, 0, 'f18dd9bf6ad7126e54c0b0d6791f2f5f', '', 1, 1, 0, '2021-09-27 20:18:32', '2021-09-27 20:18:32', '', '0000-00-00 00:00:00'),
(131, 1, 1, 0, 2, 1, 0, '', '', '', 'lll', 'lll', 'l@gmail.com', '$2y$10$/nQmNP8S7gZ87Sc6cT2I9eZo9B639JDcINY3DWXgjAqgp6mTZm7vO', '2021-09-28 08:24:00', '0000-00-00', 0, '', '0000-00-00 00:00:00', 0, '', '0.000000', 0, 0, '78a4bf3b5bf5893fb24030f1083f8166', '', 1, 1, 0, '2021-09-28 11:24:00', '2021-09-28 11:24:00', '', '0000-00-00 00:00:00'),
(132, 1, 1, 2, 3, 1, 0, '', '', '', 'Fabiola', 'Herrera', 'fabiolacilich15@gmail.com', '$2y$10$sj4uY3tUZGuWOuYf3ElYxeI7RtClPb1DqHAsdZFN.KvBUSsSnuPtq', '2021-09-28 17:33:53', '0001-06-14', 0, '', '0000-00-00 00:00:00', 0, '', '0.000000', 0, 0, '61ce060ebcd3823a5f4a7df18abb9ce2', '', 1, 0, 0, '2021-09-28 20:33:53', '2021-09-28 20:33:53', '', '0000-00-00 00:00:00'),
(133, 1, 1, 1, 3, 1, 0, '', '', '', 'Nahuel Sebastián', 'Mayor', 'nahuelmayor@gmail.com', '$2y$10$A8999O3SeIls83RpeU8VYuqIKQPI9fn1fCj0cI01OSP2Jzn96emdy', '2021-10-01 15:05:39', '1994-03-31', 0, '', '0000-00-00 00:00:00', 0, '', '0.000000', 0, 0, '7e3ce9445996fb99e482e37f51d08103', '', 1, 0, 0, '2021-10-01 18:05:39', '2021-10-01 18:05:39', '', '0000-00-00 00:00:00'),
(134, 1, 1, 3, 3, 1, 0, '', '', '', 'Victoria', 'Sheridan', 'victoriasheridan@hotmail.com', '$2y$10$aFEcZQ61NbsPyKj9/eA9wOvVf8U3ykBvGKnGTPgcj5/nFpbc4Pnpu', '2021-10-03 22:51:00', '1990-01-09', 0, '', '0000-00-00 00:00:00', 0, '', '0.000000', 0, 0, '9bfbb54779b18fb06b802c3a0be27dc9', '', 1, 0, 0, '2021-10-04 01:51:00', '2021-10-04 01:51:00', '', '0000-00-00 00:00:00'),
(135, 1, 1, 3, 3, 1, 0, '', '', '', 'Oriana', 'Barboza ', 'nicoleoriana1996@gmail.com', '$2y$10$RhaOWS59VfnpUT6nkQK1JumNlIerDnCGrbx2Az0CjN9NZ2kr7nGv.', '2021-10-06 12:08:01', '2001-02-24', 0, '', '0000-00-00 00:00:00', 0, '', '0.000000', 0, 0, 'e7bd38f9b536b76ed488e849292394da', '', 1, 0, 0, '2021-10-06 15:08:01', '2021-10-06 15:08:01', '', '0000-00-00 00:00:00'),
(136, 1, 1, 2, 3, 1, 0, '', '', '', 'Analia', 'Fernández', 'analiafernandez75@yahoo.com', '$2y$10$9Jty/m4LztNimiJj6JydK.uQmDMf0DZlfrmeRq3islS1jnj1gi5Pu', '2021-10-07 06:15:05', '1975-02-21', 0, '', '0000-00-00 00:00:00', 1, '', '0.000000', 0, 0, '6b6f975aa54577db4e3cd62f2cce4b91', '', 1, 0, 0, '2021-10-07 09:15:05', '2021-10-07 09:15:05', '', '0000-00-00 00:00:00'),
(137, 1, 1, 1, 3, 1, 0, '', '', '', 'ALEJANDRO', 'BERTORELLO', 'adbertorello@gmail.com', '$2y$10$pnJiDcZVegphTWOUaDz4L.C.kNIX3gVVLYIJwLbv4M3emaFR6yrzK', '2021-10-12 09:11:20', '0000-00-00', 0, '', '0000-00-00 00:00:00', 1, '', '0.000000', 0, 0, '9e7886e6b57d50e9148b1e168415fc1c', '', 1, 0, 0, '2021-10-12 12:11:20', '2021-10-12 12:11:20', '', '0000-00-00 00:00:00');
INSERT INTO `ps_customer` (`id_customer`, `id_shop_group`, `id_shop`, `id_gender`, `id_default_group`, `id_lang`, `id_risk`, `company`, `siret`, `ape`, `firstname`, `lastname`, `email`, `passwd`, `last_passwd_gen`, `birthday`, `newsletter`, `ip_registration_newsletter`, `newsletter_date_add`, `optin`, `website`, `outstanding_allow_amount`, `show_public_prices`, `max_payment_days`, `secure_key`, `note`, `active`, `is_guest`, `deleted`, `date_add`, `date_upd`, `reset_password_token`, `reset_password_validity`) VALUES
(138, 1, 1, 0, 3, 1, 0, NULL, NULL, NULL, 'development', 'apellido', 'nicopautasso95@gmail.com', '$2y$10$r.LEr52mp8661DD0qPuoeuqu5viodKvW.SExUTFS2O54EolOxF/UK', '2021-10-13 08:41:12', '1970-05-31', 0, NULL, '0000-00-00 00:00:00', 0, NULL, '0.000000', 0, 0, '494e5085485b290f01a5867548e3dc61', NULL, 1, 0, 0, '2021-10-13 11:41:12', '2021-11-15 08:27:37', NULL, '0000-00-00 00:00:00'),
(139, 1, 1, 1, 3, 1, 0, '', '', '', 'Pablo Gabriel', 'Olivera', 'pgolivera1977@gmail.com', '$2y$10$TtjX.TeNPZHVqJPtzxPauOqsfOqEmcRrJkSkTkP3jtvVFtsdR/PJq', '2021-10-22 11:51:40', '1977-08-04', 0, '', '0000-00-00 00:00:00', 0, '', '0.000000', 0, 0, '02ac8f736d8c95bc45f163a877a62468', '', 1, 0, 0, '2021-10-22 14:51:40', '2021-10-22 14:51:40', '', '0000-00-00 00:00:00'),
(140, 1, 1, 3, 2, 1, 0, '', '', '', 'MARÍA CECILIA', 'PONCE', 'mariaceciliapon@gmail.com', '$2y$10$Mr5MnD/BAUZlDqKZUx2U7uM7pKiMqRoywqbZlAqpCTyNCwMWsh61S', '2021-10-24 05:51:52', '1988-02-13', 0, '', '0000-00-00 00:00:00', 0, '', '0.000000', 0, 0, '1985676c7a1c9034561e67b27d6c60d2', '', 1, 1, 0, '2021-10-24 08:51:52', '2021-10-24 08:51:52', '', '0000-00-00 00:00:00'),
(141, 1, 1, 3, 3, 1, 0, '', '', '', 'sofi', 'prueba', 'sfullbrandt@hotmail.com', '$2y$10$dkOqpMSZQzjm6OzsYpPvXuSZiLgAIe.MQUSs3/U/Eq4j3AaaZNTza', '2021-10-25 08:12:55', '0000-00-00', 0, '', '0000-00-00 00:00:00', 0, '', '0.000000', 0, 0, 'e6ab68f8d35d72ee7cb1026b5b33fb6d', '', 1, 0, 0, '2021-10-25 11:12:55', '2021-10-25 11:12:55', '', '0000-00-00 00:00:00'),
(142, 1, 1, 1, 3, 1, 0, '', '', '', 'aaaaaaaaq-adsfkadslfadsfasdfadsf', 'dsfasdfadsf', 'pablolopez31@hottmail.com', '$2y$10$YNDcZg94t4FdvzuCr2XUtefKhe8LbwXyYNGHp.EkkpM8XWfIvMNW2', '2021-10-26 10:21:17', '2021-01-12', 0, '', '0000-00-00 00:00:00', 0, '', '0.000000', 0, 0, '0ca45e04235abb41741bc47a47f6dea9', '', 1, 0, 0, '2021-10-26 13:21:17', '2021-10-26 13:21:17', '', '0000-00-00 00:00:00'),
(143, 1, 1, 3, 2, 1, 0, '', '', '', 'Maria ', 'Peris', 'milagrosperis@live.com', '$2y$10$J/pAEzKpaR3aWu4qgZhOb.ZZmuutHZZBEcCI7W7nmOl3ZgQUkz526', '2021-11-02 14:20:13', '1996-03-15', 0, '', '0000-00-00 00:00:00', 0, '', '0.000000', 0, 0, '35c6f38bc94302583d3798348ce88715', '', 1, 1, 0, '2021-11-02 17:20:13', '2021-11-02 17:20:13', '', '0000-00-00 00:00:00'),
(144, 1, 1, 0, 2, 1, 0, '', '', '', 'Mariana', 'Garcia', 'mgarcia_@gmail.com', '$2y$10$XiD2OHfsbPCQ1Yf1grMl.OkCQTr9T38p5xb.zXd5bfO1Ap1zLDBqq', '2021-11-03 21:14:10', '0000-00-00', 0, '', '0000-00-00 00:00:00', 0, '', '0.000000', 0, 0, 'b72bdcbaec3462dc2bc5041313d1d28b', '', 1, 1, 0, '2021-11-04 00:14:10', '2021-11-04 00:14:10', '', '0000-00-00 00:00:00'),
(145, 1, 1, 2, 2, 1, 0, '', '', '', 'Carla ', 'Corzo', 'carlacorzo@live.com', '$2y$10$.Bh8jSnKqiUTG9o2d4qqVepbX8UqYVw4d6L6E7CS4dUN5.W7HhW9W', '2021-11-06 14:26:57', '1988-01-31', 0, '', '0000-00-00 00:00:00', 0, '', '0.000000', 0, 0, '96fba89176497e7e25108bb3d5c6451c', '', 1, 1, 0, '2021-11-06 17:26:57', '2021-11-06 17:26:57', '', '0000-00-00 00:00:00'),
(146, 1, 1, 3, 3, 1, 0, NULL, NULL, NULL, 'Aldana Lourdes', 'Perez', 'aldana98perez@gmail.com', '$2y$10$Ouu3Sy1YbaIQ.cNa8kSD4ub6dGElmjRWGO16OTjfbhISVGQjW6V66', '2021-11-09 14:49:29', '1998-02-11', 0, NULL, '0000-00-00 00:00:00', 0, NULL, '0.000000', 0, 0, '51436e3075322e6c79b35cfac00234af', NULL, 1, 0, 0, '2021-11-08 19:58:15', '2021-11-09 11:49:29', NULL, '0000-00-00 00:00:00'),
(147, 1, 1, 1, 2, 1, 0, '', '', '', 'fernando', 'flores', 'sean_libres@hotmail.com', '$2y$10$Jx3APjYFmF659KBhie2v2uIBnVRMj5.KaWJUt2zlxYRwZ./USbML2', '2021-11-09 09:56:16', '2021-06-01', 0, '', '0000-00-00 00:00:00', 0, '', '0.000000', 0, 0, '83115b7060ae7649c772583c10315c7d', '', 1, 1, 0, '2021-11-09 12:56:16', '2021-11-09 12:56:16', '', '0000-00-00 00:00:00'),
(148, 1, 1, 3, 2, 1, 0, '', '', '', 'lucia', 'zbrun', 'luci_zbrun@hotmail.com', '$2y$10$1eFaA8WJnuMzMMphpQ/bk.NPnbHRq8UCI937.IVxixx1f8ja7t0fS', '2021-11-09 10:15:58', '0000-00-00', 0, '', '0000-00-00 00:00:00', 0, '', '0.000000', 0, 0, '1025de82263829a5ee0110e9b121f0c0', '', 1, 1, 0, '2021-11-09 13:15:58', '2021-11-09 13:15:58', '', '0000-00-00 00:00:00'),
(149, 1, 1, 1, 3, 1, 0, '', '', '', 'ADRIAN', 'GUIGUE', 'amguigue@gmail.com', '$2y$10$KsL.8DEN4NM8hytYrdmlJOSDomO1oGcd1ggBNQ5zASbQVLabwXy8C', '2021-11-19 08:44:10', '1976-04-28', 0, '', '0000-00-00 00:00:00', 0, '', '0.000000', 0, 0, 'fb438d05a8bf7d62412f6e7855a30dff', '', 1, 0, 0, '2021-11-19 11:44:10', '2021-11-19 11:44:10', '', '0000-00-00 00:00:00'),
(150, 1, 1, 2, 2, 1, 0, '', '', '', 'SABINA', 'Taborda', 'sabyna87@hotmail.com', '$2y$10$xoQQiNC.oEWPlXff3DJpXexMQOT3tDqY8iLSEIBiOYlnMfwW1Vxpe', '2021-11-24 09:28:43', '0000-00-00', 0, '', '0000-00-00 00:00:00', 0, '', '0.000000', 0, 0, 'c8035b0426dcbda23729d70f1d8cf802', '', 1, 1, 0, '2021-11-24 12:28:43', '2021-11-24 12:28:43', '', '0000-00-00 00:00:00'),
(151, 1, 1, 3, 3, 1, 0, NULL, NULL, NULL, 'Paula', 'Villegas', 'paulav777@hotmail.com', '$2y$10$TtWIZGtCKxLrh9NKqHWyReC/Red7ZZzd1JvQfEEv8iJ2qnu/Ea2oW', '2021-11-26 19:31:00', '1966-04-23', 0, NULL, '0000-00-00 00:00:00', 0, NULL, '0.000000', 0, 0, '341967568fde2167601bf6c6b7b47def', NULL, 1, 0, 0, '2021-11-26 22:31:00', '2021-11-27 12:16:53', NULL, '0000-00-00 00:00:00'),
(152, 1, 1, 3, 2, 1, 0, '', '', '', 'Barbara', 'Lenna', 'barbara.lenna@gmail.com', '$2y$10$BRxNKT2888nAdmdX4GMj6.K8aQvBg6M4Wvl4FRgvgYsT4dMjMkagu', '2021-11-28 16:29:18', '1995-07-11', 0, '', '0000-00-00 00:00:00', 0, '', '0.000000', 0, 0, '382db1df6b0402b871f35f0b43e92699', '', 1, 1, 0, '2021-11-28 19:29:18', '2021-11-28 19:29:18', '', '0000-00-00 00:00:00'),
(153, 1, 1, 3, 2, 1, 0, '', '', '', 'Barbara', 'Lenna', 'barbara.lenna@gmail.com', '$2y$10$u7IpGtKUoGKrshAOf5GkL.eYZtUDwrfnwaqWEzFh7mCnx5nCQQH/6', '2021-11-28 19:11:27', '0000-00-00', 0, '', '0000-00-00 00:00:00', 0, '', '0.000000', 0, 0, 'ca1e51d56391907759f9b6daf21fc67f', '', 1, 1, 0, '2021-11-28 22:11:27', '2021-11-28 22:11:27', '', '0000-00-00 00:00:00'),
(154, 1, 1, 1, 3, 1, 0, '', '', '', 'Fernando', 'Postigo', 'feposti1985@gmail.com', '$2y$10$eHnCpVjckEY7VId9SYds8uC7JTB0VFj2jlDYYTcKSNCmVBPuRk6i6', '2021-11-30 04:39:53', '1985-08-23', 0, '', '0000-00-00 00:00:00', 0, '', '0.000000', 0, 0, '1f2efe1a3bfdb60c598a24dba4b24660', '', 1, 0, 0, '2021-11-30 07:39:53', '2021-11-30 07:39:53', '', '0000-00-00 00:00:00'),
(155, 1, 1, 3, 3, 1, 0, '', '', '', 'AMANCAY', 'DIEGUEZ', 'amancay.dieguez@hotmail.com', '$2y$10$QdQ.YhMrHvQpe3v7F8BHpeu2xHzTLvnX5WvtwnYvJgAqlJVlwlMEC', '2021-12-06 08:57:28', '1994-03-23', 0, '', '0000-00-00 00:00:00', 0, '', '0.000000', 0, 0, '73c10b2a4c8ec1d09ec9f5e6f9dc678e', '', 1, 0, 0, '2021-12-06 11:57:28', '2021-12-06 11:57:28', '', '0000-00-00 00:00:00'),
(156, 1, 1, 1, 3, 1, 0, '', '', '', 'Cristian', 'Pesalaccia', 'capesalaccia85@gmail.com', '$2y$10$AN0vTzmgtIiQjAvb/o8gSe3SyPTEmp69kkgsFBcn1y2srWnKITw26', '2021-12-13 14:37:07', '1985-03-11', 0, '', '0000-00-00 00:00:00', 0, '', '0.000000', 0, 0, '316eff4bb11e72ef4004fb0cae0d9b96', '', 1, 0, 0, '2021-12-13 17:37:07', '2021-12-13 17:37:07', '', '0000-00-00 00:00:00'),
(157, 1, 1, 3, 3, 1, 0, '', '', '', 'Brenda Nicole', 'D\'anna', 'Brendidanma@gmail.com', '$2y$10$EOJt4BZtW5cqeM5NQa.zFuhcORHDDgYM/hPAjbGwfvp.fnlGniDxi', '2021-12-14 08:54:11', '1998-08-30', 0, '', '0000-00-00 00:00:00', 0, '', '0.000000', 0, 0, '42b121fad7f19b849e17e4475c360db7', '', 1, 0, 0, '2021-12-14 11:54:11', '2021-12-14 11:54:11', '', '0000-00-00 00:00:00'),
(158, 1, 1, 1, 2, 1, 0, '', '', '', 'MAURICIO', 'SALUSSO', 'MAURISALUSSO@HOTMAIL.COM', '$2y$10$YwQ1sJn26kfbK9Ww65EZp.Q14zNAUt6lgCmgCS0YwyGaEx4PFhipi', '2021-12-14 13:52:31', '1991-09-07', 0, '', '0000-00-00 00:00:00', 0, '', '0.000000', 0, 0, '491153a415d76d6425f23b778744b009', '', 1, 1, 0, '2021-12-14 16:52:31', '2021-12-14 16:52:31', '', '0000-00-00 00:00:00'),
(159, 1, 1, 0, 3, 1, 0, '', '', '', 'lorena noemi', 'bazan', 'lb896756@gmail.com', '$2y$10$Es3etULhS6zCz4oEjKMEz.dgQitYoTbAf4aBcgu7VcFucTHuZZMnO', '2021-12-20 11:47:27', '1991-10-22', 0, '', '0000-00-00 00:00:00', 0, '', '0.000000', 0, 0, '39c62981633be28c09025846f3acfc81', '', 1, 0, 0, '2021-12-20 14:47:27', '2021-12-20 14:47:27', '', '0000-00-00 00:00:00'),
(160, 1, 1, 2, 3, 1, 0, NULL, NULL, NULL, 'Paula', 'Lombardo', 'paulalombardo1982@gmail.com', '$2y$10$byxvglVXYrH9ryDzfK3gTO.hsSiotoOKbk6Y2dUyHDj5lCGiWCnV6', '2021-12-27 18:59:11', '1982-06-17', 0, NULL, '0000-00-00 00:00:00', 0, NULL, '0.000000', 0, 0, '13229d669f2a82d5043aa454400f57d9', NULL, 1, 0, 0, '2021-12-21 00:47:20', '2021-12-27 15:59:11', NULL, '0000-00-00 00:00:00'),
(161, 1, 1, 2, 2, 1, 0, '', '', '', 'Adriana', 'Romero', 'teresaarrieta26@gmail.com', '$2y$10$cumEpvbE1Uesz5Mm.k3FceopUvxvdEn6DneXVSq9tQHDmNKfsW4/.', '2021-12-24 06:05:04', '1970-05-31', 0, '', '0000-00-00 00:00:00', 0, '', '0.000000', 0, 0, '4c34f3a7489c871d26a4bb4cddeefb8d', '', 1, 1, 0, '2021-12-24 09:05:04', '2021-12-24 09:05:04', '', '0000-00-00 00:00:00'),
(162, 1, 1, 3, 3, 1, 0, '', '', '', 'Maria Celeste ', 'Ramirez ', 'celesteramirez2020@gmail.com', '$2y$10$EMfRI2atmTC137bhtGfft.WKiKWrCiofU3zd4aJDqYCLXJSXucs6m', '2021-12-29 19:52:23', '1995-05-16', 0, '', '0000-00-00 00:00:00', 1, '', '0.000000', 0, 0, 'bed6c0c8a2ce21b1fdaa25ce8ac275c7', '', 1, 0, 0, '2021-12-29 22:52:23', '2021-12-29 22:52:23', '', '0000-00-00 00:00:00'),
(163, 1, 1, 1, 3, 1, 0, '', '', '', 'Diego', 'Casanova', 'diego.casanova.994@gmail.com', '$2y$10$.xpjMYWK0th2rYJ0If079OElTtsGrRlga/7FjMO64OOAf91HHYJ4K', '2021-12-31 07:46:23', '1994-03-03', 0, '', '0000-00-00 00:00:00', 0, '', '0.000000', 0, 0, 'ba5672e922d545591ebb26d782703fd8', '', 1, 0, 0, '2021-12-31 10:46:23', '2021-12-31 10:46:23', '', '0000-00-00 00:00:00'),
(164, 1, 1, 1, 3, 1, 0, '', '', '', 'mario', 'Montaño', 'maritofigo@hotmail.com', '$2y$10$pWTcJ1QzAEDsJRA.2XCiFuQ2JX1RlzEWka2iWE2DTPzNUOxOF2tF.', '2022-01-03 06:18:31', '1989-09-02', 0, '', '0000-00-00 00:00:00', 0, '', '0.000000', 0, 0, '1e184d380410e6766224485f8452cd29', '', 1, 0, 0, '2022-01-03 09:18:31', '2022-01-03 09:18:31', '', '0000-00-00 00:00:00'),
(165, 1, 1, 2, 2, 1, 0, NULL, NULL, NULL, 'Patricia Verónica', 'Chedda', 'patovchedda@gmail.com', '$2y$10$o0sjJrI4drgdHQFLmlFOe.z1TpmchXGKtX4LwBTyKiHJBonMFDmse', '2022-01-03 09:53:26', '1980-08-12', 0, NULL, '0000-00-00 00:00:00', 1, NULL, '0.000000', 0, 0, '2bcb6c238787f02ee1f0ba97472583da', NULL, 1, 0, 0, '2022-01-03 12:53:26', '2022-01-03 13:24:19', NULL, '0000-00-00 00:00:00'),
(166, 1, 1, 1, 3, 1, 0, '', '', '', 'Joaquín', 'Muriel', 'joamuriel@gmail.com', '$2y$10$sW28j3FE4YA4RWpZkF64FeeS0C836pIrXnKsdPbU/4qgtwYTs0cRC', '2022-01-03 12:41:59', '1987-11-22', 0, '', '0000-00-00 00:00:00', 0, '', '0.000000', 0, 0, '9f1249154a535b3d1b0440e14c133fbd', '', 1, 0, 0, '2022-01-03 15:41:59', '2022-01-03 15:41:59', '', '0000-00-00 00:00:00'),
(167, 1, 1, 0, 2, 1, 0, '', '', '', 'Joaquín', 'Muriel', 'joamuriel@hotmail.com', '$2y$10$o63g7y29EnoXTKo69qIQFe.SAl5B5VV6p/SSXHQ2JOEsfe8juax9G', '2022-01-05 09:12:56', '0000-00-00', 0, '', '0000-00-00 00:00:00', 0, '', '0.000000', 0, 0, '15a57bf4c0621c151695a36c6ced3cd7', '', 1, 1, 0, '2022-01-05 12:12:56', '2022-01-05 12:12:56', '', '0000-00-00 00:00:00'),
(168, 1, 1, 3, 2, 1, 0, '', '', '', 'Silvina Mayra', 'Veron', 'smveron89@gmail.com', '$2y$10$Ljk5FeNoYfth9YKLjx5qpeMoK3QmTxahT4z/uj1TvStjdn09jItDa', '2022-01-06 14:00:59', '0000-00-00', 0, '', '0000-00-00 00:00:00', 0, '', '0.000000', 0, 0, '90a56e77ac31b4beb31ac7974959f8de', '', 1, 1, 0, '2022-01-06 17:00:59', '2022-01-06 17:00:59', '', '0000-00-00 00:00:00'),
(169, 1, 1, 1, 3, 1, 0, '', '', '', 'Horacio ivan', 'Fernandez', 'fhoracioivan40@gmail.com', '$2y$10$ZuBu82SJKeFS7BKk9RR.Ve.ImX.SxIdnYKhHWshM8SBlK06CyKibO', '2022-01-10 08:22:49', '1973-02-27', 0, '', '0000-00-00 00:00:00', 1, '', '0.000000', 0, 0, '1853ca0263bc7f0111161b940493c75b', '', 1, 0, 0, '2022-01-10 11:22:49', '2022-01-10 11:22:49', '', '0000-00-00 00:00:00'),
(170, 1, 1, 1, 2, 1, 0, '', '', '', 'eduardo', 'acebal', 'edu_acebal@hotmail.com', '$2y$10$zlVrRw7fBms2DI26VLZxw.Gh0hIO0124yWO4Q5XUHEMk55n.j5Tka', '2022-01-11 09:10:06', '0000-00-00', 0, '', '0000-00-00 00:00:00', 0, '', '0.000000', 0, 0, '6d2a183d2378895f2a311ad5a81651f5', '', 1, 1, 0, '2022-01-11 12:10:06', '2022-01-11 12:10:06', '', '0000-00-00 00:00:00'),
(171, 1, 1, 2, 2, 1, 0, '', '', '', 'Evelina Giselle', 'Ocampo', 'evelina_ocampo@hotmail.com', '$2y$10$n/sEOk.n40fELmAvUYDH1.yNRJqb2FxQQVy/1FT1tcF1lwrYuJngC', '2022-01-18 06:50:14', '0000-00-00', 0, '', '0000-00-00 00:00:00', 0, '', '0.000000', 0, 0, '4d465196d025178222db093a33b52578', '', 1, 1, 0, '2022-01-18 09:50:14', '2022-01-18 09:50:14', '', '0000-00-00 00:00:00'),
(172, 1, 1, 2, 2, 1, 0, '', '', '', 'luz ', 'parra', 'cosmiatria.luz@gmail.com', '$2y$10$SjhO.i9LCJS95lMpvPAR8O9EV6HZDHBptWWd2GNAsE3BrJ/x6E/GG', '2022-01-21 07:06:53', '0084-02-23', 0, '', '0000-00-00 00:00:00', 1, '', '0.000000', 0, 0, '9da757be9786e3b819dd402710ce6510', '', 1, 1, 0, '2022-01-21 10:06:53', '2022-01-21 10:06:53', '', '0000-00-00 00:00:00'),
(173, 1, 1, 3, 3, 1, 0, '', '', '', 'Luz', 'Clienta', 'Luztrinidad83@gmail.com', '$2y$10$edUPGMG.Zez6qHe1i6R.7e1iPEUs/pbqVxgOJ40eS1DyDBtIA2kjW', '2022-02-01 12:33:11', '0000-00-00', 0, '', '0000-00-00 00:00:00', 0, '', '0.000000', 0, 0, '35e2f212c0dd2d65b1322568b925f37d', '', 1, 0, 0, '2022-02-01 15:33:11', '2022-02-01 15:33:11', '', '0000-00-00 00:00:00'),
(174, 1, 1, 1, 3, 1, 0, '', '', '', 'Jorge', 'Estefania', 'maxijorge@hotmail.com.ar', '$2y$10$Rw3lKvE/nOeyvppllAAKSOSRu7Ze0Brdvcx4KqZ8VmxmbGeccgUcW', '2022-02-05 06:13:45', '0000-00-00', 0, '', '0000-00-00 00:00:00', 0, '', '0.000000', 0, 0, '6bada3ead32771e215dbe7fda3a680f9', '', 1, 0, 0, '2022-02-05 09:13:45', '2022-02-05 09:13:45', '', '0000-00-00 00:00:00'),
(175, 1, 1, 3, 3, 1, 0, '', '', '', 'Alfonsina', 'LAzarte', 'quiencomonosotras_@hotmail.com', '$2y$10$iC.9e5QypVIUohzf4wzmL.0StoFJu2/owxcEDuampPK6Odc3cK0PS', '2022-02-07 22:29:24', '1999-05-15', 0, '', '0000-00-00 00:00:00', 0, '', '0.000000', 0, 0, '621362f47fa690c5616b479ce3499446', '', 1, 0, 0, '2022-02-08 01:29:24', '2022-02-08 01:29:24', '', '0000-00-00 00:00:00'),
(176, 1, 1, 0, 3, 1, 0, '', '', '', 'Pablo', 'PARODI', 'busquedasistemas2015@gmail.com', '$2y$10$SYgHDNy5Y2q/DeaFEuZv5u4fkfLZPzpvmOTErXTzT.MzpCZMoGvmG', '2022-02-15 08:34:07', '0000-00-00', 0, '', '0000-00-00 00:00:00', 0, '', '0.000000', 0, 0, 'c26c89922795cfc111f99feffbbf77a3', '', 1, 0, 0, '2022-02-15 11:34:07', '2022-02-15 11:34:07', '', '0000-00-00 00:00:00'),
(177, 1, 1, 1, 3, 1, 0, '', '', '', 'Walter', 'Richter', 'wk_richter@hotmail.com', '$2y$10$ApOqDmsUyaRWLdp9CYin9O4sOBMfCYKOyEuMEzUDz8u3SEsQApUg.', '2022-02-16 16:56:44', '1974-08-05', 0, '', '0000-00-00 00:00:00', 0, '', '0.000000', 0, 0, '716c66f91a72225f6b373197aa056a1e', '', 1, 0, 0, '2022-02-16 19:56:44', '2022-02-16 19:56:44', '', '0000-00-00 00:00:00'),
(178, 1, 1, 2, 2, 1, 0, NULL, NULL, NULL, 'Carina', 'ghione', 'carinaghione@yahoo.com.ar', '$2y$10$bhDJiYqUcPKCYDb9ZEE5U.cx8mM.X9K5tsCmTLEHGeVb06LW1kCm2', '2022-02-19 11:53:22', '1979-08-09', 0, NULL, '0000-00-00 00:00:00', 1, NULL, '0.000000', 0, 0, '4ad7872dea24b533c547406dc19b7ff5', NULL, 1, 1, 0, '2022-02-19 14:53:22', '2022-03-07 19:49:47', NULL, '0000-00-00 00:00:00'),
(179, 1, 1, 1, 3, 1, 0, '', '', '', 'Lucas', 'Gonzalez', 'lucasgonzalezj99@gmail.com', '$2y$10$kKJbCQba5M3f829q9ZuTU.gWtmWdQcIPnpzRSlaPPuKIlh788fyFi', '2022-02-24 18:16:55', '1999-12-19', 0, '', '0000-00-00 00:00:00', 0, '', '0.000000', 0, 0, '955c8eb71eaab1e60920f4474d1399f7', '', 1, 0, 0, '2022-02-24 21:16:55', '2022-02-24 21:16:55', '', '0000-00-00 00:00:00'),
(180, 1, 1, 1, 2, 1, 0, '', '', '', 'Lisandro', 'Verneri', 'lverneri@ucasal.edu.ar', '$2y$10$RwWqpu0w9FHfcBToUNoZiu55AcoY.TD4GZAFGMpO6By8Yy4cWJFeK', '2022-03-02 16:02:37', '0000-00-00', 0, '', '0000-00-00 00:00:00', 0, '', '0.000000', 0, 0, 'a35d7bdb7893bf8347da2bc4fbabeeb6', '', 1, 1, 0, '2022-03-02 19:02:37', '2022-03-02 19:02:37', '', '0000-00-00 00:00:00'),
(181, 1, 1, 1, 3, 1, 0, NULL, NULL, NULL, 'José Luis ', 'Garcia ', 'javiergarcia1384@gmail.com', '$2y$10$g5yMvjDa6af0F60ZJknd..Ac//saWqWzOixOVk.DOyHBfGcP.i52i', '2022-03-09 17:45:05', '0000-00-00', 0, NULL, '0000-00-00 00:00:00', 0, NULL, '0.000000', 0, 0, '5666686f8d669a6342c28a44ca957d35', NULL, 1, 0, 0, '2022-03-03 18:59:13', '2022-03-09 14:45:05', NULL, '0000-00-00 00:00:00'),
(182, 1, 1, 3, 2, 1, 0, NULL, NULL, NULL, 'carina', 'ghione', 'carinaghione@yahoo.com.ar', '$2y$10$ra6BcRgBRx0nH/DZ/LKiTu45t/4NZFlusgYK/m0FDBRynoUkh8YWe', '2022-03-07 06:40:54', '0079-08-09', 0, NULL, '0000-00-00 00:00:00', 1, NULL, '0.000000', 0, 0, '69ae3963079a010fbb49fa00c9d537bd', NULL, 1, 1, 0, '2022-03-07 09:40:54', '2022-03-07 10:01:48', NULL, '0000-00-00 00:00:00'),
(183, 1, 1, 3, 2, 1, 0, '', '', '', 'Rocio ', 'Ghione', 'rocioghione@gmail.com', '$2y$10$2ltQUuXwJI7pl5oJ9deEb.lSpx.HfJa5V6BEkwyCMyjZaSFWWLInC', '2022-03-07 16:59:44', '0000-00-00', 0, '', '0000-00-00 00:00:00', 0, '', '0.000000', 0, 0, 'f60b6539e2f521e6ece2222036b58961', '', 1, 1, 0, '2022-03-07 19:59:44', '2022-03-07 19:59:44', '', '0000-00-00 00:00:00'),
(184, 1, 1, 3, 3, 1, 0, '', '', '', 'maria jose', 'reimondi', 'jose_rei@yahoo.com.ar', '$2y$10$eLGOIndOtt1YHd9Q8fWlB.DU2wgJ/DetMa7Rc7JMz.wyR2KcevGxG', '2022-03-09 18:40:17', '1984-06-19', 0, '', '0000-00-00 00:00:00', 1, '', '0.000000', 0, 0, '1be5801c054d627e904a31980c758dcc', '', 1, 0, 0, '2022-03-09 21:40:17', '2022-03-09 21:40:17', '', '0000-00-00 00:00:00'),
(185, 1, 1, 0, 3, 1, 0, '', '', '', 'Pablo', 'Gomez', 'ravak98927@ketchet.com', '$2y$10$9ifHd6Y9Sml3sE2R8yma4elbYC2JDNaEoB2pHTd5WDr.WoLLMuD8S', '2022-03-10 08:33:12', '1970-05-31', 0, '', '0000-00-00 00:00:00', 0, '', '0.000000', 0, 0, 'c9812171ba775735f61668239ea8ff95', '', 1, 0, 0, '2022-03-10 11:33:12', '2022-03-10 11:33:12', '', '0000-00-00 00:00:00'),
(186, 1, 1, 2, 3, 1, 0, '', '', '', 'Gisela', 'Rodriguez', 'gise.sole03@gmail.com', '$2y$10$C65sK61xVjuyI4PpYLEir.6C5susc7m/vwq7QSnd3Qf7cmVR47WBi', '2022-03-12 20:09:02', '1987-06-03', 0, '', '0000-00-00 00:00:00', 0, '', '0.000000', 0, 0, '9fe9dbce6b380764350f521abe3d66e2', '', 1, 0, 0, '2022-03-12 23:09:02', '2022-03-12 23:09:02', '', '0000-00-00 00:00:00'),
(187, 1, 1, 3, 2, 1, 0, '', '', '', 'Daiana Soledad ', 'Bedoya', 'daiabedoya@gmail.com', '$2y$10$euLMhFXbafUDfyTOwOj9reURzHgRaAEj6aTVF0/fmhK2BwYmUHVdO', '2022-03-20 06:00:37', '1989-04-13', 0, '', '0000-00-00 00:00:00', 0, '', '0.000000', 0, 0, '405ae7acc6298172bb5c64f974a0eaa6', '', 1, 1, 0, '2022-03-20 09:00:37', '2022-03-20 09:00:37', '', '0000-00-00 00:00:00'),
(188, 1, 1, 3, 2, 1, 0, '', '', '', 'Brenda', 'Clere', 'brendaclere@hotmail.com', '$2y$10$4UTfQMaoAkJYL3lUkoyELuGqtHf.g4MP/DGIaImm/UDi8X3M91gtO', '2022-03-20 12:25:33', '1994-10-15', 0, '', '0000-00-00 00:00:00', 0, '', '0.000000', 0, 0, 'b6367009eab72e0a1d3b059e55f631e4', '', 1, 1, 0, '2022-03-20 15:25:33', '2022-03-20 15:25:33', '', '0000-00-00 00:00:00'),
(189, 1, 1, 1, 2, 1, 0, '', '', '', 'Bnb ', 'Bbnm', 'hjj@hj.vb', '$2y$10$BasRLYVQTn.ePlaU/4johe6F6QJT5sZDmmoOCl5Cu0ZZkyTVDyJDC', '2022-04-04 20:32:09', '1877-11-21', 0, '', '0000-00-00 00:00:00', 0, '', '0.000000', 0, 0, '05fcb535fa57739a9fe049706b5141d9', '', 1, 1, 0, '2022-04-04 23:32:09', '2022-04-04 23:32:09', '', '0000-00-00 00:00:00'),
(190, 1, 1, 1, 3, 1, 0, '', '', '', 'Martin', 'Paez', 'martinpaezz10@gmail.com', '$2y$10$8tEUayL7wMAyUo5QbO77ue39jOTEje.Aj2SJZmFIOu/.34b15v9kS', '2022-04-14 11:17:24', '1995-05-11', 0, '', '0000-00-00 00:00:00', 0, '', '0.000000', 0, 0, '7f59afa08b3525a92465cfde336238c8', '', 1, 0, 0, '2022-04-14 14:17:24', '2022-04-14 14:17:24', '', '0000-00-00 00:00:00'),
(191, 1, 1, 0, 3, 1, 0, '', '', '', 's', 'aa', 'vitolensa@gmail.com', '$2y$10$/U7qu2w0MmfeY.KyGp7PzO9uFWhH6Sn3Gox2NaM/0xfzvLOFEOUxW', '2022-04-18 05:55:55', '0000-00-00', 0, '', '0000-00-00 00:00:00', 0, '', '0.000000', 0, 0, '3c492d8cf9e967483675df53108bbfb0', '', 1, 0, 0, '2022-04-18 08:55:55', '2022-04-18 08:55:55', '', '0000-00-00 00:00:00'),
(192, 1, 1, 2, 3, 1, 0, '', '', '', 'Karina', 'Melidoni', 'karinamelidoni@gmail.com', '$2y$10$ItntfiWmd.wLV.b3bx5GKu7xPe6Zze9ghJ7KhQbgLu/RHhmGlSzTq', '2022-04-18 07:46:55', '1972-11-04', 0, '', '0000-00-00 00:00:00', 0, '', '0.000000', 0, 0, '02fff03960e6b085767d5bf55876255a', '', 1, 0, 0, '2022-04-18 10:46:55', '2022-04-18 10:46:55', '', '0000-00-00 00:00:00'),
(193, 1, 1, 3, 2, 1, 0, '', '', '', 'Sabrina', 'González', 'sgonzalez.cba@gmail.com', '$2y$10$fGZWUp4Z2FpYL62xQOcIEOZN2SrCyVi7y6DvGvAhfR4iWQGTaxhJy', '2022-05-18 21:14:54', '1988-06-01', 0, '', '0000-00-00 00:00:00', 0, '', '0.000000', 0, 0, '49d426ae317d09c8e4df5e94e8457574', '', 1, 1, 0, '2022-05-19 00:14:54', '2022-05-19 00:14:54', '', '0000-00-00 00:00:00'),
(194, 1, 1, 3, 2, 1, 0, NULL, NULL, NULL, 'SABRINA NADIN', 'GONZALEZ', 'sgonzalez.cba@gmail.com', '$2y$10$QDiUKeoT2lsKjVRTWL1.vOSbk9GJGwg.BQNNJ4afce8/HD6.qp4tq', '2022-05-20 12:46:54', '1988-06-01', 0, NULL, '0000-00-00 00:00:00', 0, NULL, '0.000000', 0, 0, 'da855098f17080c419609191e6089e80', NULL, 1, 1, 0, '2022-05-20 15:46:54', '2022-05-22 21:29:09', NULL, '0000-00-00 00:00:00'),
(195, 1, 1, 3, 3, 1, 0, '', '', '', 'Sabrina', 'González', 'sgonzalez.cba@gmail.com', '$2y$10$588WscuIvnotFEWGpWZFR.hAeyN.tEqbxlHxc0vZOxlBHNbWaz6v2', '2022-05-27 05:45:42', '1988-06-01', 0, '', '0000-00-00 00:00:00', 0, '', '0.000000', 0, 0, '60f3ab7c1562b8c5c990812fcea1a253', '', 1, 0, 0, '2022-05-27 08:45:42', '2022-05-27 08:45:42', '', '0000-00-00 00:00:00'),
(196, 1, 1, 1, 2, 1, 0, '', '', '', 'Ernesto', 'Isequilla', 'eisequilla@gmail.com', '$2y$10$1TFaP9DaExtfo9wNLX0wqeDnQDcl4eYcu/PtY1B0iGV3WrGHFJIxO', '2022-06-06 11:07:39', '0000-00-00', 0, '', '0000-00-00 00:00:00', 0, '', '0.000000', 0, 0, 'fd43cc201beb13b47357d37bca39818f', '', 1, 1, 0, '2022-06-06 14:07:39', '2022-06-06 14:07:39', '', '0000-00-00 00:00:00'),
(197, 1, 1, 1, 2, 1, 0, '', '', '', 'Ernesto', 'Isequilla', 'eisequilla@gmail.com', '$2y$10$A0XfnHWRKcwj6T8xTby50ugUDnZ298BhjFechHb/JpWfzXFatxcEi', '2022-06-06 18:16:28', '0000-00-00', 0, '', '0000-00-00 00:00:00', 0, '', '0.000000', 0, 0, 'ba306e7aa980ef0dcd0fa9efe39aacb3', '', 1, 1, 0, '2022-06-06 21:16:28', '2022-06-06 21:16:28', '', '0000-00-00 00:00:00'),
(198, 1, 1, 1, 2, 1, 0, '', '', '', 'victor', 'chirazi', 'danchirazi@hotmail.com', '$2y$10$6TZokvd82YoMICuqVf75q.oDB.QPqUhv76.lpcpAGRr4cpty22h9i', '2022-06-09 11:37:34', '0090-01-10', 0, '', '0000-00-00 00:00:00', 0, '', '0.000000', 0, 0, '29338fbb2a3bb6658f23bcad275d7a91', '', 1, 1, 0, '2022-06-09 14:37:34', '2022-06-09 14:37:34', '', '0000-00-00 00:00:00'),
(199, 1, 1, 1, 3, 1, 0, '', '', '', 'nicolas', 'gudiño', 'nicmusic@outlook.es', '$2y$10$pkCkME6jU/rKEmRnuTyAPuBqV63UVKKDk7oo.to/rrz/BKh8mXTJ2', '2022-06-10 14:57:08', '1993-08-01', 0, '', '0000-00-00 00:00:00', 0, '', '0.000000', 0, 0, 'c67ebfc059c4d7f84262137c81ff70d5', '', 1, 0, 0, '2022-06-10 17:57:08', '2022-06-10 17:57:08', '', '0000-00-00 00:00:00'),
(200, 1, 1, 1, 3, 1, 0, '', '', '', 'Pablo', 'Mundarain', 'mundarainpablo@gmail.com', '$2y$10$kxSUboK2YnjISTRJLNKbJuvjQppWBcesnr1RTE.dFWKNGzm6RBdK2', '2022-06-23 09:02:23', '1991-10-04', 0, '', '0000-00-00 00:00:00', 0, '', '0.000000', 0, 0, '7bd6767a38eb648e697fbadde8364194', '', 1, 0, 0, '2022-06-23 12:02:23', '2022-06-23 12:02:23', '', '0000-00-00 00:00:00'),
(201, 1, 1, 1, 2, 1, 0, '', '', '', 'olmos', 'luciano', 'lucianoolmos@hotmail.com', '$2y$10$EwAUKlKloIyvMbz00YwCYeK60Fu.Fkb6Q/4jS0fS.1CQNqA8MqBNW', '2022-07-14 10:02:23', '0000-00-00', 0, '', '0000-00-00 00:00:00', 0, '', '0.000000', 0, 0, 'f959e8a866fa0e72a7ebdc6948e7a451', '', 1, 1, 0, '2022-07-14 13:02:23', '2022-07-14 13:02:23', '', '0000-00-00 00:00:00'),
(202, 1, 1, 1, 2, 1, 0, '', '', '', 'olmos', 'luciano', 'lucianoolmos@hotmail.com', '$2y$10$4Fu2.klKlu7Nr.YeFcFPxuiejaukoabQ5dNCvtv0Z7RYA3rjLIIni', '2022-07-14 10:07:16', '0000-00-00', 0, '', '0000-00-00 00:00:00', 0, '', '0.000000', 0, 0, 'ae44762f91f2854a63059828f6291231', '', 1, 1, 0, '2022-07-14 13:07:16', '2022-07-14 13:07:16', '', '0000-00-00 00:00:00');

-- --------------------------------------------------------

--
-- Estructura de tabla para la tabla `ps_customer_group`
--

CREATE TABLE `ps_customer_group` (
  `id_customer` int(10) UNSIGNED NOT NULL,
  `id_group` int(10) UNSIGNED NOT NULL
) ENGINE=InnoDB DEFAULT CHARSET=utf8;

--
-- Volcado de datos para la tabla `ps_customer_group`
--

INSERT INTO `ps_customer_group` (`id_customer`, `id_group`) VALUES
(1, 3),
(2, 3),
(3, 2),
(4, 3),
(5, 3),
(6, 2),
(7, 2),
(8, 2),
(10, 2),
(12, 3),
(13, 2),
(14, 2),
(15, 2),
(16, 3),
(17, 3),
(18, 2),
(19, 2),
(20, 3),
(21, 3),
(22, 2),
(23, 2),
(24, 3),
(25, 3),
(26, 3),
(27, 2),
(28, 2),
(29, 3),
(30, 3),
(31, 3),
(32, 2),
(33, 3),
(34, 2),
(35, 2),
(36, 2),
(37, 2),
(38, 3),
(39, 2),
(40, 3),
(41, 2),
(42, 3),
(43, 3),
(44, 3),
(45, 2),
(46, 2),
(47, 2),
(48, 2),
(49, 2),
(50, 2),
(51, 3),
(52, 2),
(53, 2),
(54, 2),
(55, 3),
(56, 2),
(57, 3),
(58, 2),
(59, 3),
(60, 2),
(61, 2),
(62, 2),
(63, 3),
(64, 3),
(65, 3),
(66, 2),
(67, 3),
(68, 2),
(69, 3),
(70, 2),
(71, 3),
(72, 2),
(73, 2),
(74, 2),
(75, 2),
(76, 2),
(77, 3),
(78, 3),
(79, 2),
(80, 3),
(81, 2),
(82, 3),
(83, 2),
(84, 3),
(85, 2),
(86, 2),
(87, 3),
(88, 2),
(89, 3),
(90, 2),
(91, 3),
(92, 2),
(93, 3),
(94, 2),
(95, 3),
(96, 3),
(97, 2),
(98, 2),
(99, 3),
(100, 2),
(101, 3),
(102, 3),
(103, 3),
(104, 2),
(105, 3),
(106, 3),
(107, 3),
(108, 3),
(109, 3),
(110, 3),
(111, 3),
(112, 2),
(113, 3),
(114, 3),
(115, 3),
(116, 3),
(117, 3),
(118, 3),
(119, 3),
(120, 3),
(121, 3),
(122, 3),
(123, 3),
(124, 3),
(125, 3),
(126, 2),
(127, 2),
(128, 3),
(129, 2),
(130, 2),
(131, 2),
(132, 3),
(133, 3),
(134, 3),
(135, 3),
(136, 3),
(137, 3),
(138, 3),
(139, 3),
(140, 2),
(141, 3),
(142, 3),
(143, 2),
(144, 2),
(145, 2),
(146, 3),
(147, 2),
(148, 2),
(149, 3),
(150, 2),
(151, 3),
(152, 2),
(153, 2),
(154, 3),
(155, 3),
(156, 3),
(157, 3),
(158, 2),
(159, 3),
(160, 3),
(161, 2),
(162, 3),
(163, 3),
(164, 3),
(165, 2),
(166, 3),
(167, 2),
(168, 2),
(169, 3),
(170, 2),
(171, 2),
(172, 2),
(173, 3),
(174, 3),
(175, 3),
(176, 3),
(177, 3),
(178, 2),
(179, 3),
(180, 2),
(181, 3),
(182, 2),
(183, 2),
(184, 3),
(185, 3),
(186, 3),
(187, 2),
(188, 2),
(189, 2),
(190, 3),
(191, 3),
(192, 3),
(193, 2),
(194, 2),
(195, 3),
(196, 2),
(197, 2),
(198, 2),
(199, 3),
(200, 3),
(201, 2),
(202, 2);

-- --------------------------------------------------------

--
-- Estructura de tabla para la tabla `ps_customer_message`
--

CREATE TABLE `ps_customer_message` (
  `id_customer_message` int(10) UNSIGNED NOT NULL,
  `id_customer_thread` int(11) DEFAULT NULL,
  `id_employee` int(10) UNSIGNED DEFAULT NULL,
  `message` mediumtext NOT NULL,
  `file_name` varchar(18) DEFAULT NULL,
  `ip_address` varchar(16) DEFAULT NULL,
  `user_agent` varchar(128) DEFAULT NULL,
  `date_add` datetime NOT NULL,
  `date_upd` datetime NOT NULL,
  `private` tinyint(4) NOT NULL DEFAULT 0,
  `read` tinyint(1) NOT NULL DEFAULT 0
) ENGINE=InnoDB DEFAULT CHARSET=utf8;

--
-- Volcado de datos para la tabla `ps_customer_message`
--

INSERT INTO `ps_customer_message` (`id_customer_message`, `id_customer_thread`, `id_employee`, `message`, `file_name`, `ip_address`, `user_agent`, `date_add`, `date_upd`, `private`, `read`) VALUES
(1, 1, 0, 'Probando formulario de cierre de venta', '', '', '', '2020-05-20 21:56:22', '2020-05-20 21:56:22', 1, 0),
(2, 2, 0, 'Probando pedido con Optica B', '', '', '', '2020-05-21 12:30:52', '2020-05-21 12:30:52', 1, 0),
(3, 3, 0, 'MI GRADUACION ES PWR +3.00 y solicito que sean grises.', '', '', '', '2020-07-18 16:00:09', '2020-07-18 16:00:09', 1, 0),
(4, 4, 0, 'Quer&iacute;a consultar y corroborar, dado que tengo graduaciones diferentes, para hacer 2 cajas de cada graduaci&oacute;n.', '', '', '', '2020-07-29 20:05:14', '2020-07-29 20:05:14', 1, 0),
(5, 5, 0, 'Mande las fotos de las graduaciones ... ojo Izquierdo (-3,75 -2,75 030) ojo derecho (-3,50 -2,25 020) Gracias!!!', '', '', '', '2020-08-22 18:28:30', '2020-08-22 18:28:30', 1, 0),
(6, 6, 0, 'test for Knowband', '', '', '', '2020-09-02 05:39:58', '2020-09-02 05:39:58', 1, 0),
(7, 7, 0, 'No funcionan los timbres . En lo posible llamar cuando estan en el domicilio. Muchas gracias', '', '', '', '2020-09-27 15:01:51', '2020-09-27 15:01:51', 1, 0),
(8, 8, 0, 'porfavor si estan leeyendo esto exijo pagar a domicilio es la tercera vez que lo pido y en todas ellas me dicen que mi producto no me peetenece', '', '', '', '2020-10-26 00:26:23', '2020-10-26 00:26:23', 1, 0),
(9, 9, 0, 'que el vencimiento sea lo mas lejos posible , gracias ', '', '', '', '2020-11-02 14:25:10', '2020-11-02 14:25:10', 1, 0),
(10, 10, 0, 'Hola, estuve hablando con ustedes por Whatsapp, por favor podran enviarme dos casas -0,50 y otras dos -0,75. Gracias!!', '', '', '', '2020-11-30 22:49:34', '2020-11-30 22:49:34', 1, 0),
(11, 11, 0, 'Lugar de entrega: Banco Nacion, enviar por correo argentino preferentemente, otra forma de env&iacute;o no llega', '', '', '', '2020-12-02 08:47:27', '2020-12-02 08:47:27', 1, 0),
(12, 12, 0, '1 caja 2,50\r\n1 caja 4,59', '', '', '', '2020-12-21 10:48:56', '2020-12-21 10:48:56', 1, 0),
(13, 13, 0, 'Lentes de contacto.  L&iacute;quido para lentes', '', '', '', '2021-01-12 17:59:49', '2021-01-12 17:59:49', 1, 0),
(14, 14, 0, 'Local de ropa XD abierto de 10 a 13hs y de 17 a 21hs', '', '', '', '2021-02-25 18:19:20', '2021-02-25 18:19:20', 1, 0),
(15, 15, 0, 'Es un barrio cerrado. Porfavor dejar el paquete en la entrada', '', '', '', '2021-03-11 16:36:17', '2021-03-11 16:36:17', 1, 0),
(16, 16, 0, 'Dejar en Guardia ', '', '', '', '2021-03-26 08:48:29', '2021-03-26 08:48:29', 1, 0),
(17, 17, 0, 'Atender graduaci&oacute;n\r\n+ 2,50\r\n+ 4,50', '', '', '', '2021-05-04 15:30:55', '2021-05-04 15:30:55', 1, 0),
(18, 18, 0, 'Si no estoy dejar al portero Juan', '', '', '', '2021-08-07 17:28:40', '2021-08-07 17:28:40', 1, 0),
(19, 19, 0, 'prueba', '', '', '', '2021-09-28 11:25:17', '2021-09-28 11:25:17', 1, 0),
(20, 20, 0, 'es la direcci&oacute;n del trabajo,preguntar por FERNANDO FLORES', '', '', '', '2021-11-09 12:58:57', '2021-11-09 12:58:57', 1, 0),
(21, 21, 0, 'La paz 4181 entre guatemala y centenera, casa de paredon amarillo y porton negro', '', '', '', '2021-12-31 10:48:15', '2021-12-31 10:48:15', 1, 0),
(22, 22, 0, 'por favor llamar antes, estoy martes mi&eacute;rcoles desde las 15:30 hasta las 19:00', '', '', '', '2022-01-21 10:10:15', '2022-01-21 10:10:15', 1, 0),
(23, 22, 2, '¡Gracias por comprar en nuestra web! El plazo de espera para abonar tu compra por Pago Fácil se esta acabando. En 24 hs. se cancelara tu orden. ', '', '', '', '2022-01-24 16:45:50', '2022-01-24 16:45:50', 0, 0),
(24, 23, 0, 'Nicol&aacute;s avellaneda 4614 virreyes timbre 1 1124691031 ', '', '', '', '2022-02-01 15:59:25', '2022-02-01 15:59:25', 1, 0),
(25, 24, 0, 'Que tengan vencimiento en 2024. Si no hay nadie en el departamento que las dejen en la garita de seguridad o con el encargado', '', '', '', '2022-02-15 11:37:54', '2022-02-15 11:37:54', 1, 0),
(26, 25, 0, 'Direcci&amp;oacute;n: Barrio Cementista 2, M19 C20 por calle Jos&amp;eacute; Maria Videla 1732. Port&amp;oacute;n Bordo ', '', '', '', '2022-02-24 21:32:44', '2022-02-24 21:32:44', 1, 0),
(27, 26, 0, 'Es para regalar. Confirmar horario de entrega ', '', '', '', '2022-04-18 18:42:47', '2022-04-18 18:42:47', 1, 0),
(28, 27, 0, 'Es para regalo, programar horario de entrega ', '', '', '', '2022-04-18 19:01:40', '2022-04-18 19:01:40', 1, 0),
(29, 28, 0, 'retirar sucursal de chango mas por avenida pomar en CORRIENTES CAPITAL', '', '', '', '2022-06-11 19:31:47', '2022-06-11 19:31:47', 1, 0),
(30, 29, 0, 'Hola. Me figura en el Historial entregado con fecha de hoy (16/06) y no recibí el pedido aún.', '', '3047900924', '', '2022-06-16 12:33:05', '2022-06-16 12:33:05', 0, 0),
(31, 30, 0, 'Recibira Patricia de Buono o Alfredo de Buono. ', '', '', '', '2022-06-23 12:35:43', '2022-06-23 12:35:43', 1, 0),
(32, 31, 0, 'llamar al 3512160758', '', '', '', '2022-07-14 13:06:14', '2022-07-14 13:06:14', 1, 0),
(33, 32, 0, 'llamar al 3512160758 si no atiende nadie', '', '', '', '2022-07-14 13:08:43', '2022-07-14 13:08:43', 1, 0);

-- --------------------------------------------------------

--
-- Estructura de tabla para la tabla `ps_customer_message_sync_imap`
--

CREATE TABLE `ps_customer_message_sync_imap` (
  `md5_header` varbinary(32) NOT NULL
) ENGINE=InnoDB DEFAULT CHARSET=utf8;

-- --------------------------------------------------------

--
-- Estructura de tabla para la tabla `ps_customer_thread`
--

CREATE TABLE `ps_customer_thread` (
  `id_customer_thread` int(11) UNSIGNED NOT NULL,
  `id_shop` int(11) UNSIGNED NOT NULL DEFAULT 1,
  `id_lang` int(10) UNSIGNED NOT NULL,
  `id_contact` int(10) UNSIGNED NOT NULL,
  `id_customer` int(10) UNSIGNED DEFAULT NULL,
  `id_order` int(10) UNSIGNED DEFAULT NULL,
  `id_product` int(10) UNSIGNED DEFAULT NULL,
  `status` enum('open','closed','pending1','pending2') NOT NULL DEFAULT 'open',
  `email` varchar(255) NOT NULL,
  `token` varchar(12) DEFAULT NULL,
  `date_add` datetime NOT NULL,
  `date_upd` datetime NOT NULL
) ENGINE=InnoDB DEFAULT CHARSET=utf8;

--
-- Volcado de datos para la tabla `ps_customer_thread`
--

INSERT INTO `ps_customer_thread` (`id_customer_thread`, `id_shop`, `id_lang`, `id_contact`, `id_customer`, `id_order`, `id_product`, `status`, `email`, `token`, `date_add`, `date_upd`) VALUES
(1, 1, 1, 0, 2, 1, 0, 'open', 'dtolcha@skyson.com.ar', 'uzebvWMWYdge', '2020-05-20 21:56:22', '2020-05-20 21:56:22'),
(2, 1, 1, 0, 2, 3, 0, 'open', 'dtolcha@skyson.com.ar', 'mYUjNNIdQ7Gx', '2020-05-21 12:30:52', '2020-05-21 12:30:52'),
(3, 1, 1, 0, 21, 14, 0, 'open', 'padilla.brenda.6b@gmail.com', '36Ivr4EPzgUz', '2020-07-18 16:00:09', '2020-07-18 16:00:09'),
(4, 1, 1, 0, 22, 15, 0, 'open', 'hexametro@gmail.com', 'MnRCGEt9j9QJ', '2020-07-29 20:05:14', '2020-07-29 20:05:14'),
(5, 1, 1, 0, 27, 17, 0, 'open', 'mabegarin@hotmail.com', 'WM4rqIpQThzc', '2020-08-22 18:28:30', '2020-08-22 18:28:30'),
(6, 1, 1, 0, 2, 30, 0, 'open', 'dtolcha@skyson.com.ar', 'xs2XtOKhnbtI', '2020-09-02 05:39:58', '2020-09-02 05:39:58'),
(7, 1, 1, 0, 35, 37, 0, 'open', 'belu_berita@hotmail.com', 'dy8OZ8m5Zhsq', '2020-09-27 15:01:51', '2020-09-27 15:01:51'),
(8, 1, 1, 0, 39, 39, 0, 'open', 'jarryel22@gmail.com', 'BAuaRkYtawpK', '2020-10-26 00:26:23', '2020-10-26 00:26:23'),
(9, 1, 1, 0, 46, 44, 0, 'open', 'drodriguez96@gmail.com', '1ZWIhQODXZUP', '2020-11-02 14:25:10', '2020-11-02 14:25:10'),
(10, 1, 1, 0, 52, 47, 0, 'open', 'florenciabadalucco@gmail.com', 'h4nAMvCYVzqC', '2020-11-30 22:49:34', '2020-11-30 22:49:34'),
(11, 1, 1, 0, 56, 48, 0, 'open', 'violetacespedes_svc@hotmail.com', 's2GWTkHCYnh2', '2020-12-02 08:47:27', '2020-12-02 08:47:27'),
(12, 1, 1, 0, 62, 52, 0, 'open', 's.mayotti@hotmail.com', 'pqNQc4W7k1Qx', '2020-12-21 10:48:56', '2020-12-21 10:48:56'),
(13, 1, 1, 0, 71, 53, 0, 'open', 'danger7345@gmail.com', 'dAPNbngjkGH8', '2021-01-12 17:59:49', '2021-01-12 17:59:49'),
(14, 1, 1, 0, 86, 58, 0, 'open', 'gregoriomagus@gmail.com', 'sAnctqQWiiIE', '2021-02-25 18:19:20', '2021-02-25 18:19:20'),
(15, 1, 1, 0, 89, 61, 0, 'open', 'Franciscoruiz4200@gmail.com', 'sakuozYmQXBR', '2021-03-11 16:36:17', '2021-03-11 16:36:17'),
(16, 1, 1, 0, 94, 65, 0, 'open', 's.mayotti@hotmail.com', 'dDPvgpqQWvv4', '2021-03-26 08:48:29', '2021-03-26 08:48:29'),
(17, 1, 1, 0, 100, 66, 0, 'open', 's.mayotti@hotmail.com', 'mZKQkNy5Agfa', '2021-05-04 15:30:55', '2021-05-04 15:30:55'),
(18, 1, 1, 0, 121, 72, 0, 'open', 'fabianalorenaacosta@gmail.com', '0sXhjioOcT3v', '2021-08-07 17:28:40', '2021-08-07 17:28:40'),
(19, 1, 1, 0, 131, 75, 0, 'open', 'l@gmail.com', 'Qy1ERTETNTb1', '2021-09-28 11:25:17', '2021-09-28 11:25:17'),
(20, 1, 1, 0, 147, 84, 0, 'open', 'sean_libres@hotmail.com', 'OVRtgZrCGtAK', '2021-11-09 12:58:57', '2021-11-09 12:58:57'),
(21, 1, 1, 0, 163, 92, 0, 'open', 'diego.casanova.994@gmail.com', 'FrfNjYqKp9Dt', '2021-12-31 10:48:15', '2021-12-31 10:48:15'),
(22, 1, 1, 0, 172, 99, 0, 'open', 'cosmiatria.luz@gmail.com', 'xC85ps08erQW', '2022-01-21 10:10:15', '2022-01-21 10:10:15'),
(23, 1, 1, 0, 173, 101, 0, 'open', 'Luztrinidad83@gmail.com', 'jwWT7hjGkXTL', '2022-02-01 15:59:25', '2022-02-01 15:59:25'),
(24, 1, 1, 0, 176, 102, 0, 'open', 'busquedasistemas2015@gmail.com', 'oROkCQvZr37j', '2022-02-15 11:37:54', '2022-02-15 11:37:54'),
(25, 1, 1, 0, 179, 104, 0, 'open', 'lucasgonzalezj99@gmail.com', 'moSz6e9kDynF', '2022-02-24 21:32:44', '2022-02-24 21:32:44'),
(26, 1, 1, 0, 192, 107, 0, 'open', 'karinamelidoni@gmail.com', 'Eddqvpw8mhVI', '2022-04-18 18:42:47', '2022-04-18 18:42:47'),
(27, 1, 1, 0, 192, 108, 0, 'open', 'karinamelidoni@gmail.com', 'Vs1kvJSWWBuw', '2022-04-18 19:01:40', '2022-04-18 19:01:40'),
(28, 1, 1, 0, 199, 112, 0, 'open', 'nicmusic@outlook.es', 'dmgmgnmDdKxR', '2022-06-11 19:31:47', '2022-06-11 19:31:47'),
(29, 1, 1, 0, 120, 111, 157, 'open', 'andrea.carolina.p86@gmail.com', 'bJCtzAFxe0OM', '2022-06-16 12:33:05', '2022-06-16 12:33:05'),
(30, 1, 1, 0, 200, 113, 0, 'open', 'mundarainpablo@gmail.com', 'bjiicnT3y5UE', '2022-06-23 12:35:43', '2022-06-23 12:35:43'),
(31, 1, 1, 0, 201, 114, 0, 'open', 'lucianoolmos@hotmail.com', '1SSN3jZDAncw', '2022-07-14 13:06:14', '2022-07-14 13:06:14'),
(32, 1, 1, 0, 202, 115, 0, 'open', 'lucianoolmos@hotmail.com', 'ZWTuidSj8Vcm', '2022-07-14 13:08:43', '2022-07-14 13:08:43');

-- --------------------------------------------------------

--
-- Estructura de tabla para la tabla `ps_customization`
--

CREATE TABLE `ps_customization` (
  `id_customization` int(10) UNSIGNED NOT NULL,
  `id_product_attribute` int(10) UNSIGNED NOT NULL DEFAULT 0,
  `id_address_delivery` int(10) UNSIGNED NOT NULL DEFAULT 0,
  `id_cart` int(10) UNSIGNED NOT NULL,
  `id_product` int(10) NOT NULL,
  `quantity` int(10) NOT NULL,
  `quantity_refunded` int(11) NOT NULL DEFAULT 0,
  `quantity_returned` int(11) NOT NULL DEFAULT 0,
  `in_cart` tinyint(1) UNSIGNED NOT NULL DEFAULT 0
) ENGINE=InnoDB DEFAULT CHARSET=utf8;

--
-- Volcado de datos para la tabla `ps_customization`
--

INSERT INTO `ps_customization` (`id_customization`, `id_product_attribute`, `id_address_delivery`, `id_cart`, `id_product`, `quantity`, `quantity_refunded`, `quantity_returned`, `in_cart`) VALUES
(7, 0, 30, 112, 137, 1, 0, 0, 1),
(23, 7995, 19, 123, 153, 1, 0, 0, 1),
(44, 7997, 0, 140, 154, 2, 0, 0, 1),
(62, 7997, 13, 139, 154, 2, 0, 0, 1),
(63, 7998, 13, 139, 154, 2, 0, 0, 1),
(67, 7997, 13, 147, 154, 3, 0, 0, 1),
(68, 7998, 13, 147, 154, 4, 0, 0, 1),
(81, 0, 0, 146, 153, 0, 0, 0, 0),
(82, 7995, 13, 146, 153, 2, 0, 0, 1),
(83, 0, 0, 150, 156, 0, 0, 0, 0),
(84, 8002, 13, 150, 156, 2, 0, 0, 1),
(85, 8002, 13, 151, 156, 2, 0, 0, 1),
(86, 7995, 13, 152, 153, 1, 0, 0, 1),
(87, 0, 0, 153, 153, 0, 0, 0, 0),
(88, 7995, 13, 153, 153, 2, 0, 0, 1),
(89, 0, 0, 154, 153, 0, 0, 0, 0),
(90, 7995, 13, 154, 153, 2, 0, 0, 1),
(91, 0, 0, 155, 159, 0, 0, 0, 0),
(92, 8008, 13, 155, 159, 2, 0, 0, 1),
(93, 0, 39, 157, 159, 0, 0, 0, 0),
(94, 8008, 39, 157, 159, 2, 0, 0, 1),
(95, 8008, 13, 158, 159, 2, 0, 0, 1),
(96, 8008, 39, 160, 159, 1, 0, 0, 1),
(97, 0, 0, 161, 159, 0, 0, 0, 0),
(101, 8008, 13, 162, 159, 1, 0, 0, 1),
(102, 0, 0, 163, 159, 0, 0, 0, 0),
(105, 8006, 13, 163, 158, 1, 0, 0, 1),
(106, 8005, 13, 163, 158, 1, 0, 0, 1),
(108, 0, 0, 164, 158, 0, 0, 0, 0),
(109, 8001, 13, 164, 156, 1, 0, 0, 1),
(111, 8029, 0, 172, 135, 1, 0, 0, 1),
(112, 8029, 0, 172, 135, 1, 0, 0, 1),
(113, 0, 0, 224, 157, 0, 0, 0, 0),
(114, 0, 0, 251, 28, 0, 0, 0, 0),
(117, 8024, 58, 275, 137, 1, 0, 0, 1),
(118, 8024, 58, 276, 137, 1, 0, 0, 1),
(119, 0, 0, 311, 137, 0, 0, 0, 0),
(120, 0, 0, 372, 28, 0, 0, 0, 0),
(121, 0, 0, 374, 135, 0, 0, 0, 0),
(122, 0, 0, 382, 135, 0, 0, 0, 0),
(123, 0, 0, 383, 135, 0, 0, 0, 0),
(124, 0, 0, 389, 137, 0, 0, 0, 0),
(125, 0, 0, 397, 135, 0, 0, 0, 0),
(126, 0, 0, 411, 137, 0, 0, 0, 0),
(127, 0, 0, 413, 135, 0, 0, 0, 0),
(128, 0, 0, 414, 135, 0, 0, 0, 0),
(129, 0, 0, 433, 135, 0, 0, 0, 0),
(130, 0, 0, 434, 135, 0, 0, 0, 0),
(131, 0, 0, 436, 135, 0, 0, 0, 0),
(132, 0, 0, 437, 137, 0, 0, 0, 0),
(133, 0, 0, 440, 135, 0, 0, 0, 0),
(134, 0, 0, 441, 135, 0, 0, 0, 0),
(135, 0, 0, 444, 135, 0, 0, 0, 0),
(136, 0, 0, 446, 135, 0, 0, 0, 0),
(137, 0, 0, 451, 135, 0, 0, 0, 0),
(138, 0, 0, 454, 137, 0, 0, 0, 0),
(139, 0, 0, 456, 135, 0, 0, 0, 0),
(140, 0, 0, 458, 135, 0, 0, 0, 0),
(141, 0, 0, 460, 135, 0, 0, 0, 0),
(146, 0, 0, 464, 137, 0, 0, 0, 0),
(147, 0, 0, 466, 135, 0, 0, 0, 0),
(148, 0, 0, 467, 135, 0, 0, 0, 0),
(149, 0, 0, 468, 137, 0, 0, 0, 0),
(150, 0, 0, 469, 137, 0, 0, 0, 0),
(151, 0, 0, 473, 135, 0, 0, 0, 0),
(152, 0, 0, 476, 135, 0, 0, 0, 0),
(153, 0, 0, 479, 135, 0, 0, 0, 0),
(154, 0, 0, 481, 137, 0, 0, 0, 0),
(155, 0, 0, 482, 135, 0, 0, 0, 0),
(156, 0, 0, 483, 137, 0, 0, 0, 0),
(157, 0, 0, 484, 135, 0, 0, 0, 0),
(158, 0, 0, 487, 135, 0, 0, 0, 0),
(159, 0, 0, 490, 135, 0, 0, 0, 0),
(160, 0, 0, 491, 137, 0, 0, 0, 0),
(161, 0, 0, 492, 135, 0, 0, 0, 0),
(162, 0, 0, 493, 135, 0, 0, 0, 0),
(163, 0, 0, 494, 135, 0, 0, 0, 0),
(164, 0, 0, 495, 135, 0, 0, 0, 0),
(165, 0, 0, 498, 135, 0, 0, 0, 0),
(166, 0, 0, 501, 135, 0, 0, 0, 0),
(167, 0, 0, 502, 135, 0, 0, 0, 0),
(168, 0, 0, 511, 137, 0, 0, 0, 0),
(169, 0, 0, 512, 135, 0, 0, 0, 0),
(170, 0, 0, 513, 135, 0, 0, 0, 0),
(171, 0, 0, 516, 135, 0, 0, 0, 0),
(172, 0, 0, 518, 135, 0, 0, 0, 0),
(173, 8294, 110, 521, 157, 1, 0, 0, 1),
(174, 8294, 110, 522, 157, 1, 0, 0, 1),
(175, 8294, 110, 523, 157, 1, 0, 0, 1),
(176, 8294, 110, 524, 157, 1, 0, 0, 1),
(177, 0, 0, 525, 135, 0, 0, 0, 0),
(178, 0, 0, 527, 135, 0, 0, 0, 0),
(179, 0, 0, 531, 137, 0, 0, 0, 0),
(180, 0, 0, 534, 135, 0, 0, 0, 0),
(181, 0, 0, 535, 137, 0, 0, 0, 0),
(182, 0, 0, 537, 135, 0, 0, 0, 0),
(183, 0, 0, 538, 135, 0, 0, 0, 0),
(184, 0, 0, 547, 135, 0, 0, 0, 0),
(185, 0, 0, 549, 135, 0, 0, 0, 0),
(186, 0, 0, 551, 137, 0, 0, 0, 0),
(187, 0, 0, 553, 135, 0, 0, 0, 0),
(188, 0, 0, 560, 137, 0, 0, 0, 0),
(189, 0, 0, 563, 137, 0, 0, 0, 0),
(190, 0, 0, 565, 16, 1, 0, 0, 1),
(191, 0, 0, 566, 137, 0, 0, 0, 0),
(192, 0, 0, 574, 135, 0, 0, 0, 0),
(193, 0, 0, 577, 137, 0, 0, 0, 0),
(194, 0, 0, 582, 135, 0, 0, 0, 0),
(195, 0, 0, 585, 135, 0, 0, 0, 0),
(196, 0, 122, 588, 29, 0, 0, 0, 0),
(197, 0, 0, 597, 137, 0, 0, 0, 0),
(198, 0, 0, 598, 135, 0, 0, 0, 0),
(199, 0, 0, 603, 135, 0, 0, 0, 0),
(200, 0, 0, 607, 137, 0, 0, 0, 0),
(201, 0, 0, 613, 135, 0, 0, 0, 0),
(202, 0, 0, 614, 137, 0, 0, 0, 0),
(203, 0, 0, 616, 135, 0, 0, 0, 0),
(204, 0, 0, 622, 137, 0, 0, 0, 0),
(205, 0, 0, 639, 137, 0, 0, 0, 0),
(206, 0, 0, 640, 137, 0, 0, 0, 0),
(207, 0, 0, 644, 135, 0, 0, 0, 0),
(208, 0, 0, 645, 137, 0, 0, 0, 0),
(209, 0, 0, 658, 137, 0, 0, 0, 0),
(219, 0, 148, 727, 441, 1, 0, 0, 1),
(220, 0, 0, 728, 137, 0, 0, 0, 0),
(221, 0, 0, 731, 137, 0, 0, 0, 0),
(222, 0, 0, 749, 137, 0, 0, 0, 0),
(223, 0, 0, 751, 137, 0, 0, 0, 0),
(224, 0, 0, 759, 137, 0, 0, 0, 0),
(225, 0, 0, 765, 137, 0, 0, 0, 0),
(226, 0, 0, 767, 137, 0, 0, 0, 0),
(227, 0, 0, 768, 137, 0, 0, 0, 0),
(228, 0, 0, 769, 135, 0, 0, 0, 0),
(229, 0, 0, 774, 137, 0, 0, 0, 0),
(230, 0, 0, 777, 137, 0, 0, 0, 0),
(231, 0, 0, 783, 137, 0, 0, 0, 0),
(232, 0, 0, 785, 137, 0, 0, 0, 0),
(233, 0, 0, 789, 135, 0, 0, 0, 0),
(234, 0, 0, 792, 137, 0, 0, 0, 0),
(235, 0, 0, 801, 137, 0, 0, 0, 0),
(236, 0, 0, 803, 137, 0, 0, 0, 0),
(237, 0, 0, 804, 137, 0, 0, 0, 0),
(238, 0, 0, 806, 137, 0, 0, 0, 0),
(239, 0, 0, 808, 137, 0, 0, 0, 0),
(240, 0, 0, 809, 137, 0, 0, 0, 0),
(241, 0, 0, 813, 135, 0, 0, 0, 0),
(242, 0, 0, 814, 137, 0, 0, 0, 0),
(243, 0, 0, 815, 137, 0, 0, 0, 0),
(244, 0, 0, 817, 135, 0, 0, 0, 0),
(245, 0, 0, 820, 137, 0, 0, 0, 0),
(246, 0, 0, 822, 137, 0, 0, 0, 0),
(247, 0, 0, 824, 24, 0, 0, 0, 0),
(248, 0, 0, 825, 137, 0, 0, 0, 0),
(249, 0, 0, 826, 137, 0, 0, 0, 0),
(250, 0, 0, 827, 137, 0, 0, 0, 0),
(251, 0, 0, 828, 137, 0, 0, 0, 0),
(252, 0, 0, 829, 137, 0, 0, 0, 0),
(253, 0, 0, 830, 137, 0, 0, 0, 0),
(254, 0, 0, 831, 135, 0, 0, 0, 0),
(255, 0, 0, 832, 137, 0, 0, 0, 0),
(256, 0, 0, 834, 137, 0, 0, 0, 0),
(257, 0, 0, 838, 135, 0, 0, 0, 0),
(258, 0, 0, 840, 137, 0, 0, 0, 0),
(259, 0, 0, 843, 135, 0, 0, 0, 0),
(260, 0, 0, 844, 137, 0, 0, 0, 0),
(261, 0, 0, 845, 137, 0, 0, 0, 0),
(262, 0, 0, 847, 137, 0, 0, 0, 0),
(263, 0, 0, 848, 137, 0, 0, 0, 0),
(264, 0, 0, 849, 135, 0, 0, 0, 0),
(265, 0, 0, 852, 137, 0, 0, 0, 0),
(266, 0, 0, 853, 137, 0, 0, 0, 0),
(267, 0, 0, 854, 137, 0, 0, 0, 0),
(268, 0, 0, 855, 135, 0, 0, 0, 0),
(269, 0, 0, 856, 137, 0, 0, 0, 0),
(270, 0, 0, 860, 137, 0, 0, 0, 0),
(271, 0, 0, 862, 137, 0, 0, 0, 0),
(272, 0, 0, 863, 137, 0, 0, 0, 0),
(273, 0, 0, 867, 137, 0, 0, 0, 0),
(274, 0, 0, 868, 135, 0, 0, 0, 0),
(275, 0, 0, 870, 137, 0, 0, 0, 0),
(276, 0, 0, 877, 137, 0, 0, 0, 0),
(277, 0, 0, 881, 137, 0, 0, 0, 0),
(278, 0, 0, 884, 135, 0, 0, 0, 0),
(279, 0, 0, 885, 137, 0, 0, 0, 0),
(280, 0, 0, 887, 135, 0, 0, 0, 0),
(281, 0, 0, 889, 135, 0, 0, 0, 0),
(282, 0, 0, 890, 137, 0, 0, 0, 0),
(283, 0, 0, 891, 135, 0, 0, 0, 0),
(284, 0, 0, 892, 135, 0, 0, 0, 0),
(285, 0, 0, 895, 137, 0, 0, 0, 0),
(286, 0, 0, 896, 135, 0, 0, 0, 0),
(287, 0, 0, 897, 135, 0, 0, 0, 0),
(288, 0, 0, 898, 137, 0, 0, 0, 0),
(289, 0, 0, 899, 135, 0, 0, 0, 0),
(290, 0, 0, 900, 137, 0, 0, 0, 0),
(291, 0, 0, 901, 137, 0, 0, 0, 0),
(292, 0, 0, 902, 137, 0, 0, 0, 0),
(293, 0, 0, 903, 137, 0, 0, 0, 0),
(294, 0, 0, 904, 137, 0, 0, 0, 0),
(295, 0, 0, 905, 137, 0, 0, 0, 0),
(296, 0, 0, 906, 135, 0, 0, 0, 0),
(297, 0, 0, 908, 135, 0, 0, 0, 0),
(298, 0, 0, 909, 137, 0, 0, 0, 0),
(299, 0, 0, 910, 137, 0, 0, 0, 0),
(300, 0, 0, 911, 135, 0, 0, 0, 0),
(301, 0, 0, 912, 137, 0, 0, 0, 0);

-- --------------------------------------------------------

--
-- Estructura de tabla para la tabla `ps_customization_field`
--

CREATE TABLE `ps_customization_field` (
  `id_customization_field` int(10) UNSIGNED NOT NULL,
  `id_product` int(10) UNSIGNED NOT NULL,
  `type` tinyint(1) NOT NULL,
  `required` tinyint(1) NOT NULL,
  `is_module` tinyint(1) NOT NULL DEFAULT 0,
  `is_deleted` tinyint(1) NOT NULL DEFAULT 0
) ENGINE=InnoDB DEFAULT CHARSET=utf8;

--
-- Volcado de datos para la tabla `ps_customization_field`
--

INSERT INTO `ps_customization_field` (`id_customization_field`, `id_product`, `type`, `required`, `is_module`, `is_deleted`) VALUES
(2, 16, 0, 0, 0, 0),
(3, 16, 1, 0, 0, 0),
(4, 16, 1, 0, 0, 0),
(5, 23, 0, 0, 0, 0),
(6, 24, 0, 0, 0, 0),
(7, 25, 0, 0, 0, 0),
(10, 27, 0, 0, 0, 0),
(11, 29, 0, 0, 0, 0),
(12, 30, 0, 0, 0, 0),
(16, 26, 0, 0, 0, 0),
(17, 28, 1, 0, 0, 0),
(18, 28, 0, 0, 0, 0),
(19, 134, 0, 0, 0, 0),
(20, 135, 1, 0, 0, 0),
(21, 135, 0, 0, 0, 0),
(22, 136, 0, 0, 0, 0),
(23, 137, 1, 0, 0, 0),
(24, 137, 0, 0, 0, 0),
(25, 138, 0, 0, 0, 0),
(26, 139, 0, 0, 0, 0),
(30, 140, 1, 1, 0, 1),
(39, 140, 0, 0, 0, 1),
(46, 140, 1, 0, 0, 0),
(48, 153, 1, 0, 0, 1),
(49, 153, 0, 0, 0, 0),
(50, 153, 1, 0, 0, 1),
(51, 153, 1, 0, 0, 1),
(62, 154, 0, 0, 0, 0),
(63, 155, 0, 0, 0, 0),
(64, 156, 0, 0, 0, 0),
(65, 157, 0, 0, 0, 0),
(66, 158, 0, 0, 0, 0),
(68, 441, 1, 1, 0, 0),
(69, 440, 1, 1, 0, 0),
(70, 439, 1, 1, 0, 0),
(71, 441, 1, 1, 0, 0),
(72, 441, 1, 0, 0, 0),
(73, 440, 1, 1, 0, 0),
(74, 440, 1, 0, 0, 0),
(75, 439, 1, 1, 0, 0),
(76, 439, 1, 0, 0, 0);

-- --------------------------------------------------------

--
-- Estructura de tabla para la tabla `ps_customization_field_lang`
--

CREATE TABLE `ps_customization_field_lang` (
  `id_customization_field` int(10) UNSIGNED NOT NULL,
  `id_lang` int(10) UNSIGNED NOT NULL,
  `id_shop` int(10) UNSIGNED NOT NULL DEFAULT 1,
  `name` varchar(255) NOT NULL
) ENGINE=InnoDB DEFAULT CHARSET=utf8;

--
-- Volcado de datos para la tabla `ps_customization_field_lang`
--

INSERT INTO `ps_customization_field_lang` (`id_customization_field`, `id_lang`, `id_shop`, `name`) VALUES
(2, 1, 1, 'Adjunte su Receta'),
(3, 1, 1, 'Ojo Izquierdo'),
(4, 1, 1, 'Ojo Derecho'),
(5, 1, 1, 'Adjunte su Receta'),
(6, 1, 1, 'Adjunte su Receta'),
(7, 1, 1, 'Adjunte su Receta'),
(10, 1, 1, 'Adjunte su Receta'),
(11, 1, 1, 'Adjunte su Receta'),
(12, 1, 1, 'Adjunte su Receta'),
(16, 1, 1, 'ADJUNTE SU RECETA'),
(17, 1, 1, 'INDIQUE VALORES DE: Graduación - Cilindro - Poder'),
(18, 1, 1, 'Adjunte su Receta'),
(19, 1, 1, 'Adjunte su Receta'),
(20, 1, 1, 'INDIQUE VALORES DE: Graduación - Cilindro - Poder'),
(21, 1, 1, 'ADJUNTE SU RECETA'),
(22, 1, 1, 'Adjunte su Receta'),
(23, 1, 1, 'INDIQUE VALORES DE: Graduación - Cilindro - Poder'),
(24, 1, 1, 'Adjunte su Receta'),
(25, 1, 1, 'Adjunte su Receta'),
(26, 1, 1, 'Adjunte su Receta'),
(30, 1, 1, 'Cilindro ojo izquierdo'),
(39, 1, 1, 'ADJUNTE SU RECETA'),
(46, 1, 1, 'Eje ojo derecho'),
(48, 1, 1, 'Cilindro ojo izquierdo'),
(49, 1, 1, 'ADJUNTE SU RECETA'),
(50, 1, 1, 'Eje ojo izquierdo'),
(51, 1, 1, 'Graduación ojo derecho'),
(62, 1, 1, 'Receta'),
(63, 1, 1, 'Receta'),
(64, 1, 1, 'Receta'),
(65, 1, 1, 'Receta'),
(66, 1, 1, 'Receta'),
(68, 1, 1, 'Para quien (Nombre y apellido del agasajado)'),
(69, 1, 1, 'Para quien (Nombre y apellido del agasajado)'),
(70, 1, 1, 'Para quien (Nombre y apellido del agasajado)'),
(71, 1, 1, 'De parte de (quien obsequia la tarjeta)'),
(72, 1, 1, 'Mensaje de salutación (optativo)'),
(73, 1, 1, 'De parte de (quien obsequia la tarjeta)'),
(74, 1, 1, 'Mensaje de salutación (optativo)'),
(75, 1, 1, 'De parte de (quien obsequia la tarjeta)'),
(76, 1, 1, 'Mensaje de salutación (optativo)');

-- --------------------------------------------------------

--
-- Estructura de tabla para la tabla `ps_customized_data`
--

CREATE TABLE `ps_customized_data` (
  `id_customization` int(10) UNSIGNED NOT NULL,
  `type` tinyint(1) NOT NULL,
  `index` int(3) NOT NULL,
  `value` varchar(255) NOT NULL,
  `id_module` int(10) NOT NULL DEFAULT 0,
  `price` decimal(20,6) NOT NULL DEFAULT 0.000000,
  `weight` decimal(20,6) NOT NULL DEFAULT 0.000000
) ENGINE=InnoDB DEFAULT CHARSET=utf8;

--
-- Volcado de datos para la tabla `ps_customized_data`
--

INSERT INTO `ps_customized_data` (`id_customization`, `type`, `index`, `value`, `id_module`, `price`, `weight`) VALUES
(7, 0, 24, 'c2b11b3192d2cac3ad7c52e417a78933', 0, '0.000000', '0.000000'),
(7, 1, 23, 'OD -2,50 -0,75 x156º / OI -3,75 - 0,50 x10º', 0, '0.000000', '0.000000'),
(23, 1, 48, '-1.75', 0, '0.000000', '0.000000'),
(23, 1, 50, '30', 0, '0.000000', '0.000000'),
(23, 1, 51, '-6.00', 0, '0.000000', '0.000000'),
(44, 1, 0, '', 0, '0.000000', '0.000000'),
(62, 1, 0, '', 0, '0.000000', '0.000000'),
(63, 1, 0, '', 0, '0.000000', '0.000000'),
(67, 1, 0, '', 0, '0.000000', '0.000000'),
(68, 1, 0, '', 0, '0.000000', '0.000000'),
(81, 0, 49, 'd1c750809eda621b86fc780337d7a0ea', 0, '0.000000', '0.000000'),
(82, 1, 0, '', 0, '0.000000', '0.000000'),
(83, 0, 64, 'db57bd47883bc16598678956995786bc', 0, '0.000000', '0.000000'),
(84, 1, 0, '', 0, '0.000000', '0.000000'),
(85, 1, 0, '', 0, '0.000000', '0.000000'),
(86, 0, 49, 'd091b81131e970835cc239b6b8794556', 0, '0.000000', '0.000000'),
(87, 0, 49, '5cb9474fd4b4ce443344e46dc2baeb88', 0, '0.000000', '0.000000'),
(88, 1, 0, '', 0, '0.000000', '0.000000'),
(89, 0, 49, '6b21ee028e3c1b9edd296034111769eb', 0, '0.000000', '0.000000'),
(90, 1, 0, '', 0, '0.000000', '0.000000'),
(91, 0, 67, '4b51c604d0238988b0bb7309f51d8942', 0, '0.000000', '0.000000'),
(92, 1, 0, '', 0, '0.000000', '0.000000'),
(93, 0, 67, '4461206e98e3d9651cda347208886779', 0, '0.000000', '0.000000'),
(94, 1, 0, '', 0, '0.000000', '0.000000'),
(95, 1, 0, '', 0, '0.000000', '0.000000'),
(96, 0, 67, 'e1a6c2327bbc15aabe61b84867f7c7f8', 0, '0.000000', '0.000000'),
(97, 0, 67, 'ac6a89cac5ccc43e2a19be06b343c5f6', 0, '0.000000', '0.000000'),
(101, 0, 67, '7ce4a70a54f418ef9b2104ab6d45e4a5', 0, '0.000000', '0.000000'),
(102, 0, 67, '6d52429ff7c0da6f9ba75bcc5c705cef', 0, '0.000000', '0.000000'),
(105, 0, 66, '1f7895b00b1f2d959e88317f348e2a94', 0, '0.000000', '0.000000'),
(106, 0, 66, '3c8f36c150f25ecc8566c7baec6b1568', 0, '0.000000', '0.000000'),
(108, 0, 66, '325e14d6f9c74fa147cbdd609a0371c1', 0, '0.000000', '0.000000'),
(109, 0, 64, '932a46caad936a1c7b415c8e53a04839', 0, '0.000000', '0.000000'),
(111, 1, 20, 'test', 0, '0.000000', '0.000000'),
(112, 0, 21, 'e386da990d96e34a21527398d725f461', 0, '0.000000', '0.000000'),
(112, 1, 20, 'Tytyty', 0, '0.000000', '0.000000'),
(113, 0, 65, '1a5749da9dc1bfa9e6bf1b60bca29917', 0, '0.000000', '0.000000'),
(114, 0, 18, '19df9d51e7213aeb4f73a90dc9b895d1', 0, '0.000000', '0.000000'),
(117, 0, 24, 'f165da2dea20e43c89f2bfbe61b1c3bf', 0, '0.000000', '0.000000'),
(117, 1, 23, 'Quisera dos cajas de cada ojo', 0, '0.000000', '0.000000'),
(118, 0, 24, '856ba61c953e9c27409d32febbc728e1', 0, '0.000000', '0.000000'),
(119, 0, 24, '051b649ceb2fe50f0c579f62a1823b6e', 0, '0.000000', '0.000000'),
(119, 1, 23, 'Buenas tardes. Quisiera presupuesto para lentes de contacto para esa medición y saber si tiene anuales. Gracias. ', 0, '0.000000', '0.000000'),
(120, 1, 17, 'Hola, estaba revisando tu pagina web, y veo que te dedicas a ganarte la vida por internet a pesar de que cada vez es mas dificil por la competencia. Sin duda estas haciendo un buen trabajo. \r\nYo llevo haciendo lo mismo durante 5 años y una de las cosas qu', 0, '0.000000', '0.000000'),
(121, 1, 20, 'Hi,\r\n\r\nWe\'d like to introduce to you our explainer video service which we feel can benefit your site opticabrera.com.ar.\r\n\r\nCheck out some of our existing videos here:\r\nhttps://www.youtube.com/watch?v=oYoUQjxvhA0\r\nhttps://www.youtube.com/watch?v=MOnhn77Tg', 0, '0.000000', '0.000000'),
(122, 1, 20, 'Hello There,\r\n\r\nAre you currently utilizing Wordpress/Woocommerce or perhaps will you intend to work with it later ? We currently offer more than 2500 premium plugins and additionally themes to download : https://shortmm.buzz/NigyP\r\n\r\nThanks,\r\n\r\nJanie', 0, '0.000000', '0.000000'),
(123, 1, 20, 'Hi, Eric here with a quick thought about your website opticabrera.com.ar...\r\n\r\nI’m on the internet a lot and I look at a lot of business websites.\r\n\r\nLike yours, many of them have great content. \r\n\r\nBut all too often, they come up short when it comes to e', 0, '0.000000', '0.000000'),
(124, 1, 23, 'Buy generic and Brand Ciails online - Viarga, Levirta, Kamarga - Worldwide shipping, 100% quality! The best solution for men. Thousands of satisfied customers. Order now!\r\n\r\nORDER NOW! https://pharmil.com/\r\n\r\nI came across with opticabrera.com.ar and thou', 0, '0.000000', '0.000000'),
(125, 1, 20, 'Looking for more customers for your website? We can get you keyword targeted people precisely for your specific type of business\r\n To get details Have a look at: https://bit.ly/buy-targeted-web-traffic', 0, '0.000000', '0.000000'),
(126, 1, 23, 'Hi!\r\n\r\nI came across with opticabrera.com.ar and thought you may be interested in our services. \r\n\r\nAfter 19 Years Of Making Diet Products, We’ve Finally Created The Best. Lose Weight Faster with the new 3 in 1 formula.  Why are you waiting on the body of', 0, '0.000000', '0.000000'),
(127, 1, 20, 'Hi,\r\n\r\nWe\'re wondering if you\'ve ever considered taking the content from opticabrera.com.ar and converting it into videos to promote on social media platforms such as Youtube?\r\n\r\nIt\'s another \'rod in the pond\' in terms of traffic generation, as so many pe', 0, '0.000000', '0.000000'),
(128, 1, 20, 'Hi, Eric here with a quick thought about your website opticabrera.com.ar...\r\n\r\nI’m on the internet a lot and I look at a lot of business websites.\r\n\r\nLike yours, many of them have great content. \r\n\r\nBut all too often, they come up short when it comes to e', 0, '0.000000', '0.000000'),
(129, 1, 20, 'Good day, \r\n\r\nMy name is Eric and unlike a lot of emails you might get, I wanted to instead provide you with a word of encouragement – Congratulations\r\n\r\nWhat for?  \r\n\r\nPart of my job is to check out websites and the work you’ve done with opticabrera.com.', 0, '0.000000', '0.000000'),
(130, 1, 20, 'Hey there, I just found your site, quick question…\r\n\r\nMy name’s Eric, I found opticabrera.com.ar after doing a quick search – you showed up near the top of the rankings, so whatever you’re doing for SEO, looks like it’s working well.\r\n\r\nSo here’s my quest', 0, '0.000000', '0.000000'),
(131, 1, 20, 'Do you need more business for your online business? We can get you targeted people precisely for your type of business\r\n To get info Check out: http://bit.ly/webtraffic-foryourniche', 0, '0.000000', '0.000000'),
(132, 1, 23, 'Advanced Pinterest Marketing\r\n\r\nFREEE DOWNLOAD \r\n\r\nhttps://bit.ly/3azSLKg', 0, '0.000000', '0.000000'),
(133, 1, 20, 'Do you need more people ready to buy for your website or online store? We can provide targeted people specifically for your business\r\n For more info Have a look at: http://bit.ly/get-real-web-visitors', 0, '0.000000', '0.000000'),
(134, 1, 20, 'If you\'re looking to get some visitors to your site quick, we sell 3000 niche targeted visitors for just $39 if you\'re interested. Hassle free money back guarantee if you\'re not happy. Take a quick look at my site now: http://bit.ly/quick-web-traffic', 0, '0.000000', '0.000000'),
(135, 1, 20, 'Hi there, I hope you’re doing well.\r\n\r\nI handle influencer relations for LeggingsHut. Great to meet you! \r\nI stumbled across your account and thought your content would be perfect for us.\r\nIf you feel we’d make a good fit, I’d love to invite you to our re', 0, '0.000000', '0.000000'),
(136, 1, 20, 'Boost visitor volumes to your site fast. Get 3,000 visitors in any niche for less than $40. Traffic guaranteed or your money refunded: http://bit.ly/real-human-visitors', 0, '0.000000', '0.000000'),
(137, 1, 20, 'Buy web traffic and boost visitors and sales in just 24 hours! Traffic guaranteed or full refund: http://bit.ly/web-traffic-for-any-niche', 0, '0.000000', '0.000000'),
(138, 1, 23, 'Hey, this is Eric and I ran across opticabrera.com.ar a few minutes ago.\r\n\r\nLooks great… but now what?\r\n\r\nBy that I mean, when someone like me finds your website – either through Search or just bouncing around – what happens next?  Do you get a lot of lea', 0, '0.000000', '0.000000'),
(139, 1, 20, 'Buy qualified web traffic for your site. Keyword Targeted. Full refund if not happy.  http://bit.ly/boost-web-traffic-now', 0, '0.000000', '0.000000'),
(140, 1, 20, 'Do you advertise with Facebook or Google? Or any other social media? You\'re probably paying way too much for clicks. I can get you high quality, niche targeted visitors to your site for less than a penny per click! 24 hour turnaround. Money back if not sa', 0, '0.000000', '0.000000'),
(141, 1, 20, 'Stats show that people are spending too much on ads online. Some sites are paying as much as $50 per click! This happens because there are too many sites all advertising at the same places. For example, Google is one of the oldest online advertisers aroun', 0, '0.000000', '0.000000'),
(146, 1, 23, 'Hey there, I just found your site, quick question…\r\n\r\nMy name’s Eric, I found opticabrera.com.ar after doing a quick search – you showed up near the top of the rankings, so whatever you’re doing for SEO, looks like it’s working well.\r\n\r\nSo here’s my quest', 0, '0.000000', '0.000000'),
(147, 1, 20, 'Stats show that people are spending too much on ads online. Some sites are paying as much as $50 per click! This happens because there are too many sites all advertising at the same places. For example, Google is one of the oldest online advertisers aroun', 0, '0.000000', '0.000000'),
(148, 1, 20, 'Stats show that people are spending too much on ads online. Some sites are paying as much as $50 per click! This happens because there are too many sites all advertising at the same places. For example, Google is one of the oldest online advertisers aroun', 0, '0.000000', '0.000000'),
(149, 1, 23, 'Hola, nos gusta tu marca, al igual que a tus clientes, pero… ¿realmente es tuya? ¿Te imaginas tu negocio sin su nombre? ¿Qué pasaría si alguien más empezara a usar tu nombre para vender? O ¿Si te dijera que el nombre no es tuyo y no podes usarlo más? \r\nEn', 0, '0.000000', '0.000000'),
(150, 1, 23, 'Good day, \r\n\r\nMy name is Eric and unlike a lot of emails you might get, I wanted to instead provide you with a word of encouragement – Congratulations\r\n\r\nWhat for?  \r\n\r\nPart of my job is to check out websites and the work you’ve done with opticabrera.com.', 0, '0.000000', '0.000000'),
(151, 1, 20, 'Stats show that people are spending too much on ads online. Some sites are paying as much as $50 per click! This happens because there are too many sites all advertising at the same places. For example, Google is one of the oldest online advertisers aroun', 0, '0.000000', '0.000000'),
(152, 1, 20, 'Don\'t buy traffic for your website until you\'ve seen this first:  http://bit.ly/boost-web-traffic-now', 0, '0.000000', '0.000000'),
(153, 1, 20, 'Don\'t buy traffic for your website until you\'ve seen this first:  http://bit.ly/boost-web-traffic-now', 0, '0.000000', '0.000000'),
(154, 1, 23, 'Hey, this is Eric and I ran across opticabrera.com.ar a few minutes ago.\r\n\r\nLooks great… but now what?\r\n\r\nBy that I mean, when someone like me finds your website – either through Search or just bouncing around – what happens next?  Do you get a lot of lea', 0, '0.000000', '0.000000'),
(155, 1, 20, 'Don\'t buy traffic for your website until you\'ve seen this first:  http://bit.ly/boost-web-traffic-now', 0, '0.000000', '0.000000'),
(156, 1, 23, 'Good day, \r\n\r\nMy name is Eric and unlike a lot of emails you might get, I wanted to instead provide you with a word of encouragement – Congratulations\r\n\r\nWhat for?  \r\n\r\nPart of my job is to check out websites and the work you’ve done with opticabrera.com.', 0, '0.000000', '0.000000'),
(157, 1, 20, 'Don\'t buy traffic for your website until you\'ve seen this first:  http://bit.ly/boost-web-traffic-now', 0, '0.000000', '0.000000'),
(158, 1, 20, 'Don\'t buy traffic for your website until you\'ve seen this first:  http://bit.ly/boost-web-traffic-now', 0, '0.000000', '0.000000'),
(159, 1, 20, 'Don\'t buy traffic for your website until you\'ve seen this first:  http://bit.ly/boost-web-traffic-now', 0, '0.000000', '0.000000'),
(160, 1, 23, 'Good day, \r\n\r\nMy name is Eric and unlike a lot of emails you might get, I wanted to instead provide you with a word of encouragement – Congratulations\r\n\r\nWhat for?  \r\n\r\nPart of my job is to check out websites and the work you’ve done with opticabrera.com.', 0, '0.000000', '0.000000'),
(161, 1, 20, 'Boost web traffic quick with this:  http://bit.ly/boost-web-traffic-now', 0, '0.000000', '0.000000'),
(162, 1, 20, 'You should check this out before you spend another dime advertising your site:  https://bit.ly/dont-pay-for-ads', 0, '0.000000', '0.000000'),
(163, 1, 20, 'Boost web traffic quick with this:  http://bit.ly/boost-web-traffic-now', 0, '0.000000', '0.000000'),
(164, 1, 20, '50 Ways To Advertise Your Business For Free On The Internet : https://bit.ly/50-ways-to-advertise-free', 0, '0.000000', '0.000000'),
(165, 1, 20, 'Boost web traffic quick with this:  http://bit.ly/boost-web-traffic-now', 0, '0.000000', '0.000000'),
(166, 1, 20, 'Find out how you can take advantage of free web traffic from high traffic sites: http://www.freetrafficwebsites.click', 0, '0.000000', '0.000000'),
(167, 1, 20, 'Real Visitors for a Fraction of the Cost of Google Adwords or Bing!\r\n​We Send Visitors Directly to Your Website!   https://bit.ly/website-visitors-quick', 0, '0.000000', '0.000000'),
(168, 1, 23, 'Hey there, I just found your site, quick question…\r\n\r\nMy name’s Eric, I found opticabrera.com.ar after doing a quick search – you showed up near the top of the rankings, so whatever you’re doing for SEO, looks like it’s working well.\r\n\r\nSo here’s my quest', 0, '0.000000', '0.000000'),
(169, 1, 20, 'Real Visitors for a Fraction of the Cost of Google Adwords or Bing!\r\n​We Send Visitors Directly to Your Website!   https://bit.ly/website-visitors-quick', 0, '0.000000', '0.000000'),
(170, 1, 20, 'How to earn extra cash with your website without doing a thing: https://bit.ly/cash-in-on-affiliate-marketing', 0, '0.000000', '0.000000'),
(171, 1, 20, 'Real Visitors for a Fraction of the Cost of Google Adwords or Bing!\r\n​We Send Visitors Directly to Your Website!   https://bit.ly/website-visitors-quick', 0, '0.000000', '0.000000'),
(172, 1, 20, 'Real Visitors for a Fraction of the Cost of Google Adwords or Bing!\r\n​We Send Visitors Directly to Your Website!   https://bit.ly/website-visitors-quick', 0, '0.000000', '0.000000'),
(173, 0, 65, 'd04030483e48f2ce6e4589008a326df3', 0, '0.000000', '0.000000'),
(174, 0, 65, 'd6119381e9c7478f1518293072ecfa1c', 0, '0.000000', '0.000000'),
(175, 0, 65, '8c86bb808c7884bf23dec479877981bf', 0, '0.000000', '0.000000'),
(176, 0, 65, '19a8e415b50f21f121840e993bcbcdf2', 0, '0.000000', '0.000000'),
(177, 1, 20, 'Real Visitors for a Fraction of the Cost of Google Adwords or Bing!\r\n​We Send Visitors Directly to Your Website!   https://bit.ly/website-visitors-quick', 0, '0.000000', '0.000000'),
(178, 1, 20, 'Real Visitors for a Fraction of the Cost of Google Adwords or Bing!\r\n​We Send Visitors Directly to Your Website!   https://bit.ly/website-visitors-quick', 0, '0.000000', '0.000000'),
(179, 1, 23, 'Hey, this is Eric and I ran across opticabrera.com.ar a few minutes ago.\r\n\r\nLooks great… but now what?\r\n\r\nBy that I mean, when someone like me finds your website – either through Search or just bouncing around – what happens next?  Do you get a lot of lea', 0, '0.000000', '0.000000'),
(180, 1, 20, 'Now you can get thousands of high quality niche targeted website visitors for less than the price of a few clicks on Google. Find out more here: https://bit.ly/get-more-web-traffic-now', 0, '0.000000', '0.000000'),
(181, 1, 23, 'Hey, my name’s Eric and for just a second, imagine this…\r\n\r\n- Someone does a search and winds up at opticabrera.com.ar.\r\n\r\n- They hang out for a minute to check it out.  “I’m interested… but… maybe…”\r\n\r\n- And then they hit the back button and check out th', 0, '0.000000', '0.000000'),
(182, 1, 20, 'This web traffic costs one tenth to 1/100th the cost of Google Adwords and is high quality and targeted specifically for your keywords: https://bit.ly/cheaper-and-better-web-traffic', 0, '0.000000', '0.000000'),
(183, 1, 20, 'New method of advertising doesn\'t charge for clicks! https://bit.ly/never-pay-for-clicks', 0, '0.000000', '0.000000'),
(184, 1, 20, 'You can still advertise you business even if you have no room for advertising in your expense budget. Here are 50 proven ways you can advertise online for free : https://cutt.ly/GQ3oYcg', 0, '0.000000', '0.000000'),
(185, 1, 20, 'These days paying for clicks only seems to make the ad companies rich. Here\'s a better way to advertise:  https://is.gd/dVkNs5', 0, '0.000000', '0.000000'),
(186, 1, 23, 'Good day, \r\n\r\nMy name is Eric and unlike a lot of emails you might get, I wanted to instead provide you with a word of encouragement – Congratulations\r\n\r\nWhat for?  \r\n\r\nPart of my job is to check out websites and the work you’ve done with opticabrera.com.', 0, '0.000000', '0.000000'),
(187, 1, 20, 'I think that nobody should have to pay for advertising online any more these days which is why I put together this list of places where you can advertise completely free! Check it out:   https://cutt.ly/uWazAco', 0, '0.000000', '0.000000'),
(188, 1, 23, 'Good day, \r\n\r\nMy name is Eric and unlike a lot of emails you might get, I wanted to instead provide you with a word of encouragement – Congratulations\r\n\r\nWhat for?  \r\n\r\nPart of my job is to check out websites and the work you’ve done with opticabrera.com.', 0, '0.000000', '0.000000'),
(189, 1, 23, 'Hey, I visited your site and I think that your content is amazing! It is really engaging and original, you must have worked so hard to generate such a quality content. We are ForeMedia and we help website owners with great websites to maximize the revenue', 0, '0.000000', '0.000000'),
(190, 1, 3, '-0.50', 0, '0.000000', '0.000000'),
(190, 1, 4, '-2.00', 0, '0.000000', '0.000000'),
(191, 1, 23, 'Hey, my name’s Eric and for just a second, imagine this…\r\n\r\n- Someone does a search and winds up at opticabrera.com.ar.\r\n\r\n- They hang out for a minute to check it out.  “I’m interested… but… maybe…”\r\n\r\n- And then they hit the back button and check out th', 0, '0.000000', '0.000000'),
(192, 1, 20, '50 Ways To Advertise Your Business For Free On The Internet : https://cutt.ly/3EUQgvh', 0, '0.000000', '0.000000'),
(193, 1, 23, 'Hey there, I just found your site, quick question…\r\n\r\nMy name’s Eric, I found opticabrera.com.ar after doing a quick search – you showed up near the top of the rankings, so whatever you’re doing for SEO, looks like it’s working well.\r\n\r\nSo here’s my quest', 0, '0.000000', '0.000000'),
(194, 1, 20, 'Need more website visitors? We\'ll deliver 5,000 niche targeted visitors to your site in 24 hours for just $59. Money back if not satisfied:   www.trafficpros.xyz', 0, '0.000000', '0.000000'),
(195, 1, 20, 'Need to lose weight fast? This natural remedy unlocks a little known fat-burning hormone inside you that can melt away fat. You can lose up to 3 pounds every 4 days completely safely. Have a look: https://shortest.link/1cGc', 0, '0.000000', '0.000000'),
(196, 0, 11, '7c61baa98ce9109921b159887d8bfa44', 0, '0.000000', '0.000000'),
(197, 1, 23, 'Good day, \r\n\r\nMy name is Eric and unlike a lot of emails you might get, I wanted to instead provide you with a word of encouragement – Congratulations\r\n\r\nWhat for?  \r\n\r\nPart of my job is to check out websites and the work you’ve done with opticabrera.com.', 0, '0.000000', '0.000000'),
(198, 1, 20, 'Backlinks help improve your site\'s SEO and therefore get you more free traffic. Here\'s how you can get high quality backlinks for free: https://bit.ly/backlinks-for-free2', 0, '0.000000', '0.000000'),
(199, 1, 20, 'CBD GUMMIES ARE HERE! Reduce Pain & Anxiety - 100% Legal. Special discount for website owners: https://bit.ly/cbdgummiesdiscountoffer', 0, '0.000000', '0.000000'),
(200, 1, 23, 'Good day, \r\n\r\nMy name is Eric and unlike a lot of emails you might get, I wanted to instead provide you with a word of encouragement – Congratulations\r\n\r\nWhat for?  \r\n\r\nPart of my job is to check out websites and the work you’ve done with opticabrera.com.', 0, '0.000000', '0.000000'),
(201, 1, 20, 'Here\'s how you can get more niche targeted website visitors right now: www.thefreestuffblog.xyz', 0, '0.000000', '0.000000'),
(202, 1, 23, 'Hello, we have been informed that you might be interested to partake in the bitcoin millionaire investment fund. Currently their is a race to grow this bitcoin wallet 3H83z114jBVaXdbLZu6eaVubrogt2oAhSZ to accumulate at least one million dollars worth of b', 0, '0.000000', '0.000000'),
(203, 1, 20, 'Hi, can you please tell me if you\'re still offering the $50 discount like I saw on www.shinynewad.xyz?', 0, '0.000000', '0.000000'),
(204, 1, 23, 'Hey, my name’s Eric and for just a second, imagine this…\r\n\r\n- Someone does a search and winds up at opticabrera.com.ar.\r\n\r\n- They hang out for a minute to check it out.  “I’m interested… but… maybe…”\r\n\r\n- And then they hit the back button and check out th', 0, '0.000000', '0.000000'),
(205, 1, 23, 'My name’s Eric and I just came across your website - opticabrera.com.ar - in the search results.\r\n\r\nHere’s what that means to me…\r\n\r\nYour SEO’s working.\r\n\r\nYou’re getting eyeballs – mine at least.\r\n\r\nYour content’s pretty good, wouldn’t change a thing.\r\n\r', 0, '0.000000', '0.000000'),
(206, 1, 23, 'Hey, I visited your site and I think that your content is amazing! It is really engaging and original, you must have worked so hard to generate such a quality content. We are ForeMedia and we help website owners with great websites to maximize the revenue', 0, '0.000000', '0.000000'),
(207, 1, 20, 'Looking to boost your site\'s SEO for free? Post more free ads on these sites: https://cutt.ly/BTA4iWI', 0, '0.000000', '0.000000'),
(208, 1, 23, 'Hi, Eric here with a quick thought about your website opticabrera.com.ar...\r\n\r\nI’m on the internet a lot and I look at a lot of business websites.\r\n\r\nLike yours, many of them have great content. \r\n\r\nBut all too often, they come up short when it comes to e', 0, '0.000000', '0.000000'),
(209, 1, 23, '¡Bitcoin System está haciendo rica a la gente! \r\n\r\nMultiplica tus ingresos con la innovadora aplicación de trading.\r\n\r\nQué ofrece Bitcoin System\r\n\r\nCUENTA DEMO\r\n\r\nPara los que acaban de empezar, la cuenta de prueba de Bitcoin System está bien.\r\n \r\nOfrece ', 0, '0.000000', '0.000000'),
(219, 1, 68, 'Arias María lorena', 0, '0.000000', '0.000000'),
(219, 1, 71, 'De Horacio Lulu y Gasti', 0, '0.000000', '0.000000'),
(219, 1, 72, 'Feliz cumpleaños!!!!', 0, '0.000000', '0.000000'),
(220, 1, 23, 'Hi, my name is Eric and I’m betting you’d like your website opticabrera.com.ar to generate more leads.\r\n\r\nHere’s how:\r\nTalk With Web Visitor is a software widget that’s works on your site, ready to capture any visitor’s Name, Email address and Phone Numbe', 0, '0.000000', '0.000000'),
(221, 1, 23, 'Let me just say your site is amazing! It is well put together and easy to navigate which is a plus. With such a nice layout you must attract a lot of visitors. I just wanted to give you a heads up because your site inspired me to build my own. I hope ever', 0, '0.000000', '0.000000'),
(222, 1, 23, 'Good day, \r\n\r\nMy name is Eric and unlike a lot of emails you might get, I wanted to instead provide you with a word of encouragement – Congratulations\r\n\r\nWhat for?  \r\n\r\nPart of my job is to check out websites and the work you’ve done with opticabrera.com.', 0, '0.000000', '0.000000'),
(223, 1, 23, 'Hi, Eric here with a quick thought about your website opticabrera.com.ar...\r\n\r\nI’m on the internet a lot and I look at a lot of business websites.\r\n\r\nLike yours, many of them have great content. \r\n\r\nBut all too often, they come up short when it comes to e', 0, '0.000000', '0.000000'),
(224, 1, 23, 'Hi, Eric here with a quick thought about your website opticabrera.com.ar...\r\n\r\nI’m on the internet a lot and I look at a lot of business websites.\r\n\r\nLike yours, many of them have great content. \r\n\r\nBut all too often, they come up short when it comes to e', 0, '0.000000', '0.000000'),
(225, 1, 23, 'My name’s Eric and I just found your site opticabrera.com.ar.\r\n\r\nIt’s got a lot going for it, but here’s an idea to make it even MORE effective.\r\n\r\nTalk With Web Visitor – CLICK HERE https://jumboleadmagnet.com for a live demo now.\r\n\r\nTalk With Web Visito', 0, '0.000000', '0.000000'),
(226, 1, 23, 'Hey, my name’s Eric and for just a second, imagine this…\r\n\r\n- Someone does a search and winds up at opticabrera.com.ar.\r\n\r\n- They hang out for a minute to check it out.  “I’m interested… but… maybe…”\r\n\r\n- And then they hit the back button and check out th', 0, '0.000000', '0.000000'),
(227, 1, 23, 'Hello, my name’s Eric and I just ran across your website at opticabrera.com.ar...\r\n\r\nI found it after a quick search, so your SEO’s working out…\r\n\r\nContent looks pretty good…\r\n\r\nOne thing’s missing though…\r\n\r\nA QUICK, EASY way to connect with you NOW.\r\n\r\n', 0, '0.000000', '0.000000'),
(228, 1, 20, 'Submit your site to over 35 advertising websites for free now https://bit.ly/submityourwebsite', 0, '0.000000', '0.000000'),
(229, 1, 23, 'My name’s Eric and I just came across your website - opticabrera.com.ar - in the search results.\r\n\r\nHere’s what that means to me…\r\n\r\nYour SEO’s working.\r\n\r\nYou’re getting eyeballs – mine at least.\r\n\r\nYour content’s pretty good, wouldn’t change a thing.\r\n\r', 0, '0.000000', '0.000000'),
(230, 1, 23, 'Cool website!\r\n\r\nMy name’s Eric, and I just found your site - opticabrera.com.ar - while surfing the net. You showed up at the top of the search results, so I checked you out. Looks like what you’re doing is pretty cool.\r\n \r\nBut if you don’t mind me askin', 0, '0.000000', '0.000000'),
(231, 1, 23, 'Hey, this is Eric and I ran across opticabrera.com.ar a few minutes ago.\r\n\r\nLooks great… but now what?\r\n\r\nBy that I mean, when someone like me finds your website – either through Search or just bouncing around – what happens next?  Do you get a lot of lea', 0, '0.000000', '0.000000'),
(232, 1, 23, 'Hello, my name’s Eric and I just ran across your website at opticabrera.com.ar...\r\n\r\nI found it after a quick search, so your SEO’s working out…\r\n\r\nContent looks pretty good…\r\n\r\nOne thing’s missing though…\r\n\r\nA QUICK, EASY way to connect with you NOW.\r\n\r\n', 0, '0.000000', '0.000000'),
(233, 1, 20, 'Hello,\r\n\r\nIt is with sad regret to inform you that DataList.biz is shutting down. We have made all our databases available for you at a one-time fee.\r\n\r\nYou can visit us on DataList.biz\r\n\r\nRegards.\r\nKacey', 0, '0.000000', '0.000000'),
(234, 1, 23, 'Hi, my name is Eric and I’m betting you’d like your website opticabrera.com.ar to generate more leads.\r\n\r\nHere’s how:\r\nTalk With Web Visitor is a software widget that’s works on your site, ready to capture any visitor’s Name, Email address and Phone Numbe', 0, '0.000000', '0.000000'),
(235, 1, 23, 'Hello, my name’s Eric and I just ran across your website at opticabrera.com.ar...\r\n\r\nI found it after a quick search, so your SEO’s working out…\r\n\r\nContent looks pretty good…\r\n\r\nOne thing’s missing though…\r\n\r\nA QUICK, EASY way to connect with you NOW.\r\n\r\n', 0, '0.000000', '0.000000'),
(236, 1, 23, 'Hi, Eric here with a quick thought about your website opticabrera.com.ar...\r\n\r\nI’m on the internet a lot and I look at a lot of business websites.\r\n\r\nLike yours, many of them have great content. \r\n\r\nBut all too often, they come up short when it comes to e', 0, '0.000000', '0.000000'),
(237, 1, 23, 'Good day, \r\n\r\nMy name is Eric and unlike a lot of emails you might get, I wanted to instead provide you with a word of encouragement – Congratulations\r\n\r\nWhat for?  \r\n\r\nPart of my job is to check out websites and the work you’ve done with opticabrera.com.', 0, '0.000000', '0.000000'),
(238, 1, 23, 'My name’s Eric and I just came across your website - opticabrera.com.ar - in the search results.\r\n\r\nHere’s what that means to me…\r\n\r\nYour SEO’s working.\r\n\r\nYou’re getting eyeballs – mine at least.\r\n\r\nYour content’s pretty good, wouldn’t change a thing.\r\n\r', 0, '0.000000', '0.000000'),
(239, 1, 23, 'Hey, my name’s Eric and for just a second, imagine this…\r\n\r\n- Someone does a search and winds up at opticabrera.com.ar.\r\n\r\n- They hang out for a minute to check it out.  “I’m interested… but… maybe…”\r\n\r\n- And then they hit the back button and check out th', 0, '0.000000', '0.000000'),
(240, 1, 23, 'My name’s Eric and I just found your site opticabrera.com.ar.\r\n\r\nIt’s got a lot going for it, but here’s an idea to make it even MORE effective.\r\n\r\nTalk With Web Visitor – CLICK HERE https://jumboleadmagnet.com for a live demo now.\r\n\r\nTalk With Web Visito', 0, '0.000000', '0.000000'),
(241, 1, 20, 'It is with sad regret to inform you DataList.biz is shutting down on 25 March 2022. \r\n\r\nWe have made available databases per country for all companies available.. \r\n\r\nYou can view our samples and download databases instantly on our website DataList.biz', 0, '0.000000', '0.000000'),
(242, 1, 23, 'Cool website!\r\n\r\nMy name’s Eric, and I just found your site - opticabrera.com.ar - while surfing the net. You showed up at the top of the search results, so I checked you out. Looks like what you’re doing is pretty cool.\r\n \r\nBut if you don’t mind me askin', 0, '0.000000', '0.000000'),
(243, 1, 23, 'Hey there, I just found your site, quick question…\r\n\r\nMy name’s Eric, I found opticabrera.com.ar after doing a quick search – you showed up near the top of the rankings, so whatever you’re doing for SEO, looks like it’s working well.\r\n\r\nSo here’s my quest', 0, '0.000000', '0.000000'),
(244, 1, 20, 'Hi there,\r\n\r\nHave you ever wondered why new tokens listed on Uniswap, Pancakeswap or any decentralized exchange are always subject to insane price volatility?\r\n\r\nDid you know that front running bots have been dominating the market and profiting due to tha', 0, '0.000000', '0.000000'),
(245, 1, 23, 'Hey this is Ken. I lost your number but I remembered your site. Need you to contact me ASAP regarding that one issue you were having +18149737130‬   \r\nAtwCDWz8V3pBzRHs', 0, '0.000000', '0.000000'),
(246, 1, 23, 'Hey, my name’s Eric and for just a second, imagine this…\r\n\r\n- Someone does a search and winds up at opticabrera.com.ar.\r\n\r\n- They hang out for a minute to check it out.  “I’m interested… but… maybe…”\r\n\r\n- And then they hit the back button and check out th', 0, '0.000000', '0.000000'),
(247, 0, 6, '7371ace31d82bb7e5fcf4af71db9d19d', 0, '0.000000', '0.000000'),
(248, 1, 23, 'My name’s Eric and I just found your site opticabrera.com.ar.\r\n\r\nIt’s got a lot going for it, but here’s an idea to make it even MORE effective.\r\n\r\nTalk With Web Visitor – CLICK HERE http://talkwithwebtraffic.com for a live demo now.\r\n\r\nTalk With Web Visi', 0, '0.000000', '0.000000'),
(249, 1, 23, 'Hey, this is Eric and I ran across opticabrera.com.ar a few minutes ago.\r\n\r\nLooks great… but now what?\r\n\r\nBy that I mean, when someone like me finds your website – either through Search or just bouncing around – what happens next?  Do you get a lot of lea', 0, '0.000000', '0.000000'),
(250, 1, 23, 'Hey, my name’s Eric and for just a second, imagine this…\r\n\r\n- Someone does a search and winds up at opticabrera.com.ar.\r\n\r\n- They hang out for a minute to check it out.  “I’m interested… but… maybe…”\r\n\r\n- And then they hit the back button and check out th', 0, '0.000000', '0.000000'),
(251, 1, 23, 'My name’s Eric and I just came across your website - opticabrera.com.ar - in the search results.\r\n\r\nHere’s what that means to me…\r\n\r\nYour SEO’s working.\r\n\r\nYou’re getting eyeballs – mine at least.\r\n\r\nYour content’s pretty good, wouldn’t change a thing.\r\n\r', 0, '0.000000', '0.000000'),
(252, 1, 23, 'My name’s Eric and I just came across your website - opticabrera.com.ar - in the search results.\r\n\r\nHere’s what that means to me…\r\n\r\nYour SEO’s working.\r\n\r\nYou’re getting eyeballs – mine at least.\r\n\r\nYour content’s pretty good, wouldn’t change a thing.\r\n\r', 0, '0.000000', '0.000000'),
(253, 1, 23, 'Hey there, I just found your site, quick question…\r\n\r\nMy name’s Eric, I found opticabrera.com.ar after doing a quick search – you showed up near the top of the rankings, so whatever you’re doing for SEO, looks like it’s working well.\r\n\r\nSo here’s my quest', 0, '0.000000', '0.000000'),
(254, 1, 20, 'Hello.\r\n\r\nWe are offering Bullet Proof SMTP servers that never get suspended. Email as much as you want.\r\n\r\nDMCA ignored, bulletproof locations, 100% uptime guaranteed, unlimited data transfer, and 24/7/365 support.\r\n\r\n100 Spots available. BulletProofSMTP', 0, '0.000000', '0.000000'),
(255, 1, 23, 'Hello, my name’s Eric and I just ran across your website at opticabrera.com.ar...\r\n\r\nI found it after a quick search, so your SEO’s working out…\r\n\r\nContent looks pretty good…\r\n\r\nOne thing’s missing though…\r\n\r\nA QUICK, EASY way to connect with you NOW.\r\n\r\n', 0, '0.000000', '0.000000'),
(256, 1, 23, 'My name’s Eric and I just found your site opticabrera.com.ar.\r\n\r\nIt’s got a lot going for it, but here’s an idea to make it even MORE effective.\r\n\r\nTalk With Web Visitor – CLICK HERE http://jumboleadmagnet.com for a live demo now.\r\n\r\nTalk With Web Visitor', 0, '0.000000', '0.000000'),
(257, 1, 20, 'ZippyLeads.org is running an easter special till the 18th of April.\r\n\r\nGet all the leads you need for your company with our easter special.', 0, '0.000000', '0.000000'),
(258, 1, 23, 'Good day, \r\n\r\nMy name is Eric and unlike a lot of emails you might get, I wanted to instead provide you with a word of encouragement – Congratulations\r\n\r\nWhat for?  \r\n\r\nPart of my job is to check out websites and the work you’ve done with opticabrera.com.', 0, '0.000000', '0.000000'),
(259, 1, 20, 'Hello.\r\n\r\nIt is with sad regret to inform you TopDataList.com is shutting down.\r\n\r\nWe have made all our databases available for you for a once off fee.\r\n\r\nVisit us on TopDataList.com', 0, '0.000000', '0.000000'),
(260, 1, 23, 'Hello, my name’s Eric and I just ran across your website at opticabrera.com.ar...\r\n\r\nI found it after a quick search, so your SEO’s working out…\r\n\r\nContent looks pretty good…\r\n\r\nOne thing’s missing though…\r\n\r\nA QUICK, EASY way to connect with you NOW.\r\n\r\n', 0, '0.000000', '0.000000'),
(261, 1, 23, 'Hi, Eric here with a quick thought about your website opticabrera.com.ar...\r\n\r\nI’m on the internet a lot and I look at a lot of business websites.\r\n\r\nLike yours, many of them have great content. \r\n\r\nBut all too often, they come up short when it comes to e', 0, '0.000000', '0.000000'),
(262, 1, 23, 'Hey there, I just found your site, quick question…\r\n\r\nMy name’s Eric, I found opticabrera.com.ar after doing a quick search – you showed up near the top of the rankings, so whatever you’re doing for SEO, looks like it’s working well.\r\n\r\nSo here’s my quest', 0, '0.000000', '0.000000'),
(263, 1, 23, 'You have been chosen to participate in one of the biggest bitcoin giveaways. I have accumulated roughly around $100,000,000 in profits from multiple tech startups over the past decade. Due to my success in the tech industry I decided to put 10% of my asse', 0, '0.000000', '0.000000'),
(264, 1, 20, 'Hi there,\r\n\r\nHave you ever wondered why new tokens listed on Uniswap, Pancakeswap or any decentralized exchange are always subject to insane price volatility?\r\n\r\nDid you know that front running bots have been dominating the market and profiting due to tha', 0, '0.000000', '0.000000'),
(265, 1, 23, 'My name’s Eric and I just found your site opticabrera.com.ar.\r\n\r\nIt’s got a lot going for it, but here’s an idea to make it even MORE effective.\r\n\r\nTalk With Web Visitor – CLICK HERE https://jumboleadmagnet.com for a live demo now.\r\n\r\nTalk With Web Visito', 0, '0.000000', '0.000000'),
(266, 1, 23, 'Hi, my name is Eric and I’m betting you’d like your website opticabrera.com.ar to generate more leads.\r\n\r\nHere’s how:\r\nTalk With Web Visitor is a software widget that’s works on your site, ready to capture any visitor’s Name, Email address and Phone Numbe', 0, '0.000000', '0.000000'),
(267, 1, 23, 'Hey, this is Eric and I ran across opticabrera.com.ar a few minutes ago.\r\n\r\nLooks great… but now what?\r\n\r\nBy that I mean, when someone like me finds your website – either through Search or just bouncing around – what happens next?  Do you get a lot of lea', 0, '0.000000', '0.000000'),
(268, 1, 20, 'Hello, from CustomData.me we are a provider of unique databases that could help your business.\r\n\r\nPlease visit us at CustomData.me to see if we can help you.\r\n\r\nRegards,\r\nTonia', 0, '0.000000', '0.000000'),
(269, 1, 23, 'Hi, my name is Eric and I’m betting you’d like your website opticabrera.com.ar to generate more leads.\r\n\r\nHere’s how:\r\nTalk With Web Visitor is a software widget that’s works on your site, ready to capture any visitor’s Name, Email address and Phone Numbe', 0, '0.000000', '0.000000'),
(270, 1, 23, 'Good day, \r\n\r\nMy name is Eric and unlike a lot of emails you might get, I wanted to instead provide you with a word of encouragement – Congratulations\r\n\r\nWhat for?  \r\n\r\nPart of my job is to check out websites and the work you’ve done with opticabrera.com.', 0, '0.000000', '0.000000'),
(271, 1, 23, 'Hi, Eric here with a quick thought about your website opticabrera.com.ar...\r\n\r\nI’m on the internet a lot and I look at a lot of business websites.\r\n\r\nLike yours, many of them have great content. \r\n\r\nBut all too often, they come up short when it comes to e', 0, '0.000000', '0.000000'),
(272, 1, 23, 'Hi, Eric here with a quick thought about your website opticabrera.com.ar...\r\n\r\nI’m on the internet a lot and I look at a lot of business websites.\r\n\r\nLike yours, many of them have great content. \r\n\r\nBut all too often, they come up short when it comes to e', 0, '0.000000', '0.000000'),
(273, 1, 23, 'Hey, my name’s Eric and for just a second, imagine this…\r\n\r\n- Someone does a search and winds up at opticabrera.com.ar.\r\n\r\n- They hang out for a minute to check it out.  “I’m interested… but… maybe…”\r\n\r\n- And then they hit the back button and check out th', 0, '0.000000', '0.000000'),
(274, 1, 20, 'Hi there,\r\n\r\nHave you ever wondered why new tokens listed on Uniswap, Pancakeswap or any decentralized exchange are always subject to insane price volatility?\r\n\r\nDid you know that front running bots have been dominating the market and profiting due to tha', 0, '0.000000', '0.000000'),
(275, 1, 23, 'Hey, this is Eric and I ran across opticabrera.com.ar a few minutes ago.\r\n\r\nLooks great… but now what?\r\n\r\nBy that I mean, when someone like me finds your website – either through Search or just bouncing around – what happens next?  Do you get a lot of lea', 0, '0.000000', '0.000000'),
(276, 1, 23, 'Cool website!\r\n\r\nMy name’s Eric, and I just found your site - opticabrera.com.ar - while surfing the net. You showed up at the top of the search results, so I checked you out. Looks like what you’re doing is pretty cool.\r\n \r\nBut if you don’t mind me askin', 0, '0.000000', '0.000000'),
(277, 1, 23, 'Hi\r\n\r\nMy name is Melva Edye and I am writing to you from Kingsley\r\n\r\nI would be most appreciative if you and your team at opticabrera.com.ar could nominate our company to be featured in in this article for 2022: \r\n\r\nhttps://shopgiejo.com/cbd/best-cbd-drin', 0, '0.000000', '0.000000'),
(278, 1, 20, 'Hello.\r\n\r\nWe provide bulletproof SMTP servers for you to send cold emails without getting blocked.\r\n\r\nWe charge $500/year for servers that can send 300k/day.\r\n\r\nYou can contact me on whatsapp at +27 72 280 1952 or respond to this email if you are interest', 0, '0.000000', '0.000000'),
(279, 1, 23, 'Hey\r\n\r\nI thought the below piece would be an excellent addition to the blog on opticabrera.com.ar. If you feel it is the right fit, please feel free to publish it. Do let me know if you need anymore information. Please copy in our expert Ieva (ieva@oliolu', 0, '0.000000', '0.000000'),
(280, 1, 20, 'Hi, would you like more business leads at a lower cost? Currently http://GetMoreBusinessLeadsNow.com is offering our popular unlimited lead generation software package - at a reduced price for a limited time. \r\n \r\nDownload and install now to be build', 0, '0.000000', '0.000000'),
(281, 1, 20, 'Hi there,\r\n\r\nHave you ever wondered why new tokens listed on Uniswap, Pancakeswap or any decentralized exchange are always subject to insane price volatility?\r\n\r\nDid you know that front running bots have been dominating the market and profiting due to tha', 0, '0.000000', '0.000000'),
(282, 1, 23, 'Many companies are known for their product development. That is their expertise.\r\n\r\nAs senior account executive for business development at Nutritional Products International, I have worked with brands that have created and developed innovative products t', 0, '0.000000', '0.000000'),
(283, 1, 20, 'Hi, do you know that http://BusinessLoansNow.site can help your business get funding for $2,000 - $350K Without high credit or collateral. \r\n \r\nFind Out how much you can get by clicking here: \r\n \r\nhttp://BusinessLoansNow.site \r\n \r\nRequirements includ', 0, '0.000000', '0.000000'),
(284, 1, 20, 'Hello, did you know that there are 241,120 internet directories in the world. \r\n\r\nThese websites are what drive traffic to YOUR business.\r\n\r\nWant more traffic?  Want more Sales?  We can help - today.\r\n\r\nYour website opticabrera.com.ar is listed in only 38', 0, '0.000000', '0.000000'),
(285, 1, 23, 'Let me introduce you to Nutritional Products International, a global brand management company based in Boca Raton, FL, which helps domestic and international health and wellness companies launch products in the U.S.\r\n\r\nAs senior account executive for busi', 0, '0.000000', '0.000000'),
(286, 1, 20, 'Hi, would you like more business leads at a lower cost? Currently http://GetMoreBusinessLeadsNow.com is offering our popular unlimited lead generation software package - at a reduced price for a limited time. \r\n \r\nDownload and install now to be build', 0, '0.000000', '0.000000'),
(287, 1, 20, 'Hello!\r\n\r\nI see your page on IG https://www.instagram.com/opticabrera - love it!\r\n\r\nQuestion, do you have products that you sell yourself?\r\n\r\nTarget Your Competitors IF Followers and Grow Your IG / Store / Sales!\r\n\r\nThat\'s right.  We can send you a list o', 0, '0.000000', '0.000000'),
(288, 1, 23, 'Hi\r\n\r\nMy name is Erwin Kates and I am writing to you from Ink Cured\r\n\r\nI would be most appreciative if you and your team at opticabrera.com.ar could nominate our company to be featured in in this article for 2022: \r\n\r\nhttps://shopgiejo.com/cbd/the-best-wh', 0, '0.000000', '0.000000'),
(289, 1, 20, 'Hi, do you know that http://GetMyBusinessFundingNow.com can help your business get funding for $2,000 - $350K Without high credit or collateral. \r\n \r\nFind Out how much you can get by clicking here: \r\n \r\nhttp://GetMyBusinessFundingNow.com \r\n \r\nRequire', 0, '0.000000', '0.000000'),
(290, 1, 23, 'Hey there, I just found your site, quick question…\r\n\r\nMy name’s Eric, I found opticabrera.com.ar after doing a quick search – you showed up near the top of the rankings, so whatever you’re doing for SEO, looks like it’s working well.\r\n\r\nSo here’s my quest', 0, '0.000000', '0.000000'),
(291, 1, 23, 'Cool website!\r\n\r\nMy name’s Eric, and I just found your site - opticabrera.com.ar - while surfing the net. You showed up at the top of the search results, so I checked you out. Looks like what you’re doing is pretty cool.\r\n \r\nBut if you don’t mind me askin', 0, '0.000000', '0.000000'),
(292, 1, 23, 'Good day, \r\n\r\nMy name is Eric and unlike a lot of emails you might get, I wanted to instead provide you with a word of encouragement – Congratulations\r\n\r\nWhat for?  \r\n\r\nPart of my job is to check out websites and the work you’ve done with opticabrera.com.', 0, '0.000000', '0.000000'),
(293, 1, 23, 'My name’s Eric and I just came across your website - opticabrera.com.ar - in the search results.\r\n\r\nHere’s what that means to me…\r\n\r\nYour SEO’s working.\r\n\r\nYou’re getting eyeballs – mine at least.\r\n\r\nYour content’s pretty good, wouldn’t change a thing.\r\n\r', 0, '0.000000', '0.000000'),
(294, 1, 23, 'My name’s Eric and I just came across your website - opticabrera.com.ar - in the search results.\r\n\r\nHere’s what that means to me…\r\n\r\nYour SEO’s working.\r\n\r\nYou’re getting eyeballs – mine at least.\r\n\r\nYour content’s pretty good, wouldn’t change a thing.\r\n\r', 0, '0.000000', '0.000000'),
(295, 1, 23, 'Good day, \r\n\r\nMy name is Eric and unlike a lot of emails you might get, I wanted to instead provide you with a word of encouragement – Congratulations\r\n\r\nWhat for?  \r\n\r\nPart of my job is to check out websites and the work you’ve done with opticabrera.com.', 0, '0.000000', '0.000000'),
(296, 1, 20, 'Hi, would you like more business leads at a lower cost? Currently http://GetMoreBusinessLeadsNow.com is offering our popular unlimited lead generation software package - at a reduced price for a limited time. \r\n \r\nDownload and install now to be build', 0, '0.000000', '0.000000'),
(297, 1, 20, 'Convert opticabrera.com.ar to an app with one click!\r\n\r\n80% of users browse websites from their phones. \r\n\r\nHave the App send out push notifications without any extra marketing costs!\r\n\r\nMakeMySiteMobile.com\r\n', 0, '0.000000', '0.000000'),
(298, 1, 23, 'Hello\r\n\r\nI am writing to recommend a great resource for your blog on opticabrera.com.ar. I hope you find it to be the right fit for your readers.\r\n\r\nJoin our JustCBD experts on a journey of insight as they expose your dominant personality traits, your inn', 0, '0.000000', '0.000000'),
(299, 1, 23, 'Hey, my name’s Eric and for just a second, imagine this…\r\n\r\n- Someone does a search and winds up at opticabrera.com.ar.\r\n\r\n- They hang out for a minute to check it out.  “I’m interested… but… maybe…”\r\n\r\n- And then they hit the back button and check out th', 0, '0.000000', '0.000000'),
(300, 1, 20, 'Hello, did you know that there are 241,120 internet directories in the world. \r\n\r\nThese websites are what drive traffic to YOUR business.\r\n\r\nWant more traffic?  Want more Sales?  We can help - today.\r\n\r\nYour website opticabrera.com.ar is listed in only 38', 0, '0.000000', '0.000000'),
(301, 1, 23, 'Do you know if Vape Shack in 15050 NW 79 CT sell these? I called on 3174278070 nobody is answering the phone\r\n\r\nhttps://www.google.com/search?q=hemp+soap+justcbd&sxsrf=ALiCzsZG8BUFQo7bjb_0090KHjGvR8Q-kA%3A1655130649742&ei=GUqnYq38LJGV8gK_pr4I&ved=0ahUKEwj', 0, '0.000000', '0.000000');

-- --------------------------------------------------------

--
-- Estructura de tabla para la tabla `ps_date_range`
--

CREATE TABLE `ps_date_range` (
  `id_date_range` int(10) UNSIGNED NOT NULL,
  `time_start` datetime NOT NULL,
  `time_end` datetime NOT NULL
) ENGINE=InnoDB DEFAULT CHARSET=utf8;

-- --------------------------------------------------------

--
-- Estructura de tabla para la tabla `ps_delivery`
--

CREATE TABLE `ps_delivery` (
  `id_delivery` int(10) UNSIGNED NOT NULL,
  `id_shop` int(10) UNSIGNED DEFAULT NULL,
  `id_shop_group` int(10) UNSIGNED DEFAULT NULL,
  `id_carrier` int(10) UNSIGNED NOT NULL,
  `id_range_price` int(10) UNSIGNED DEFAULT NULL,
  `id_range_weight` int(10) UNSIGNED DEFAULT NULL,
  `id_zone` int(10) UNSIGNED NOT NULL,
  `price` decimal(20,6) NOT NULL
) ENGINE=InnoDB DEFAULT CHARSET=utf8;

--
-- Volcado de datos para la tabla `ps_delivery`
--

INSERT INTO `ps_delivery` (`id_delivery`, `id_shop`, `id_shop_group`, `id_carrier`, `id_range_price`, `id_range_weight`, `id_zone`, `price`) VALUES
(1, NULL, NULL, 2, 0, 1, 1, '5.000000'),
(2, NULL, NULL, 2, 0, 1, 2, '5.000000'),
(3, NULL, NULL, 2, 1, 0, 1, '5.000000'),
(4, NULL, NULL, 2, 1, 0, 2, '5.000000'),
(5, NULL, NULL, 3, 2, NULL, 6, '100.000000'),
(6, NULL, NULL, 3, NULL, 2, 6, '100.000000'),
(7, NULL, NULL, 3, 2, NULL, 4, '100.000000'),
(8, NULL, NULL, 3, NULL, 2, 4, '100.000000'),
(9, NULL, NULL, 3, 2, NULL, 3, '100.000000'),
(10, NULL, NULL, 3, NULL, 2, 3, '100.000000'),
(11, NULL, NULL, 3, 2, NULL, 8, '100.000000'),
(12, NULL, NULL, 3, NULL, 2, 8, '100.000000'),
(13, NULL, NULL, 3, 2, NULL, 1, '100.000000'),
(14, NULL, NULL, 3, NULL, 2, 1, '100.000000'),
(15, NULL, NULL, 3, 2, NULL, 7, '100.000000'),
(16, NULL, NULL, 3, NULL, 2, 7, '100.000000'),
(17, NULL, NULL, 3, 2, NULL, 2, '100.000000'),
(18, NULL, NULL, 3, NULL, 2, 2, '100.000000'),
(19, NULL, NULL, 3, 2, NULL, 5, '100.000000'),
(20, NULL, NULL, 3, NULL, 2, 5, '100.000000'),
(21, NULL, NULL, 4, 3, NULL, 6, '100.000000'),
(22, NULL, NULL, 4, NULL, 3, 6, '100.000000'),
(23, NULL, NULL, 4, 3, NULL, 4, '100.000000'),
(24, NULL, NULL, 4, NULL, 3, 4, '100.000000'),
(25, NULL, NULL, 4, 3, NULL, 3, '100.000000'),
(26, NULL, NULL, 4, NULL, 3, 3, '100.000000'),
(27, NULL, NULL, 4, 3, NULL, 8, '100.000000'),
(28, NULL, NULL, 4, NULL, 3, 8, '100.000000'),
(29, NULL, NULL, 4, 3, NULL, 1, '100.000000'),
(30, NULL, NULL, 4, NULL, 3, 1, '100.000000'),
(31, NULL, NULL, 4, 3, NULL, 7, '100.000000'),
(32, NULL, NULL, 4, NULL, 3, 7, '100.000000'),
(33, NULL, NULL, 4, 3, NULL, 2, '100.000000'),
(34, NULL, NULL, 4, NULL, 3, 2, '100.000000'),
(35, NULL, NULL, 4, 3, NULL, 5, '100.000000'),
(36, NULL, NULL, 4, NULL, 3, 5, '100.000000'),
(37, NULL, NULL, 5, 4, NULL, 6, '100.000000'),
(38, NULL, NULL, 5, NULL, 4, 6, '100.000000'),
(39, NULL, NULL, 5, 4, NULL, 4, '100.000000'),
(40, NULL, NULL, 5, NULL, 4, 4, '100.000000'),
(41, NULL, NULL, 5, 4, NULL, 3, '100.000000'),
(42, NULL, NULL, 5, NULL, 4, 3, '100.000000'),
(43, NULL, NULL, 5, 4, NULL, 8, '100.000000'),
(44, NULL, NULL, 5, NULL, 4, 8, '100.000000'),
(45, NULL, NULL, 5, 4, NULL, 1, '100.000000'),
(46, NULL, NULL, 5, NULL, 4, 1, '100.000000'),
(47, NULL, NULL, 5, 4, NULL, 7, '100.000000'),
(48, NULL, NULL, 5, NULL, 4, 7, '100.000000'),
(49, NULL, NULL, 5, 4, NULL, 2, '100.000000'),
(50, NULL, NULL, 5, NULL, 4, 2, '100.000000'),
(51, NULL, NULL, 5, 4, NULL, 5, '100.000000'),
(52, NULL, NULL, 5, NULL, 4, 5, '100.000000'),
(61, NULL, NULL, 9, NULL, 5, 4, '0.000000'),
(62, NULL, NULL, 9, NULL, 5, 3, '0.000000'),
(63, NULL, NULL, 9, NULL, 5, 8, '0.000000'),
(64, NULL, NULL, 9, NULL, 5, 1, '0.000000'),
(65, NULL, NULL, 9, NULL, 5, 7, '0.000000'),
(66, NULL, NULL, 9, NULL, 5, 2, '0.000000'),
(67, NULL, NULL, 9, NULL, 5, 5, '0.000000'),
(68, NULL, NULL, 9, NULL, 5, 6, '0.000000'),
(69, NULL, NULL, 11, 5, NULL, 6, '0.000000'),
(70, NULL, NULL, 11, NULL, 6, 6, '0.000000'),
(75, NULL, NULL, 18, NULL, 7, 4, '0.000000'),
(76, NULL, NULL, 18, NULL, 7, 3, '0.000000'),
(77, NULL, NULL, 18, NULL, 7, 8, '0.000000'),
(78, NULL, NULL, 18, NULL, 7, 1, '0.000000'),
(79, NULL, NULL, 18, NULL, 7, 7, '0.000000'),
(80, NULL, NULL, 18, NULL, 7, 2, '0.000000'),
(81, NULL, NULL, 18, NULL, 7, 5, '0.000000'),
(82, NULL, NULL, 18, NULL, 7, 6, '0.000000'),
(83, NULL, NULL, 18, NULL, 7, 9, '270.000000'),
(84, NULL, NULL, 18, NULL, 7, 10, '295.000000'),
(85, NULL, NULL, 18, NULL, 7, 11, '296.000000'),
(86, NULL, NULL, 18, NULL, 7, 12, '297.000000'),
(91, NULL, NULL, 18, NULL, 8, 4, '0.000000'),
(92, NULL, NULL, 18, NULL, 8, 3, '0.000000'),
(93, NULL, NULL, 18, NULL, 8, 8, '0.000000'),
(94, NULL, NULL, 18, NULL, 8, 1, '0.000000'),
(95, NULL, NULL, 18, NULL, 8, 7, '0.000000'),
(96, NULL, NULL, 18, NULL, 8, 2, '0.000000'),
(97, NULL, NULL, 18, NULL, 8, 5, '0.000000'),
(98, NULL, NULL, 18, NULL, 8, 6, '0.000000'),
(99, NULL, NULL, 18, NULL, 8, 9, '319.000000'),
(100, NULL, NULL, 18, NULL, 8, 10, '345.000000'),
(101, NULL, NULL, 18, NULL, 8, 11, '346.000000'),
(102, NULL, NULL, 18, NULL, 8, 12, '349.000000'),
(107, NULL, NULL, 18, NULL, 9, 4, '0.000000'),
(108, NULL, NULL, 18, NULL, 9, 3, '0.000000'),
(109, NULL, NULL, 18, NULL, 9, 8, '0.000000'),
(110, NULL, NULL, 18, NULL, 9, 1, '0.000000'),
(111, NULL, NULL, 18, NULL, 9, 7, '0.000000'),
(112, NULL, NULL, 18, NULL, 9, 2, '0.000000'),
(113, NULL, NULL, 18, NULL, 9, 5, '0.000000'),
(114, NULL, NULL, 18, NULL, 9, 6, '0.000000'),
(115, NULL, NULL, 18, NULL, 9, 9, '321.000000'),
(116, NULL, NULL, 18, NULL, 9, 10, '355.000000'),
(117, NULL, NULL, 18, NULL, 9, 11, '358.000000'),
(118, NULL, NULL, 18, NULL, 9, 12, '378.000000'),
(123, NULL, NULL, 18, NULL, 10, 4, '0.000000'),
(124, NULL, NULL, 18, NULL, 10, 3, '0.000000'),
(125, NULL, NULL, 18, NULL, 10, 8, '0.000000'),
(126, NULL, NULL, 18, NULL, 10, 1, '0.000000'),
(127, NULL, NULL, 18, NULL, 10, 7, '0.000000'),
(128, NULL, NULL, 18, NULL, 10, 2, '0.000000'),
(129, NULL, NULL, 18, NULL, 10, 5, '0.000000'),
(130, NULL, NULL, 18, NULL, 10, 6, '0.000000'),
(131, NULL, NULL, 18, NULL, 10, 9, '323.000000'),
(132, NULL, NULL, 18, NULL, 10, 10, '375.000000'),
(133, NULL, NULL, 18, NULL, 10, 11, '390.000000'),
(134, NULL, NULL, 18, NULL, 10, 12, '416.000000'),
(139, NULL, NULL, 18, NULL, 11, 4, '0.000000'),
(140, NULL, NULL, 18, NULL, 11, 3, '0.000000'),
(141, NULL, NULL, 18, NULL, 11, 8, '0.000000'),
(142, NULL, NULL, 18, NULL, 11, 1, '0.000000'),
(143, NULL, NULL, 18, NULL, 11, 7, '0.000000'),
(144, NULL, NULL, 18, NULL, 11, 2, '0.000000'),
(145, NULL, NULL, 18, NULL, 11, 5, '0.000000'),
(146, NULL, NULL, 18, NULL, 11, 6, '0.000000'),
(147, NULL, NULL, 18, NULL, 11, 9, '326.000000'),
(148, NULL, NULL, 18, NULL, 11, 10, '445.000000'),
(149, NULL, NULL, 18, NULL, 11, 11, '460.000000'),
(150, NULL, NULL, 18, NULL, 11, 12, '507.000000'),
(155, NULL, NULL, 18, NULL, 12, 4, '0.000000'),
(156, NULL, NULL, 18, NULL, 12, 3, '0.000000'),
(157, NULL, NULL, 18, NULL, 12, 8, '0.000000'),
(158, NULL, NULL, 18, NULL, 12, 1, '0.000000'),
(159, NULL, NULL, 18, NULL, 12, 7, '0.000000'),
(160, NULL, NULL, 18, NULL, 12, 2, '0.000000'),
(161, NULL, NULL, 18, NULL, 12, 5, '0.000000'),
(162, NULL, NULL, 18, NULL, 12, 6, '0.000000'),
(163, NULL, NULL, 18, NULL, 12, 9, '359.000000'),
(164, NULL, NULL, 18, NULL, 12, 10, '503.000000'),
(165, NULL, NULL, 18, NULL, 12, 11, '556.000000'),
(166, NULL, NULL, 18, NULL, 12, 12, '647.000000'),
(171, NULL, NULL, 18, NULL, 13, 4, '0.000000'),
(172, NULL, NULL, 18, NULL, 13, 3, '0.000000'),
(173, NULL, NULL, 18, NULL, 13, 8, '0.000000'),
(174, NULL, NULL, 18, NULL, 13, 1, '0.000000'),
(175, NULL, NULL, 18, NULL, 13, 7, '0.000000'),
(176, NULL, NULL, 18, NULL, 13, 2, '0.000000'),
(177, NULL, NULL, 18, NULL, 13, 5, '0.000000'),
(178, NULL, NULL, 18, NULL, 13, 6, '0.000000'),
(179, NULL, NULL, 18, NULL, 13, 9, '465.000000'),
(180, NULL, NULL, 18, NULL, 13, 10, '682.000000'),
(181, NULL, NULL, 18, NULL, 13, 11, '709.000000'),
(182, NULL, NULL, 18, NULL, 13, 12, '871.000000'),
(187, NULL, NULL, 18, NULL, 14, 4, '0.000000'),
(188, NULL, NULL, 18, NULL, 14, 3, '0.000000'),
(189, NULL, NULL, 18, NULL, 14, 8, '0.000000'),
(190, NULL, NULL, 18, NULL, 14, 1, '0.000000'),
(191, NULL, NULL, 18, NULL, 14, 7, '0.000000'),
(192, NULL, NULL, 18, NULL, 14, 2, '0.000000'),
(193, NULL, NULL, 18, NULL, 14, 5, '0.000000'),
(194, NULL, NULL, 18, NULL, 14, 6, '0.000000'),
(195, NULL, NULL, 18, NULL, 14, 9, '481.000000'),
(196, NULL, NULL, 18, NULL, 14, 10, '809.000000'),
(197, NULL, NULL, 18, NULL, 14, 11, '901.000000'),
(198, NULL, NULL, 18, NULL, 14, 12, '1110.000000'),
(203, NULL, NULL, 18, NULL, 15, 4, '0.000000'),
(204, NULL, NULL, 18, NULL, 15, 3, '0.000000'),
(205, NULL, NULL, 18, NULL, 15, 8, '0.000000'),
(206, NULL, NULL, 18, NULL, 15, 1, '0.000000'),
(207, NULL, NULL, 18, NULL, 15, 7, '0.000000'),
(208, NULL, NULL, 18, NULL, 15, 2, '0.000000'),
(209, NULL, NULL, 18, NULL, 15, 5, '0.000000'),
(210, NULL, NULL, 18, NULL, 15, 6, '0.000000'),
(211, NULL, NULL, 18, NULL, 15, 9, '511.000000'),
(212, NULL, NULL, 18, NULL, 15, 10, '961.000000'),
(213, NULL, NULL, 18, NULL, 15, 11, '1080.000000'),
(214, NULL, NULL, 18, NULL, 15, 12, '1340.000000'),
(219, NULL, NULL, 19, NULL, 16, 9, '271.000000'),
(220, NULL, NULL, 19, NULL, 16, 10, '295.500000'),
(221, NULL, NULL, 19, NULL, 16, 11, '296.000000'),
(222, NULL, NULL, 19, NULL, 16, 12, '298.000000'),
(227, NULL, NULL, 19, NULL, 17, 9, '319.000000'),
(228, NULL, NULL, 19, NULL, 17, 10, '345.000000'),
(229, NULL, NULL, 19, NULL, 17, 11, '346.000000'),
(230, NULL, NULL, 19, NULL, 17, 12, '349.000000'),
(235, NULL, NULL, 19, NULL, 18, 9, '321.000000'),
(236, NULL, NULL, 19, NULL, 18, 10, '355.000000'),
(237, NULL, NULL, 19, NULL, 18, 11, '358.000000'),
(238, NULL, NULL, 19, NULL, 18, 12, '378.000000'),
(243, NULL, NULL, 19, NULL, 19, 9, '323.000000'),
(244, NULL, NULL, 19, NULL, 19, 10, '375.000000'),
(245, NULL, NULL, 19, NULL, 19, 11, '390.000000'),
(246, NULL, NULL, 19, NULL, 19, 12, '416.000000'),
(251, NULL, NULL, 19, NULL, 20, 9, '326.000000'),
(252, NULL, NULL, 19, NULL, 20, 10, '445.000000'),
(253, NULL, NULL, 19, NULL, 20, 11, '460.000000'),
(254, NULL, NULL, 19, NULL, 20, 12, '507.000000'),
(259, NULL, NULL, 19, NULL, 21, 9, '359.000000'),
(260, NULL, NULL, 19, NULL, 21, 10, '503.000000'),
(261, NULL, NULL, 19, NULL, 21, 11, '556.000000'),
(262, NULL, NULL, 19, NULL, 21, 12, '647.000000'),
(267, NULL, NULL, 19, NULL, 22, 9, '465.000000'),
(268, NULL, NULL, 19, NULL, 22, 10, '682.000000'),
(269, NULL, NULL, 19, NULL, 22, 11, '709.000000'),
(270, NULL, NULL, 19, NULL, 22, 12, '871.000000'),
(275, NULL, NULL, 19, NULL, 23, 9, '481.000000'),
(276, NULL, NULL, 19, NULL, 23, 10, '809.000000'),
(277, NULL, NULL, 19, NULL, 23, 11, '901.000000'),
(278, NULL, NULL, 19, NULL, 23, 12, '1110.000000'),
(283, NULL, NULL, 19, NULL, 24, 9, '511.000000'),
(284, NULL, NULL, 19, NULL, 24, 10, '961.000000'),
(285, NULL, NULL, 19, NULL, 24, 11, '1080.000000'),
(286, NULL, NULL, 19, NULL, 24, 12, '1340.000000'),
(292, NULL, NULL, 20, NULL, 25, 6, '0.000000'),
(293, NULL, NULL, 20, NULL, 25, 9, '271.000000'),
(294, NULL, NULL, 20, NULL, 25, 10, '295.500000'),
(295, NULL, NULL, 20, NULL, 25, 11, '296.000000'),
(296, NULL, NULL, 20, NULL, 25, 12, '298.000000'),
(302, NULL, NULL, 20, NULL, 26, 6, '0.000000'),
(303, NULL, NULL, 20, NULL, 26, 9, '319.000000'),
(304, NULL, NULL, 20, NULL, 26, 10, '345.000000'),
(305, NULL, NULL, 20, NULL, 26, 11, '346.000000'),
(306, NULL, NULL, 20, NULL, 26, 12, '349.000000'),
(312, NULL, NULL, 20, NULL, 27, 6, '0.000000'),
(313, NULL, NULL, 20, NULL, 27, 9, '321.000000'),
(314, NULL, NULL, 20, NULL, 27, 10, '355.000000'),
(315, NULL, NULL, 20, NULL, 27, 11, '358.000000'),
(316, NULL, NULL, 20, NULL, 27, 12, '378.000000'),
(322, NULL, NULL, 20, NULL, 28, 6, '0.000000'),
(323, NULL, NULL, 20, NULL, 28, 9, '323.000000'),
(324, NULL, NULL, 20, NULL, 28, 10, '375.000000'),
(325, NULL, NULL, 20, NULL, 28, 11, '390.000000'),
(326, NULL, NULL, 20, NULL, 28, 12, '416.000000'),
(332, NULL, NULL, 20, NULL, 29, 6, '0.000000'),
(333, NULL, NULL, 20, NULL, 29, 9, '326.000000'),
(334, NULL, NULL, 20, NULL, 29, 10, '445.000000'),
(335, NULL, NULL, 20, NULL, 29, 11, '460.000000'),
(336, NULL, NULL, 20, NULL, 29, 12, '507.000000'),
(342, NULL, NULL, 20, NULL, 30, 6, '0.000000'),
(343, NULL, NULL, 20, NULL, 30, 9, '359.000000'),
(344, NULL, NULL, 20, NULL, 30, 10, '503.000000'),
(345, NULL, NULL, 20, NULL, 30, 11, '556.000000'),
(346, NULL, NULL, 20, NULL, 30, 12, '647.000000'),
(352, NULL, NULL, 20, NULL, 31, 6, '0.000000'),
(353, NULL, NULL, 20, NULL, 31, 9, '465.000000'),
(354, NULL, NULL, 20, NULL, 31, 10, '682.000000'),
(355, NULL, NULL, 20, NULL, 31, 11, '709.000000'),
(356, NULL, NULL, 20, NULL, 31, 12, '871.000000'),
(362, NULL, NULL, 20, NULL, 32, 6, '0.000000'),
(363, NULL, NULL, 20, NULL, 32, 9, '481.000000'),
(364, NULL, NULL, 20, NULL, 32, 10, '809.000000'),
(365, NULL, NULL, 20, NULL, 32, 11, '901.000000'),
(366, NULL, NULL, 20, NULL, 32, 12, '1110.000000'),
(372, NULL, NULL, 20, NULL, 33, 6, '0.000000'),
(373, NULL, NULL, 20, NULL, 33, 9, '511.000000'),
(374, NULL, NULL, 20, NULL, 33, 10, '961.000000'),
(375, NULL, NULL, 20, NULL, 33, 11, '1080.000000'),
(376, NULL, NULL, 20, NULL, 33, 12, '1340.000000'),
(377, NULL, NULL, 21, NULL, 34, 6, '0.000000'),
(383, NULL, NULL, 22, NULL, 35, 6, '0.000000'),
(384, NULL, NULL, 22, NULL, 35, 9, '271.000000'),
(385, NULL, NULL, 22, NULL, 35, 10, '295.500000'),
(386, NULL, NULL, 22, NULL, 35, 11, '296.000000'),
(387, NULL, NULL, 22, NULL, 35, 12, '298.000000'),
(393, NULL, NULL, 22, NULL, 36, 6, '0.000000'),
(394, NULL, NULL, 22, NULL, 36, 9, '319.000000'),
(395, NULL, NULL, 22, NULL, 36, 10, '345.000000'),
(396, NULL, NULL, 22, NULL, 36, 11, '346.000000'),
(397, NULL, NULL, 22, NULL, 36, 12, '349.000000'),
(403, NULL, NULL, 22, NULL, 37, 6, '0.000000'),
(404, NULL, NULL, 22, NULL, 37, 9, '321.000000'),
(405, NULL, NULL, 22, NULL, 37, 10, '355.000000'),
(406, NULL, NULL, 22, NULL, 37, 11, '358.000000'),
(407, NULL, NULL, 22, NULL, 37, 12, '378.000000'),
(413, NULL, NULL, 22, NULL, 38, 6, '0.000000'),
(414, NULL, NULL, 22, NULL, 38, 9, '323.000000'),
(415, NULL, NULL, 22, NULL, 38, 10, '375.000000'),
(416, NULL, NULL, 22, NULL, 38, 11, '390.000000'),
(417, NULL, NULL, 22, NULL, 38, 12, '416.000000'),
(423, NULL, NULL, 22, NULL, 39, 6, '0.000000'),
(424, NULL, NULL, 22, NULL, 39, 9, '326.000000'),
(425, NULL, NULL, 22, NULL, 39, 10, '445.000000'),
(426, NULL, NULL, 22, NULL, 39, 11, '460.000000'),
(427, NULL, NULL, 22, NULL, 39, 12, '507.000000'),
(433, NULL, NULL, 22, NULL, 40, 6, '0.000000'),
(434, NULL, NULL, 22, NULL, 40, 9, '359.000000'),
(435, NULL, NULL, 22, NULL, 40, 10, '503.000000'),
(436, NULL, NULL, 22, NULL, 40, 11, '556.000000'),
(437, NULL, NULL, 22, NULL, 40, 12, '647.000000'),
(443, NULL, NULL, 22, NULL, 41, 6, '0.000000'),
(444, NULL, NULL, 22, NULL, 41, 9, '465.000000'),
(445, NULL, NULL, 22, NULL, 41, 10, '682.000000'),
(446, NULL, NULL, 22, NULL, 41, 11, '709.000000'),
(447, NULL, NULL, 22, NULL, 41, 12, '871.000000'),
(453, NULL, NULL, 22, NULL, 42, 6, '0.000000'),
(454, NULL, NULL, 22, NULL, 42, 9, '481.000000'),
(455, NULL, NULL, 22, NULL, 42, 10, '809.000000'),
(456, NULL, NULL, 22, NULL, 42, 11, '901.000000'),
(457, NULL, NULL, 22, NULL, 42, 12, '1110.000000'),
(463, NULL, NULL, 22, NULL, 43, 6, '0.000000'),
(464, NULL, NULL, 22, NULL, 43, 9, '511.000000'),
(465, NULL, NULL, 22, NULL, 43, 10, '961.000000'),
(466, NULL, NULL, 22, NULL, 43, 11, '1080.000000'),
(467, NULL, NULL, 22, NULL, 43, 12, '1340.000000'),
(473, NULL, NULL, 23, NULL, 44, 6, '0.000000'),
(474, NULL, NULL, 23, NULL, 44, 9, '271.000000'),
(475, NULL, NULL, 23, NULL, 44, 10, '295.500000'),
(476, NULL, NULL, 23, NULL, 44, 11, '296.000000'),
(477, NULL, NULL, 23, NULL, 44, 12, '298.000000'),
(483, NULL, NULL, 23, NULL, 45, 6, '0.000000'),
(484, NULL, NULL, 23, NULL, 45, 9, '319.000000'),
(485, NULL, NULL, 23, NULL, 45, 10, '345.000000'),
(486, NULL, NULL, 23, NULL, 45, 11, '346.000000'),
(487, NULL, NULL, 23, NULL, 45, 12, '349.000000'),
(493, NULL, NULL, 23, NULL, 46, 6, '0.000000'),
(494, NULL, NULL, 23, NULL, 46, 9, '321.000000'),
(495, NULL, NULL, 23, NULL, 46, 10, '355.000000'),
(496, NULL, NULL, 23, NULL, 46, 11, '358.000000'),
(497, NULL, NULL, 23, NULL, 46, 12, '378.000000'),
(503, NULL, NULL, 23, NULL, 47, 6, '0.000000'),
(504, NULL, NULL, 23, NULL, 47, 9, '323.000000'),
(505, NULL, NULL, 23, NULL, 47, 10, '375.000000'),
(506, NULL, NULL, 23, NULL, 47, 11, '390.000000'),
(507, NULL, NULL, 23, NULL, 47, 12, '416.000000'),
(513, NULL, NULL, 23, NULL, 48, 6, '0.000000'),
(514, NULL, NULL, 23, NULL, 48, 9, '326.000000'),
(515, NULL, NULL, 23, NULL, 48, 10, '445.000000'),
(516, NULL, NULL, 23, NULL, 48, 11, '460.000000'),
(517, NULL, NULL, 23, NULL, 48, 12, '507.000000'),
(523, NULL, NULL, 23, NULL, 49, 6, '0.000000'),
(524, NULL, NULL, 23, NULL, 49, 9, '359.000000'),
(525, NULL, NULL, 23, NULL, 49, 10, '503.000000'),
(526, NULL, NULL, 23, NULL, 49, 11, '556.000000'),
(527, NULL, NULL, 23, NULL, 49, 12, '647.000000'),
(533, NULL, NULL, 23, NULL, 50, 6, '0.000000'),
(534, NULL, NULL, 23, NULL, 50, 9, '465.000000'),
(535, NULL, NULL, 23, NULL, 50, 10, '682.000000'),
(536, NULL, NULL, 23, NULL, 50, 11, '709.000000'),
(537, NULL, NULL, 23, NULL, 50, 12, '871.000000'),
(543, NULL, NULL, 23, NULL, 51, 6, '0.000000'),
(544, NULL, NULL, 23, NULL, 51, 9, '481.000000'),
(545, NULL, NULL, 23, NULL, 51, 10, '809.000000'),
(546, NULL, NULL, 23, NULL, 51, 11, '901.000000'),
(547, NULL, NULL, 23, NULL, 51, 12, '1110.000000'),
(553, NULL, NULL, 23, NULL, 52, 6, '0.000000'),
(554, NULL, NULL, 23, NULL, 52, 9, '511.000000'),
(555, NULL, NULL, 23, NULL, 52, 10, '961.000000'),
(556, NULL, NULL, 23, NULL, 52, 11, '1080.000000'),
(557, NULL, NULL, 23, NULL, 52, 12, '1340.000000'),
(559, NULL, NULL, 24, NULL, 53, 6, '0.000000'),
(565, NULL, NULL, 25, NULL, 54, 6, '0.000000'),
(566, NULL, NULL, 25, NULL, 54, 9, '271.000000'),
(567, NULL, NULL, 25, NULL, 54, 10, '295.500000'),
(568, NULL, NULL, 25, NULL, 54, 11, '296.000000'),
(569, NULL, NULL, 25, NULL, 54, 12, '298.000000'),
(575, NULL, NULL, 25, NULL, 55, 6, '0.000000'),
(576, NULL, NULL, 25, NULL, 55, 9, '319.000000'),
(577, NULL, NULL, 25, NULL, 55, 10, '345.000000'),
(578, NULL, NULL, 25, NULL, 55, 11, '346.000000'),
(579, NULL, NULL, 25, NULL, 55, 12, '349.000000'),
(585, NULL, NULL, 25, NULL, 56, 6, '0.000000'),
(586, NULL, NULL, 25, NULL, 56, 9, '321.000000'),
(587, NULL, NULL, 25, NULL, 56, 10, '355.000000'),
(588, NULL, NULL, 25, NULL, 56, 11, '358.000000'),
(589, NULL, NULL, 25, NULL, 56, 12, '378.000000'),
(595, NULL, NULL, 25, NULL, 57, 6, '0.000000'),
(596, NULL, NULL, 25, NULL, 57, 9, '323.000000'),
(597, NULL, NULL, 25, NULL, 57, 10, '375.000000'),
(598, NULL, NULL, 25, NULL, 57, 11, '390.000000'),
(599, NULL, NULL, 25, NULL, 57, 12, '416.000000'),
(605, NULL, NULL, 25, NULL, 58, 6, '0.000000'),
(606, NULL, NULL, 25, NULL, 58, 9, '326.000000'),
(607, NULL, NULL, 25, NULL, 58, 10, '445.000000'),
(608, NULL, NULL, 25, NULL, 58, 11, '460.000000'),
(609, NULL, NULL, 25, NULL, 58, 12, '507.000000'),
(615, NULL, NULL, 25, NULL, 59, 6, '0.000000'),
(616, NULL, NULL, 25, NULL, 59, 9, '359.000000'),
(617, NULL, NULL, 25, NULL, 59, 10, '503.000000'),
(618, NULL, NULL, 25, NULL, 59, 11, '556.000000'),
(619, NULL, NULL, 25, NULL, 59, 12, '647.000000'),
(625, NULL, NULL, 25, NULL, 60, 6, '0.000000'),
(626, NULL, NULL, 25, NULL, 60, 9, '465.000000'),
(627, NULL, NULL, 25, NULL, 60, 10, '682.000000'),
(628, NULL, NULL, 25, NULL, 60, 11, '709.000000'),
(629, NULL, NULL, 25, NULL, 60, 12, '871.000000'),
(635, NULL, NULL, 25, NULL, 61, 6, '0.000000'),
(636, NULL, NULL, 25, NULL, 61, 9, '481.000000'),
(637, NULL, NULL, 25, NULL, 61, 10, '809.000000'),
(638, NULL, NULL, 25, NULL, 61, 11, '901.000000'),
(639, NULL, NULL, 25, NULL, 61, 12, '1110.000000'),
(645, NULL, NULL, 25, NULL, 62, 6, '0.000000'),
(646, NULL, NULL, 25, NULL, 62, 9, '511.000000'),
(647, NULL, NULL, 25, NULL, 62, 10, '961.000000'),
(648, NULL, NULL, 25, NULL, 62, 11, '1080.000000'),
(649, NULL, NULL, 25, NULL, 62, 12, '1340.000000'),
(654, NULL, NULL, 33, NULL, 63, 9, '271.000000'),
(655, NULL, NULL, 33, NULL, 63, 10, '295.500000'),
(656, NULL, NULL, 33, NULL, 63, 11, '296.000000'),
(657, NULL, NULL, 33, NULL, 63, 12, '298.000000'),
(662, NULL, NULL, 33, NULL, 64, 9, '319.000000'),
(663, NULL, NULL, 33, NULL, 64, 10, '345.000000'),
(664, NULL, NULL, 33, NULL, 64, 11, '346.000000'),
(665, NULL, NULL, 33, NULL, 64, 12, '349.000000'),
(670, NULL, NULL, 33, NULL, 65, 9, '321.000000'),
(671, NULL, NULL, 33, NULL, 65, 10, '355.000000'),
(672, NULL, NULL, 33, NULL, 65, 11, '358.000000'),
(673, NULL, NULL, 33, NULL, 65, 12, '378.000000'),
(678, NULL, NULL, 33, NULL, 66, 9, '323.000000'),
(679, NULL, NULL, 33, NULL, 66, 10, '375.000000'),
(680, NULL, NULL, 33, NULL, 66, 11, '390.000000'),
(681, NULL, NULL, 33, NULL, 66, 12, '416.000000'),
(686, NULL, NULL, 33, NULL, 67, 9, '326.000000'),
(687, NULL, NULL, 33, NULL, 67, 10, '445.000000'),
(688, NULL, NULL, 33, NULL, 67, 11, '460.000000'),
(689, NULL, NULL, 33, NULL, 67, 12, '507.000000'),
(694, NULL, NULL, 33, NULL, 68, 9, '359.000000'),
(695, NULL, NULL, 33, NULL, 68, 10, '503.000000'),
(696, NULL, NULL, 33, NULL, 68, 11, '556.000000'),
(697, NULL, NULL, 33, NULL, 68, 12, '647.000000'),
(702, NULL, NULL, 33, NULL, 69, 9, '465.000000'),
(703, NULL, NULL, 33, NULL, 69, 10, '682.000000'),
(704, NULL, NULL, 33, NULL, 69, 11, '709.000000'),
(705, NULL, NULL, 33, NULL, 69, 12, '871.000000'),
(710, NULL, NULL, 33, NULL, 70, 9, '481.000000'),
(711, NULL, NULL, 33, NULL, 70, 10, '809.000000'),
(712, NULL, NULL, 33, NULL, 70, 11, '901.000000'),
(713, NULL, NULL, 33, NULL, 70, 12, '1110.000000'),
(718, NULL, NULL, 33, NULL, 71, 9, '511.000000'),
(719, NULL, NULL, 33, NULL, 71, 10, '961.000000'),
(720, NULL, NULL, 33, NULL, 71, 11, '1080.000000'),
(721, NULL, NULL, 33, NULL, 71, 12, '1340.000000'),
(726, NULL, NULL, 38, NULL, 72, 9, '224.000000'),
(727, NULL, NULL, 38, NULL, 72, 10, '244.500000'),
(728, NULL, NULL, 38, NULL, 72, 11, '245.000000'),
(729, NULL, NULL, 38, NULL, 72, 12, '246.000000'),
(734, NULL, NULL, 38, NULL, 73, 9, '263.500000'),
(735, NULL, NULL, 38, NULL, 73, 10, '285.000000'),
(736, NULL, NULL, 38, NULL, 73, 11, '286.000000'),
(737, NULL, NULL, 38, NULL, 73, 12, '289.000000'),
(742, NULL, NULL, 38, NULL, 74, 9, '265.000000'),
(743, NULL, NULL, 38, NULL, 74, 10, '293.500000'),
(744, NULL, NULL, 38, NULL, 74, 11, '296.000000'),
(745, NULL, NULL, 38, NULL, 74, 12, '312.500000'),
(750, NULL, NULL, 38, NULL, 75, 9, '266.500000'),
(751, NULL, NULL, 38, NULL, 75, 10, '310.000000'),
(752, NULL, NULL, 38, NULL, 75, 11, '322.000000'),
(753, NULL, NULL, 38, NULL, 75, 12, '343.500000'),
(758, NULL, NULL, 38, NULL, 76, 9, '270.000000'),
(759, NULL, NULL, 38, NULL, 76, 10, '367.500000'),
(760, NULL, NULL, 38, NULL, 76, 11, '380.000000'),
(761, NULL, NULL, 38, NULL, 76, 12, '418.500000'),
(766, NULL, NULL, 38, NULL, 77, 9, '297.000000'),
(767, NULL, NULL, 38, NULL, 77, 10, '416.000000'),
(768, NULL, NULL, 38, NULL, 77, 11, '459.000000'),
(769, NULL, NULL, 38, NULL, 77, 12, '535.000000'),
(774, NULL, NULL, 38, NULL, 78, 9, '384.000000'),
(775, NULL, NULL, 38, NULL, 78, 10, '563.000000'),
(776, NULL, NULL, 38, NULL, 78, 11, '585.500000'),
(777, NULL, NULL, 38, NULL, 78, 12, '720.000000'),
(782, NULL, NULL, 38, NULL, 79, 9, '397.500000'),
(783, NULL, NULL, 38, NULL, 79, 10, '668.500000'),
(784, NULL, NULL, 38, NULL, 79, 11, '744.000000'),
(785, NULL, NULL, 38, NULL, 79, 12, '916.500000'),
(790, NULL, NULL, 38, NULL, 80, 9, '422.000000'),
(791, NULL, NULL, 38, NULL, 80, 10, '794.500000'),
(792, NULL, NULL, 38, NULL, 80, 11, '890.000000'),
(793, NULL, NULL, 38, NULL, 80, 12, '1108.000000'),
(798, NULL, NULL, 39, NULL, 81, 9, '224.000000'),
(799, NULL, NULL, 39, NULL, 81, 10, '244.500000'),
(800, NULL, NULL, 39, NULL, 81, 11, '245.000000'),
(801, NULL, NULL, 39, NULL, 81, 12, '246.000000'),
(806, NULL, NULL, 39, NULL, 82, 9, '263.500000'),
(807, NULL, NULL, 39, NULL, 82, 10, '285.000000'),
(808, NULL, NULL, 39, NULL, 82, 11, '286.000000'),
(809, NULL, NULL, 39, NULL, 82, 12, '289.000000'),
(814, NULL, NULL, 39, NULL, 83, 9, '265.000000'),
(815, NULL, NULL, 39, NULL, 83, 10, '293.500000'),
(816, NULL, NULL, 39, NULL, 83, 11, '296.000000'),
(817, NULL, NULL, 39, NULL, 83, 12, '312.500000'),
(822, NULL, NULL, 39, NULL, 84, 9, '266.500000'),
(823, NULL, NULL, 39, NULL, 84, 10, '310.000000'),
(824, NULL, NULL, 39, NULL, 84, 11, '322.000000'),
(825, NULL, NULL, 39, NULL, 84, 12, '343.500000'),
(830, NULL, NULL, 39, NULL, 85, 9, '270.000000'),
(831, NULL, NULL, 39, NULL, 85, 10, '367.500000'),
(832, NULL, NULL, 39, NULL, 85, 11, '380.000000'),
(833, NULL, NULL, 39, NULL, 85, 12, '418.500000'),
(838, NULL, NULL, 39, NULL, 86, 9, '297.000000'),
(839, NULL, NULL, 39, NULL, 86, 10, '416.000000'),
(840, NULL, NULL, 39, NULL, 86, 11, '459.000000'),
(841, NULL, NULL, 39, NULL, 86, 12, '535.000000'),
(846, NULL, NULL, 39, NULL, 87, 9, '384.000000'),
(847, NULL, NULL, 39, NULL, 87, 10, '563.000000'),
(848, NULL, NULL, 39, NULL, 87, 11, '585.500000'),
(849, NULL, NULL, 39, NULL, 87, 12, '720.000000'),
(854, NULL, NULL, 39, NULL, 88, 9, '397.500000'),
(855, NULL, NULL, 39, NULL, 88, 10, '668.500000'),
(856, NULL, NULL, 39, NULL, 88, 11, '744.000000'),
(857, NULL, NULL, 39, NULL, 88, 12, '916.500000'),
(862, NULL, NULL, 39, NULL, 89, 9, '422.000000'),
(863, NULL, NULL, 39, NULL, 89, 10, '794.500000'),
(864, NULL, NULL, 39, NULL, 89, 11, '890.000000'),
(865, NULL, NULL, 39, NULL, 89, 12, '1108.000000');

-- --------------------------------------------------------

--
-- Estructura de tabla para la tabla `ps_emailsubscription`
--

CREATE TABLE `ps_emailsubscription` (
  `id` int(6) NOT NULL,
  `id_shop` int(10) UNSIGNED NOT NULL DEFAULT 1,
  `id_shop_group` int(10) UNSIGNED NOT NULL DEFAULT 1,
  `email` varchar(255) NOT NULL,
  `newsletter_date_add` datetime DEFAULT NULL,
  `ip_registration_newsletter` varchar(15) NOT NULL,
  `http_referer` varchar(255) DEFAULT NULL,
  `active` tinyint(1) NOT NULL DEFAULT 0,
  `id_lang` int(10) UNSIGNED NOT NULL DEFAULT 0
) ENGINE=InnoDB DEFAULT CHARSET=utf8;

-- --------------------------------------------------------

--
-- Estructura de tabla para la tabla `ps_employee`
--

CREATE TABLE `ps_employee` (
  `id_employee` int(10) UNSIGNED NOT NULL,
  `id_profile` int(10) UNSIGNED NOT NULL,
  `id_lang` int(10) UNSIGNED NOT NULL DEFAULT 0,
  `lastname` varchar(255) NOT NULL,
  `firstname` varchar(255) NOT NULL,
  `email` varchar(255) NOT NULL,
  `passwd` varchar(255) NOT NULL,
  `last_passwd_gen` timestamp NOT NULL DEFAULT current_timestamp(),
  `stats_date_from` date DEFAULT NULL,
  `stats_date_to` date DEFAULT NULL,
  `stats_compare_from` date DEFAULT NULL,
  `stats_compare_to` date DEFAULT NULL,
  `stats_compare_option` int(1) UNSIGNED NOT NULL DEFAULT 1,
  `preselect_date_range` varchar(32) DEFAULT NULL,
  `bo_color` varchar(32) DEFAULT NULL,
  `bo_theme` varchar(32) DEFAULT NULL,
  `bo_css` varchar(64) DEFAULT NULL,
  `default_tab` int(10) UNSIGNED NOT NULL DEFAULT 0,
  `bo_width` int(10) UNSIGNED NOT NULL DEFAULT 0,
  `bo_menu` tinyint(1) NOT NULL DEFAULT 1,
  `active` tinyint(1) UNSIGNED NOT NULL DEFAULT 0,
  `optin` tinyint(1) UNSIGNED NOT NULL DEFAULT 1,
  `id_last_order` int(10) UNSIGNED NOT NULL DEFAULT 0,
  `id_last_customer_message` int(10) UNSIGNED NOT NULL DEFAULT 0,
  `id_last_customer` int(10) UNSIGNED NOT NULL DEFAULT 0,
  `last_connection_date` date DEFAULT NULL,
  `reset_password_token` varchar(40) DEFAULT NULL,
  `reset_password_validity` datetime DEFAULT NULL
) ENGINE=InnoDB DEFAULT CHARSET=utf8;

--
-- Volcado de datos para la tabla `ps_employee`
--

INSERT INTO `ps_employee` (`id_employee`, `id_profile`, `id_lang`, `lastname`, `firstname`, `email`, `passwd`, `last_passwd_gen`, `stats_date_from`, `stats_date_to`, `stats_compare_from`, `stats_compare_to`, `stats_compare_option`, `preselect_date_range`, `bo_color`, `bo_theme`, `bo_css`, `default_tab`, `bo_width`, `bo_menu`, `active`, `optin`, `id_last_order`, `id_last_customer_message`, `id_last_customer`, `last_connection_date`, `reset_password_token`, `reset_password_validity`) VALUES
(1, 1, 1, 'Tolcha', 'Damian', 'dtolcha@skyson.com.ar', '$2y$10$4yWoXwKZ47hHlTZQM/eMoOl80iyClRF5a2cb6esZU39E/rfSHQlrK', '2020-11-12 16:58:40', '2020-05-21', '2020-05-21', '0000-00-00', '0000-00-00', 1, '', '', 'default', 'theme.css', 1, 0, 1, 1, 1, 91, 6, 32, '2022-08-02', '', '0000-00-00 00:00:00'),
(2, 2, 1, 'Brera', 'Marketing', 'marketing@opticabrera.com.ar', '$2y$10$8qcDzcI4T4Ljb0msL8oDIeg29rpuiIGzJZNqELcYdN14v53Z/yEFG', '2019-11-04 18:24:56', '2021-01-01', '2021-05-31', '0000-00-00', '0000-00-00', 1, 'day', '', 'default', 'theme.css', 1, 0, 1, 0, 1, 115, 33, 202, '2022-08-02', '', '0000-00-00 00:00:00'),
(3, 2, 1, 'Vitolen', 'Marketing', 'vitolensa@gmail.com', '$2y$10$ZDmTJMSodP55/CNti/uMauPRqgxDh1B0TQIRuf.t8Ij4Qgb06qSLO', '2020-06-16 15:01:43', '2020-01-01', '2020-11-16', '0000-00-00', '0000-00-00', 1, 'year', '', 'default', 'theme.css', 1, 0, 1, 0, 1, 62, 15, 90, '2021-03-12', '', '0000-00-00 00:00:00'),
(4, 1, 1, 'Lopez', 'Pablo', 'lopezpablodaniel@gmail.com', '$2y$10$Z5LfYcU2IiUJhl2Xlj3pC.HDrvXy/KB6dcLajOybJkctM343R8DyO', '2020-11-19 06:29:56', '2020-10-19', '2020-11-19', '0000-00-00', '0000-00-00', 1, NULL, NULL, NULL, 'theme.css', 1, 0, 1, 1, 0, 46, 9, 50, '2022-08-10', NULL, '0000-00-00 00:00:00');

-- --------------------------------------------------------

--
-- Estructura de tabla para la tabla `ps_employee_shop`
--

CREATE TABLE `ps_employee_shop` (
  `id_employee` int(11) UNSIGNED NOT NULL,
  `id_shop` int(11) UNSIGNED NOT NULL
) ENGINE=InnoDB DEFAULT CHARSET=utf8;

--
-- Volcado de datos para la tabla `ps_employee_shop`
--

INSERT INTO `ps_employee_shop` (`id_employee`, `id_shop`) VALUES
(1, 1),
(2, 1),
(3, 1),
(4, 1);

-- --------------------------------------------------------

--
-- Estructura de tabla para la tabla `ps_feature`
--

CREATE TABLE `ps_feature` (
  `id_feature` int(10) UNSIGNED NOT NULL,
  `position` int(10) UNSIGNED NOT NULL DEFAULT 0
) ENGINE=InnoDB DEFAULT CHARSET=utf8;

--
-- Volcado de datos para la tabla `ps_feature`
--

INSERT INTO `ps_feature` (`id_feature`, `position`) VALUES
(1, 1),
(2, 3),
(3, 4),
(4, 5),
(5, 0),
(6, 6),
(7, 2),
(8, 7),
(9, 8),
(10, 9);

-- --------------------------------------------------------

--
-- Estructura de tabla para la tabla `ps_feature_lang`
--

CREATE TABLE `ps_feature_lang` (
  `id_feature` int(10) UNSIGNED NOT NULL,
  `id_lang` int(10) UNSIGNED NOT NULL,
  `name` varchar(128) DEFAULT NULL
) ENGINE=InnoDB DEFAULT CHARSET=utf8;

--
-- Volcado de datos para la tabla `ps_feature_lang`
--

INSERT INTO `ps_feature_lang` (`id_feature`, `id_lang`, `name`) VALUES
(7, 1, 'Característica'),
(2, 1, 'Color'),
(10, 1, 'Género'),
(4, 1, 'Marca'),
(1, 1, 'Material'),
(9, 1, 'Medidas'),
(8, 1, 'Modelo'),
(3, 1, 'Presentación'),
(6, 1, 'Proveedor'),
(5, 1, 'Tipo de Uso');

-- --------------------------------------------------------

--
-- Estructura de tabla para la tabla `ps_feature_product`
--

CREATE TABLE `ps_feature_product` (
  `id_feature` int(10) UNSIGNED NOT NULL,
  `id_product` int(10) UNSIGNED NOT NULL,
  `id_feature_value` int(10) UNSIGNED NOT NULL
) ENGINE=InnoDB DEFAULT CHARSET=utf8;

--
-- Volcado de datos para la tabla `ps_feature_product`
--

INSERT INTO `ps_feature_product` (`id_feature`, `id_product`, `id_feature_value`) VALUES
(1, 1, 25),
(1, 2, 25),
(1, 3, 25),
(1, 4, 25),
(1, 5, 31),
(1, 6, 31),
(1, 7, 31),
(1, 8, 31),
(1, 9, 31),
(1, 10, 31),
(1, 11, 31),
(1, 12, 31),
(1, 13, 31),
(1, 14, 31),
(1, 15, 31),
(1, 16, 31),
(1, 29, 96),
(1, 30, 98),
(1, 31, 44),
(1, 32, 48),
(1, 33, 48),
(1, 34, 48),
(1, 35, 44),
(1, 36, 44),
(1, 37, 57),
(1, 38, 57),
(1, 39, 61),
(1, 40, 44),
(1, 41, 44),
(1, 42, 48),
(1, 43, 48),
(1, 44, 57),
(1, 45, 44),
(1, 46, 48),
(1, 47, 48),
(1, 48, 48),
(1, 49, 57),
(1, 50, 57),
(1, 51, 44),
(1, 52, 75),
(1, 53, 75),
(1, 54, 44),
(1, 55, 75),
(1, 56, 75),
(1, 57, 75),
(1, 58, 75),
(1, 59, 61),
(1, 60, 61),
(1, 61, 44),
(1, 62, 44),
(1, 63, 106),
(1, 64, 61),
(1, 65, 61),
(1, 66, 61),
(1, 67, 44),
(1, 68, 75),
(1, 69, 75),
(1, 70, 75),
(1, 71, 75),
(1, 72, 75),
(1, 73, 75),
(1, 74, 75),
(1, 75, 75),
(1, 76, 75),
(1, 77, 75),
(1, 78, 75),
(1, 79, 75),
(1, 80, 44),
(1, 81, 44),
(1, 82, 44),
(1, 83, 44),
(1, 84, 44),
(1, 85, 44),
(1, 86, 44),
(1, 87, 44),
(1, 88, 75),
(1, 89, 75),
(1, 90, 44),
(1, 91, 44),
(1, 92, 75),
(1, 93, 75),
(1, 94, 75),
(1, 95, 75),
(1, 96, 75),
(1, 97, 75),
(1, 98, 75),
(1, 99, 75),
(1, 100, 75),
(1, 101, 75),
(1, 102, 75),
(1, 103, 75),
(1, 104, 75),
(1, 105, 75),
(1, 106, 75),
(1, 107, 44),
(1, 108, 44),
(1, 109, 44),
(1, 110, 44),
(1, 111, 44),
(1, 112, 44),
(1, 113, 44),
(1, 114, 44),
(1, 115, 44),
(1, 116, 44),
(1, 117, 75),
(1, 118, 75),
(1, 119, 75),
(1, 120, 44),
(1, 121, 75),
(1, 122, 44),
(1, 123, 44),
(1, 124, 44),
(1, 125, 75),
(1, 126, 75),
(1, 127, 44),
(1, 128, 44),
(1, 129, 44),
(1, 130, 44),
(1, 131, 44),
(1, 132, 44),
(1, 133, 75),
(1, 179, 44),
(1, 180, 44),
(1, 181, 44),
(1, 182, 44),
(1, 183, 75),
(1, 184, 75),
(1, 185, 75),
(1, 186, 75),
(1, 187, 75),
(1, 188, 75),
(1, 189, 75),
(1, 190, 75),
(1, 191, 75),
(1, 192, 75),
(1, 193, 75),
(1, 194, 75),
(1, 195, 75),
(1, 196, 75),
(1, 197, 75),
(1, 198, 75),
(1, 199, 44),
(1, 200, 44),
(1, 201, 44),
(1, 202, 44),
(1, 203, 44),
(1, 204, 75),
(1, 205, 75),
(1, 206, 75),
(1, 207, 75),
(1, 208, 75),
(1, 209, 75),
(1, 210, 75),
(1, 211, 75),
(1, 212, 75),
(1, 213, 75),
(1, 214, 75),
(1, 215, 75),
(1, 216, 75),
(1, 217, 75),
(1, 218, 44),
(1, 219, 44),
(1, 220, 44),
(1, 221, 44),
(1, 222, 44),
(1, 223, 75),
(1, 224, 75),
(1, 225, 75),
(1, 226, 75),
(1, 227, 75),
(2, 1, 2),
(2, 2, 4),
(2, 3, 5),
(2, 4, 6),
(2, 5, 2),
(2, 6, 8),
(2, 7, 5),
(2, 8, 4),
(2, 9, 6),
(2, 10, 9),
(2, 11, 10),
(2, 12, 11),
(2, 13, 12),
(2, 14, 13),
(2, 15, 14),
(2, 16, 15),
(2, 31, 100),
(2, 32, 101),
(2, 33, 101),
(2, 34, 101),
(2, 35, 100),
(2, 36, 101),
(2, 37, 101),
(2, 38, 101),
(2, 39, 102),
(2, 40, 103),
(2, 41, 100),
(2, 42, 101),
(2, 43, 101),
(2, 44, 101),
(2, 45, 100),
(2, 46, 101),
(2, 47, 101),
(2, 48, 102),
(2, 49, 101),
(2, 50, 101),
(2, 51, 101),
(2, 52, 104),
(2, 53, 101),
(2, 54, 8),
(2, 55, 101),
(2, 56, 101),
(2, 57, 105),
(2, 58, 105),
(2, 59, 5),
(2, 60, 101),
(2, 61, 101),
(2, 62, 101),
(2, 63, 101),
(2, 64, 8),
(2, 65, 101),
(2, 66, 101),
(2, 67, 8),
(2, 68, 104),
(2, 69, 102),
(2, 70, 101),
(2, 71, 110),
(2, 72, 101),
(2, 73, 112),
(2, 74, 101),
(2, 75, 102),
(2, 76, 104),
(2, 77, 4),
(2, 78, 9),
(2, 79, 101),
(2, 80, 101),
(2, 81, 8),
(2, 82, 8),
(2, 83, 8),
(2, 84, 101),
(2, 85, 101),
(2, 86, 2),
(2, 87, 2),
(2, 88, 112),
(2, 89, 112),
(2, 90, 115),
(2, 91, 8),
(2, 92, 2),
(2, 93, 101),
(2, 94, 101),
(2, 95, 8),
(2, 96, 8),
(2, 97, 101),
(2, 98, 118),
(2, 99, 101),
(2, 100, 110),
(2, 101, 118),
(2, 102, 8),
(2, 103, 101),
(2, 104, 110),
(2, 105, 118),
(2, 106, 118),
(2, 107, 8),
(2, 108, 2),
(2, 109, 118),
(2, 110, 8),
(2, 111, 2),
(2, 112, 103),
(2, 113, 103),
(2, 114, 103),
(2, 115, 103),
(2, 116, 103),
(2, 117, 8),
(2, 118, 112),
(2, 119, 8),
(2, 120, 103),
(2, 121, 101),
(2, 122, 8),
(2, 123, 104),
(2, 124, 110),
(2, 125, 5),
(2, 126, 110),
(2, 127, 104),
(2, 128, 101),
(2, 129, 2),
(2, 130, 2),
(2, 131, 110),
(2, 132, 120),
(2, 133, 112),
(2, 159, 142),
(2, 160, 143),
(2, 161, 144),
(2, 162, 102),
(2, 163, 144),
(2, 164, 142),
(2, 165, 102),
(2, 166, 143),
(2, 167, 5),
(2, 168, 144),
(2, 169, 142),
(2, 170, 143),
(2, 171, 142),
(2, 172, 144),
(2, 173, 143),
(2, 174, 101),
(2, 175, 102),
(2, 176, 142),
(2, 179, 100),
(2, 180, 100),
(2, 181, 100),
(2, 182, 103),
(2, 183, 146),
(2, 184, 147),
(2, 185, 148),
(2, 186, 149),
(2, 187, 146),
(2, 188, 150),
(2, 189, 101),
(2, 190, 147),
(2, 191, 151),
(2, 192, 149),
(2, 193, 152),
(2, 194, 101),
(2, 195, 146),
(2, 196, 150),
(2, 197, 147),
(2, 198, 149),
(2, 199, 100),
(2, 200, 2),
(2, 201, 100),
(2, 202, 100),
(2, 203, 103),
(2, 204, 2),
(2, 205, 5),
(2, 206, 101),
(2, 207, 2),
(2, 208, 101),
(2, 209, 2),
(2, 210, 112),
(2, 211, 101),
(2, 212, 2),
(2, 213, 101),
(2, 214, 153),
(2, 215, 5),
(2, 216, 112),
(2, 217, 101),
(2, 218, 100),
(2, 219, 110),
(2, 220, 100),
(2, 221, 100),
(2, 222, 103),
(2, 223, 153),
(2, 224, 5),
(2, 225, 112),
(2, 226, 101),
(2, 227, 101),
(3, 1, 3),
(3, 2, 3),
(3, 3, 3),
(3, 4, 3),
(3, 5, 3),
(3, 6, 3),
(3, 7, 3),
(3, 8, 3),
(3, 9, 3),
(3, 10, 3),
(3, 11, 3),
(3, 12, 3),
(3, 13, 3),
(3, 14, 3),
(3, 15, 3),
(3, 16, 3),
(3, 17, 34),
(3, 17, 121),
(3, 18, 36),
(3, 18, 122),
(3, 19, 38),
(3, 19, 123),
(3, 20, 39),
(3, 20, 124),
(3, 21, 38),
(3, 21, 123),
(3, 22, 41),
(3, 22, 125),
(3, 23, 20),
(3, 24, 23),
(3, 25, 23),
(3, 26, 20),
(3, 27, 20),
(3, 28, 23),
(3, 29, 23),
(3, 30, 20),
(3, 134, 20),
(3, 135, 20),
(3, 136, 20),
(3, 137, 23),
(3, 138, 23),
(3, 139, 23),
(3, 140, 135),
(3, 141, 123),
(3, 142, 138),
(3, 143, 121),
(3, 144, 135),
(3, 145, 123),
(3, 146, 138),
(3, 147, 121),
(3, 148, 139),
(3, 149, 123),
(3, 150, 139),
(3, 150, 140),
(3, 151, 140),
(3, 152, 139),
(3, 152, 140),
(3, 153, 135),
(3, 153, 141),
(3, 154, 141),
(3, 155, 23),
(3, 156, 23),
(3, 157, 23),
(3, 177, 23),
(3, 178, 23),
(3, 415, 23),
(4, 1, 29),
(4, 2, 29),
(4, 3, 29),
(4, 4, 29),
(4, 5, 32),
(4, 6, 32),
(4, 7, 32),
(4, 8, 32),
(4, 9, 32),
(4, 10, 32),
(4, 11, 32),
(4, 12, 32),
(4, 13, 32),
(4, 14, 32),
(4, 15, 32),
(4, 16, 32),
(4, 17, 35),
(4, 18, 37),
(4, 19, 37),
(4, 20, 37),
(4, 21, 37),
(4, 22, 37),
(4, 23, 22),
(4, 24, 22),
(4, 25, 22),
(4, 26, 22),
(4, 27, 22),
(4, 28, 22),
(4, 29, 29),
(4, 30, 99),
(4, 31, 45),
(4, 32, 45),
(4, 33, 45),
(4, 34, 45),
(4, 35, 45),
(4, 36, 45),
(4, 37, 45),
(4, 38, 45),
(4, 39, 45),
(4, 40, 45),
(4, 41, 63),
(4, 42, 63),
(4, 43, 63),
(4, 44, 63),
(4, 45, 63),
(4, 46, 63),
(4, 47, 63),
(4, 48, 63),
(4, 49, 63),
(4, 50, 63),
(4, 51, 74),
(4, 52, 76),
(4, 53, 76),
(4, 54, 77),
(4, 55, 77),
(4, 56, 78),
(4, 57, 78),
(4, 58, 74),
(4, 59, 81),
(4, 60, 84),
(4, 61, 86),
(4, 62, 86),
(4, 63, 84),
(4, 64, 84),
(4, 65, 86),
(4, 66, 81),
(4, 67, 81),
(4, 68, 108),
(4, 69, 108),
(4, 70, 108),
(4, 71, 108),
(4, 72, 108),
(4, 73, 108),
(4, 74, 108),
(4, 75, 108),
(4, 76, 108),
(4, 77, 108),
(4, 78, 108),
(4, 79, 108),
(4, 80, 114),
(4, 81, 114),
(4, 82, 114),
(4, 83, 114),
(4, 84, 114),
(4, 85, 114),
(4, 86, 114),
(4, 87, 114),
(4, 88, 114),
(4, 89, 114),
(4, 90, 114),
(4, 91, 114),
(4, 92, 117),
(4, 93, 117),
(4, 94, 117),
(4, 95, 117),
(4, 96, 117),
(4, 97, 117),
(4, 98, 117),
(4, 99, 117),
(4, 100, 117),
(4, 101, 117),
(4, 102, 117),
(4, 103, 117),
(4, 104, 117),
(4, 105, 117),
(4, 106, 117),
(4, 107, 117),
(4, 108, 117),
(4, 109, 117),
(4, 110, 117),
(4, 111, 117),
(4, 112, 119),
(4, 113, 119),
(4, 114, 119),
(4, 115, 119),
(4, 116, 119),
(4, 117, 119),
(4, 118, 119),
(4, 119, 119),
(4, 120, 119),
(4, 121, 119),
(4, 122, 119),
(4, 123, 119),
(4, 124, 119),
(4, 125, 119),
(4, 126, 119),
(4, 127, 119),
(4, 128, 119),
(4, 129, 119),
(4, 130, 119),
(4, 131, 119),
(4, 132, 119),
(4, 133, 119),
(4, 134, 22),
(4, 135, 22),
(4, 136, 22),
(4, 137, 22),
(4, 138, 22),
(4, 139, 22),
(4, 140, 136),
(4, 141, 136),
(4, 142, 136),
(4, 143, 136),
(4, 144, 136),
(4, 145, 136),
(4, 146, 136),
(4, 147, 136),
(4, 148, 136),
(4, 149, 136),
(4, 150, 136),
(4, 151, 136),
(4, 152, 136),
(4, 153, 136),
(4, 154, 136),
(4, 155, 22),
(4, 156, 22),
(4, 157, 22),
(4, 177, 22),
(4, 178, 22),
(4, 179, 45),
(4, 180, 45),
(4, 181, 45),
(4, 182, 45),
(4, 183, 45),
(4, 184, 45),
(4, 185, 45),
(4, 186, 45),
(4, 187, 45),
(4, 188, 45),
(4, 189, 45),
(4, 190, 45),
(4, 191, 45),
(4, 192, 45),
(4, 193, 45),
(4, 194, 45),
(4, 195, 45),
(4, 196, 45),
(4, 197, 45),
(4, 198, 45),
(4, 199, 45),
(4, 200, 45),
(4, 201, 45),
(4, 202, 45),
(4, 203, 45),
(4, 204, 45),
(4, 205, 45),
(4, 206, 45),
(4, 207, 45),
(4, 208, 45),
(4, 209, 45),
(4, 210, 45),
(4, 211, 45),
(4, 212, 45),
(4, 213, 45),
(4, 214, 63),
(4, 215, 63),
(4, 216, 63),
(4, 217, 63),
(4, 218, 63),
(4, 219, 63),
(4, 220, 63),
(4, 221, 63),
(4, 222, 63),
(4, 223, 63),
(4, 224, 63),
(4, 225, 63),
(4, 226, 63),
(4, 227, 63),
(4, 228, 63),
(4, 229, 63),
(4, 230, 63),
(4, 262, 45),
(4, 263, 45),
(4, 264, 45),
(4, 265, 45),
(4, 266, 45),
(4, 267, 45),
(4, 268, 45),
(4, 269, 45),
(4, 270, 45),
(4, 271, 45),
(4, 272, 45),
(4, 273, 45),
(4, 274, 45),
(4, 275, 45),
(4, 276, 45),
(4, 277, 45),
(4, 278, 45),
(4, 279, 45),
(4, 280, 45),
(4, 281, 45),
(4, 282, 45),
(4, 283, 45),
(4, 284, 45),
(4, 285, 45),
(4, 286, 45),
(4, 287, 45),
(4, 288, 45),
(4, 289, 45),
(4, 290, 45),
(4, 291, 45),
(4, 292, 45),
(4, 293, 45),
(4, 294, 45),
(4, 295, 45),
(4, 296, 45),
(4, 297, 45),
(4, 298, 45),
(4, 299, 45),
(4, 300, 45),
(4, 301, 45),
(4, 302, 45),
(4, 303, 45),
(4, 304, 45),
(4, 305, 45),
(4, 306, 45),
(4, 307, 45),
(4, 308, 45),
(4, 309, 45),
(4, 310, 45),
(4, 311, 45),
(4, 312, 45),
(4, 313, 45),
(4, 314, 45),
(4, 315, 45),
(4, 316, 45),
(4, 317, 45),
(4, 318, 45),
(4, 319, 45),
(4, 320, 45),
(4, 321, 45),
(4, 322, 45),
(4, 323, 45),
(4, 324, 45),
(4, 325, 45),
(4, 326, 45),
(4, 327, 45),
(4, 328, 45),
(4, 329, 45),
(4, 330, 45),
(4, 331, 45),
(4, 332, 63),
(4, 333, 63),
(4, 334, 63),
(4, 335, 63),
(4, 336, 63),
(4, 337, 63),
(4, 338, 63),
(4, 339, 63),
(4, 340, 63),
(4, 341, 63),
(4, 342, 63),
(4, 343, 63),
(4, 344, 63),
(4, 345, 63),
(4, 346, 63),
(4, 347, 63),
(4, 348, 63),
(4, 349, 63),
(4, 350, 63),
(4, 351, 63),
(4, 352, 63),
(4, 353, 63),
(4, 354, 63),
(4, 355, 63),
(4, 356, 63),
(4, 357, 63),
(4, 358, 63),
(4, 359, 63),
(4, 360, 63),
(4, 361, 63),
(4, 362, 63),
(4, 363, 63),
(4, 364, 63),
(4, 365, 63),
(4, 366, 63),
(4, 367, 63),
(4, 368, 63),
(4, 369, 63),
(4, 370, 63),
(4, 371, 63),
(4, 372, 63),
(4, 373, 63),
(4, 374, 63),
(4, 375, 63),
(4, 376, 63),
(4, 377, 63),
(4, 378, 63),
(4, 379, 63),
(4, 380, 63),
(4, 394, 63),
(4, 395, 63),
(4, 396, 63),
(4, 397, 63),
(4, 398, 63),
(4, 399, 63),
(4, 400, 84),
(4, 401, 84),
(4, 402, 84),
(4, 403, 84),
(4, 404, 84),
(4, 405, 84),
(4, 406, 84),
(4, 407, 84),
(4, 408, 84),
(4, 409, 84),
(4, 410, 84),
(4, 411, 84),
(4, 412, 84),
(4, 413, 84),
(4, 414, 84),
(4, 415, 22),
(4, 416, 154),
(4, 417, 154),
(4, 418, 154),
(4, 419, 154),
(4, 420, 154),
(4, 421, 154),
(4, 422, 154),
(4, 423, 154),
(4, 424, 154),
(4, 425, 154),
(4, 426, 154),
(4, 427, 154),
(4, 428, 154),
(4, 429, 154),
(4, 430, 154),
(4, 431, 154),
(4, 432, 154),
(4, 433, 154),
(4, 434, 154),
(4, 435, 154),
(4, 436, 154),
(4, 437, 63),
(4, 438, 63),
(4, 439, 155),
(4, 440, 155),
(4, 441, 155),
(4, 442, 155),
(4, 443, 63),
(4, 444, 63),
(4, 445, 63),
(4, 446, 63),
(4, 447, 63),
(4, 448, 63),
(4, 449, 63),
(4, 450, 63),
(4, 451, 63),
(4, 452, 63),
(4, 453, 63),
(4, 454, 63),
(4, 455, 63),
(4, 456, 63),
(4, 457, 63),
(4, 458, 63),
(4, 459, 63),
(4, 460, 63),
(4, 461, 63),
(4, 462, 63),
(4, 463, 63),
(4, 464, 63),
(4, 465, 63),
(4, 466, 63),
(4, 467, 63),
(4, 468, 63),
(4, 469, 63),
(4, 470, 63),
(4, 471, 63),
(4, 472, 63),
(4, 473, 63),
(4, 474, 63),
(4, 475, 63),
(4, 476, 63),
(4, 477, 63),
(4, 478, 63),
(4, 479, 63),
(4, 480, 63),
(4, 481, 63),
(4, 482, 63),
(4, 483, 63),
(4, 484, 63),
(4, 485, 63),
(4, 486, 63),
(4, 487, 63),
(4, 488, 63),
(4, 489, 63),
(4, 490, 63),
(4, 491, 63),
(4, 492, 63),
(4, 493, 155),
(5, 1, 94),
(5, 2, 94),
(5, 3, 94),
(5, 4, 94),
(5, 5, 94),
(5, 6, 94),
(5, 7, 94),
(5, 8, 94),
(5, 9, 94),
(5, 10, 94),
(5, 11, 94),
(5, 12, 94),
(5, 13, 94),
(5, 14, 94),
(5, 15, 94),
(5, 16, 94),
(5, 17, 33),
(5, 18, 33),
(5, 19, 33),
(5, 20, 33),
(5, 21, 33),
(5, 22, 40),
(5, 23, 19),
(5, 24, 19),
(5, 25, 19),
(5, 26, 24),
(5, 27, 19),
(5, 28, 24),
(5, 29, 97),
(5, 30, 97),
(5, 134, 19),
(5, 135, 24),
(5, 136, 19),
(5, 137, 24),
(5, 138, 19),
(5, 139, 19),
(5, 140, 33),
(5, 141, 33),
(5, 142, 33),
(5, 143, 33),
(5, 144, 33),
(5, 145, 33),
(5, 146, 33),
(5, 147, 33),
(5, 148, 33),
(5, 149, 33),
(5, 150, 33),
(5, 150, 40),
(5, 151, 33),
(5, 151, 40),
(5, 152, 33),
(5, 153, 33),
(5, 154, 33),
(5, 155, 19),
(5, 156, 19),
(5, 157, 19),
(5, 177, 19),
(5, 178, 19),
(5, 415, 24),
(5, 442, 24),
(6, 1, 28),
(6, 2, 28),
(6, 3, 28),
(6, 4, 28),
(6, 5, 28),
(6, 6, 28),
(6, 7, 28),
(6, 8, 28),
(6, 9, 28),
(6, 10, 28),
(6, 11, 28),
(6, 12, 28),
(6, 13, 28),
(6, 14, 28),
(6, 15, 28),
(6, 16, 28),
(6, 17, 28),
(6, 18, 28),
(6, 19, 28),
(6, 20, 28),
(6, 21, 28),
(6, 22, 28),
(6, 23, 21),
(6, 24, 21),
(6, 25, 21),
(6, 26, 21),
(6, 27, 21),
(6, 28, 21),
(6, 29, 28),
(6, 30, 28),
(6, 134, 21),
(6, 135, 21),
(6, 136, 21),
(6, 137, 21),
(6, 138, 21),
(6, 139, 21),
(6, 140, 137),
(6, 141, 137),
(6, 142, 137),
(6, 143, 137),
(6, 144, 137),
(6, 145, 137),
(6, 146, 137),
(6, 147, 137),
(6, 148, 137),
(6, 149, 137),
(6, 150, 137),
(6, 151, 137),
(6, 152, 137),
(6, 153, 137),
(6, 154, 137),
(6, 155, 21),
(6, 156, 21),
(6, 157, 21),
(6, 177, 145),
(6, 178, 145),
(6, 415, 145),
(7, 1, 26),
(7, 2, 30),
(7, 3, 30),
(7, 4, 30),
(7, 5, 30),
(7, 6, 30),
(7, 7, 30),
(7, 8, 30),
(7, 9, 30),
(7, 10, 30),
(7, 11, 30),
(7, 12, 30),
(7, 13, 30),
(7, 26, 26),
(7, 27, 95),
(7, 31, 126),
(7, 32, 126),
(7, 38, 126),
(7, 39, 126),
(7, 40, 126),
(7, 41, 126),
(7, 42, 126),
(7, 43, 126),
(7, 134, 95),
(7, 135, 26),
(7, 155, 26),
(7, 156, 26),
(7, 157, 26),
(7, 178, 26),
(8, 31, 42),
(8, 32, 46),
(8, 33, 46),
(8, 34, 50),
(8, 35, 50),
(8, 36, 53),
(8, 37, 53),
(8, 38, 53),
(8, 39, 59),
(8, 40, 50),
(8, 41, 42),
(8, 42, 46),
(8, 43, 46),
(8, 44, 46),
(8, 45, 50),
(8, 46, 53),
(8, 47, 59),
(8, 48, 50),
(8, 49, 53),
(8, 50, 53),
(8, 51, 59),
(8, 52, 59),
(8, 53, 59),
(8, 54, 53),
(8, 55, 50),
(8, 56, 46),
(8, 57, 50),
(8, 58, 59),
(8, 59, 53),
(8, 60, 50),
(8, 61, 50),
(8, 62, 59),
(8, 63, 53),
(8, 64, 50),
(8, 65, 50),
(8, 66, 53),
(8, 67, 50),
(8, 68, 53),
(8, 69, 50),
(8, 70, 53),
(8, 71, 59),
(8, 72, 53),
(8, 73, 53),
(8, 74, 50),
(8, 75, 50),
(8, 76, 59),
(8, 77, 53),
(8, 78, 59),
(8, 79, 53),
(8, 80, 113),
(8, 81, 53),
(8, 82, 113),
(8, 83, 53),
(8, 84, 53),
(8, 85, 53),
(8, 86, 50),
(8, 87, 53),
(8, 88, 53),
(8, 89, 53),
(8, 90, 53),
(8, 91, 42),
(8, 92, 116),
(8, 93, 116),
(8, 94, 59),
(8, 95, 116),
(8, 96, 116),
(8, 97, 116),
(8, 98, 59),
(8, 99, 59),
(8, 100, 59),
(8, 101, 59),
(8, 102, 116),
(8, 103, 59),
(8, 104, 59),
(8, 105, 59),
(8, 106, 59),
(8, 107, 59),
(8, 108, 50),
(8, 109, 50),
(8, 110, 53),
(8, 111, 53),
(8, 112, 42),
(8, 113, 42),
(8, 114, 42),
(8, 115, 42),
(8, 116, 42),
(8, 117, 50),
(8, 118, 116),
(8, 119, 116),
(8, 120, 42),
(8, 121, 116),
(8, 122, 53),
(8, 123, 42),
(8, 124, 59),
(8, 125, 50),
(8, 126, 50),
(8, 127, 59),
(8, 128, 53),
(8, 129, 53),
(8, 130, 50),
(8, 131, 50),
(8, 132, 50),
(8, 133, 59),
(9, 31, 43),
(9, 32, 47),
(9, 33, 49),
(9, 34, 51),
(9, 35, 52),
(9, 36, 54),
(9, 37, 56),
(9, 38, 58),
(9, 39, 60),
(9, 40, 52),
(9, 41, 62),
(9, 42, 64),
(9, 43, 65),
(9, 44, 66),
(9, 45, 67),
(9, 46, 68),
(9, 47, 70),
(9, 48, 71),
(9, 49, 72),
(9, 50, 73),
(9, 51, 127),
(9, 52, 128),
(9, 53, 129),
(9, 54, 130),
(9, 55, 131),
(9, 56, 132),
(9, 57, 133),
(9, 58, 134),
(9, 59, 80),
(9, 60, 82),
(9, 61, 85),
(9, 62, 87),
(9, 63, 88),
(9, 64, 90),
(9, 65, 91),
(9, 66, 92),
(9, 67, 93),
(10, 31, 111),
(10, 32, 109),
(10, 33, 109),
(10, 34, 111),
(10, 35, 111),
(10, 36, 107),
(10, 37, 109),
(10, 38, 109),
(10, 39, 107),
(10, 40, 107),
(10, 41, 109),
(10, 42, 109),
(10, 43, 109),
(10, 44, 109),
(10, 45, 109),
(10, 46, 109),
(10, 47, 111),
(10, 48, 107),
(10, 49, 107),
(10, 50, 109),
(10, 51, 107),
(10, 52, 107),
(10, 53, 107),
(10, 54, 111),
(10, 55, 111),
(10, 56, 109),
(10, 57, 109),
(10, 58, 107),
(10, 59, 107),
(10, 60, 109),
(10, 61, 107),
(10, 62, 107),
(10, 63, 109),
(10, 64, 107),
(10, 65, 107),
(10, 66, 107),
(10, 67, 107),
(10, 68, 107),
(10, 69, 107),
(10, 70, 109),
(10, 71, 107),
(10, 72, 111),
(10, 73, 107),
(10, 74, 111),
(10, 75, 107),
(10, 76, 107),
(10, 77, 107),
(10, 78, 107),
(10, 79, 109),
(10, 80, 109),
(10, 81, 109),
(10, 82, 109),
(10, 83, 109),
(10, 84, 109),
(10, 85, 109),
(10, 86, 109),
(10, 87, 109),
(10, 88, 109),
(10, 89, 109),
(10, 90, 109),
(10, 91, 109),
(10, 92, 107),
(10, 93, 107),
(10, 94, 107),
(10, 95, 107),
(10, 96, 107),
(10, 97, 107),
(10, 98, 107),
(10, 99, 107),
(10, 100, 107),
(10, 101, 107),
(10, 102, 107),
(10, 103, 107),
(10, 104, 107),
(10, 105, 107),
(10, 106, 107),
(10, 107, 107),
(10, 108, 107),
(10, 109, 107),
(10, 110, 107),
(10, 111, 107),
(10, 112, 111),
(10, 113, 109),
(10, 114, 109),
(10, 115, 109),
(10, 116, 109),
(10, 117, 109),
(10, 118, 111),
(10, 119, 109),
(10, 120, 111),
(10, 121, 109),
(10, 122, 109),
(10, 123, 109),
(10, 124, 107),
(10, 125, 107),
(10, 126, 107),
(10, 127, 107),
(10, 128, 107),
(10, 129, 107),
(10, 130, 111),
(10, 131, 111),
(10, 132, 111),
(10, 133, 107),
(10, 179, 111),
(10, 180, 111),
(10, 181, 111),
(10, 182, 111),
(10, 183, 111),
(10, 184, 111),
(10, 185, 111),
(10, 186, 111),
(10, 187, 111),
(10, 188, 111),
(10, 189, 111),
(10, 190, 111),
(10, 191, 111),
(10, 192, 111),
(10, 193, 111),
(10, 194, 111),
(10, 195, 111),
(10, 196, 111),
(10, 197, 111),
(10, 198, 111),
(10, 199, 111),
(10, 200, 111),
(10, 201, 111),
(10, 202, 111),
(10, 203, 111),
(10, 204, 111),
(10, 205, 111),
(10, 206, 111),
(10, 207, 111),
(10, 208, 111),
(10, 209, 111),
(10, 210, 111),
(10, 211, 111),
(10, 212, 111),
(10, 213, 111),
(10, 214, 111),
(10, 215, 111),
(10, 216, 111),
(10, 217, 111),
(10, 218, 111),
(10, 219, 111),
(10, 220, 111),
(10, 221, 111),
(10, 222, 111),
(10, 223, 111),
(10, 224, 111),
(10, 225, 111),
(10, 226, 111),
(10, 227, 111),
(10, 228, 111),
(10, 229, 111),
(10, 230, 111),
(10, 262, 111),
(10, 263, 111),
(10, 264, 111),
(10, 265, 111),
(10, 266, 111),
(10, 267, 111),
(10, 268, 111),
(10, 269, 111),
(10, 270, 111),
(10, 271, 111),
(10, 272, 111),
(10, 273, 111),
(10, 274, 111),
(10, 275, 111),
(10, 276, 111),
(10, 277, 111),
(10, 278, 111),
(10, 279, 111),
(10, 280, 111),
(10, 281, 111),
(10, 282, 111),
(10, 283, 111),
(10, 284, 111),
(10, 285, 111),
(10, 286, 111),
(10, 287, 111),
(10, 288, 111),
(10, 289, 111),
(10, 290, 111),
(10, 291, 111),
(10, 292, 111),
(10, 293, 111),
(10, 294, 111),
(10, 295, 111),
(10, 296, 111),
(10, 297, 111),
(10, 298, 111),
(10, 299, 111),
(10, 300, 111),
(10, 301, 111),
(10, 302, 111),
(10, 303, 111),
(10, 304, 111),
(10, 305, 111),
(10, 306, 111),
(10, 307, 111),
(10, 308, 111),
(10, 309, 111),
(10, 310, 111),
(10, 311, 111),
(10, 312, 111),
(10, 313, 111),
(10, 314, 111),
(10, 315, 111),
(10, 316, 111),
(10, 317, 111),
(10, 318, 111),
(10, 319, 111),
(10, 320, 111),
(10, 321, 111),
(10, 322, 111),
(10, 323, 111),
(10, 324, 111),
(10, 325, 111),
(10, 326, 111),
(10, 327, 111),
(10, 328, 111),
(10, 329, 111),
(10, 330, 111),
(10, 331, 111),
(10, 332, 111),
(10, 333, 111),
(10, 334, 111),
(10, 335, 111),
(10, 336, 111),
(10, 337, 111),
(10, 338, 111),
(10, 339, 111),
(10, 340, 111),
(10, 341, 111),
(10, 342, 111),
(10, 343, 111),
(10, 344, 111),
(10, 345, 111),
(10, 346, 111),
(10, 347, 111),
(10, 348, 111),
(10, 349, 111),
(10, 350, 111),
(10, 351, 111),
(10, 352, 111),
(10, 353, 111),
(10, 354, 111),
(10, 355, 111),
(10, 356, 111),
(10, 357, 111),
(10, 358, 111),
(10, 359, 111),
(10, 360, 111),
(10, 361, 111),
(10, 394, 111),
(10, 400, 111),
(10, 401, 111),
(10, 402, 111),
(10, 403, 111),
(10, 404, 111),
(10, 405, 111),
(10, 406, 111),
(10, 407, 111),
(10, 408, 111),
(10, 409, 111),
(10, 410, 111),
(10, 411, 111),
(10, 412, 111),
(10, 413, 111),
(10, 414, 111),
(10, 415, 111),
(10, 416, 111),
(10, 417, 111),
(10, 418, 111),
(10, 419, 111),
(10, 420, 111),
(10, 421, 111),
(10, 422, 111),
(10, 423, 111),
(10, 424, 111),
(10, 425, 111),
(10, 426, 111),
(10, 427, 111),
(10, 428, 111),
(10, 429, 111),
(10, 430, 111),
(10, 431, 111),
(10, 432, 111),
(10, 433, 111),
(10, 434, 111),
(10, 435, 111),
(10, 436, 111),
(10, 437, 111),
(10, 438, 111),
(10, 439, 111),
(10, 440, 111),
(10, 441, 111),
(10, 442, 111),
(10, 443, 111),
(10, 444, 111),
(10, 445, 111),
(10, 446, 111),
(10, 447, 111),
(10, 448, 111),
(10, 449, 111),
(10, 450, 111),
(10, 451, 111),
(10, 452, 111),
(10, 453, 111),
(10, 454, 111),
(10, 455, 111),
(10, 456, 111),
(10, 457, 111),
(10, 458, 111),
(10, 459, 111),
(10, 460, 111),
(10, 461, 111),
(10, 462, 111),
(10, 463, 111),
(10, 464, 111),
(10, 465, 111),
(10, 466, 111),
(10, 467, 111),
(10, 493, 111);

-- --------------------------------------------------------

--
-- Estructura de tabla para la tabla `ps_feature_shop`
--

CREATE TABLE `ps_feature_shop` (
  `id_feature` int(11) UNSIGNED NOT NULL,
  `id_shop` int(11) UNSIGNED NOT NULL
) ENGINE=InnoDB DEFAULT CHARSET=utf8;

--
-- Volcado de datos para la tabla `ps_feature_shop`
--

INSERT INTO `ps_feature_shop` (`id_feature`, `id_shop`) VALUES
(1, 1),
(2, 1),
(3, 1),
(4, 1),
(5, 1),
(6, 1),
(7, 1),
(8, 1),
(9, 1),
(10, 1);

-- --------------------------------------------------------

--
-- Estructura de tabla para la tabla `ps_feature_value`
--

CREATE TABLE `ps_feature_value` (
  `id_feature_value` int(10) UNSIGNED NOT NULL,
  `id_feature` int(10) UNSIGNED NOT NULL,
  `custom` tinyint(3) UNSIGNED DEFAULT NULL
) ENGINE=InnoDB DEFAULT CHARSET=utf8;

--
-- Volcado de datos para la tabla `ps_feature_value`
--

INSERT INTO `ps_feature_value` (`id_feature_value`, `id_feature`, `custom`) VALUES
(2, 2, 0),
(3, 3, 0),
(4, 2, 0),
(5, 2, 0),
(6, 2, 0),
(8, 2, 0),
(9, 2, 0),
(10, 2, 0),
(11, 2, 0),
(12, 2, 0),
(13, 2, 0),
(14, 2, 0),
(15, 2, 0),
(17, 1, 0),
(18, 4, 0),
(19, 5, 0),
(20, 3, 0),
(21, 6, 0),
(22, 4, 0),
(23, 3, 0),
(24, 5, 0),
(25, 1, 0),
(26, 7, 0),
(28, 6, 0),
(29, 4, 0),
(30, 7, 0),
(31, 1, 0),
(32, 4, 0),
(33, 5, 0),
(34, 3, 0),
(35, 4, 0),
(36, 3, 0),
(37, 4, 0),
(38, 3, 0),
(39, 3, 0),
(40, 5, 0),
(41, 3, 0),
(42, 8, 0),
(43, 9, 0),
(44, 1, 0),
(45, 4, 0),
(46, 8, 0),
(47, 9, 0),
(48, 1, 0),
(49, 9, 0),
(50, 8, 0),
(51, 9, 0),
(52, 9, 0),
(53, 8, 0),
(54, 9, 0),
(56, 9, 0),
(57, 1, 0),
(58, 9, 0),
(59, 8, 0),
(60, 9, 0),
(61, 1, 0),
(62, 9, 0),
(63, 4, 0),
(64, 9, 0),
(65, 9, 0),
(66, 9, 0),
(67, 9, 0),
(68, 9, 0),
(70, 9, 0),
(71, 9, 0),
(72, 9, 0),
(73, 9, 0),
(74, 4, 0),
(75, 1, 0),
(76, 4, 0),
(77, 4, 0),
(78, 4, 0),
(80, 9, 0),
(81, 4, 0),
(82, 9, 0),
(84, 4, 0),
(85, 9, 0),
(86, 4, 0),
(87, 9, 0),
(88, 9, 0),
(90, 9, 0),
(91, 9, 0),
(92, 9, 0),
(93, 9, 0),
(94, 5, 0),
(95, 7, 0),
(96, 1, 0),
(97, 5, 0),
(98, 1, 0),
(99, 4, 0),
(100, 2, 0),
(101, 2, 0),
(102, 2, 0),
(103, 2, 0),
(104, 2, 0),
(105, 2, 0),
(106, 1, 0),
(107, 10, 0),
(108, 4, 0),
(109, 10, 0),
(110, 2, 0),
(111, 10, 0),
(112, 2, 0),
(113, 8, 0),
(114, 4, 0),
(115, 2, 0),
(116, 8, 0),
(117, 4, 0),
(118, 2, 0),
(119, 4, 0),
(120, 2, 0),
(121, 3, 0),
(122, 3, 0),
(123, 3, 0),
(124, 3, 0),
(125, 3, 0),
(126, 7, 0),
(127, 9, 0),
(128, 9, 0),
(129, 9, 0),
(130, 9, 0),
(131, 9, 0),
(132, 9, 0),
(133, 9, 0),
(134, 9, 0),
(135, 3, 0),
(136, 4, 0),
(137, 6, 0),
(138, 3, 0),
(139, 3, 0),
(140, 3, 0),
(141, 3, 0),
(142, 2, 0),
(143, 2, 0),
(144, 2, 0),
(145, 6, 0),
(146, 2, 0),
(147, 2, 0),
(148, 2, 0),
(149, 2, 0),
(150, 2, 0),
(151, 2, 0),
(152, 2, 0),
(153, 2, 0),
(154, 4, 0),
(155, 4, 0);

-- --------------------------------------------------------

--
-- Estructura de tabla para la tabla `ps_feature_value_lang`
--

CREATE TABLE `ps_feature_value_lang` (
  `id_feature_value` int(10) UNSIGNED NOT NULL,
  `id_lang` int(10) UNSIGNED NOT NULL,
  `value` varchar(255) DEFAULT NULL
) ENGINE=InnoDB DEFAULT CHARSET=utf8;

--
-- Volcado de datos para la tabla `ps_feature_value_lang`
--

INSERT INTO `ps_feature_value_lang` (`id_feature_value`, `id_lang`, `value`) VALUES
(2, 1, 'Azul'),
(3, 1, '2 lentes por caja'),
(4, 1, 'Verde'),
(5, 1, 'Gris'),
(6, 1, 'Miel'),
(8, 1, 'Marrón'),
(9, 1, 'Turquesa'),
(10, 1, 'Amatista'),
(11, 1, 'Zafiro'),
(12, 1, 'Puro Avellana'),
(13, 1, 'Verde Esmeralda'),
(14, 1, 'Gris Intenso'),
(15, 1, 'Azul Vibrante'),
(17, 1, 'Phemfilcon'),
(18, 1, 'Alcon'),
(19, 1, 'Miopía e Hipermetropía'),
(20, 1, '30 lentes por caja'),
(21, 1, 'Johnson & Johnson'),
(22, 1, 'Acuvue'),
(23, 1, '6 lentes por caja'),
(24, 1, 'Astigmatismo'),
(25, 1, 'Hidrogel'),
(26, 1, 'Hidrogel de Silicona (Lotrafilcon B) - 33% agua'),
(28, 1, 'Alcon'),
(29, 1, 'Air Optix'),
(30, 1, 'Phemfilcon A - 55% agua'),
(31, 1, 'Phemfilcon'),
(32, 1, 'Freshlook'),
(33, 1, 'Solución'),
(34, 1, '360 mm'),
(35, 1, 'Aosept'),
(36, 1, '300 mm'),
(37, 1, 'Opti-Free'),
(38, 1, '120 mm'),
(39, 1, '355 mm'),
(40, 1, 'Lubricante'),
(41, 1, '10 mm'),
(42, 1, 'Aviador'),
(43, 1, '59 - 13 - 135 mm'),
(44, 1, 'Metal'),
(45, 1, 'Rusty'),
(46, 1, 'Wayfarer'),
(47, 1, '54 - 12 - 140 mm'),
(48, 1, 'G-Flex'),
(49, 1, '55 - 12 - 140 mm'),
(50, 1, 'Redondo'),
(51, 1, '48 - 14 - 145 mm'),
(52, 1, '58 - 20 - 140 mm'),
(53, 1, 'Rectangular'),
(54, 1, '54 - 18 - 140 mm'),
(56, 1, '52 - 15 - 140 mm'),
(57, 1, 'Grilamid'),
(58, 1, '54 - 17 - 148 mm'),
(59, 1, 'Cat'),
(60, 1, '52 -17 - 140 mm'),
(61, 1, 'Acetato'),
(62, 1, '56 - 14 - 135 mm'),
(63, 1, 'Vulk'),
(64, 1, '54 - 17 - 140 mm'),
(65, 1, '54 - 17 - 145 mm'),
(66, 1, '55 - 17 - 141 mm'),
(67, 1, '50 - 18 - 145 mm'),
(68, 1, '56 - 17 - 145 mm'),
(70, 1, '51 - 18 - 145 mm'),
(71, 1, '49 - 23 - 145 mm'),
(72, 1, '53 - 15 - 138 mm'),
(73, 1, '51 - 18 - 144 mm'),
(74, 1, 'Pierre Cardin'),
(75, 1, 'Zilo'),
(76, 1, 'Muaa'),
(77, 1, 'Carolina Emanuel'),
(78, 1, 'Tascani'),
(80, 1, '55 - 18 - 137 mm'),
(81, 1, 'Valeria Mazza'),
(82, 1, '50 - 23 - 142 mm'),
(84, 1, 'Reef'),
(85, 1, '50 - 21 - 145 mm'),
(86, 1, 'Ossira'),
(87, 1, '55 - 19 - 140 mm'),
(88, 1, '52 - 20 - 142 mm'),
(90, 1, '49 - 22 - 143 mm'),
(91, 1, '49 - 21 - 143 mm'),
(92, 1, '51 - 21 - 146 mm'),
(93, 1, '53 - 24 - 145 mm'),
(94, 1, 'Cosméticas'),
(95, 1, 'Nelfilcon A - 69% agua'),
(96, 1, 'Lotrafilcon'),
(97, 1, 'Presbicia'),
(98, 1, 'Nelfilcon'),
(99, 1, 'Dailies'),
(100, 1, 'Dorado'),
(101, 1, 'Negro'),
(102, 1, 'Rosa'),
(103, 1, 'Plateado'),
(104, 1, 'Violeta'),
(105, 1, 'Habano'),
(106, 1, 'Aluminio'),
(107, 1, 'Mujer'),
(108, 1, 'Embo'),
(109, 1, 'Hombre'),
(110, 1, 'Rojo'),
(111, 1, 'Unisex'),
(112, 1, 'Transparente'),
(113, 1, 'Ovalado'),
(114, 1, 'Paul Riviere'),
(115, 1, 'Dorado Mate'),
(116, 1, 'Cuadrado'),
(117, 1, 'Tiffany'),
(118, 1, 'Carey'),
(119, 1, 'Union Pacific'),
(120, 1, 'Bordó'),
(121, 1, '360 ml'),
(122, 1, '300 ml'),
(123, 1, '120 ml'),
(124, 1, '355 ml'),
(125, 1, '10 ml'),
(126, 1, '100% protección UV'),
(127, 1, '57 - 17 - 142 mm'),
(128, 1, '52 - 22 - 145 mm'),
(129, 1, '52 - 19 - 145 mm'),
(130, 1, '51-21-145 mm'),
(131, 1, '54 - 19 - 150 mm'),
(132, 1, '57 - 18 - 145 mm'),
(133, 1, '48 - 21 - 145 mm'),
(134, 1, '53 - 17 - 145 mm'),
(135, 1, '60 ml'),
(136, 1, 'Arlyt'),
(137, 1, 'Poen'),
(138, 1, '240 ml'),
(139, 1, '500 ml'),
(140, 1, '15 ml'),
(141, 1, '35 ml'),
(142, 1, 'Oro'),
(143, 1, 'Niquel'),
(144, 1, 'Peltre'),
(145, 1, 'Jonhson & Johnson'),
(146, 1, 'Negro y Celeste'),
(147, 1, 'Negro y Rojo'),
(148, 1, 'Negro y Amarillo'),
(149, 1, 'Rosado'),
(150, 1, 'Negro y verde'),
(151, 1, 'Ocre'),
(152, 1, 'Naranja'),
(153, 1, 'Amarillo'),
(154, 1, 'Black Celebration'),
(155, 1, 'Brera');

-- --------------------------------------------------------

--
-- Estructura de tabla para la tabla `ps_fieldcustomaddtab`
--

CREATE TABLE `ps_fieldcustomaddtab` (
  `id_fieldcustomaddtab` int(10) UNSIGNED NOT NULL,
  `id_product` int(10) UNSIGNED NOT NULL,
  `position` int(10) UNSIGNED NOT NULL,
  `active` tinyint(1) UNSIGNED NOT NULL
) ENGINE=MyISAM DEFAULT CHARSET=utf8;

-- --------------------------------------------------------

--
-- Estructura de tabla para la tabla `ps_fieldcustomaddtab_lang`
--

CREATE TABLE `ps_fieldcustomaddtab_lang` (
  `id_fieldcustomaddtab` int(10) UNSIGNED NOT NULL,
  `id_lang` int(10) UNSIGNED NOT NULL,
  `title` varchar(255) NOT NULL,
  `description` text NOT NULL
) ENGINE=MyISAM DEFAULT CHARSET=utf8;

-- --------------------------------------------------------

--
-- Estructura de tabla para la tabla `ps_fieldcustomaddtab_shop`
--

CREATE TABLE `ps_fieldcustomaddtab_shop` (
  `id_fieldcustomaddtab` int(10) UNSIGNED NOT NULL,
  `id_shop` int(10) UNSIGNED NOT NULL
) ENGINE=MyISAM DEFAULT CHARSET=utf8;

-- --------------------------------------------------------

--
-- Estructura de tabla para la tabla `ps_fieldmegamenu`
--

CREATE TABLE `ps_fieldmegamenu` (
  `id_fieldmegamenu` int(10) UNSIGNED NOT NULL,
  `active` tinyint(1) UNSIGNED NOT NULL,
  `position` tinyint(3) UNSIGNED NOT NULL,
  `open_in_new` tinyint(1) NOT NULL,
  `icon_class` varchar(255) NOT NULL,
  `menu_class` varchar(255) NOT NULL,
  `width_popup_class` varchar(255) NOT NULL
) ENGINE=InnoDB DEFAULT CHARSET=utf8;

--
-- Volcado de datos para la tabla `ps_fieldmegamenu`
--

INSERT INTO `ps_fieldmegamenu` (`id_fieldmegamenu`, `active`, `position`, `open_in_new`, `icon_class`, `menu_class`, `width_popup_class`) VALUES
(1, 1, 0, 0, 'menu-home', '', 'col-md-2'),
(2, 1, 4, 0, '', '', 'col-md-7 col-lg-12'),
(3, 0, 8, 0, '', '', 'col-md-7 col-lg-6'),
(4, 0, 12, 0, '', '', 'col-md-7 col-lg-6'),
(5, 1, 16, 0, 'fa fa-map-marker mr-1', '', ''),
(6, 0, 20, 0, '', '', ''),
(7, 0, 24, 0, '', '', 'col-md-2'),
(8, 1, 25, 0, 'fa-envelope mr-1', '', ''),
(9, 1, 26, 1, 'fa fa-facebook', 'mainmenu-social', ''),
(10, 1, 27, 1, 'fa fa-instagram', 'mainmenu-social', '');

-- --------------------------------------------------------

--
-- Estructura de tabla para la tabla `ps_fieldmegamenuitems`
--

CREATE TABLE `ps_fieldmegamenuitems` (
  `id_fieldmegamenuitems` int(10) UNSIGNED NOT NULL,
  `id_fieldmegamenu` int(10) UNSIGNED DEFAULT NULL,
  `active` tinyint(1) UNSIGNED NOT NULL,
  `nleft` int(10) UNSIGNED NOT NULL,
  `nright` int(10) UNSIGNED NOT NULL,
  `depth` int(10) UNSIGNED NOT NULL,
  `icon_class` varchar(255) NOT NULL,
  `menu_type` tinyint(3) UNSIGNED NOT NULL,
  `menu_class` varchar(255) NOT NULL,
  `menu_layout` varchar(255) NOT NULL,
  `menu_image` varchar(255) NOT NULL,
  `open_in_new` tinyint(1) NOT NULL,
  `show_image` tinyint(1) NOT NULL
) ENGINE=InnoDB DEFAULT CHARSET=utf8;

--
-- Volcado de datos para la tabla `ps_fieldmegamenuitems`
--

INSERT INTO `ps_fieldmegamenuitems` (`id_fieldmegamenuitems`, `id_fieldmegamenu`, `active`, `nleft`, `nright`, `depth`, `icon_class`, `menu_type`, `menu_class`, `menu_layout`, `menu_image`, `open_in_new`, `show_image`) VALUES
(23, 3, 1, 2, 9, 1, '', 2, '', 'menucol-1-3', '', 0, 0),
(24, 3, 1, 3, 4, 2, '', 2, '', '', '', 0, 0),
(25, 3, 1, 5, 6, 2, '', 2, '', '', '', 0, 0),
(26, 3, 1, 7, 8, 2, '', 2, '', '', '', 0, 0),
(27, 3, 1, 10, 17, 1, '', 2, '', 'menucol-1-3', '', 0, 0),
(28, 3, 1, 11, 12, 2, '', 2, '', '', '', 0, 0),
(29, 3, 1, 13, 14, 2, '', 2, '', '', '', 0, 0),
(30, 3, 1, 18, 25, 1, '', 2, '', 'menucol-1-3', '', 0, 0),
(31, 3, 1, 15, 16, 2, '', 2, '', '', '', 0, 0),
(32, 3, 1, 19, 20, 2, '', 2, '', '', '', 0, 0),
(33, 3, 1, 21, 22, 2, '', 2, '', '', '', 0, 0),
(34, 3, 1, 23, 24, 2, '', 2, '', '', '', 0, 0),
(35, 4, 1, 2, 15, 1, '', 2, '', 'menucol-1-3', '', 0, 0),
(36, 4, 1, 3, 4, 2, '', 2, '', '', '', 0, 0),
(37, 4, 1, 5, 6, 2, '', 2, '', '', '', 0, 0),
(38, 4, 1, 7, 8, 2, '', 2, '', '', '', 0, 0),
(39, 4, 1, 9, 10, 2, '', 2, '', '', '', 0, 0),
(40, 4, 1, 11, 12, 2, '', 2, '', '', '', 0, 0),
(42, 4, 1, 16, 29, 1, '', 2, '', 'menucol-1-3', '', 0, 0),
(43, 4, 1, 13, 14, 2, '', 2, '', '', '', 0, 0),
(44, 4, 1, 17, 18, 2, '', 2, '', '', '', 0, 0),
(45, 4, 1, 19, 20, 2, '', 2, '', '', '', 0, 0),
(46, 4, 1, 21, 22, 2, '', 2, '', '', '', 0, 0),
(47, 4, 1, 23, 24, 2, '', 2, '', '', '', 0, 0),
(48, 4, 1, 25, 26, 2, '', 2, '', '', '', 0, 0),
(49, 4, 1, 27, 28, 2, '', 2, '', '', '', 0, 0),
(50, 4, 1, 30, 43, 1, '', 2, '', 'menucol-1-3', '', 0, 0),
(51, 4, 1, 31, 32, 2, '', 2, '', '', '', 0, 0),
(52, 4, 1, 33, 34, 2, '', 2, '', '', '', 0, 0),
(53, 4, 1, 35, 36, 2, '', 2, '', '', '', 0, 0),
(54, 4, 1, 37, 38, 2, '', 2, '', '', '', 0, 0),
(55, 4, 1, 39, 40, 2, '', 2, '', '', '', 0, 0),
(56, 4, 1, 41, 42, 2, '', 2, '', '', '', 0, 0),
(58, 3, 1, 26, 27, 1, '', 7, '', '', '', 0, 0),
(66, 11, 1, 2, 7, 1, '', 2, '', 'menucol-1-3', '', 0, 0),
(67, 11, 1, 3, 4, 2, '', 2, '', '', '', 0, 0),
(68, 11, 1, 5, 6, 2, '', 2, '', '', '', 0, 0),
(69, 11, 1, 8, 13, 1, '', 2, '', 'menucol-1-3', '', 0, 0),
(70, 11, 1, 9, 10, 2, '', 2, '', '', '', 0, 0),
(71, 11, 1, 11, 12, 2, '', 2, '', '', '', 0, 0),
(72, 11, 1, 14, 19, 1, '', 2, '', 'menucol-1-3', '', 0, 0),
(73, 11, 1, 17, 18, 2, '', 2, '', '', '', 0, 0),
(74, 11, 1, 15, 16, 2, '', 2, '', '', '', 0, 0),
(75, 11, 1, 20, 21, 1, '', 8, '', '', '', 0, 0),
(76, 11, 1, 22, 29, 1, '', 2, '', 'menucol-1-3', '', 0, 0),
(77, 11, 1, 23, 24, 2, '', 2, '', '', '', 0, 0),
(78, 11, 1, 25, 26, 2, '', 2, '', '', '', 0, 0),
(79, 11, 1, 27, 28, 2, '', 2, '', '', '', 0, 0),
(80, 11, 1, 30, 37, 1, '', 2, '', 'menucol-1-3', '', 0, 0),
(81, 11, 1, 31, 32, 2, '', 2, '', '', '', 0, 0),
(82, 11, 1, 33, 34, 2, '', 2, '', '', '', 0, 0),
(83, 11, 1, 35, 36, 2, '', 2, '', '', '', 0, 0),
(84, 11, 1, 38, 45, 1, '', 2, '', 'menucol-1-3', '', 0, 0),
(85, 11, 1, 39, 40, 2, '', 2, '', '', '', 0, 0),
(86, 11, 1, 41, 42, 2, '', 2, '', '', '', 0, 0),
(87, 11, 1, 43, 44, 2, '', 2, '', '', '', 0, 0),
(89, 11, 1, 46, 47, 1, '', 7, '', '', '', 0, 0),
(90, 12, 1, 2, 7, 1, '', 2, '', 'menucol-1-3', '', 0, 0),
(91, 12, 1, 3, 4, 2, '', 2, '', '', '', 0, 0),
(92, 12, 1, 5, 6, 2, '', 2, '', '', '', 0, 0),
(93, 12, 1, 8, 13, 1, '', 2, '', 'menucol-1-3', '', 0, 0),
(94, 12, 1, 9, 10, 2, '', 2, '', '', '', 0, 0),
(95, 12, 1, 11, 12, 2, '', 2, '', '', '', 0, 0),
(96, 12, 1, 14, 19, 1, '', 2, '', 'menucol-1-3', '', 0, 0),
(97, 12, 1, 15, 16, 2, '', 2, '', '', '', 0, 0),
(98, 12, 1, 17, 18, 2, '', 2, '', '', '', 0, 0),
(99, 12, 1, 20, 21, 1, '', 8, '', '', '', 0, 0),
(100, 12, 1, 22, 29, 1, '', 2, '', 'menucol-1-3', '', 0, 0),
(101, 12, 1, 23, 24, 2, '', 2, '', '', '', 0, 0),
(102, 12, 1, 25, 26, 2, '', 2, '', '', '', 0, 0),
(103, 12, 1, 27, 28, 2, '', 2, '', '', '', 0, 0),
(104, 12, 1, 30, 37, 1, '', 2, '', 'menucol-1-3', '', 0, 0),
(105, 12, 1, 31, 32, 2, '', 2, '', '', '', 0, 0),
(106, 12, 1, 33, 34, 2, '', 2, '', '', '', 0, 0),
(107, 12, 1, 35, 36, 2, '', 2, '', '', '', 0, 0),
(108, 12, 1, 39, 40, 2, '', 2, '', '', '', 0, 0),
(109, 12, 1, 41, 42, 2, '', 2, '', '', '', 0, 0),
(110, 12, 1, 38, 45, 1, '', 2, '', 'menucol-1-3', '', 0, 0),
(111, 12, 1, 43, 44, 2, '', 2, '', '', '', 0, 0),
(113, 12, 1, 48, 49, 1, '', 7, '', '', '', 0, 0),
(114, 13, 1, 2, 7, 1, '', 2, '', 'menucol-1-3', '', 0, 0),
(115, 13, 1, 3, 4, 2, '', 2, '', '', '', 0, 0),
(116, 13, 1, 5, 6, 2, '', 2, '', '', '', 0, 0),
(117, 13, 1, 8, 13, 1, '', 2, '', 'menucol-1-3', '', 0, 0),
(118, 13, 1, 9, 10, 2, '', 2, '', '', '', 0, 0),
(119, 13, 1, 11, 12, 2, '', 2, '', '', '', 0, 0),
(120, 13, 1, 14, 19, 1, '', 2, '', 'menucol-1-3', '', 0, 0),
(121, 13, 1, 15, 16, 2, '', 2, '', '', '', 0, 0),
(122, 13, 1, 17, 18, 2, '', 2, '', '', '', 0, 0),
(123, 13, 1, 20, 21, 1, '', 8, '', '', '', 0, 0),
(124, 13, 1, 22, 29, 1, '', 2, '', '', '', 0, 0),
(125, 13, 1, 23, 24, 2, '', 2, '', '', '', 0, 0),
(126, 13, 1, 25, 26, 2, '', 2, '', '', '', 0, 0),
(127, 13, 1, 27, 28, 2, '', 2, '', '', '', 0, 0),
(128, 13, 1, 30, 37, 1, '', 2, '', '', '', 0, 0),
(129, 13, 1, 31, 32, 2, '', 2, '', '', '', 0, 0),
(130, 13, 1, 33, 34, 2, '', 2, '', '', '', 0, 0),
(131, 13, 1, 35, 36, 2, '', 2, '', '', '', 0, 0),
(132, 13, 1, 38, 45, 1, '', 2, '', 'menucol-1-3', '', 0, 0),
(133, 13, 1, 39, 40, 2, '', 2, '', '', '', 0, 0),
(134, 13, 1, 41, 42, 2, '', 2, '', '', '', 0, 0),
(135, 13, 1, 43, 44, 2, '', 2, '', '', '', 0, 0),
(136, 13, 1, 46, 47, 1, '', 7, '', '', '', 0, 0),
(137, 14, 1, 2, 9, 1, '', 2, '', 'menucol-1-3', '', 0, 0),
(138, 14, 1, 3, 4, 2, '', 2, '', '', '', 0, 0),
(139, 14, 1, 5, 6, 2, '', 2, '', '', '', 0, 0),
(140, 15, 1, 2, 9, 1, '', 2, '', 'menucol-1-3', '', 0, 0),
(141, 15, 1, 3, 4, 2, '', 2, '', '', '', 0, 0),
(142, 15, 1, 5, 6, 2, '', 2, '', '', '', 0, 0),
(143, 16, 1, 2, 9, 1, '', 2, '', 'menucol-1-3', '', 0, 0),
(144, 16, 1, 3, 4, 2, '', 2, '', '', '', 0, 0),
(145, 16, 1, 5, 6, 2, '', 2, '', '', '', 0, 0),
(146, 14, 1, 7, 8, 2, '', 2, '', '', '', 0, 0),
(147, 14, 1, 10, 17, 1, '', 2, '', 'menucol-1-3', '', 0, 0),
(148, 14, 1, 11, 12, 2, '', 2, '', '', '', 0, 0),
(149, 15, 1, 7, 8, 2, '', 2, '', '', '', 0, 0),
(150, 15, 1, 10, 17, 1, '', 2, '', 'menucol-1-3', '', 0, 0),
(151, 15, 1, 11, 12, 2, '', 2, '', '', '', 0, 0),
(152, 16, 1, 7, 8, 2, '', 2, '', '', '', 0, 0),
(153, 16, 1, 10, 17, 1, '', 2, '', 'menucol-1-3', '', 0, 0),
(154, 16, 1, 11, 12, 2, '', 2, '', '', '', 0, 0),
(155, 14, 1, 13, 14, 2, '', 2, '', '', '', 0, 0),
(156, 15, 1, 13, 14, 2, '', 2, '', '', '', 0, 0),
(157, 16, 1, 13, 14, 2, '', 2, '', '', '', 0, 0),
(158, 14, 1, 15, 16, 2, '', 2, '', '', '', 0, 0),
(159, 15, 1, 15, 16, 2, '', 2, '', '', '', 0, 0),
(160, 16, 1, 15, 16, 2, '', 2, '', '', '', 0, 0),
(161, 14, 1, 18, 25, 1, '', 2, '', 'menucol-1-3', '', 0, 0),
(162, 14, 1, 19, 20, 2, '', 2, '', '', '', 0, 0),
(163, 14, 1, 23, 24, 2, '', 2, '', '', '', 0, 0),
(164, 14, 1, 21, 22, 2, '', 2, '', '', '', 0, 0),
(165, 15, 1, 18, 25, 1, '', 2, '', 'menucol-1-3', '', 0, 0),
(166, 15, 1, 19, 20, 2, '', 2, '', '', '', 0, 0),
(167, 15, 1, 21, 22, 2, '', 2, '', '', '', 0, 0),
(168, 15, 1, 23, 24, 2, '', 2, '', '', '', 0, 0),
(169, 16, 1, 18, 25, 1, '', 2, '', 'menucol-1-3', '', 0, 0),
(170, 16, 1, 19, 20, 2, '', 2, '', '', '', 0, 0),
(171, 16, 1, 21, 22, 2, '', 2, '', '', '', 0, 0),
(172, 16, 1, 23, 24, 2, '', 2, '', '', '', 0, 0),
(174, 14, 1, 26, 27, 1, '', 7, '', '', '', 0, 0),
(175, 15, 1, 26, 27, 1, '', 7, '', '', '', 0, 0),
(176, 16, 1, 26, 27, 1, '', 7, '', '', '', 0, 0),
(177, 17, 1, 2, 15, 1, '', 2, '', 'menucol-1-3', '', 0, 0),
(178, 17, 1, 5, 6, 2, '', 2, '', '', '', 0, 0),
(179, 17, 1, 7, 8, 2, '', 2, '', '', '', 0, 0),
(180, 17, 1, 9, 10, 2, '', 2, '', '', '', 0, 0),
(181, 17, 1, 11, 12, 2, '', 2, '', '', '', 0, 0),
(182, 17, 1, 13, 14, 2, '', 2, '', '', '', 0, 0),
(183, 18, 1, 2, 15, 1, '', 2, '', 'menucol-1-3', '', 0, 0),
(184, 18, 1, 3, 4, 2, '', 2, '', '', '', 0, 0),
(185, 18, 1, 5, 6, 2, '', 2, '', '', '', 0, 0),
(186, 18, 1, 7, 8, 2, '', 2, '', '', '', 0, 0),
(187, 18, 1, 9, 10, 2, '', 2, '', '', '', 0, 0),
(188, 18, 1, 11, 12, 2, '', 2, '', '', '', 0, 0),
(189, 18, 1, 13, 14, 2, '', 2, '', '', '', 0, 0),
(190, 19, 1, 2, 15, 1, '', 2, '', 'menucol-1-3', '', 0, 0),
(191, 19, 1, 3, 4, 2, '', 2, '', '', '', 0, 0),
(192, 19, 1, 5, 6, 2, '', 2, '', '', '', 0, 0),
(193, 19, 1, 7, 8, 2, '', 2, '', '', '', 0, 0),
(194, 19, 1, 9, 10, 2, '', 2, '', '', '', 0, 0),
(195, 19, 1, 11, 12, 2, '', 2, '', '', '', 0, 0),
(196, 19, 1, 13, 14, 2, '', 2, '', '', '', 0, 0),
(198, 17, 1, 3, 4, 2, '', 2, '', '', '', 0, 0),
(199, 17, 1, 16, 29, 1, '', 2, '', 'menucol-1-3', '', 0, 0),
(200, 17, 1, 17, 18, 2, '', 2, '', '', '', 0, 0),
(201, 17, 1, 19, 20, 2, '', 2, '', '', '', 0, 0),
(202, 17, 1, 21, 22, 2, '', 2, '', '', '', 0, 0),
(203, 17, 1, 23, 24, 2, '', 2, '', '', '', 0, 0),
(204, 17, 1, 25, 26, 2, '', 2, '', '', '', 0, 0),
(205, 17, 1, 27, 28, 2, '', 2, '', '', '', 0, 0),
(206, 18, 1, 16, 29, 1, '', 2, '', 'menucol-1-3', '', 0, 0),
(207, 18, 1, 17, 18, 2, '', 2, '', '', '', 0, 0),
(209, 17, 1, 30, 43, 1, '', 2, '', 'menucol-1-3', '', 0, 0),
(210, 17, 1, 31, 32, 2, '', 2, '', '', '', 0, 0),
(211, 17, 1, 33, 34, 2, '', 2, '', '', '', 0, 0),
(212, 17, 1, 35, 36, 2, '', 2, '', '', '', 0, 0),
(213, 17, 1, 39, 40, 2, '', 2, '', '', '', 0, 0),
(214, 17, 1, 41, 42, 2, '', 2, '', '', '', 0, 0),
(215, 17, 1, 37, 38, 2, '', 2, '', '', '', 0, 0),
(216, 18, 1, 19, 20, 2, '', 2, '', '', '', 0, 0),
(217, 18, 1, 21, 22, 2, '', 2, '', '', '', 0, 0),
(218, 18, 1, 23, 24, 2, '', 2, '', '', '', 0, 0),
(219, 18, 1, 25, 26, 2, '', 2, '', '', '', 0, 0),
(220, 18, 1, 27, 28, 2, '', 2, '', '', '', 0, 0),
(221, 19, 1, 16, 29, 1, '', 2, '', 'menucol-1-3', '', 0, 0),
(222, 19, 1, 17, 18, 2, '', 2, '', '', '', 0, 0),
(223, 19, 1, 19, 20, 2, '', 2, '', '', '', 0, 0),
(224, 19, 1, 21, 22, 2, '', 2, '', '', '', 0, 0),
(225, 18, 1, 30, 43, 1, '', 2, '', 'menucol-1-3', '', 0, 0),
(226, 18, 1, 31, 32, 2, '', 2, '', '', '', 0, 0),
(227, 18, 1, 33, 34, 2, '', 2, '', '', '', 0, 0),
(228, 18, 1, 35, 36, 2, '', 2, '', '', '', 0, 0),
(229, 18, 1, 37, 38, 2, '', 2, '', '', '', 0, 0),
(230, 18, 1, 39, 40, 2, '', 2, '', '', '', 0, 0),
(231, 18, 1, 41, 42, 2, '', 2, '', '', '', 0, 0),
(232, 19, 1, 23, 24, 2, '', 2, '', '', '', 0, 0),
(233, 19, 1, 25, 26, 2, '', 2, '', '', '', 0, 0),
(234, 19, 1, 27, 28, 2, '', 2, '', '', '', 0, 0),
(236, 19, 1, 30, 43, 1, '', 2, '', 'menucol-1-3', '', 0, 0),
(237, 19, 1, 31, 32, 2, '', 2, '', '', '', 0, 0),
(238, 19, 1, 33, 34, 2, '', 2, '', '', '', 0, 0),
(239, 19, 1, 35, 36, 2, '', 2, '', '', '', 0, 0),
(240, 19, 1, 37, 38, 2, '', 2, '', '', '', 0, 0),
(241, 19, 1, 39, 40, 2, '', 2, '', '', '', 0, 0),
(242, 19, 1, 41, 42, 2, '', 2, '', '', '', 0, 0),
(244, 7, 1, 0, 1, 1, '', 7, '', '', '', 0, 0),
(250, 2, 1, 58, 59, 1, '', 7, '', 'menucol-1-2', '', 0, 0),
(253, 2, 1, 26, 35, 1, '', 2, '', 'menucol-1-6', '', 0, 0),
(254, 2, 1, 28, 29, 3, '', 1, '', '', '', 0, 0),
(255, 2, 1, 30, 31, 3, '', 1, '', '', '', 0, 0),
(256, 2, 1, 32, 33, 3, '', 1, '', '', '', 0, 0),
(261, 2, 1, 4, 5, 3, '', 1, '', '', '', 0, 0),
(262, 2, 1, 3, 12, 2, '', 7, '', '', '', 0, 0),
(263, 2, 1, 6, 7, 3, '', 1, '', '', '', 0, 0),
(264, 2, 1, 8, 9, 3, '', 1, '', '', '', 0, 0),
(265, 2, 1, 10, 11, 3, '', 1, '', '', '', 0, 0),
(266, 2, 1, 15, 24, 2, '', 7, '', '', '', 0, 0),
(267, 2, 1, 16, 17, 3, '', 1, '', '', '', 0, 0),
(268, 2, 1, 18, 19, 3, '', 1, '', '', '', 0, 0),
(269, 2, 1, 20, 21, 3, '', 1, '', '', '', 0, 0),
(270, 2, 1, 22, 23, 3, '', 1, '', '', '', 0, 0),
(271, 2, 1, 2, 13, 1, '', 2, '', 'menucol-1-6', '', 0, 0),
(272, 2, 1, 27, 34, 2, '', 7, '', '', '', 0, 0),
(273, 2, 1, 36, 45, 1, '', 2, '', 'menucol-1-6', '', 0, 0),
(274, 2, 1, 46, 53, 1, '', 2, '', 'menucol-1-6', '', 0, 0),
(275, 2, 1, 60, 61, 1, '', 7, '', 'menucol-1-2', '', 0, 0),
(276, 2, 1, 56, 57, 1, '', 8, '', 'menucol-1-1', '', 0, 0),
(277, 2, 1, 37, 44, 2, '', 7, '', '', '', 0, 0),
(278, 2, 1, 47, 52, 2, '', 7, '', '', '', 0, 0),
(279, 2, 1, 38, 39, 3, '', 1, '', '', '', 0, 0),
(280, 2, 1, 40, 41, 3, '', 1, '', '', '', 0, 0),
(281, 2, 1, 42, 43, 3, '', 1, '', '', '', 0, 0),
(282, 2, 1, 48, 49, 3, '', 1, '', '', '', 0, 0),
(283, 2, 1, 50, 51, 3, '', 1, '', '', '', 0, 0),
(284, 2, 1, 14, 25, 1, '', 7, '', 'menucol-1-6', '', 0, 0),
(285, 2, 1, 54, 55, 1, '', 2, '', 'menucol-1-6', '', 0, 0);

-- --------------------------------------------------------

--
-- Estructura de tabla para la tabla `ps_fieldmegamenuitems_lang`
--

CREATE TABLE `ps_fieldmegamenuitems_lang` (
  `id_fieldmegamenuitems` int(10) UNSIGNED NOT NULL,
  `id_lang` int(10) UNSIGNED NOT NULL,
  `title` varchar(255) NOT NULL,
  `description` varchar(255) NOT NULL,
  `link` varchar(255) NOT NULL,
  `content` text NOT NULL
) ENGINE=InnoDB DEFAULT CHARSET=utf8;

--
-- Volcado de datos para la tabla `ps_fieldmegamenuitems_lang`
--

INSERT INTO `ps_fieldmegamenuitems_lang` (`id_fieldmegamenuitems`, `id_lang`, `title`, `description`, `link`, `content`) VALUES
(23, 1, 'Dresses', '', '25', ''),
(24, 1, 'Accessories', '', '17', ''),
(25, 1, 'Hats and Gloves', '', '20', ''),
(26, 1, 'Lifestyle', '', '16', ''),
(27, 1, 'Tops', '', '26', ''),
(28, 1, 'Evening', '', '14', ''),
(29, 1, 'Long Sleeved', '', '15', ''),
(30, 1, 'Brand', '', '27', ''),
(31, 1, 'Chairs', '', '34', ''),
(32, 1, 'Fishing', '', '35', ''),
(33, 1, 'Gift for men', '', '32', ''),
(34, 1, 'Hand bag', '', '23', ''),
(35, 1, 'Shoes', '', '13', ''),
(36, 1, 'Evening', '', '14', ''),
(37, 1, 'Long Sleeved', '', '15', ''),
(38, 1, 'Lifestyle', '', '16', ''),
(39, 1, 'Accessories', '', '17', ''),
(40, 1, 'Hats and Gloves', '', '20', ''),
(42, 1, 'Clothing', '', '18', ''),
(43, 1, 'Sundresses', '', '22', ''),
(44, 1, 'Cocktai', '', '19', ''),
(45, 1, 'Day', '', '21', ''),
(46, 1, 'Evening', '', '14', ''),
(47, 1, 'Sundresses', '', '22', ''),
(48, 1, 'Hats and Gloves', '', '20', ''),
(49, 1, 'Fragrances', '', '28', ''),
(50, 1, 'Hand bag', '', '23', ''),
(51, 1, 'Sundresses', '', '22', ''),
(52, 1, 'Evening', '', '14', ''),
(53, 1, 'Long Sleeved', '', '15', ''),
(54, 1, 'Clothing', '', '18', ''),
(55, 1, 'Day', '', '21', ''),
(56, 1, 'Brand', '', '27', ''),
(58, 1, 'Custom Content', '', 'customcontent', '<div class=\"left_column_img col-md-6\"><a href=\"#\"><img src=\"/modules/fieldmegamenu/images/menu2.jpg\" alt=\"\" width=\"255\" height=\"100\" /></a></div>\r\n<div class=\"right_column_img col-md-6\"><a href=\"#\"><img src=\"/modules/fieldmegamenu/images/menu3.jpg\" alt=\"\" width=\"255\" height=\"100\" /></a></div>'),
(66, 1, 'Gift for men', '', '32', ''),
(67, 1, 'Objects', '', '38', ''),
(68, 1, 'Tabletop', '', '37', ''),
(69, 1, 'Fragrances', '', '28', ''),
(70, 1, 'Fishing', '', '36', ''),
(71, 1, 'Coffee Tables', '', '29', ''),
(72, 1, 'Gift for men', '', '32', ''),
(73, 1, 'Fishing', '', '36', ''),
(74, 1, 'Tables', '', '33', ''),
(75, 1, 'Divider', '', 'divider', ''),
(76, 1, 'Shoes', '', '13', ''),
(77, 1, 'Evening', '', '14', ''),
(78, 1, 'Long Sleeved', '', '15', ''),
(79, 1, 'Hand bag', '', '23', ''),
(80, 1, 'Accessories', '', '17', ''),
(81, 1, 'Clothing', '', '18', ''),
(82, 1, 'Day', '', '21', ''),
(83, 1, 'Lifestyle', '', '16', ''),
(84, 1, 'Collections', '', '11', ''),
(85, 1, 'Clothing', '', '18', ''),
(86, 1, 'Cocktai', '', '19', ''),
(87, 1, 'Hats and Gloves', '', '20', ''),
(89, 1, 'Custom Content', '', 'customcontent', '<p class=\"img-bottom\"><a href=\"#\"><img class=\"img-responsive\" src=\"/modules/fieldmegamenu/images/img_menu1.jpg\" alt=\"\" width=\"540\" height=\"90\" /></a></p>'),
(90, 1, 'Gift for men', '', '32', ''),
(91, 1, 'Objects', '', '38', ''),
(92, 1, 'Tabletop', '', '37', ''),
(93, 1, 'Fragrances', '', '28', ''),
(94, 1, 'Fishing', '', '36', ''),
(95, 1, 'Coffee Tables', '', '29', ''),
(96, 1, 'Gift for men', '', '32', ''),
(97, 1, 'Tables', '', '33', ''),
(98, 1, 'Fishing', '', '35', ''),
(99, 1, 'Divider', '', 'divider', ''),
(100, 1, 'Shoes', '', '13', ''),
(101, 1, 'Evening', '', '14', ''),
(102, 1, 'Long Sleeved', '', '15', ''),
(103, 1, 'Hand bag', '', '23', ''),
(104, 1, 'Accessories', '', '17', ''),
(105, 1, 'Clothing', '', '18', ''),
(106, 1, 'Cocktai', '', '19', ''),
(107, 1, 'Hats and Gloves', '', '20', ''),
(108, 1, 'Clothing', '', '18', ''),
(109, 1, 'Cocktai', '', '19', ''),
(110, 1, 'Collections', '', '11', ''),
(111, 1, 'Hats and Gloves', '', '20', ''),
(113, 1, 'Custom Content', '', 'customcontent', '<p class=\"img-bottom\"><a href=\"#\"><img class=\"img-responsive\" src=\"/modules/fieldmegamenu/images/img_menu1.jpg\" alt=\"\" width=\"540\" height=\"90\" /></a></p>'),
(114, 1, 'Gift for men', '', '32', ''),
(115, 1, 'Objects', '', '38', ''),
(116, 1, 'Tabletop', '', '37', ''),
(117, 1, 'Fragrances', '', '28', ''),
(118, 1, 'Fishing', '', '36', ''),
(119, 1, 'Coffee Tables', '', '29', ''),
(120, 1, 'Gift for men', '', '32', ''),
(121, 1, 'Tables', '', '33', ''),
(122, 1, 'Fishing', '', '35', ''),
(123, 1, 'Divider', '', 'divider', ''),
(124, 1, 'Shoes', '', '13', ''),
(125, 1, 'Evening', '', '14', ''),
(126, 1, 'Long Sleeved', '', '15', ''),
(127, 1, 'Lifestyle', '', '16', ''),
(128, 1, 'Accessories', '', '17', ''),
(129, 1, 'Clothing', '', '18', ''),
(130, 1, 'Day', '', '21', ''),
(131, 1, 'Lifestyle', '', '16', ''),
(132, 1, 'Collections', '', '11', ''),
(133, 1, 'Clothing', '', '18', ''),
(134, 1, 'Hats and Gloves', '', '20', ''),
(135, 1, 'Day', '', '21', ''),
(136, 1, 'Custom Content', '', 'customcontent', '<p class=\"img-bottom\"><a href=\"#\"><img class=\"img-responsive\" src=\"/modules/fieldmegamenu/images/img_menu1.jpg\" alt=\"\" width=\"540\" height=\"90\" /></a></p>'),
(137, 1, 'Dresses', '', '25', ''),
(138, 1, 'Accessories', '', '17', ''),
(139, 1, 'Hats and Gloves', '', '20', ''),
(140, 1, 'Dresses', '', '25', ''),
(141, 1, 'Accessories', '', '17', ''),
(142, 1, 'Hats and Gloves', '', '20', ''),
(143, 1, 'Dresses', '', '25', ''),
(144, 1, 'Accessories', '', '17', ''),
(145, 1, 'Hats and Gloves', '', '20', ''),
(146, 1, 'Tops', '', '26', ''),
(147, 1, 'Evening', '', '14', ''),
(148, 1, 'Long Sleeved', '', '15', ''),
(149, 1, 'Tops', '', '26', ''),
(150, 1, 'Evening', '', '14', ''),
(151, 1, 'Long Sleeved', '', '15', ''),
(152, 1, 'Tops', '', '26', ''),
(153, 1, 'Evening', '', '14', ''),
(154, 1, 'Long Sleeved', '', '15', ''),
(155, 1, 'Lifestyle', '', '16', ''),
(156, 1, 'Lifestyle', '', '16', ''),
(157, 1, 'Lifestyle', '', '16', ''),
(158, 1, 'Chairs', '', '34', ''),
(159, 1, 'Chairs', '', '34', ''),
(160, 1, 'Chairs', '', '34', ''),
(161, 1, 'Brand', '', '27', ''),
(162, 1, 'Fishing', '', '36', ''),
(163, 1, 'Hand bag', '', '23', ''),
(164, 1, 'Gift for men', '', '32', ''),
(165, 1, 'Brand', '', '27', ''),
(166, 1, 'Fishing', '', '36', ''),
(167, 1, 'Gift for men', '', '32', ''),
(168, 1, 'Hand bag', '', '23', ''),
(169, 1, 'Brand', '', '27', ''),
(170, 1, 'Fishing', '', '36', ''),
(171, 1, 'Gift for men', '', '32', ''),
(172, 1, 'Hand bag', '', '23', ''),
(174, 1, 'Custom Content', '', 'customcontent', '<div class=\"left_column_img col-md-6\"><a href=\"#\"><img src=\"/modules/fieldmegamenu/images/menu2.jpg\" alt=\"\" width=\"255\" height=\"100\" /></a></div>\r\n<div class=\"right_column_img col-md-6\"><a href=\"#\"><img src=\"/modules/fieldmegamenu/images/menu3.jpg\" alt=\"\" width=\"255\" height=\"100\" /></a></div>'),
(175, 1, 'Custom Content', '', 'customcontent', '<div class=\"left_column_img col-md-6\"><a href=\"#\"><img src=\"/modules/fieldmegamenu/images/menu2.jpg\" alt=\"\" width=\"255\" height=\"100\" /></a></div>\r\n<div class=\"right_column_img col-md-6\"><a href=\"#\"><img src=\"/modules/fieldmegamenu/images/menu3.jpg\" alt=\"\" width=\"255\" height=\"100\" /></a></div>'),
(176, 1, 'Custom Content', '', 'customcontent', '<div class=\"left_column_img col-md-6\"><a href=\"#\"><img src=\"/modules/fieldmegamenu/images/menu2.jpg\" alt=\"\" width=\"255\" height=\"100\" /></a></div>\r\n<div class=\"right_column_img col-md-6\"><a href=\"#\"><img src=\"/modules/fieldmegamenu/images/menu3.jpg\" alt=\"\" width=\"255\" height=\"100\" /></a></div>'),
(177, 1, 'Shoes', '', '13', ''),
(178, 1, 'Long Sleeved', '', '15', ''),
(179, 1, 'Lifestyle', '', '16', ''),
(180, 1, 'Accessories', '', '17', ''),
(181, 1, 'Hats and Gloves', '', '20', ''),
(182, 1, 'Sundresses', '', '22', ''),
(183, 1, 'Shoes', '', '13', ''),
(184, 1, 'Evening', '', '14', ''),
(185, 1, 'Long Sleeved', '', '15', ''),
(186, 1, 'Lifestyle', '', '16', ''),
(187, 1, 'Accessories', '', '17', ''),
(188, 1, 'Hats and Gloves', '', '20', ''),
(189, 1, 'Sundresses', '', '22', ''),
(190, 1, 'Shoes', '', '13', ''),
(191, 1, 'Evening', '', '14', ''),
(192, 1, 'Long Sleeved', '', '15', ''),
(193, 1, 'Lifestyle', '', '16', ''),
(194, 1, 'Accessories', '', '17', ''),
(195, 1, 'Hats and Gloves', '', '20', ''),
(196, 1, 'Sundresses', '', '22', ''),
(198, 1, 'Evening', '', '14', ''),
(199, 1, 'Clothing', '', '18', ''),
(200, 1, 'Cocktai', '', '19', ''),
(201, 1, 'Day', '', '21', ''),
(202, 1, 'Evening', '', '14', ''),
(203, 1, 'Sundresses', '', '22', ''),
(204, 1, 'Hats and Gloves', '', '20', ''),
(205, 1, 'Fragrances', '', '28', ''),
(206, 1, 'Clothing', '', '18', ''),
(207, 1, 'Cocktai', '', '19', ''),
(209, 1, 'Hand bag', '', '23', ''),
(210, 1, 'Sundresses', '', '22', ''),
(211, 1, 'Evening', '', '14', ''),
(212, 1, 'Long Sleeved', '', '15', ''),
(213, 1, 'Day', '', '21', ''),
(214, 1, 'Brand', '', '27', ''),
(215, 1, 'Clothing', '', '18', ''),
(216, 1, 'Day', '', '21', ''),
(217, 1, 'Evening', '', '14', ''),
(218, 1, 'Long Sleeved', '', '15', ''),
(219, 1, 'Sundresses', '', '22', ''),
(220, 1, 'Hats and Gloves', '', '20', ''),
(221, 1, 'Clothing', '', '18', ''),
(222, 1, 'Cocktai', '', '19', ''),
(223, 1, 'Day', '', '21', ''),
(224, 1, 'Evening', '', '14', ''),
(225, 1, 'Hand bag', '', '23', ''),
(226, 1, 'Sundresses', '', '22', ''),
(227, 1, 'Evening', '', '14', ''),
(228, 1, 'Long Sleeved', '', '15', ''),
(229, 1, 'Clothing', '', '18', ''),
(230, 1, 'Day', '', '21', ''),
(231, 1, 'Brand', '', '27', ''),
(232, 1, 'Sundresses', '', '22', ''),
(233, 1, 'Long Sleeved', '', '15', ''),
(234, 1, 'Clothing', '', '18', ''),
(236, 1, 'Hand bag', '', '23', ''),
(237, 1, 'Sundresses', '', '22', ''),
(238, 1, 'Evening', '', '14', ''),
(239, 1, 'Long Sleeved', '', '15', ''),
(240, 1, 'Clothing', '', '18', ''),
(241, 1, 'Day', '', '21', ''),
(242, 1, 'Brand', '', '27', ''),
(244, 1, 'Custom Content', '', 'customcontent', '<div class=\"custom_link_feature\">\r\n<ul>\r\n<li><a href=\"/home2/\" target=\"_blank\"> Home2 </a></li>\r\n<li><a href=\"/home3/\" target=\"_blank\"> Home3 </a></li>\r\n<li><a href=\"/home4/\" target=\"_blank\"> Home4 </a></li>\r\n</ul>\r\n</div>'),
(250, 1, 'Custom Content', '', 'customcontent', '<p><img src=\"https://opticabrera.com.ar/img/cms/Banner_gift(540x90) - copia.jpg\" alt=\"\" width=\"540\" height=\"90\" /></p>'),
(253, 1, 'Lentes de Sol', '', '44', ''),
(254, 1, 'Mujer', '', 'https://opticabrera.com.ar/44-lentes-de-sol?q=G%C3%A9nero-Mujer', ''),
(255, 1, 'Hombre', '', 'https://opticabrera.com.ar/44-lentes-de-sol?q=G%C3%A9nero-Hombre', ''),
(256, 1, 'Unisex', '', 'https://opticabrera.com.ar/44-lentes-de-sol?q=G%C3%A9nero-Unisex', ''),
(261, 1, 'Astigmatismo', '', 'https://opticabrera.com.ar/41-lentes-de-contacto?q=Tipo+de+Uso-Astigmatismo', ''),
(262, 1, 'Custom Content', '', 'customcontent', '<p>- Diagn&oacute;sticos -</p>'),
(263, 1, 'Cosméticas', '', 'https://opticabrera.com.ar/41-lentes-de-contacto?q=Tipo+de+Uso-Cosm%C3%A9ticas', ''),
(264, 1, 'Miopía e Hipermetropía', '', 'https://opticabrera.com.ar/41-lentes-de-contacto?q=Tipo+de+Uso-Miop%C3%ADa+e+Hipermetrop%C3%ADa', ''),
(265, 1, 'Presbicia', '', 'https://opticabrera.com.ar/41-lentes-de-contacto?q=Tipo+de+Uso-Presbicia', ''),
(266, 1, 'Custom Content', '', 'customcontent', '<p style=\"margin-top: 38px;\">- Marcas -</p>'),
(267, 1, 'Acuvue', '', 'https://opticabrera.com.ar/41-lentes-de-contacto?q=Marca-Acuvue', ''),
(268, 1, 'Air Optix', '', 'https://opticabrera.com.ar/41-lentes-de-contacto?q=Marca-Air+Optix', ''),
(269, 1, 'Dailies', '', 'https://opticabrera.com.ar/41-lentes-de-contacto?q=Marca-Dailies', ''),
(270, 1, 'Freshlook', '', 'https://opticabrera.com.ar/41-lentes-de-contacto?q=Marca-Freshlook', ''),
(271, 1, 'Lentes de Contacto', '', '41', ''),
(272, 1, 'Custom Content', '', 'customcontent', '<p>- Generos -</p>'),
(273, 1, 'Armazones', '', '45', ''),
(274, 1, 'Líquidos', '', '42', ''),
(275, 1, 'Custom Content', '', 'customcontent', '<p><img src=\"https://opticabrera.com.ar/img/cms/Foto-1-Categorias-540x90_.jpg\" alt=\"\" width=\"540\" height=\"90\" /></p>'),
(276, 1, 'Divider', '', 'divider', ''),
(277, 1, 'Custom Content', '', 'customcontent', '<p>- Generos -</p>'),
(278, 1, 'Custom Content', '', 'customcontent', '<p>- Tipo de Uso -</p>'),
(279, 1, 'Mujer', '', 'https://opticabrera.com.ar/45-armazones?q=G%C3%A9nero-Mujer', ''),
(280, 1, 'Hombre', '', 'https://opticabrera.com.ar/45-armazones?q=G%C3%A9nero-Hombre', ''),
(281, 1, 'Unisex', '', 'https://opticabrera.com.ar/45-armazones?q=G%C3%A9nero-Unisex', ''),
(282, 1, 'Solución', '', 'https://opticabrera.com.ar/42-liquidos?q=Tipo+de+Uso-Soluci%C3%B3n', ''),
(283, 1, 'Lubricantes', '', 'https://opticabrera.com.ar/42-liquidos?q=Tipo+de+Uso-Lubricante', ''),
(284, 1, 'Custom Content', '', 'customcontent', ''),
(285, 1, 'Gift Card', '', '76', '');

-- --------------------------------------------------------

--
-- Estructura de tabla para la tabla `ps_fieldmegamenu_lang`
--

CREATE TABLE `ps_fieldmegamenu_lang` (
  `id_fieldmegamenu` int(10) UNSIGNED NOT NULL,
  `id_lang` int(10) UNSIGNED NOT NULL,
  `title` varchar(255) NOT NULL,
  `description` varchar(255) NOT NULL,
  `link` varchar(255) NOT NULL
) ENGINE=InnoDB DEFAULT CHARSET=utf8;

--
-- Volcado de datos para la tabla `ps_fieldmegamenu_lang`
--

INSERT INTO `ps_fieldmegamenu_lang` (`id_fieldmegamenu`, `id_lang`, `title`, `description`, `link`) VALUES
(1, 1, 'Home', '', '/'),
(2, 1, 'Productos', '', 'https://opticabrera.com.ar/2-productos'),
(3, 1, 'Collections', '', '/11-collections'),
(4, 1, 'Shop Online', '', '/12-shop-online'),
(5, 1, 'Sucursales', '', '/content/6-sucursales'),
(6, 1, 'Blog', '', '/smartblog.html'),
(7, 1, 'Store', '', ''),
(8, 1, ' Contáctenos', '', 'https://opticabrera.com.ar/contactenos'),
(9, 1, 'Facebook', '', 'https://www.facebook.com/opticabrera/'),
(10, 1, 'Instagram', '', 'https://www.instagram.com/opticabrera/');

-- --------------------------------------------------------

--
-- Estructura de tabla para la tabla `ps_fieldmegamenu_shop`
--

CREATE TABLE `ps_fieldmegamenu_shop` (
  `id_fieldmegamenu` int(10) UNSIGNED NOT NULL,
  `id_shop` int(10) UNSIGNED NOT NULL
) ENGINE=InnoDB DEFAULT CHARSET=utf8;

--
-- Volcado de datos para la tabla `ps_fieldmegamenu_shop`
--

INSERT INTO `ps_fieldmegamenu_shop` (`id_fieldmegamenu`, `id_shop`) VALUES
(1, 1),
(2, 1),
(3, 1),
(4, 1),
(5, 1),
(6, 1),
(7, 1),
(8, 1),
(9, 1),
(10, 1);

-- --------------------------------------------------------

--
-- Estructura de tabla para la tabla `ps_fieldsizechart`
--

