-- https://www.phpmyadmin.net/
--
-- Servidor: localhost:3306
-- Tiempo de generación: 01-12-2022 a las 17:42:16
-- Versión del servidor: 10.3.27-MariaDB-log
-- Versión de PHP: 7.4.30

START TRANSACTION;



--
-- Base de datos: `opticabrera3yq_db2019`
--

-- --------------------------------------------------------

--
-- Estructura de tabla para la tabla `ps_access`
--

CREATE TABLE `ps_access` (
  `id_profile` int(10) UNSIGNED NOT NULL,
  `id_authorization_role` int(10) UNSIGNED NOT NULL
) ENGINE=InnoDB DEFAULT CHARSET=utf8;

--
-- Volcado de datos para la tabla `ps_access`
--

INSERT INTO `ps_access` (`id_profile`, `id_authorization_role`) VALUES
(1, 1),
(1, 2),
(1, 3),
(1, 4),
(1, 5),
(1, 6),
(1, 7),
(1, 8),
(1, 9),
(1, 10),
(1, 11),
(1, 12),
(1, 13),
(1, 14),
(1, 15),
(1, 16),
(1, 17),
(1, 18),
(1, 19),
(1, 20),
(1, 21),
(1, 22),
(1, 23),
(1, 24),
(1, 25),
(1, 26),
(1, 27),
(1, 28),
(1, 29),
(1, 30),
(1, 31),
(1, 32),
(1, 33),
(1, 34),
(1, 35),
(1, 36),
(1, 37),
(1, 38),
(1, 39),
(1, 40),
(1, 41),
(1, 42),
(1, 43),
(1, 44),
(1, 45),
(1, 46),
(1, 47),
(1, 48),
(1, 49),
(1, 50),
(1, 51),
(1, 52),
(1, 53),
(1, 54),
(1, 55),
(1, 56),
(1, 57),
(1, 58),
(1, 59),
(1, 60),
(1, 61),
(1, 62),
(1, 63),
(1, 64),
(1, 65),
(1, 66),
(1, 67),
(1, 68),
(1, 69),
(1, 70),
(1, 71),
(1, 72),
(1, 73),
(1, 74),
(1, 75),
(1, 76),
(1, 77),
(1, 78),
(1, 79),
(1, 80),
(1, 81),
(1, 82),
(1, 83),
(1, 84),
(1, 85),
(1, 86),
(1, 87),
(1, 88),
(1, 89),
(1, 90),
(1, 91),
(1, 92),
(1, 93),
(1, 94),
(1, 95),
(1, 96),
(1, 97),
(1, 98),
(1, 99),
(1, 100),
(1, 101),
(1, 102),
(1, 103),
(1, 104),
(1, 105),
(1, 106),
(1, 107),
(1, 108),
(1, 109),
(1, 110),
(1, 111),
(1, 112),
(1, 113),
(1, 114),
(1, 115),
(1, 116),
(1, 117),
(1, 118),
(1, 119),
(1, 120),
(1, 121),
(1, 122),
(1, 123),
(1, 124),
(1, 125),
(1, 126),
(1, 127),
(1, 128),
(1, 129),
(1, 130),
(1, 131),
(1, 132),
(1, 133),
(1, 134),
(1, 135),
(1, 136),
(1, 137),
(1, 138),
(1, 139),
(1, 140),
(1, 141),
(1, 142),
(1, 143),
(1, 144),
(1, 145),
(1, 146),
(1, 147),
(1, 148),
(1, 149),
(1, 150),
(1, 151),
(1, 152),
(1, 153),
(1, 154),
(1, 155),
(1, 156),
(1, 157),
(1, 158),
(1, 159),
(1, 160),
(1, 161),
(1, 162),
(1, 163),
(1, 164),
(1, 165),
(1, 166),
(1, 167),
(1, 168),
(1, 169),
(1, 170),
(1, 171),
(1, 172),
(1, 173),
(1, 174),
(1, 175),
(1, 176),
(1, 177),
(1, 178),
(1, 179),
(1, 180),
(1, 181),
(1, 182),
(1, 183),
(1, 184),
(1, 185),
(1, 186),
(1, 187),
(1, 188),
(1, 189),
(1, 190),
(1, 191),
(1, 192),
(1, 193),
(1, 194),
(1, 195),
(1, 196),
(1, 197),
(1, 198),
(1, 199),
(1, 200),
(1, 201),
(1, 202),
(1, 203),
(1, 204),
(1, 205),
(1, 206),
(1, 207),
(1, 208),
(1, 209),
(1, 210),
(1, 211),
(1, 212),
(1, 213),
(1, 214),
(1, 215),
(1, 216),
(1, 217),
(1, 218),
(1, 219),
(1, 220),
(1, 221),
(1, 222),
(1, 223),
(1, 224),
(1, 225),
(1, 226),
(1, 227),
(1, 228),
(1, 229),
(1, 230),
(1, 231),
(1, 232),
(1, 233),
(1, 234),
(1, 235),
(1, 236),
(1, 237),
(1, 238),
(1, 239),
(1, 240),
(1, 241),
(1, 242),
(1, 243),
(1, 244),
(1, 245),
(1, 246),
(1, 247),
(1, 248),
(1, 249),
(1, 250),
(1, 251),
(1, 252),
(1, 253),
(1, 254),
(1, 255),
(1, 256),
(1, 257),
(1, 258),
(1, 259),
(1, 260),
(1, 261),
(1, 262),
(1, 263),
(1, 264),
(1, 265),
(1, 266),
(1, 267),
(1, 268),
(1, 269),
(1, 270),
(1, 271),
(1, 272),
(1, 273),
(1, 274),
(1, 275),
(1, 276),
(1, 277),
(1, 278),
(1, 279),
(1, 280),
(1, 281),
(1, 282),
(1, 283),
(1, 284),
(1, 285),
(1, 286),
(1, 287),
(1, 288),
(1, 289),
(1, 290),
(1, 291),
(1, 292),
(1, 293),
(1, 294),
(1, 295),
(1, 296),
(1, 297),
(1, 298),
(1, 299),
(1, 300),
(1, 301),
(1, 302),
(1, 303),
(1, 304),
(1, 305),
(1, 306),
(1, 307),
(1, 308),
(1, 309),
(1, 310),
(1, 311),
(1, 312),
(1, 313),
(1, 314),
(1, 315),
(1, 316),
(1, 317),
(1, 318),
(1, 319),
(1, 320),
(1, 321),
(1, 322),
(1, 323),
(1, 324),
(1, 325),
(1, 326),
(1, 327),
(1, 328),
(1, 329),
(1, 330),
(1, 331),
(1, 332),
(1, 333),
(1, 334),
(1, 335),
(1, 336),
(1, 337),
(1, 338),
(1, 339),
(1, 340),
(1, 341),
(1, 342),
(1, 343),
(1, 344),
(1, 345),
(1, 346),
(1, 347),
(1, 348),
(1, 349),
(1, 350),
(1, 351),
(1, 352),
(1, 353),
(1, 354),
(1, 355),
(1, 356),
(1, 357),
(1, 358),
(1, 359),
(1, 360),
(1, 361),
(1, 362),
(1, 363),
(1, 364),
(1, 365),
(1, 366),
(1, 367),
(1, 368),
(1, 369),
(1, 370),
(1, 371),
(1, 372),
(1, 373),
(1, 374),
(1, 375),
(1, 376),
(1, 377),
(1, 378),
(1, 379),
(1, 380),
(1, 381),
(1, 382),
(1, 383),
(1, 384),
(1, 385),
(1, 386),
(1, 387),
(1, 388),
(1, 389),
(1, 390),
(1, 391),
(1, 392),
(1, 393),
(1, 394),
(1, 395),
(1, 396),
(1, 397),
(1, 398),
(1, 399),
(1, 400),
(1, 401),
(1, 402),
(1, 403),
(1, 404),
(1, 405),
(1, 406),
(1, 407),
(1, 408),
(1, 409),
(1, 410),
(1, 411),
(1, 412),
(1, 413),
(1, 414),
(1, 415),
(1, 416),
(1, 417),
(1, 418),
(1, 419),
(1, 420),
(1, 421),
(1, 422),
(1, 423),
(1, 424),
(1, 425),
(1, 426),
(1, 427),
(1, 428),
(1, 429),
(1, 430),
(1, 431),
(1, 432),
(1, 433),
(1, 434),
(1, 435),
(1, 436),
(1, 437),
(1, 438),
(1, 439),
(1, 440),
(1, 441),
(1, 442),
(1, 443),
(1, 444),
(1, 445),
(1, 446),
(1, 447),
(1, 448),
(1, 449),
(1, 450),
(1, 451),
(1, 452),
(1, 453),
(1, 454),
(1, 455),
(1, 456),
(1, 457),
(1, 458),
(1, 459),
(1, 460),
(1, 461),
(1, 462),
(1, 463),
(1, 464),
(1, 489),
(1, 490),
(1, 491),
(1, 492),
(1, 557),
(1, 558),
(1, 559),
(1, 560),
(1, 605),
(1, 606),
(1, 607),
(1, 608),
(1, 609),
(1, 610),
(1, 611),
(1, 612),
(1, 613),
(1, 614),
(1, 615),
(1, 616),
(1, 717),
(1, 718),
(1, 719),
(1, 720),
(1, 721),
(1, 722),
(1, 723),
(1, 724),
(1, 733),
(1, 734),
(1, 735),
(1, 736),
(1, 745),
(1, 746),
(1, 747),
(1, 748),
(1, 749),
(1, 750),
(1, 751),
(1, 752),
(1, 757),
(1, 758),
(1, 759),
(1, 760),
(1, 761),
(1, 762),
(1, 763),
(1, 764),
(1, 769),
(1, 770),
(1, 771),
(1, 772),
(1, 785),
(1, 786),
(1, 787),
(1, 788),
(1, 789),
(1, 790),
(1, 791),
(1, 792),
(1, 793),
(1, 794),
(1, 795),
(1, 796),
(1, 801),
(1, 802),
(1, 803),
(1, 804),
(1, 809),
(1, 810),
(1, 811),
(1, 812),
(1, 817),
(1, 818),
(1, 819),
(1, 820),
(1, 821),
(1, 822),
(1, 823),
(1, 824),
(1, 833),
(1, 834),
(1, 835),
(1, 836),
(1, 841),
(1, 842),
(1, 843),
(1, 844),
(1, 845),
(1, 846),
(1, 847),
(1, 848),
(1, 857),
(1, 858),
(1, 859),
(1, 860),
(1, 861),
(1, 862),
(1, 863),
(1, 864),
(1, 869),
(1, 870),
(1, 871),
(1, 872),
(1, 889),
(1, 890),
(1, 891),
(1, 892),
(1, 901),
(1, 902),
(1, 903),
(1, 904),
(1, 905),
(1, 906),
(1, 907),
(1, 908),
(1, 917),
(1, 918),
(1, 919),
(1, 920),
(1, 925),
(1, 926),
(1, 927),
(1, 928),
(1, 957),
(1, 958),
(1, 959),
(1, 960),
(1, 961),
(1, 962),
(1, 963),
(1, 964),
(1, 965),
(1, 966),
(1, 967),
(1, 968),
(1, 969),
(1, 970),
(1, 971),
(1, 972),
(1, 973),
(1, 974),
(1, 975),
(1, 976),
(1, 977),
(1, 978),
(1, 979),
(1, 980),
(1, 981),
(1, 982),
(1, 983),
(1, 984),
(1, 997),
(1, 998),
(1, 999),
(1, 1000),
(1, 1001),
(1, 1002),
(1, 1003),
(1, 1004),
(1, 1009),
(1, 1010),
(1, 1011),
(1, 1012),
(1, 1017),
(1, 1018),
(1, 1019),
(1, 1020),
(1, 1021),
(1, 1022),
(1, 1023),
(1, 1024),
(1, 1025),
(1, 1026),
(1, 1027),
(1, 1028),
(1, 1045),
(1, 1046),
(1, 1047),
(1, 1048),
(1, 1061),
(1, 1062),
(1, 1063),
(1, 1064),
(1, 1065),
(1, 1066),
(1, 1067),
(1, 1068),
(1, 1081),
(1, 1082),
(1, 1083),
(1, 1084),
(1, 1089),
(1, 1090),
(1, 1091),
(1, 1092),
(1, 1093),
(1, 1094),
(1, 1095),
(1, 1096),
(1, 1097),
(1, 1098),
(1, 1099),
(1, 1100),
(1, 1105),
(1, 1106),
(1, 1107),
(1, 1108),
(1, 1113),
(1, 1114),
(1, 1115),
(1, 1116),
(1, 1129),
(1, 1130),
(1, 1131),
(1, 1132),
(1, 1137),
(1, 1138),
(1, 1139),
(1, 1140),
(1, 1145),
(1, 1146),
(1, 1147),
(1, 1148),
(1, 1153),
(1, 1154),
(1, 1155),
(1, 1156),
(1, 1161),
(1, 1162),
(1, 1163),
(1, 1164),
(2, 9),
(2, 10),
(2, 11),
(2, 12),
(2, 33),
(2, 34),
(2, 35),
(2, 36),
(2, 37),
(2, 38),
(2, 39),
(2, 40),
(2, 41),
(2, 42),
(2, 43),
(2, 44),
(2, 45),
(2, 46),
(2, 47),
(2, 48),
(2, 73),
(2, 74),
(2, 75),
(2, 76),
(2, 77),
(2, 78),
(2, 79),
(2, 80),
(2, 81),
(2, 82),
(2, 83),
(2, 84),
(2, 129),
(2, 130),
(2, 131),
(2, 132),
(2, 149),
(2, 150),
(2, 151),
(2, 152),
(2, 181),
(2, 182),
(2, 183),
(2, 184),
(2, 189),
(2, 190),
(2, 191),
(2, 192),
(2, 193),
(2, 194),
(2, 195),
(2, 196),
(2, 201),
(2, 202),
(2, 203),
(2, 204),
(2, 209),
(2, 210),
(2, 211),
(2, 212),
(2, 217),
(2, 218),
(2, 219),
(2, 220),
(2, 233),
(2, 234),
(2, 235),
(2, 236),
(2, 242),
(2, 243),
(2, 249),
(2, 250),
(2, 251),
(2, 252),
(2, 253),
(2, 254),
(2, 255),
(2, 256),
(2, 257),
(2, 258),
(2, 259),
(2, 260),
(2, 269),
(2, 270),
(2, 271),
(2, 272),
(2, 273),
(2, 274),
(2, 275),
(2, 276),
(2, 285),
(2, 286),
(2, 287),
(2, 288),
(2, 309),
(2, 310),
(2, 311),
(2, 312),
(2, 337),
(2, 338),
(2, 339),
(2, 340),
(2, 353),
(2, 354),
(2, 355),
(2, 356),
(2, 361),
(2, 362),
(2, 363),
(2, 364),
(2, 373),
(2, 374),
(2, 375),
(2, 376),
(2, 385),
(2, 386),
(2, 387),
(2, 388),
(2, 389),
(2, 390),
(2, 391),
(2, 392),
(2, 401),
(2, 402),
(2, 403),
(2, 404),
(2, 425),
(2, 426),
(2, 427),
(2, 428),
(2, 433),
(2, 434),
(2, 435),
(2, 436),
(2, 445),
(2, 446),
(2, 447),
(2, 448),
(2, 449),
(2, 450),
(2, 451),
(2, 452),
(2, 453),
(2, 454),
(2, 455),
(2, 456),
(2, 457),
(2, 458),
(2, 459),
(2, 460),
(2, 733),
(2, 734),
(2, 735),
(2, 736),
(2, 785),
(2, 786),
(2, 787),
(2, 788),
(2, 789),
(2, 790),
(2, 791),
(2, 792),
(2, 817),
(2, 818),
(2, 819),
(2, 820),
(3, 45),
(3, 46),
(3, 47),
(3, 48),
(3, 49),
(3, 50),
(3, 51),
(3, 52),
(3, 125),
(3, 126),
(3, 127),
(3, 128),
(3, 141),
(3, 142),
(3, 143),
(3, 144),
(3, 225),
(3, 226),
(3, 227),
(3, 228),
(3, 265),
(3, 266),
(3, 267),
(3, 268),
(3, 309),
(3, 310),
(3, 311),
(3, 312),
(3, 329),
(3, 330),
(3, 331),
(3, 332),
(3, 429),
(3, 430),
(3, 431),
(3, 432),
(3, 445),
(3, 446),
(3, 447),
(3, 448),
(3, 449),
(3, 450),
(3, 451),
(3, 452),
(3, 453),
(3, 454),
(3, 455),
(3, 456),
(3, 457),
(3, 458),
(3, 459),
(3, 460),
(4, 0),
(4, 9),
(4, 10),
(4, 11),
(4, 12),
(4, 17),
(4, 18),
(4, 19),
(4, 20),
(4, 41),
(4, 42),
(4, 43),
(4, 44),
(4, 45),
(4, 46),
(4, 47),
(4, 48),
(4, 49),
(4, 50),
(4, 51),
(4, 52),
(4, 77),
(4, 78),
(4, 79),
(4, 80),
(4, 81),
(4, 82),
(4, 83),
(4, 84),
(4, 129),
(4, 130),
(4, 131),
(4, 132),
(4, 181),
(4, 182),
(4, 183),
(4, 184),
(4, 189),
(4, 190),
(4, 191),
(4, 192),
(4, 209),
(4, 210),
(4, 211),
(4, 212),
(4, 217),
(4, 218),
(4, 219),
(4, 220),
(4, 229),
(4, 230),
(4, 231),
(4, 232),
(4, 237),
(4, 238),
(4, 239),
(4, 240),
(4, 243),
(4, 249),
(4, 250),
(4, 251),
(4, 252),
(4, 309),
(4, 310),
(4, 311),
(4, 312),
(4, 317),
(4, 318),
(4, 319),
(4, 320),
(4, 349),
(4, 350),
(4, 351),
(4, 352),
(4, 361),
(4, 362),
(4, 363),
(4, 364),
(4, 401),
(4, 403),
(4, 404),
(4, 437),
(4, 438),
(4, 439),
(4, 440),
(4, 445),
(4, 446),
(4, 447),
(4, 448),
(4, 453),
(4, 454),
(4, 455),
(4, 456),
(4, 457),
(4, 458),
(4, 459),
(4, 460),
(4, 717),
(4, 718),
(4, 719),
(4, 720);

-- --------------------------------------------------------

--
-- Estructura de tabla para la tabla `ps_accessory`
--

CREATE TABLE `ps_accessory` (
  `id_product_1` int(10) UNSIGNED NOT NULL,
  `id_product_2` int(10) UNSIGNED NOT NULL
) ENGINE=InnoDB DEFAULT CHARSET=utf8;

--
-- Volcado de datos para la tabla `ps_accessory`
--

INSERT INTO `ps_accessory` (`id_product_1`, `id_product_2`) VALUES
(1, 17),
(1, 18),
(1, 19),
(1, 20),
(1, 21),
(2, 17),
(2, 18),
(2, 19),
(2, 20),
(2, 21),
(3, 17),
(3, 18),
(3, 19),
(3, 20),
(3, 21),
(4, 17),
(4, 18),
(4, 19),
(4, 20),
(4, 21),
(5, 17),
(5, 18),
(5, 19),
(5, 20),
(5, 21),
(6, 17),
(6, 18),
(6, 19),
(6, 20),
(6, 21),
(7, 17),
(7, 18),
(7, 19),
(7, 20),
(7, 21),
(8, 17),
(8, 18),
(8, 19),
(8, 20),
(8, 21),
(9, 17),
(9, 18),
(9, 19),
(9, 20),
(9, 21),
(10, 17),
(10, 18),
(10, 19),
(10, 20),
(10, 21),
(11, 17),
(11, 18),
(11, 19),
(11, 20),
(11, 21),
(12, 17),
(12, 18),
(12, 19),
(12, 20),
(12, 21),
(13, 17),
(13, 18),
(13, 19),
(13, 20),
(13, 21),
(14, 17),
(14, 18),
(14, 19),
(14, 20),
(14, 21),
(15, 17),
(15, 18),
(15, 19),
(15, 20),
(15, 21),
(16, 17),
(16, 18),
(16, 19),
(16, 20),
(16, 21),
(17, 1),
(17, 2),
(17, 3),
(17, 4),
(17, 5),
(17, 6),
(17, 7),
(17, 8),
(17, 10),
(17, 11),
(17, 12),
(17, 13),
(17, 14),
(17, 15),
(17, 16),
(18, 1),
(18, 2),
(18, 3),
(18, 4),
(18, 5),
(18, 6),
(18, 7),
(18, 8),
(18, 10),
(18, 11),
(18, 12),
(18, 13),
(18, 14),
(18, 15),
(18, 16),
(19, 1),
(19, 2),
(19, 3),
(19, 4),
(19, 5),
(19, 6),
(19, 7),
(19, 8),
(19, 10),
(19, 11),
(19, 12),
(19, 13),
(19, 14),
(19, 15),
(19, 16),
(20, 1),
(20, 2),
(20, 3),
(20, 4),
(20, 5),
(20, 6),
(20, 7),
(20, 8),
(20, 10),
(20, 11),
(20, 12),
(20, 13),
(20, 14),
(20, 15),
(20, 16),
(21, 1),
(21, 2),
(21, 3),
(21, 4),
(21, 5),
(21, 6),
(21, 7),
(21, 8),
(21, 10),
(21, 11),
(21, 12),
(21, 13),
(21, 14),
(21, 15),
(21, 16),
(22, 1),
(22, 2),
(22, 3),
(22, 4),
(22, 5),
(22, 6),
(22, 7),
(22, 8),
(22, 10),
(22, 11),
(22, 12),
(22, 13),
(22, 14),
(22, 15),
(22, 16),
(23, 17),
(23, 18),
(23, 19),
(23, 20),
(23, 21),
(24, 17),
(24, 18),
(24, 19),
(24, 20),
(24, 21),
(25, 17),
(25, 18),
(25, 19),
(25, 20),
(25, 21),
(26, 17),
(26, 18),
(26, 19),
(26, 20),
(26, 21),
(27, 17),
(27, 18),
(27, 19),
(27, 20),
(27, 21),
(28, 17),
(28, 18),
(28, 19),
(28, 20),
(28, 21),
(29, 17),
(29, 18),
(29, 19),
(29, 20),
(29, 21),
(30, 17),
(30, 18),
(30, 19),
(30, 20),
(30, 21),
(134, 17),
(134, 18),
(134, 19),
(134, 20),
(134, 21),
(135, 17),
(135, 18),
(135, 19),
(135, 20),
(135, 21),
(136, 17),
(136, 18),
(136, 19),
(136, 20),
(136, 21),
(137, 17),
(137, 18),
(137, 19),
(137, 20),
(137, 21),
(138, 17),
(138, 18),
(138, 19),
(138, 20),
(138, 21),
(139, 17),
(139, 18),
(139, 19),
(139, 20),
(139, 21),
(140, 17),
(140, 18),
(140, 19),
(140, 20),
(140, 21),
(141, 17),
(141, 18),
(141, 19),
(141, 20),
(141, 21),
(142, 17),
(142, 18),
(142, 19),
(142, 20),
(142, 21),
(143, 17),
(143, 18),
(143, 19),
(143, 20),
(143, 21),
(144, 17),
(144, 18),
(144, 19),
(144, 20),
(144, 21),
(145, 17),
(145, 18),
(145, 19),
(145, 20),
(145, 21),
(146, 17),
(146, 18),
(146, 19),
(146, 20),
(146, 21),
(147, 17),
(147, 18),
(147, 19),
(147, 20),
(147, 21),
(148, 17),
(148, 18),
(148, 19),
(148, 20),
(148, 21),
(149, 17),
(149, 18),
(149, 19),
(149, 20),
(149, 21),
(150, 17),
(150, 18),
(150, 19),
(150, 20),
(150, 21),
(151, 17),
(151, 18),
(151, 19),
(151, 20),
(151, 21),
(152, 17),
(152, 18),
(152, 19),
(152, 20),
(152, 21),
(153, 17),
(153, 18),
(153, 19),
(153, 20),
(153, 21),
(154, 17),
(154, 18),
(154, 19),
(154, 20),
(154, 21),
(155, 17),
(155, 18),
(155, 19),
(155, 20),
(155, 21),
(156, 17),
(156, 18),
(156, 19),
(156, 20),
(156, 21),
(157, 17),
(157, 18),
(157, 19),
(157, 20),
(157, 21),
(177, 17),
(177, 18),
(177, 19),
(177, 20),
(177, 21),
(178, 17),
(178, 18),
(178, 19),
(178, 20),
(178, 21);

-- --------------------------------------------------------

--
-- Estructura de tabla para la tabla `ps_address`
--

CREATE TABLE `ps_address` (
  `id_address` int(10) UNSIGNED NOT NULL,
  `id_country` int(10) UNSIGNED NOT NULL,
  `id_state` int(10) UNSIGNED DEFAULT NULL,
  `id_customer` int(10) UNSIGNED NOT NULL DEFAULT 0,
  `id_manufacturer` int(10) UNSIGNED NOT NULL DEFAULT 0,
  `id_supplier` int(10) UNSIGNED NOT NULL DEFAULT 0,
  `id_warehouse` int(10) UNSIGNED NOT NULL DEFAULT 0,
  `alias` varchar(32) NOT NULL,
  `company` varchar(255) DEFAULT NULL,
  `lastname` varchar(255) NOT NULL,
  `firstname` varchar(255) NOT NULL,
  `address1` varchar(128) NOT NULL,
  `address2` varchar(128) DEFAULT NULL,
  `postcode` varchar(12) DEFAULT NULL,
  `city` varchar(64) NOT NULL,
  `other` text DEFAULT NULL,
  `phone` varchar(32) DEFAULT NULL,
  `phone_mobile` varchar(32) DEFAULT NULL,
  `vat_number` varchar(32) DEFAULT NULL,
  `dni` varchar(16) DEFAULT NULL,
  `date_add` datetime NOT NULL,
  `date_upd` datetime NOT NULL,
  `active` tinyint(1) UNSIGNED NOT NULL DEFAULT 1,
  `deleted` tinyint(1) UNSIGNED NOT NULL DEFAULT 0
) ENGINE=InnoDB DEFAULT CHARSET=utf8;

--
-- Volcado de datos para la tabla `ps_address`
--

INSERT INTO `ps_address` (`id_address`, `id_country`, `id_state`, `id_customer`, `id_manufacturer`, `id_supplier`, `id_warehouse`, `alias`, `company`, `lastname`, `firstname`, `address1`, `address2`, `postcode`, `city`, `other`, `phone`, `phone_mobile`, `vat_number`, `dni`, `date_add`, `date_upd`, `active`, `deleted`) VALUES
(3, 21, 35, 0, 0, 0, 0, 'supplier', 'Fashion', 'supplier', 'supplier', '767 Fifth Ave.', '', '10153', 'New York', '', '(212) 336-1440', '', '', '', '2019-11-02 11:52:55', '2019-11-02 11:52:55', 1, 0),
(7, 44, 102, 2, 0, 0, 0, 'Mi Dirección', 'Skyson', 'Tolcha', 'Damian', 'Av. San Juan 3301', '', '1233', 'CABA', '', '', '', '', '', '2020-05-08 13:13:27', '2020-06-01 19:38:35', 1, 1),
(8, 44, 102, 3, 0, 0, 0, 'Mi Dirección', '', 'perez', 'Dar', 'pelegrini 1120', '', '1002', 'caba', '', '', '1234', '', '1234', '2020-05-14 13:18:15', '2020-06-16 16:14:15', 1, 0),
(9, 44, 122, 4, 0, 0, 0, 'Mi Dirección', '', 'trini', 'arturo ', 'av. del huerto 1213', '', '2000', 'rosario', '', '', '1234', '', '1234', '2020-05-20 12:54:22', '2020-06-16 16:14:20', 1, 0),
(10, 44, 102, 1, 0, 0, 0, 'Mi Dirección', '', 'LOPEZ', 'PABLO', 'GRAL. PAZ 1500', '', '1834', 'Temperley', '', '+541142314194', '2343', '', '324324', '2020-05-21 10:09:45', '2020-06-15 19:48:31', 1, 1),
(11, 44, 122, 5, 0, 0, 0, 'Mi Dirección', '', 'Federik', 'Paula', 'Rioja 1474 piso 5', '', '2000', 'Rosario', '', '0341 6964313', '1234', '', '1234', '2020-05-28 15:40:41', '2020-06-16 16:14:25', 1, 0),
(12, 44, 122, 6, 0, 0, 0, 'Mi Dirección', '', 'Gentile', 'Martin ', 'cordoba 1452', '', '2000', 'rosario', '', '3416047108', '3416047108', '', '34288689', '2020-06-01 09:28:41', '2020-06-20 13:01:28', 1, 0),
(13, 44, 106, 2, 0, 0, 0, 'Dire CABA', 'Skyson', 'Tolcha', 'Damian', 'Av. San Juan 3301', '', '1233', 'CABA', '', '', '1133868076', '', '23223223', '2020-06-01 19:38:35', '2020-11-04 17:41:05', 1, 1),
(15, 44, 116, 7, 0, 0, 0, 'Mi Dirección', '', 'fran', 'jose', 'san martin 3300', '', '5000', 'neuquen', '', '', '115555-5555', '', '5769598', '2020-06-11 15:40:31', '2020-06-16 16:14:48', 1, 0),
(17, 44, 102, 1, 0, 0, 0, 'Mi Dirección', '', 'LOPEZ', 'PABLO', 'test 1234', '', '1834', 'test', '', '0555555', '2343243', '', '324324', '2020-06-15 18:05:57', '2020-06-15 19:47:15', 1, 1),
(18, 44, 102, 1, 0, 0, 0, 'Mi Dirección', '', 'LOPEZ', 'PABLO', 'test 1234', '', '1834', 'test', '', '0555555', '324324324', '', '343243242', '2020-06-15 19:36:39', '2020-06-15 19:47:19', 1, 1),
(19, 44, 102, 1, 0, 0, 0, 'Mi Dirección', '', 'LOPEZ', 'PABLO', 'test', '', '1834', 'Temperley', '', '324234234', '324324', '', '4324324', '2020-06-15 19:47:48', '2020-06-16 16:14:51', 1, 0),
(20, 44, 122, 8, 0, 0, 0, 'Mi Dirección', '', 'Gentile', 'Martín', 'cordoba 1154', '', '2000', 'rosario', '', '', '3416047108', '', '34288689', '2020-06-16 12:37:15', '2020-06-16 16:14:56', 1, 0),
(21, 44, 106, 11, 0, 0, 0, 'Mi Dirección', '', 'Tiscornia', 'Ana', 'Granaderos 725', '', '1414', 'CABA', '', '', '01157612432', '', '28843649', '2020-06-16 17:05:50', '2020-06-16 17:05:50', 1, 0),
(22, 44, 122, 15, 0, 0, 0, 'Mi Dirección', '', 'Gentile', 'Martín', 'cordoba 1154', '', '2000', 'rosario', '', '03416047108', '03416047108', '', '34288689', '2020-06-23 10:44:56', '2020-06-23 10:44:56', 1, 0),
(23, 44, 102, 14, 0, 0, 0, 'Mi Dirección', '', 'Barcia', 'Berenice ', 'Acceso Oeste km 58,5', '', '6700', 'Lujan', '', '02323418320', '1150637410', '', '20468929', '2020-06-23 10:45:10', '2020-06-23 10:45:10', 1, 0),
(24, 44, 102, 16, 0, 0, 0, 'Mi Dirección', '', 'bento', 'rodrigo', 'las flores 1600 torre 22 4° B ', '', '1875', 'wilde', '', '54308986', '1136367695', '', '31256835', '2020-06-25 15:45:20', '2020-06-25 15:45:20', 1, 0),
(25, 44, 102, 17, 0, 0, 0, 'Mi Dirección', '', 'Lopez', 'Juan', 'Luzuriaga 968', '', '1766', 'La tablada', '', '', '64147659', '', '17708713', '2020-07-02 18:04:45', '2020-07-02 18:04:45', 1, 0),
(26, 44, 102, 18, 0, 0, 0, 'Mi Dirección', '', 'Kobelak', 'Patricia', 'Escalada1200 barrio laguna del sol lote2', '', '1617', 'Troncos del talar ', '', '', '1555785566', '', '20426915', '2020-07-03 17:35:48', '2020-07-03 17:35:48', 1, 0),
(27, 44, 102, 21, 0, 0, 0, 'Mi Dirección', '', 'Insaurralde', 'Elena', 'Calle 91 ex calle B 8424 entre calle 5 y calle 6', '', '1655', 'Villa Lanzone Jose León Suarez ', '', '1154157021', '1154157021', '', '14204041', '2020-07-18 15:44:47', '2020-07-20 14:20:23', 1, 0),
(28, 44, 102, 21, 0, 0, 0, 'Mi Dirección', '', 'Insaurralde', 'Elena', 'Calle 91 ex calle B entre calle 5 y calle 6', '', '1655', 'Villa Lanzone Jose León Suarez ', '', '1154157021', '1154157021', '', '14204041', '2020-07-18 15:49:54', '2020-07-20 14:19:15', 1, 1),
(29, 44, 102, 21, 0, 0, 0, 'Mi Dirección', '', 'Insaurralde', 'Elena', 'Calle 91 ex calle B 8424 entre calle 5 y calle 6', '', '1655', 'Villa Lanzone Jose León Suarez ', '', '1154157021', '1154157021', '', '14204041', '2020-07-20 14:19:15', '2020-07-20 14:19:15', 1, 0),
(30, 44, 106, 22, 0, 0, 0, 'Mi Dirección', '', 'Czech', 'Néstor Darío', 'Lambaré 1167 1ERO - B', '', '1185', 'CABA', '', '', '1166127619', '', '32098399', '2020-07-29 20:02:06', '2020-07-29 20:02:06', 1, 0),
(31, 44, 118, 23, 0, 0, 0, 'Mi Dirección', '', 'Diaz', 'Carolina', 'los mandarinos 430', '', '4400', 'Capital', '', '', '03874671057', '', '30221961', '2020-08-06 11:38:35', '2020-08-06 11:38:35', 1, 0),
(32, 44, 107, 24, 0, 0, 0, 'Mi Dirección', '', 'Moine', 'Leandro', 'República 1362', '', '5000', 'Cordoba', '', '3513967755', '3513967755', '', '33752919', '2020-08-06 18:39:36', '2020-08-06 18:39:36', 1, 0),
(33, 44, 105, 25, 0, 0, 0, 'Mi Dirección', '', 'test', 'test', 'fdsfs', '', '1454', 'moron', '', '6564', '46456', '2545645', '20281212592', '2020-08-07 12:38:37', '2020-08-07 12:38:37', 1, 0),
(34, 44, 102, 27, 0, 0, 0, 'Mi Dirección', '', 'Marquez', 'Graciela ', 'Labagnino 907 esq puyrredon ', '', '1619', 'Buenos Aires', '', '3484458116', '3484301090', '', '300661160', '2020-08-22 18:21:10', '2020-08-22 18:21:10', 1, 0),
(35, 44, 102, 28, 0, 0, 0, 'Mi Dirección', '', 'Mayotti', 'Sandra', 'Country Club Indio Cua', '', '2812', 'Exaltación de la Cruz', '', '1155822134', '1155822134', '', '18368670', '2020-08-25 12:26:35', '2020-08-25 12:26:35', 1, 0),
(36, 44, 109, 30, 0, 0, 0, 'Mi Dirección', '', 'Alaluf', 'Constanza ', 'Alberdi 173', '', '3260', 'Concepción del Uruguay', '', '', '3442475586', '', '42647450', '2020-09-01 00:52:47', '2020-09-01 00:52:47', 1, 0),
(37, 44, 106, 0, 0, 1, 0, 'Productos especiales NO ELIMINAR', '', 'supplier', 'supplier', 'Calle 1111', 'calle', '1111', 'CABA', '', '', '', '', '111', '2020-09-01 06:26:31', '2020-09-15 19:19:26', 1, 1),
(38, 44, 106, 0, 0, 2, 0, 'Test', '', 'supplier', 'supplier', 'test', '', '1888', 'test', '', '', '', '', '3333', '2020-09-01 19:25:18', '2020-09-15 19:19:22', 1, 1),
(39, 44, 113, 31, 0, 0, 0, 'Mi Dirección', '', 'del del', 'test del del', 'test del del112', '', '1234', 'test del del', '', '1231231231', '1231231231', '', '123', '2020-09-02 04:55:43', '2020-09-02 04:55:43', 1, 0),
(40, 44, 103, 32, 0, 0, 0, 'Mi Dirección', '', 'navarro', 'andrea', '4700', '', '4700', 'Capital', '', '03834408904', '03834408904', '', '31310475', '2020-09-02 11:15:52', '2020-09-02 11:15:52', 1, 0),
(41, 44, 102, 34, 0, 0, 0, 'Mi Dirección', '', 'Mayotti', 'Sandra', 'Country Club Indio Cua Ruta 6 km173 UF 74', '', '2812', 'Exaltación de la Cruz ', '', '1155822134', '1155822134', '', '18368670', '2020-09-24 19:08:33', '2020-09-24 19:08:33', 1, 0),
(42, 44, 106, 35, 0, 0, 0, 'Mi Dirección', '', 'Mariani', 'Maria belen', 'Primera junta 5512', '', '1440', 'Caba', '', '', '1123215883', '', '31917105', '2020-09-27 14:58:31', '2020-09-27 14:58:31', 1, 0),
(43, 44, 102, 36, 0, 0, 0, 'Mi Dirección', 'WhatEver', 'Alberti', 'Emiliano', 'Belgrano 55', '', '1876', 'Bernal', '', '', '1162777854', '', '35329444', '2020-09-30 19:01:25', '2020-09-30 19:01:25', 1, 0),
(44, 44, 102, 37, 0, 0, 0, 'Mi Dirección', '', 'Ledesma', 'Christian', 'Gibraltar ', '', '1754', 'San justo', '', '1136669467', '1136669476', '', '20-35369259-4', '2020-10-21 23:29:51', '2020-10-21 23:29:51', 1, 0),
(45, 44, 102, 39, 0, 0, 0, 'Mi Dirección', 'Visa', 'Añuca', 'Daniel', 'capdevila 331', '', '8018', 'Varela, bosques', '', '42210099', ' 54+ 1131416856', '407', '7847935', '2020-10-26 00:24:04', '2020-10-26 00:24:04', 1, 0),
(46, 44, 107, 40, 0, 0, 0, 'Mi Dirección', 'Ninguna', 'Maffei', 'Mauri ', 'Teruel 793 Villa Allende golf', '', '1053', 'Villa Allende Córdoba', '', '03543158455', '0354315618455', '', '41009167', '2020-10-27 13:28:20', '2020-10-27 13:28:20', 1, 0),
(47, 44, 106, 41, 0, 0, 0, 'Mi Dirección', '', 'Micucci', 'Ana', 'Franklin Roosevelt, 4911', '', '1431', 'Buenos Aires', '', '+5491127977128', '0111527977128', '', '95790962', '2020-10-27 18:34:03', '2020-10-27 18:34:03', 1, 0),
(48, 44, 106, 44, 0, 0, 0, 'Mi Dirección', '', 'Pecci', 'Oriana', 'Amenabar1238 planta baja 2', '', '1426', 'Caba', '', '', '1141444433', '', '40134869', '2020-10-28 15:03:45', '2020-10-28 15:03:45', 1, 0),
(49, 44, 106, 46, 0, 0, 0, 'Mi Dirección', '', 'RODRIGUEZ', 'DANIEL', 'av medrano 664 ', '', '1179', 'CABA', '', '', '01157668788', '', '23601541', '2020-11-02 14:19:48', '2020-11-02 14:19:48', 1, 0),
(50, 44, 107, 47, 0, 0, 0, 'Mi Dirección', '', 'Castelló', 'Ana', 'Ayacucho 335, 1 E', '', '5000', 'Córdoba', '', '+543516350030', '3516250030', '27329269235', '32926923', '2020-11-11 08:27:52', '2020-11-11 08:27:52', 1, 0),
(51, 44, 122, 48, 0, 0, 0, 'Mi Dirección', '', 'cc', 'gg', 'cas 1064', '', '2000', 'rosario', '', '', '341 5 523382', '', '18361274', '2020-11-13 12:44:28', '2020-11-13 12:44:28', 1, 0),
(52, 44, 106, 49, 0, 0, 0, 'Mi Dirección', '', 'Gaggero', 'Keila', 'Franco 3006', '', '1419', 'CABA', '', '', '1156331039', '', '35271312', '2020-11-13 15:55:35', '2020-11-13 15:55:35', 1, 0),
(53, 44, 122, 50, 0, 0, 0, 'Mi Dirección', '', 'Noguera', 'Rosana', 'Calle 7,1148', '', '2505', 'Las parejas', '', '3471528389', '3471470392', '', '35444108', '2020-11-16 14:13:11', '2020-11-16 14:13:11', 1, 0),
(54, 44, 102, 2, 0, 0, 0, 'Mi Dirección', 'Skyson', 'Tolcha', 'Damian', 'Av. San Juan 3301', '', '1233', 'CABA', '', '', '01133868076', '', '232341234', '2020-11-17 11:19:25', '2020-11-17 11:19:25', 1, 0),
(55, 44, 107, 51, 0, 0, 0, 'Mi Dirección', '', 'Dallago', 'Martin ', 'Dr. Lobo Castellanos 680', '', '5817', 'Berrotaran', '', '', '3585090725', '', '30640927', '2020-11-27 15:58:52', '2020-11-27 15:58:52', 1, 0),
(56, 44, 102, 52, 0, 0, 0, 'Mi Dirección', '', 'Badalucco', 'Florencia', 'Calle 3 Numero 71', '', '1900', 'La Plata', '', '1169403512', '1169403511', '', '34028834', '2020-11-30 22:46:20', '2020-11-30 22:46:20', 1, 0),
(57, 44, 122, 53, 0, 0, 0, 'Mi Dirección', '', 'Cordoba', 'Maite ', 'Pasaje almafuerte 7658', '', '3000', 'Santa Fe ', '', '', '3425101435', '', '42331217', '2020-12-01 09:30:27', '2020-12-01 09:30:27', 1, 0),
(58, 44, 104, 55, 0, 0, 0, 'Mi Dirección', '', 'Catelli', 'Laura', 'Cordoba 2916 Barrio Parque Golf', '', '3500', 'Resistencia', '', '03624516753', '03624516753', '', '31410459', '2020-12-01 19:55:06', '2020-12-01 19:55:06', 1, 0),
(59, 44, 110, 56, 0, 0, 0, 'Mi Dirección', '', 'Cespedes', 'Violeta', 'Avenida San Martín 868', '', '3603', 'El Colorado ', '', '3704601314', '3704601314', '', '33945522', '2020-12-02 08:44:56', '2020-12-02 08:44:56', 1, 0),
(60, 44, 110, 57, 0, 0, 0, 'Mi Dirección', '', 'Céspedes', 'Violeta', 'Avenida San Martín 868', '', '3603', 'El Colorado', '', '3704601314', '3704601314', '', '33945522', '2020-12-02 08:55:05', '2020-12-02 08:55:05', 1, 0),
(61, 44, 106, 58, 0, 0, 0, 'Mi Dirección', '', 'Martinez ', 'Clelia Raquel', 'Avenida Santa Fe 3336. Dpto 4 piso 9', '', '1425', 'Palermo', '', '', '1167062646', '', '25884935', '2020-12-03 10:40:57', '2020-12-03 10:40:57', 1, 0),
(62, 44, 122, 59, 0, 0, 0, 'Mi Dirección', '', 'aaaaaaaa', 'aaaaaaaa', 'assasasasa 45', '', '2000', 'rosario', '', '', '23234454', '', '34288689', '2020-12-04 12:36:20', '2020-12-04 12:36:20', 1, 0),
(63, 44, 106, 60, 0, 0, 0, 'Mi Dirección', '', 'Martinez', 'Clelia Raquel', 'Avenida Santa Fe 3336. Dpto 4 piso 9', '', '1425', 'Palermo', '', '01167062646', '01167062646', '', '25884935', '2020-12-04 13:00:15', '2020-12-04 13:00:15', 1, 0),
(64, 44, 102, 61, 0, 0, 0, 'Mi Dirección', '', 'Córdoba Puño', 'Mari Virginia', 'Calle 3 esquina 518 Numero 1403', '', '1901', 'La Plata', '', '2214710252', '2214710252', '', '18728303', '2020-12-10 13:48:42', '2020-12-10 13:48:42', 1, 0),
(65, 44, 102, 62, 0, 0, 0, 'Mi Dirección', '', 'Mayotti', 'Sandra', 'Country Club Indio Cua ruta 6 km 173  UF 74  Exaltacion de la Cruz', '', '2812', 'Exaltación de la Cruz', '', '1155822134', '91155822134', '', '18368670', '2020-12-21 10:45:18', '2020-12-21 10:45:18', 1, 0),
(66, 44, 102, 64, 0, 0, 0, 'Mi Dirección', '', 'molina', 'candela', 'Ibarrola 4431 fondo', '', '1754', 'Buenos Aires ', '', '', '1136148033', '', '44748952', '2020-12-23 14:13:30', '2020-12-23 14:13:30', 1, 0),
(67, 44, 106, 65, 0, 0, 0, 'Mi Dirección', '', 'orru', 'Lucas ', 'caracas 5165', '', '1419', 'buenos aires', '', '01136592306', '1136592306', '', '31424888', '2020-12-29 10:32:37', '2020-12-29 10:32:37', 1, 0),
(68, 44, 102, 66, 0, 0, 0, 'Mi Dirección', '25831010', 'Diaz', 'Aldo', 'Calle: Garibaldi Número: 3845 Piso: Fondo Comentario:, Timbre fon', '', '1646', 'Virreyes', '', '75219971', '1136800503', '', '25831010', '2020-12-30 22:12:47', '2020-12-30 22:12:47', 1, 0),
(69, 44, 108, 67, 0, 0, 0, 'Mi Dirección', '', 'Lopez fernandez', 'Joana ', 'B 17 de agosto calle trento 2175', '', '3400', 'Corrientes', '', '', '3794075864', '', '36317789', '2021-01-11 09:27:03', '2021-01-11 09:27:03', 1, 0),
(70, 44, 104, 68, 0, 0, 0, 'Mi Dirección', '', 'Molina', 'Orlando Eladio', 'Barrio Santa Rita', '', '3518', 'Las Palmas ', '', '3624654949', '3624654649', '', '345094096', '2021-01-11 15:24:25', '2021-01-11 15:24:25', 1, 0),
(71, 44, 104, 69, 0, 0, 0, 'Mi Dirección', '', 'Molina', 'Orlando Eladio ', 'Barrio santa Rita ', '', '3518', 'Las palmas ', '', '', '3624 654649', '', '34594096', '2021-01-12 14:58:46', '2021-01-12 14:58:46', 1, 0),
(72, 44, 104, 69, 0, 0, 0, 'Mi Dirección', '', 'Molina', 'Orlando Eladio ', 'Barrio santa Rita  la laguna', '', '3518', 'Las palmas ', '', '', '3624 654649', '', '34594096', '2021-01-12 15:01:53', '2021-01-12 15:01:53', 1, 0),
(73, 44, 104, 70, 0, 0, 0, 'Mi Dirección', '', 'Molina', 'Jorge Eusebio ', 'Barrio santa Rita . Laguna', '', '3518', 'Las palmas', '', '03624654649', '03624654649', '', '11482455', '2021-01-12 15:42:57', '2021-01-12 15:42:57', 1, 0),
(74, 44, 104, 71, 0, 0, 0, 'Mi Dirección', '', 'Molina', 'Jorge Eusebio ', 'Barrio Laguna  Santa Rita ', '', '3518', 'Las palmas ', '', '3624654649', '3624654649', '', '11482455', '2021-01-12 15:57:52', '2021-01-12 15:57:52', 1, 0),
(75, 44, 102, 72, 0, 0, 0, 'Mi Dirección', '', 'Perez', 'Juan', 'Alicia Moreau de Justo 350', '', '1107', 'Buenos Aires', '', '+5491165025300', '0111565025300', '', '40522257', '2021-01-13 07:54:03', '2021-01-13 07:54:03', 1, 0),
(76, 44, 102, 73, 0, 0, 0, 'Mi Dirección', '', 'chavez', 'eduardo', 'zarate 827', '', '1870', 'avellaneda', '', '01160282348', '01160282348', '', '34905076', '2021-01-15 19:48:10', '2021-01-15 19:48:10', 1, 0),
(77, 44, 102, 75, 0, 0, 0, 'Mi Dirección', '', 'Cespedes', 'Sol ', 'Amenabar 2255 Pb B', '', '1428', 'Capital Federal', '', '', '1130285625', '', '40644574', '2021-01-18 21:01:47', '2021-01-18 21:01:47', 1, 0),
(78, 44, 106, 76, 0, 0, 0, 'Mi Dirección', '', 'Di matteo', 'Florencia', 'Parana 752 local a la calle', '', '1017', 'Capital federal', '', '48139995', '1565155800', '', '38840662', '2021-01-19 08:32:48', '2021-01-19 08:32:48', 1, 0),
(79, 44, 102, 79, 0, 0, 0, 'Mi Dirección', '', 'Chavez', 'Eduardo', 'zarate 827', '', '1870', 'avellaneda', '', '01160282348', '01160282348', '', '34905076', '2021-01-25 17:20:41', '2021-01-25 17:20:41', 1, 0),
(80, 44, 106, 80, 0, 0, 0, 'Mi Dirección', 'Cmvetcentenario srl', 'Tommei', 'Aldana', 'Av. Warnes 59 local veterinaria', '', '1414', 'Capital federal', '', '01140850217', '1140850217', '33714232059', '277777753', '2021-02-01 21:29:11', '2021-02-01 21:29:11', 1, 0),
(81, 44, 106, 81, 0, 0, 0, 'Mi Dirección', '', 'Aner', 'Martina', 'Pedro Ignacio Rivera 4817', '', '1431', 'Buenos Aires', '', '4543-7992', '01153235890', '', '40829727', '2021-02-02 09:36:45', '2021-02-02 09:36:45', 1, 0),
(82, 44, 102, 82, 0, 0, 0, 'Mi Dirección', '', 'Segovia', 'Karen Florencia', 'Ozanam 229', '', '1708', 'Buenos aires', '', '01158667341', '01158667341', '', '40675289', '2021-02-04 19:33:51', '2021-02-04 19:33:51', 1, 0),
(83, 44, 122, 83, 0, 0, 0, 'Mi Dirección', '', 'keller', 'patricia', 'san lorenzo 3035', '', '3000', 'SANTA FE', '', '', '342 5942905', '', '12891877', '2021-02-15 17:17:05', '2021-02-15 17:17:05', 1, 0),
(84, 44, 102, 84, 0, 0, 0, 'Mi Dirección', '', 'Lazarte', 'alfonsina', 'San Martin, 359', '', '6740', 'Chacabuco', '', '', '2352468991', '', '41675517', '2021-02-20 12:23:56', '2021-02-20 12:23:56', 1, 0),
(85, 44, 122, 85, 0, 0, 0, 'Mi Dirección', '', 'aaa', 'aaa', 'ssssç 3', '', '2000', 'rosario', '', '', '3416047108', '', '34288689', '2021-02-22 12:00:35', '2021-02-22 12:00:35', 1, 0),
(86, 44, 116, 86, 0, 0, 0, 'Mi Dirección', '', 'Gregorio Martinez', 'Agustina', 'Av.Riavitz 12 Local 2', '', '8316', 'Plottier', '', '2995521236', '2994210654', '', '38827926', '2021-02-25 18:04:55', '2021-02-25 18:04:55', 1, 0),
(87, 44, 102, 88, 0, 0, 0, 'Mi Dirección', '', 'Sosa', 'Adriana', 'Thames 3678     ', '', '1754', 'San Justo   La Matanza', '', '', '1130331904', '', '20022188', '2021-03-11 14:34:30', '2021-03-11 14:34:30', 1, 0),
(88, 44, 102, 89, 0, 0, 0, 'Mi Dirección', '', 'Ruiz', 'Francisco', 'Av Juan Domingo peron 7245', '', '1621', 'Benavidez', '', '', '1132964494', '', '42822671', '2021-03-11 16:33:54', '2021-03-11 16:33:54', 1, 0),
(89, 44, 110, 90, 0, 0, 0, 'Mi Dirección', '', 'gomez', 'eliana', 'av san martin, 868', '', '3603', 'EL COLORADO', '', '3725431434', '3725431434', '', '34598107', '2021-03-11 21:20:40', '2021-03-11 21:20:40', 1, 0),
(90, 44, 112, 91, 0, 0, 0, 'Mi Dirección', '', 'Samper', 'Pablo Gaston', 'Rio Negro 466', '', '6300', 'Santa Rosa', '', '', '2954 552707', '', '24517198', '2021-03-19 13:11:22', '2021-03-19 13:11:22', 1, 0),
(91, 44, 106, 92, 0, 0, 0, 'Mi Dirección', '', 'Rappazzo', 'Karina', 'Av del Libertador 7292, Depto 3A', '', '1429', 'Nuñez', '', '1165359763', '1165359763', '', '18305264', '2021-03-25 12:39:31', '2021-03-25 12:39:31', 1, 0),
(92, 44, 122, 93, 0, 0, 0, 'Mi Dirección', '', 'Brandolini', 'Narella', 'San juan 123', '', '2300', 'Rafaela', '', '', '3492644741', '', '37564263', '2021-03-25 12:55:16', '2021-03-25 12:55:16', 1, 0),
(93, 44, 102, 94, 0, 0, 0, 'Mi Dirección', '', 'Mayotti', 'Sandra', 'Country Club Indio Cua Ruta 6 km173 lote 74', '', '2812', 'Exaltación de la Cruz', '', '91155822134', '91155822134', '', '18368670', '2021-03-26 08:44:18', '2021-03-26 08:44:18', 1, 0),
(94, 44, 102, 95, 0, 0, 0, 'Mi Dirección', '', 'Martinez salvo', 'Facundo gaston', 'Poggio 1128', '', '1682', 'Buenos Aires', '', '01161038840', '01161038840', '', '25445134', '2021-04-01 01:07:35', '2021-04-01 01:07:35', 1, 0),
(95, 44, 102, 96, 0, 0, 0, 'Mi Dirección', '', 'Martinez Salvo', 'FACUNDO GASTON', 'poggio 1128', '', '1682', 'villa bosch', '', '', '1161038840', '', '25445134', '2021-04-01 12:25:08', '2021-04-01 12:25:08', 1, 0),
(96, 44, 102, 97, 0, 0, 0, 'Mi Dirección', '', 'Giribaldi', 'Maria Pia ', 'Urquiza 23', '', '6070', 'Lincoln ', '', '2355487531', '2355487531', '', '37370214', '2021-04-05 16:27:31', '2021-04-05 16:27:31', 1, 0),
(97, 44, 102, 98, 0, 0, 0, 'Mi Dirección', '', 'Giribaldi', 'María', 'Suipacha 760 dpto 1', '', '6070', 'Lincoln', '', '02355487531', '2355487531', '', '37370214', '2021-04-16 16:21:36', '2021-04-16 16:21:36', 1, 0),
(98, 44, 102, 100, 0, 0, 0, 'Mi Dirección', '', 'Mayotti', 'Sandra', 'Country Club Indio Cua Ruta 6 km 173', '', '2812', 'Exaltación de la Cruz', '', '91155822134', '91155822134', '', '18368670', '2021-05-04 15:22:52', '2021-05-04 15:22:52', 1, 0),
(99, 44, 106, 102, 0, 0, 0, 'Mi Dirección', '', 'Martinez', 'Clelia Raquel', 'Avenida Santa Fe 3336. Dpto 4 piso 9', '', '1425', 'Palermo', '', '01167062646', '48246088', '', '25884935', '2021-05-10 12:34:46', '2021-05-10 12:34:46', 1, 0),
(100, 44, 102, 103, 0, 0, 0, 'Mi Dirección', '', 'Degiorgis', 'Flavio', 'H. Bouchard 514 - PB, Dto3. Portero eléctrico', '', '1824', 'Lanús - Gerli', '', '', '1141639153', '', '33626873', '2021-05-10 16:56:21', '2021-05-10 16:56:21', 1, 0),
(101, 44, 106, 58, 0, 0, 0, 'Mi Dirección', '', 'Martinez', 'Clelia Raquel', 'Avenida Santa Fe 3336. Dpto 9 piso 4', '', '1425', 'Palermo', '', '01167062646', '48246088', '', '25884935', '2021-05-11 14:07:56', '2021-05-11 14:07:56', 1, 0),
(102, 44, 106, 104, 0, 0, 0, 'Mi Dirección', '', 'Guari', 'Fernando', 'Av Rivadavia 1985, 2do piso, Depto F', '', '1033', 'Capital Federal', '', '1166953688', '1166953688', '', '35825568', '2021-05-12 22:32:42', '2021-05-12 22:32:42', 1, 0),
(103, 44, 106, 109, 0, 0, 0, 'Mi Dirección', '', 'Rosso', 'Alessio', 'Avellaneda 2743, piso 5to depto 42', '', '1406', 'CABA', '', '', '1161357797', '', '93204603', '2021-05-29 23:17:59', '2021-05-29 23:17:59', 1, 0),
(104, 44, 106, 109, 0, 0, 0, 'Mi Dirección', '', 'Rosso', 'Alessio', 'Avellaneda 2743, piso 5to depto 42', '', '1406', 'CABA', '', '', '1161357797', '', '93204603', '2021-05-29 23:18:41', '2021-05-29 23:18:41', 1, 0),
(105, 44, 102, 111, 0, 0, 0, 'Mi Dirección', 'no', 'casas', 'Alicia marcela ', 'José mármol 131 casa ', '', '1617', 'buenos aires ', '', '1132942940', '1132942940', '27175659787', '17565978', '2021-06-11 22:52:01', '2021-06-11 22:52:01', 1, 0),
(106, 44, 122, 112, 0, 0, 0, 'Mi Dirección', '', 'Gabinetti', 'Florencia ', 'Santa fe 2397', '', '2000', 'Rosario', '', '', '3413053254', '', '34937326', '2021-06-18 20:54:22', '2021-06-18 20:54:22', 1, 0),
(107, 44, 122, 116, 0, 0, 0, 'Mi Dirección', '', 'Flores', 'Tania', 'Solis3225', '', '2000', '1', '', '3413669444', '3413669444', '', '35207127', '2021-07-09 20:43:11', '2021-07-09 20:43:11', 1, 0),
(108, 44, 107, 117, 0, 0, 0, 'Mi Dirección', '', 'Velez Roquier', 'Karem Yamila', 'Antonio de la maza, 3178', '', '5014', 'Córdoba Capital', '', '3513197026', '3513197026', '', '39496049', '2021-07-16 18:40:30', '2021-07-16 18:40:30', 1, 0),
(109, 44, 102, 118, 0, 0, 0, 'Mi Dirección', '', 'Apaza', 'Ana Karen', 'arozarena, 144', '', '1770', 'la Matanza', '', '1137833748', '1137833748', '', '38130136', '2021-07-28 13:10:32', '2021-07-28 13:10:32', 1, 0),
(110, 44, 108, 120, 0, 0, 0, 'Mi Dirección', '', 'Pared', 'Andrea', 'Calle Antonio Saenz 1475 Barrio San José', '', '3400', 'Corrientes', '', '', '3794001647', '', '32385235', '2021-07-28 21:03:05', '2021-07-28 21:03:05', 1, 0),
(111, 44, 106, 121, 0, 0, 0, 'Mi Dirección', '', 'Acosta', 'Fabiana', 'Rodriguez Peña 431 E', '', '1020', 'CABA', '', '1127909695', '1127909695', '', '35015192', '2021-08-07 17:18:45', '2021-08-07 17:18:45', 1, 0),
(112, 44, 107, 124, 0, 0, 0, 'Mi Dirección', '', 'Tosello', 'Manuela', 'Francisco N de Laprida 1195', '', '5000', 'Córdoba', '', '', '3518150735', '', '34289516', '2021-08-28 14:32:11', '2021-08-28 14:32:11', 1, 0),
(113, 44, 102, 125, 0, 0, 0, 'Mi Dirección', 'Metacsa ', 'Robledo', 'Daniel', 'Juan zanella ', '', '1659', 'Caseros', '', '1154202025', '1154202025', '', '20141268024', '2021-09-04 14:56:39', '2021-09-04 14:56:39', 1, 0),
(114, 44, 116, 127, 0, 0, 0, 'Mi Dirección', '', 'Jaramillo', 'Camila', 'Otto Neumann 4657', '', '8300', 'Neuquén', '', '2996070107', '2996070107', '', '41911169', '2021-09-07 19:43:43', '2021-09-07 19:43:43', 1, 0),
(115, 44, 122, 129, 0, 0, 0, 'Mi Dirección', '', 'Gimenez', 'Sabrina', 'Cochabamba 1491 piso 03 dpto 03', '', '2000', 'Rosario', '', '', '3454039913', '', '36101129', '2021-09-16 14:21:19', '2021-09-16 14:21:19', 1, 0),
(116, 44, 102, 130, 0, 0, 0, 'Mi Dirección', '', 'Soria', 'Ezequiel', 'Urquiza 1115', '', '2804', 'Campana', '', '011 23885579', '011 23885579', '', '39766067', '2021-09-27 20:19:27', '2021-09-27 20:19:27', 1, 0),
(117, 44, 122, 131, 0, 0, 0, 'Mi Dirección', '', 'lll', 'lll', 'maipui1000', '', '2300', 'rafaela', '', '', '3492 155555555', '', '16971824', '2021-09-28 11:24:51', '2021-09-28 11:24:51', 1, 0),
(118, 44, 109, 133, 0, 0, 0, 'Mi Dirección', '', 'Mayor', 'Nahuel Sebastián', 'Ayacucho 852', '', '3100', 'Paraná', '', '', '3434178186', '', '38054626', '2021-10-01 18:07:07', '2021-10-01 18:07:07', 1, 0),
(119, 44, 108, 134, 0, 0, 0, 'Mi Dirección', '', 'Sheridan', 'Victoria', 'San Martin, 828', '', '3470', 'Mercedes', '', '3794227473', '3794227473', '27349426698', '34942669', '2021-10-04 01:55:33', '2021-10-04 01:55:33', 1, 0),
(120, 44, 106, 135, 0, 0, 0, 'Mi Dirección', '', 'Barboza ', 'Oriana', 'Bolivia 6028', '', '1419', 'Caba ', '', '1133535177', '1133535177', '27443844975', '44384497', '2021-10-06 15:09:10', '2021-10-06 15:09:10', 1, 0),
(121, 44, 122, 137, 0, 0, 0, 'Mi Dirección', '', 'BERTORELLO', 'ALEJANDRO', 'Av. Roque Saenz Peña 786', '', '2300', 'Rafaela', '', '03492434037', '3492576916', '', '29804211', '2021-10-12 12:13:05', '2021-10-12 12:13:05', 1, 0),
(122, 44, 122, 138, 0, 0, 0, 'Mi Dirección', '', 'apellido', 'development', 'calle 123', '', '2300', 'Rafaela', '', '', '349211111', '', '12345678', '2021-10-13 11:54:36', '2021-10-13 11:54:36', 1, 0),
(123, 44, 116, 139, 0, 0, 0, 'Mi Dirección', '', 'Olivera', 'Pablo', 'Ramos Mejía 1039, barrio Mariano Moreno', '', '8300', 'Neuquen', '', '02994305073', '02995494666', '', '25911697', '2021-10-22 14:56:43', '2021-10-22 14:56:43', 1, 0),
(124, 44, 122, 141, 0, 0, 0, 'Mi Dirección', '', 'prueba', 'sofi', 'dirección 123', '', '3000', 'Rafaela', '', '34202252555', '34925665585', '', '37543741', '2021-10-25 11:13:36', '2021-10-25 11:13:36', 1, 0),
(125, 44, 106, 144, 0, 0, 0, 'Mi Dirección', '', 'Garcia', 'Mariana', 'Montiel 2450', '', '1440', 'Capital Federal', '', '', '1147895865', '', '30255897', '2021-11-04 00:15:14', '2021-11-04 00:15:14', 1, 0),
(126, 44, 113, 145, 0, 0, 0, 'Mi Dirección', '', 'Corzo', 'Carla ', 'Urquiza 1054 1b pb', '', '5300', 'La rioja', '', '', '3804809038', '', '32560663', '2021-11-06 17:28:54', '2021-11-06 17:28:54', 1, 0),
(127, 44, 114, 146, 0, 0, 0, 'Mi Dirección', '', 'Perez', 'Aldana Lourdes', 'Lucio Mansilla 3243, Gutierrez, Maipu', '', '5513', 'Maipu', '', '', '2615358976', '', '38472817', '2021-11-08 20:00:20', '2021-11-09 13:13:12', 1, 1),
(128, 44, 102, 147, 0, 0, 0, 'Mi Dirección', 'Famiq', 'flores', 'fernando', 'libertad 4900', '', '1602', 'florida oeste', '', '+541557735973', '1557735973', '', '27535620', '2021-11-09 12:57:46', '2021-11-09 12:57:46', 1, 0),
(129, 44, 114, 146, 0, 0, 0, 'Mi Dirección', '', 'Perez', 'Aldana Lourdes', 'Lucio Mansilla 3243, Gutierrez, Maipu', '', '5513', 'Maipu', '', '', '2615358976', '', '41030189', '2021-11-09 13:03:05', '2021-11-09 13:03:05', 1, 0),
(130, 44, 122, 148, 0, 0, 0, 'Mi Dirección', '', 'zbrun', 'lucia', 'fa', '', '2300', 'raf', '', '', '15413860', '', '39123927', '2021-11-09 13:16:37', '2021-11-09 13:16:37', 1, 0),
(131, 44, 106, 149, 0, 0, 0, 'Mi Dirección', '', 'GUIGUE', 'ADRIAN', 'Agustin Álvarez 5131 ', '', '1419', 'Ciudad Autónoma de Buenos Aires', '', '01168689666', '01168689666', '', '25296623', '2021-11-19 11:44:54', '2021-11-19 11:44:54', 1, 0),
(132, 44, 109, 150, 0, 0, 0, 'Mi Dirección', '', 'Taborda', 'SABINA', 'Virreinato del Río de la plata 570', '', '2843', 'General Galarza', '', '03444509244', '3444509244', '', '32647948', '2021-11-24 12:29:45', '2021-11-24 12:29:45', 1, 0),
(133, 44, 102, 151, 0, 0, 0, 'Mi Dirección', '', 'Villegas', 'Paula', 'Teodoro Garcia 1721 piso 2 202', '', '1426', 'Capital', '', '1144788747', ' 1144788747', '', '18651363', '2021-11-26 22:33:44', '2021-11-26 22:33:44', 1, 0),
(134, 44, 106, 152, 0, 0, 0, 'Mi Dirección', '', 'Lenna', 'Barbara', 'Pedro Goyena 428 PB', '', '1424', 'CABA', '', '', '1531608115', '', '39061719', '2021-11-28 19:32:36', '2021-11-28 19:32:36', 1, 0),
(135, 44, 102, 152, 0, 0, 0, 'Mi Dirección', '', 'Lenna', 'Barbara', 'Rincon 2285 Casa B', '', '1704', 'Ramos Mejia', '', '46513594', '1531608115', '', '39061719', '2021-11-28 19:35:50', '2021-11-28 19:35:50', 1, 0),
(136, 44, 102, 153, 0, 0, 0, 'Mi Dirección', '', 'Lenna', 'Barbara', 'RINCON 2285 CASA B', '', '1704', 'Ramos Mejía', '', '', '1531608115', '', '39061719', '2021-11-28 22:13:03', '2021-11-28 22:13:03', 1, 0),
(137, 44, 102, 154, 0, 0, 0, 'Mi Dirección', '31639829', 'Postigo', 'Fernando', 'Gaucho Cruz 5042, 3D', '', '1682', 'Villa Bosch', '', '01550354761', '01150354761', '', '31639829', '2021-11-30 07:41:34', '2021-11-30 07:41:34', 1, 0),
(138, 44, 102, 155, 0, 0, 0, 'Mi Dirección', '', 'DIEGUEZ', 'AMANCAY', 'calle 39 5346', '', '1885', 'berazategui', '', '', '1169137786', '', '37987258', '2021-12-06 11:58:00', '2021-12-06 11:58:00', 1, 0),
(139, 44, 102, 156, 0, 0, 0, 'Mi Dirección', '31460806', 'Pesalaccia', 'Cristian', 'Consejal Gomez 2385, Casa', '', '1757', 'Laferrere', '', '01168468408', '01168468408', '20314608063', '31460806', '2021-12-13 17:38:11', '2021-12-13 17:38:11', 1, 0),
(140, 44, 102, 157, 0, 0, 0, 'Mi Dirección', '', 'D\'anna', 'Brenda Nicole', 'General lavalle 647 2H', '', '1714', 'Buenos Aires', '', '1134330659', '1134330659', '', '41556585', '2021-12-14 11:55:18', '2021-12-14 11:55:18', 1, 0),
(141, 44, 107, 158, 0, 0, 0, 'Mi Dirección', '', 'SALUSSO', 'MAURICIO', 'CATAMARCA 1397', '', '5900', 'VILLA MARÍA', '', '3534212901', '3534212901', '', '35638951', '2021-12-14 16:52:55', '2021-12-14 16:52:55', 1, 0),
(142, 44, 114, 160, 0, 0, 0, 'Mi Dirección', '', 'Lombardo', 'Paula', 'Av. Libertador 731', '', '5600', 'San Rafael', '', '', '2966547137', '', '29281275', '2021-12-21 00:48:41', '2021-12-21 00:48:41', 1, 0),
(143, 44, 117, 161, 0, 0, 0, 'Mi Dirección', '', 'M', 'Adriana⁸', 'Kennedy 2277', '', '8332', 'General roca ', '', '1153201859', '1153201859', '', '16590986', '2021-12-24 09:06:36', '2021-12-24 09:06:36', 1, 0),
(144, 44, 102, 163, 0, 0, 0, 'Mi Dirección', '', 'Casanova', 'Diego', 'La Paz 4181', '', '1754', 'La Matanza', '', '', '1166699858', '', '37947785', '2021-12-31 10:46:53', '2021-12-31 10:46:53', 1, 0),
(145, 44, 123, 165, 0, 0, 0, 'Mi Dirección', '28139138', 'Chedda', 'Patricia Verónica', 'castelli 161, 1er piso, ciudad santiago del estero, Consumidor final', '', '4200', 'santiago del estero', '', '03855941193', '03855941193', '', '28139138', '2022-01-03 12:54:20', '2022-01-03 12:54:20', 1, 0),
(146, 44, 122, 166, 0, 0, 0, 'Mi Dirección', 'asdf', 'Muriel', 'Joaquín', 'Guayaquil, 197', '', '2300', 'Rafaela', '', '+5493492316866', '3492316866', '', '33219847', '2022-01-03 15:42:33', '2022-01-03 15:42:33', 1, 0),
(147, 44, 102, 168, 0, 0, 0, 'Mi Dirección', '', 'Veron', 'Silvina Mayra', 'becquer 744', '', '1682', 'villa bosch', '', '', '1141719180', '', '34546230', '2022-01-06 17:01:51', '2022-01-06 17:01:51', 1, 0),
(148, 44, 107, 169, 0, 0, 0, 'Mi Dirección', 'Claro', 'Fernandez', 'Horacio ivan', 'Julio cortazar, 255', '', '5151', 'La calera', '', '03512319716', '3512319716', '', '23304406', '2022-01-10 11:26:14', '2022-01-10 11:26:14', 1, 0),
(149, 44, 102, 170, 0, 0, 0, 'Mi Dirección', '', 'acebal', 'eduardo', 'Mar del plata  cordoba 1508 6to A', '', '1894', 'la plata', '', '02215071888', '2215071888', '', '35351928', '2022-01-11 12:13:51', '2022-01-11 12:13:51', 1, 0),
(150, 44, 122, 167, 0, 0, 0, 'Mi Dirección', 'Joamuriel', 'Muriel', 'Joaquín', 'Guayaquil, 197', '', '2300', 'Rafaela', '', '0349215316866', '3492339209', '20332153715', '33215371', '2022-01-13 11:21:55', '2022-01-13 11:21:55', 1, 0),
(151, 44, 102, 171, 0, 0, 0, 'Mi Dirección', '', 'Ocampo', 'Evelina Giselle', 'Enrique Díaz Sáenz Valiente, 1026', '', '1804', 'La Unión - EZEIZA', '', '1169613563', '1169613563', '', '31464852', '2022-01-18 09:51:13', '2022-01-18 09:51:13', 1, 0),
(152, 44, 106, 172, 0, 0, 0, 'Mi Dirección', 'centro estetica', 'parra rojas', 'luz sneider', 'french 2868', '', '1425', 'buenos aires', '', '1141957692', '1141957692', '', '94884888', '2022-01-21 10:08:25', '2022-01-21 10:08:25', 1, 0),
(153, 44, 106, 173, 0, 0, 0, 'Mi Dirección', '', 'Trinidad', 'Luz', 'Nicolás avellaneda 4614 timbre 1', '', '1645', 'Buenos Aires ', '', '1124691031', '1124691031', '23370114404', '37011440', '2022-02-01 15:54:44', '2022-02-01 15:54:44', 1, 0),
(154, 44, 102, 174, 0, 0, 0, 'Mi Dirección', '', 'Estefania', 'Jorge', 'Boquerón 1173, ', '', '1708', 'Morón', '', '01162556943', '1162556943', '', '25567651', '2022-02-05 09:14:57', '2022-02-05 09:14:57', 1, 0),
(155, 44, 102, 176, 0, 0, 0, 'Mi Dirección', '', 'PARODI', 'ARNOLDO PABLO', 'Valentin Vergara 873, 9C', '', '1638', 'Vicente López', '', '01155679033', '+541155679033', '', '24412346', '2022-02-15 11:35:02', '2022-02-15 11:35:02', 1, 0),
(156, 44, 105, 177, 0, 0, 0, 'Mi Dirección', '', 'Richter', 'Walter', 'San Martín', '', '9100', 'Trelew', '', '2804356529', '2804356529', '', '23905489', '2022-02-16 19:58:05', '2022-02-16 19:58:05', 1, 0),
(157, 44, 122, 178, 0, 0, 0, 'Mi Dirección', '', 'ghione', 'Carina', 'Caseros 222', '', '2300', 'Rafaela', '', '03492607040', '03492607040', '27275661088', '27566108', '2022-02-19 14:54:11', '2022-02-19 14:54:11', 1, 0),
(158, 44, 114, 179, 0, 0, 0, 'Mi Dirección', '', 'Gonzalez', 'Lucas', 'Jose Maria Videla 1732', '', '5539', 'Las Heras', '', '2613820430', '2616903513', '', '42357787', '2022-02-24 21:20:08', '2022-02-24 21:20:08', 1, 0),
(159, 44, 125, 180, 0, 0, 0, 'Mi Dirección', '', 'Verneri', 'Lisandro', 'Adolfo de la Vega 255 dpto 8', '', '4000', 'San Miguel de Tucumán ', '', '', '3815492255', '', '32791503', '2022-03-02 19:04:17', '2022-03-02 19:04:17', 1, 0),
(160, 44, 106, 181, 0, 0, 0, 'Mi Dirección', '', 'Garcia ', 'José Luis ', 'Cuba 4476 11a', '', '1129', 'Núñez ', '', '', '1145269075', '', '30897120', '2022-03-03 19:01:48', '2022-03-03 19:01:48', 1, 0),
(161, 44, 122, 182, 0, 0, 0, 'Mi Dirección', '', 'ghione', 'carina', 'CASEROS 222', '', '2300', 'Rafaela', '', '03492607040', '03492607040', '', '27566108', '2022-03-07 09:42:17', '2022-03-07 09:42:17', 1, 0),
(162, 44, 122, 183, 0, 0, 0, 'Mi Dirección', '', 'Ghione', 'Rocio ', 'Guemes 672', '', '2300', 'Rafaela', '', '3492654545', '3492654545', '', '40266228', '2022-03-07 20:00:28', '2022-03-07 20:00:28', 1, 0),
(163, 44, 102, 186, 0, 0, 0, 'Mi Dirección', '', 'Rodriguez', 'Gisela', 'Calle 811 N°2177', '', '1879', 'Quilmes Oeste', '', '', '1169458040', '2933100715', '33100715', '2022-03-12 23:11:02', '2022-03-12 23:11:02', 1, 0),
(164, 44, 102, 188, 0, 0, 0, 'Mi Dirección', '', 'Clere', 'Brenda', 'Manuela pedraza 5873', '', '1431', 'Capital Federal', '', '1122978419', '1122978419', '', '38422155', '2022-03-20 15:26:02', '2022-03-20 15:26:02', 1, 0),
(165, 44, 102, 187, 0, 0, 0, 'Mi Dirección', '', 'Bedoya', 'Daiana Soledad ', 'Martin Coronado 309', '', '1765', 'Buenos Aires ', '', '', '1549379102', '', '34475844', '2022-03-20 23:22:51', '2022-03-20 23:22:51', 1, 0),
(166, 44, 106, 189, 0, 0, 0, 'Mi Dirección', '', 'Bbnm', 'Bnb ', 'Vhj', '', '1333', 'Cac', '', '115888888', '2345566', '', '3467778', '2022-04-04 23:32:41', '2022-04-04 23:32:41', 1, 0),
(167, 44, 122, 190, 0, 0, 0, 'Mi Dirección', '', 'Paez', 'Martin', 'Velez Sarfield 206 ', '', '2000', 'Rosario ', '', '', '3456547905', '', '20387704745', '2022-04-14 14:19:32', '2022-04-14 14:19:32', 1, 0),
(169, 44, 106, 192, 0, 0, 0, 'Mi Dirección', 'Año', 'Melidoni', 'Karina', 'URDININEA, 1638', '', '1431', 'Villa Urquiza', '', '01145872071', '1149756527', '', '23075197', '2022-04-18 18:13:50', '2022-04-18 18:13:50', 1, 0),
(170, 44, 107, 194, 0, 0, 0, 'Mi Dirección', '', 'GONZALEZ', 'SABRINA NADIN', 'MIGUEL DE CERVANTES 596 PISO 3 DPTO. C', '', '5001', 'CORDOBA', '', '', '3517493016', '', '33701209', '2022-05-20 16:28:24', '2022-05-20 16:28:24', 1, 0),
(171, 44, 102, 196, 0, 0, 0, 'Mi Dirección', '', 'Isequilla', 'Ernesto', 'Boqueron 552', '', '1708', 'Moron', '', '', '1530883217', '', '27311900', '2022-06-06 14:08:50', '2022-06-06 14:08:50', 1, 0),
(172, 44, 102, 197, 0, 0, 0, 'Mi Dirección', '', 'Isequilla', 'Ernesto', 'Boqueron 552', '', '1708', 'moron', '', '', '1130883217', '', '27311900', '2022-06-06 21:17:10', '2022-06-06 21:17:10', 1, 0),
(173, 44, 106, 198, 0, 0, 0, 'Mi Dirección', '', 'chirazi', 'victor', 'pueyrredon 760 7a', '', '1032', 'capital federal', '', '', '1134979476', '', '35973467', '2022-06-09 14:38:45', '2022-06-09 14:38:45', 1, 0),
(174, 44, 108, 199, 0, 0, 0, 'Mi Dirección', '', 'gudiño', 'nicolas', 'av. raul alfonsin 3525', '', '3400', 'Corrientes', '', '3794256996', '3794256996', '', '37855225', '2022-06-10 17:58:11', '2022-06-10 17:58:11', 1, 0),
(175, 44, 108, 199, 0, 0, 0, 'Mi Dirección', '', 'gudiño', 'nicolas', 'Gregorio Pomar 840, Corrientes', '', '3400', 'Corrientes', '', '3794256996', '3794256996', '', '37855225', '2022-06-11 19:25:30', '2022-06-11 19:25:30', 1, 0),
(176, 44, 102, 200, 0, 0, 0, 'Mi Dirección', '', 'Mundarain', 'Pablo', 'Albarellos 2779', '', '1419', 'Caba', '', '1121802805', '1121802805', '', '39626044', '2022-06-23 12:07:05', '2022-06-23 12:07:05', 1, 0),
(177, 44, 107, 201, 0, 0, 0, 'Mi Dirección', '', 'luciano', 'olmos', 'victor manuel tercero 1220', '', '5012', 'cordoba', '', '3512160758', '3512160758', '', '27958708', '2022-07-14 13:04:33', '2022-07-14 13:04:33', 1, 0),
(178, 44, 107, 202, 0, 0, 0, 'Mi Dirección', '', 'luciano', 'olmos', 'victor manuel tercero 1220', '', '5012', 'cordoba', '', '3512160758', '3512160758', '', '27958708', '2022-07-14 13:07:45', '2022-07-14 13:07:45', 1, 0);

-- --------------------------------------------------------

--
-- Estructura de tabla para la tabla `ps_address_format`
--

CREATE TABLE `ps_address_format` (
  `id_country` int(10) UNSIGNED NOT NULL,
  `format` varchar(255) NOT NULL DEFAULT ''
) ENGINE=InnoDB DEFAULT CHARSET=utf8;

--
-- Volcado de datos para la tabla `ps_address_format`
--

INSERT INTO `ps_address_format` (`id_country`, `format`) VALUES
(1, 'firstname lastname\ncompany\nvat_number\naddress1\naddress2\npostcode city\nCountry:name\nphone'),
(2, 'firstname lastname\ncompany\nvat_number\naddress1\naddress2\npostcode city\nCountry:name\nphone'),
(3, 'firstname lastname\ncompany\nvat_number\naddress1\naddress2\npostcode city\nCountry:name\nphone'),
(4, 'firstname lastname\ncompany\naddress1\naddress2\ncity State:name postcode\nCountry:name\nphone'),
(5, 'firstname lastname\ncompany\nvat_number\naddress1\naddress2\npostcode city\nCountry:name\nphone'),
(6, 'firstname lastname\ncompany\nvat_number\naddress1\naddress2\npostcode city\nCountry:name\nphone'),
(7, 'firstname lastname\ncompany\nvat_number\naddress1\naddress2\npostcode city\nCountry:name\nphone'),
(8, 'firstname lastname\ncompany\nvat_number\naddress1\naddress2\npostcode city\nCountry:name\nphone'),
(9, 'firstname lastname\ncompany\nvat_number\naddress1\naddress2\npostcode city\nCountry:name\nphone'),
(10, 'firstname lastname\ncompany\nvat_number\naddress1\naddress2\npostcode city\nState:name\nCountry:name\nphone'),
(11, 'firstname lastname\ncompany\nvat_number\naddress1\naddress2\npostcode city\nState:name\nCountry:name\nphone'),
(12, 'firstname lastname\ncompany\nvat_number\naddress1\naddress2\npostcode city\nCountry:name\nphone'),
(13, 'firstname lastname\ncompany\nvat_number\naddress1\naddress2\npostcode city\nCountry:name\nphone'),
(14, 'firstname lastname\ncompany\nvat_number\naddress1\naddress2\npostcode city\nCountry:name\nphone'),
(15, 'firstname lastname\ncompany\nvat_number\naddress1\naddress2\npostcode city\nCountry:name\nphone'),
(16, 'firstname lastname\ncompany\nvat_number\naddress1\naddress2\npostcode city\nCountry:name\nphone'),
(17, 'firstname lastname\ncompany\nvat_number\naddress1\naddress2\ncity\npostcode\nCountry:name\nphone'),
(18, 'firstname lastname\ncompany\nvat_number\naddress1\naddress2\npostcode city\nCountry:name\nphone'),
(19, 'firstname lastname\ncompany\nvat_number\naddress1\naddress2\npostcode city\nCountry:name\nphone'),
(20, 'firstname lastname\ncompany\nvat_number\naddress1\naddress2\npostcode city\nCountry:name\nphone'),
(21, 'firstname lastname\ncompany\naddress1 address2\ncity, State:name postcode\nCountry:name\nphone'),
(22, 'firstname lastname\ncompany\nvat_number\naddress1\naddress2\npostcode city\nCountry:name\nphone'),
(23, 'firstname lastname\ncompany\nvat_number\naddress1\naddress2\npostcode city\nCountry:name\nphone'),
(24, 'firstname lastname\ncompany\nvat_number\naddress1\naddress2\ncity State:iso_code postcode\nCountry:name\nphone'),
(25, 'firstname lastname\ncompany\nvat_number\naddress1\naddress2\npostcode city\nCountry:name\nphone'),
(26, 'firstname lastname\ncompany\nvat_number\naddress1\naddress2\npostcode city\nCountry:name\nphone'),
(27, 'firstname lastname\ncompany\nvat_number\naddress1\naddress2\npostcode city\nCountry:name\nphone'),
(28, 'firstname lastname\ncompany\nvat_number\naddress1\naddress2\npostcode city\nCountry:name\nphone'),
(29, 'firstname lastname\ncompany\nvat_number\naddress1\naddress2\npostcode city\nCountry:name\nphone'),
(30, 'firstname lastname\ncompany\nvat_number\naddress1\naddress2\npostcode city\nCountry:name\nphone'),
(31, 'firstname lastname\ncompany\nvat_number\naddress1\naddress2\npostcode city\nCountry:name\nphone'),
(32, 'firstname lastname\ncompany\nvat_number\naddress1\naddress2\npostcode city\nCountry:name\nphone'),
(33, 'firstname lastname\ncompany\nvat_number\naddress1\naddress2\npostcode city\nCountry:name\nphone'),
(34, 'firstname lastname\ncompany\nvat_number\naddress1\naddress2\npostcode city\nCountry:name\nphone'),
(35, 'firstname lastname\ncompany\nvat_number\naddress1\naddress2\npostcode city\nCountry:name\nphone'),
(36, 'firstname lastname\ncompany\nvat_number\naddress1\naddress2\npostcode city\nCountry:name\nphone'),
(37, 'firstname lastname\ncompany\nvat_number\naddress1\naddress2\npostcode city\nCountry:name\nphone'),
(38, 'firstname lastname\ncompany\nvat_number\naddress1\naddress2\npostcode city\nCountry:name\nphone'),
(39, 'firstname lastname\ncompany\nvat_number\naddress1\naddress2\npostcode city\nCountry:name\nphone'),
(40, 'firstname lastname\ncompany\nvat_number\naddress1\naddress2\npostcode city\nCountry:name\nphone'),
(41, 'firstname lastname\ncompany\nvat_number\naddress1\naddress2\npostcode city\nCountry:name\nphone'),
(42, 'firstname lastname\ncompany\nvat_number\naddress1\naddress2\npostcode city\nCountry:name\nphone'),
(43, 'firstname lastname\ncompany\nvat_number\naddress1\naddress2\npostcode city\nCountry:name\nphone'),
(44, 'firstname lastname\r\ndni\r\ncompany\r\nvat_number\r\naddress1\r\npostcode city\r\nState:name\r\nCountry:name\r\nphone\r\nphone_mobile'),
(45, 'firstname lastname\ncompany\nvat_number\naddress1\naddress2\npostcode city\nCountry:name\nphone'),
(46, 'firstname lastname\ncompany\nvat_number\naddress1\naddress2\npostcode city\nCountry:name\nphone'),
(47, 'firstname lastname\ncompany\nvat_number\naddress1\naddress2\npostcode city\nCountry:name\nphone'),
(48, 'firstname lastname\ncompany\nvat_number\naddress1\naddress2\npostcode city\nCountry:name\nphone'),
(49, 'firstname lastname\ncompany\nvat_number\naddress1\naddress2\npostcode city\nCountry:name\nphone'),
(50, 'firstname lastname\ncompany\nvat_number\naddress1\naddress2\npostcode city\nCountry:name\nphone'),
(51, 'firstname lastname\ncompany\nvat_number\naddress1\naddress2\npostcode city\nCountry:name\nphone'),
(52, 'firstname lastname\ncompany\nvat_number\naddress1\naddress2\npostcode city\nCountry:name\nphone'),
(53, 'firstname lastname\ncompany\nvat_number\naddress1\naddress2\npostcode city\nCountry:name\nphone'),
(54, 'firstname lastname\ncompany\nvat_number\naddress1\naddress2\npostcode city\nCountry:name\nphone'),
(55, 'firstname lastname\ncompany\nvat_number\naddress1\naddress2\npostcode city\nCountry:name\nphone'),
(56, 'firstname lastname\ncompany\nvat_number\naddress1\naddress2\npostcode city\nCountry:name\nphone'),
(57, 'firstname lastname\ncompany\nvat_number\naddress1\naddress2\npostcode city\nCountry:name\nphone'),
(58, 'firstname lastname\ncompany\nvat_number\naddress1\naddress2\npostcode city\nCountry:name\nphone'),
(59, 'firstname lastname\ncompany\nvat_number\naddress1\naddress2\npostcode city\nCountry:name\nphone'),
(60, 'firstname lastname\ncompany\nvat_number\naddress1\naddress2\npostcode city\nCountry:name\nphone'),
(61, 'firstname lastname\ncompany\nvat_number\naddress1\naddress2\npostcode city\nCountry:name\nphone'),
(62, 'firstname lastname\ncompany\nvat_number\naddress1\naddress2\npostcode city\nCountry:name\nphone'),
(63, 'firstname lastname\ncompany\nvat_number\naddress1\naddress2\npostcode city\nCountry:name\nphone'),
(64, 'firstname lastname\ncompany\nvat_number\naddress1\naddress2\npostcode city\nCountry:name\nphone'),
(65, 'firstname lastname\ncompany\nvat_number\naddress1\naddress2\npostcode city\nCountry:name\nphone'),
(66, 'firstname lastname\ncompany\nvat_number\naddress1\naddress2\npostcode city\nCountry:name\nphone'),
(67, 'firstname lastname\ncompany\nvat_number\naddress1\naddress2\npostcode city\nCountry:name\nphone'),
(68, 'firstname lastname\ncompany\nvat_number\naddress1\naddress2\npostcode city\nCountry:name\nphone'),
(69, 'firstname lastname\ncompany\nvat_number\naddress1\naddress2\npostcode city\nCountry:name\nphone'),
(70, 'firstname lastname\ncompany\nvat_number\naddress1\naddress2\npostcode city\nCountry:name\nphone'),
(71, 'firstname lastname\ncompany\nvat_number\naddress1\naddress2\npostcode city\nCountry:name\nphone'),
(72, 'firstname lastname\ncompany\nvat_number\naddress1\naddress2\npostcode city\nCountry:name\nphone'),
(73, 'firstname lastname\ncompany\nvat_number\naddress1\naddress2\npostcode city\nCountry:name\nphone'),
(74, 'firstname lastname\ncompany\nvat_number\naddress1\naddress2\npostcode city\nCountry:name\nphone'),
(75, 'firstname lastname\ncompany\nvat_number\naddress1\naddress2\npostcode city\nCountry:name\nphone'),
(76, 'firstname lastname\ncompany\nvat_number\naddress1\naddress2\npostcode city\nCountry:name\nphone'),
(77, 'firstname lastname\ncompany\nvat_number\naddress1\naddress2\npostcode city\nCountry:name\nphone'),
(78, 'firstname lastname\ncompany\nvat_number\naddress1\naddress2\npostcode city\nCountry:name\nphone'),
(79, 'firstname lastname\ncompany\nvat_number\naddress1\naddress2\npostcode city\nCountry:name\nphone'),
(80, 'firstname lastname\ncompany\nvat_number\naddress1\naddress2\npostcode city\nCountry:name\nphone'),
(81, 'firstname lastname\ncompany\nvat_number\naddress1\naddress2\npostcode city\nCountry:name\nphone'),
(82, 'firstname lastname\ncompany\nvat_number\naddress1\naddress2\npostcode city\nCountry:name\nphone'),
(83, 'firstname lastname\ncompany\nvat_number\naddress1\naddress2\npostcode city\nCountry:name\nphone'),
(84, 'firstname lastname\ncompany\nvat_number\naddress1\naddress2\npostcode city\nCountry:name\nphone'),
(85, 'firstname lastname\ncompany\nvat_number\naddress1\naddress2\npostcode city\nCountry:name\nphone'),
(86, 'firstname lastname\ncompany\nvat_number\naddress1\naddress2\npostcode city\nCountry:name\nphone'),
(87, 'firstname lastname\ncompany\nvat_number\naddress1\naddress2\npostcode city\nCountry:name\nphone'),
(88, 'firstname lastname\ncompany\nvat_number\naddress1\naddress2\npostcode city\nCountry:name\nphone'),
(89, 'firstname lastname\ncompany\nvat_number\naddress1\naddress2\npostcode city\nCountry:name\nphone'),
(90, 'firstname lastname\ncompany\nvat_number\naddress1\naddress2\npostcode city\nCountry:name\nphone'),
(91, 'firstname lastname\ncompany\nvat_number\naddress1\naddress2\npostcode city\nCountry:name\nphone'),
(92, 'firstname lastname\ncompany\nvat_number\naddress1\naddress2\npostcode city\nCountry:name\nphone'),
(93, 'firstname lastname\ncompany\nvat_number\naddress1\naddress2\npostcode city\nCountry:name\nphone'),
(94, 'firstname lastname\ncompany\nvat_number\naddress1\naddress2\npostcode city\nCountry:name\nphone'),
(95, 'firstname lastname\ncompany\nvat_number\naddress1\naddress2\npostcode city\nCountry:name\nphone'),
(96, 'firstname lastname\ncompany\nvat_number\naddress1\naddress2\npostcode city\nCountry:name\nphone'),
(97, 'firstname lastname\ncompany\nvat_number\naddress1\naddress2\npostcode city\nCountry:name\nphone'),
(98, 'firstname lastname\ncompany\nvat_number\naddress1\naddress2\npostcode city\nCountry:name\nphone'),
(99, 'firstname lastname\ncompany\nvat_number\naddress1\naddress2\npostcode city\nCountry:name\nphone'),
(100, 'firstname lastname\ncompany\nvat_number\naddress1\naddress2\npostcode city\nCountry:name\nphone'),
(101, 'firstname lastname\ncompany\nvat_number\naddress1\naddress2\npostcode city\nCountry:name\nphone'),
(102, 'firstname lastname\ncompany\nvat_number\naddress1\naddress2\npostcode city\nCountry:name\nphone'),
(103, 'firstname lastname\ncompany\nvat_number\naddress1\naddress2\npostcode city\nCountry:name\nphone'),
(104, 'firstname lastname\ncompany\nvat_number\naddress1\naddress2\npostcode city\nCountry:name\nphone'),
(105, 'firstname lastname\ncompany\nvat_number\naddress1\naddress2\npostcode city\nCountry:name\nphone'),
(106, 'firstname lastname\ncompany\nvat_number\naddress1\naddress2\npostcode city\nCountry:name\nphone'),
(107, 'firstname lastname\ncompany\nvat_number\naddress1\naddress2\npostcode city\nCountry:name\nphone'),
(108, 'firstname lastname\ncompany\nvat_number\naddress1\naddress2\npostcode city\nCountry:name\nphone'),
(109, 'firstname lastname\ncompany\nvat_number\naddress1\naddress2\npostcode city\nCountry:name\nphone'),
(110, 'firstname lastname\ncompany\nvat_number\naddress1\naddress2\ncity\npostcode\nState:name\nCountry:name\nphone'),
(111, 'firstname lastname\ncompany\nvat_number\naddress1\naddress2\npostcode city\nState:name\nCountry:name\nphone'),
(112, 'firstname lastname\ncompany\nvat_number\naddress1\naddress2\npostcode city\nCountry:name\nphone'),
(113, 'firstname lastname\ncompany\nvat_number\naddress1\naddress2\npostcode city\nCountry:name\nphone'),
(114, 'firstname lastname\ncompany\nvat_number\naddress1\naddress2\npostcode city\nCountry:name\nphone'),
(115, 'firstname lastname\ncompany\nvat_number\naddress1\naddress2\npostcode city\nCountry:name\nphone'),
(116, 'firstname lastname\ncompany\nvat_number\naddress1\naddress2\npostcode city\nCountry:name\nphone'),
(117, 'firstname lastname\ncompany\nvat_number\naddress1\naddress2\npostcode city\nCountry:name\nphone'),
(118, 'firstname lastname\ncompany\nvat_number\naddress1\naddress2\npostcode city\nCountry:name\nphone'),
(119, 'firstname lastname\ncompany\nvat_number\naddress1\naddress2\npostcode city\nCountry:name\nphone'),
(120, 'firstname lastname\ncompany\nvat_number\naddress1\naddress2\npostcode city\nCountry:name\nphone'),
(121, 'firstname lastname\ncompany\nvat_number\naddress1\naddress2\npostcode city\nCountry:name\nphone'),
(122, 'firstname lastname\ncompany\nvat_number\naddress1\naddress2\npostcode city\nCountry:name\nphone'),
(123, 'firstname lastname\ncompany\nvat_number\naddress1\naddress2\npostcode city\nCountry:name\nphone'),
(124, 'firstname lastname\ncompany\nvat_number\naddress1\naddress2\npostcode city\nCountry:name\nphone'),
(125, 'firstname lastname\ncompany\nvat_number\naddress1\naddress2\npostcode city\nCountry:name\nphone'),
(126, 'firstname lastname\ncompany\nvat_number\naddress1\naddress2\npostcode city\nCountry:name\nphone'),
(127, 'firstname lastname\ncompany\nvat_number\naddress1\naddress2\npostcode city\nCountry:name\nphone'),
(128, 'firstname lastname\ncompany\nvat_number\naddress1\naddress2\npostcode city\nCountry:name\nphone'),
(129, 'firstname lastname\ncompany\nvat_number\naddress1\naddress2\npostcode city\nCountry:name\nphone'),
(130, 'firstname lastname\ncompany\nvat_number\naddress1\naddress2\npostcode city\nCountry:name\nphone'),
(131, 'firstname lastname\ncompany\nvat_number\naddress1\naddress2\npostcode city\nCountry:name\nphone'),
(132, 'firstname lastname\ncompany\nvat_number\naddress1\naddress2\npostcode city\nCountry:name\nphone'),
(133, 'firstname lastname\ncompany\nvat_number\naddress1\naddress2\npostcode city\nCountry:name\nphone'),
(134, 'firstname lastname\ncompany\nvat_number\naddress1\naddress2\npostcode city\nCountry:name\nphone'),
(135, 'firstname lastname\ncompany\nvat_number\naddress1\naddress2\npostcode city\nCountry:name\nphone'),
(136, 'firstname lastname\ncompany\nvat_number\naddress1\naddress2\npostcode city\nCountry:name\nphone'),
(137, 'firstname lastname\ncompany\nvat_number\naddress1\naddress2\npostcode city\nCountry:name\nphone'),
(138, 'firstname lastname\ncompany\nvat_number\naddress1\naddress2\npostcode city\nCountry:name\nphone'),
(139, 'firstname lastname\ncompany\nvat_number\naddress1\naddress2\npostcode city\nCountry:name\nphone'),
(140, 'firstname lastname\ncompany\nvat_number\naddress1\naddress2\npostcode city\nCountry:name\nphone'),
(141, 'firstname lastname\ncompany\nvat_number\naddress1\naddress2\npostcode city\nCountry:name\nphone'),
(142, 'firstname lastname\ncompany\nvat_number\naddress1\naddress2\npostcode city\nCountry:name\nphone'),
(143, 'firstname lastname\ncompany\nvat_number\naddress1\naddress2\npostcode city\nCountry:name\nphone'),
(144, 'firstname lastname\ncompany\nvat_number\naddress1\naddress2\npostcode city\nCountry:name\nphone'),
(145, 'firstname lastname\ncompany\nvat_number\naddress1\naddress2\npostcode city\nState:name\nCountry:name\nphone'),
(146, 'firstname lastname\ncompany\nvat_number\naddress1\naddress2\npostcode city\nCountry:name\nphone'),
(147, 'firstname lastname\ncompany\nvat_number\naddress1\naddress2\npostcode city\nCountry:name\nphone'),
(148, 'firstname lastname\ncompany\nvat_number\naddress1\naddress2\npostcode city\nCountry:name\nphone'),
(149, 'firstname lastname\ncompany\nvat_number\naddress1\naddress2\npostcode city\nCountry:name\nphone'),
(150, 'firstname lastname\ncompany\nvat_number\naddress1\naddress2\npostcode city\nCountry:name\nphone'),
(151, 'firstname lastname\ncompany\nvat_number\naddress1\naddress2\npostcode city\nCountry:name\nphone'),
(152, 'firstname lastname\ncompany\nvat_number\naddress1\naddress2\npostcode city\nCountry:name\nphone'),
(153, 'firstname lastname\ncompany\nvat_number\naddress1\naddress2\npostcode city\nCountry:name\nphone'),
(154, 'firstname lastname\ncompany\nvat_number\naddress1\naddress2\npostcode city\nCountry:name\nphone'),
(155, 'firstname lastname\ncompany\nvat_number\naddress1\naddress2\npostcode city\nCountry:name\nphone'),
(156, 'firstname lastname\ncompany\nvat_number\naddress1\naddress2\npostcode city\nCountry:name\nphone'),
(157, 'firstname lastname\ncompany\nvat_number\naddress1\naddress2\npostcode city\nCountry:name\nphone'),
(158, 'firstname lastname\ncompany\nvat_number\naddress1\naddress2\npostcode city\nCountry:name\nphone'),
(159, 'firstname lastname\ncompany\nvat_number\naddress1\naddress2\npostcode city\nCountry:name\nphone'),
(160, 'firstname lastname\ncompany\nvat_number\naddress1\naddress2\npostcode city\nCountry:name\nphone'),
(161, 'firstname lastname\ncompany\nvat_number\naddress1\naddress2\npostcode city\nCountry:name\nphone'),
(162, 'firstname lastname\ncompany\nvat_number\naddress1\naddress2\npostcode city\nCountry:name\nphone'),
(163, 'firstname lastname\ncompany\nvat_number\naddress1\naddress2\npostcode city\nCountry:name\nphone'),
(164, 'firstname lastname\ncompany\nvat_number\naddress1\naddress2\npostcode city\nCountry:name\nphone'),
(165, 'firstname lastname\ncompany\nvat_number\naddress1\naddress2\npostcode city\nCountry:name\nphone'),
(166, 'firstname lastname\ncompany\nvat_number\naddress1\naddress2\npostcode city\nCountry:name\nphone'),
(167, 'firstname lastname\ncompany\nvat_number\naddress1\naddress2\npostcode city\nCountry:name\nphone'),
(168, 'firstname lastname\ncompany\nvat_number\naddress1\naddress2\npostcode city\nCountry:name\nphone'),
(169, 'firstname lastname\ncompany\nvat_number\naddress1\naddress2\npostcode city\nCountry:name\nphone'),
(170, 'firstname lastname\ncompany\nvat_number\naddress1\naddress2\npostcode city\nCountry:name\nphone'),
(171, 'firstname lastname\ncompany\nvat_number\naddress1\naddress2\npostcode city\nCountry:name\nphone'),
(172, 'firstname lastname\ncompany\nvat_number\naddress1\naddress2\npostcode city\nCountry:name\nphone'),
(173, 'firstname lastname\ncompany\nvat_number\naddress1\naddress2\npostcode city\nCountry:name\nphone'),
(174, 'firstname lastname\ncompany\nvat_number\naddress1\naddress2\npostcode city\nCountry:name\nphone'),
(175, 'firstname lastname\ncompany\nvat_number\naddress1\naddress2\npostcode city\nCountry:name\nphone'),
(176, 'firstname lastname\ncompany\nvat_number\naddress1\naddress2\npostcode city\nCountry:name\nphone'),
(177, 'firstname lastname\ncompany\nvat_number\naddress1\naddress2\npostcode city\nCountry:name\nphone'),
(178, 'firstname lastname\ncompany\nvat_number\naddress1\naddress2\npostcode city\nCountry:name\nphone'),
(179, 'firstname lastname\ncompany\nvat_number\naddress1\naddress2\npostcode city\nCountry:name\nphone'),
(180, 'firstname lastname\ncompany\nvat_number\naddress1\naddress2\npostcode city\nCountry:name\nphone'),
(181, 'firstname lastname\ncompany\nvat_number\naddress1\naddress2\npostcode city\nCountry:name\nphone'),
(182, 'firstname lastname\ncompany\nvat_number\naddress1\naddress2\npostcode city\nCountry:name\nphone'),
(183, 'firstname lastname\ncompany\nvat_number\naddress1\naddress2\npostcode city\nCountry:name\nphone'),
(184, 'firstname lastname\ncompany\nvat_number\naddress1\naddress2\npostcode city\nCountry:name\nphone'),
(185, 'firstname lastname\ncompany\nvat_number\naddress1\naddress2\npostcode city\nCountry:name\nphone'),
(186, 'firstname lastname\ncompany\nvat_number\naddress1\naddress2\npostcode city\nCountry:name\nphone'),
(187, 'firstname lastname\ncompany\nvat_number\naddress1\naddress2\npostcode city\nCountry:name\nphone'),
(188, 'firstname lastname\ncompany\nvat_number\naddress1\naddress2\npostcode city\nCountry:name\nphone'),
(189, 'firstname lastname\ncompany\nvat_number\naddress1\naddress2\npostcode city\nCountry:name\nphone'),
(190, 'firstname lastname\ncompany\nvat_number\naddress1\naddress2\npostcode city\nCountry:name\nphone'),
(191, 'firstname lastname\ncompany\nvat_number\naddress1\naddress2\npostcode city\nCountry:name\nphone'),
(192, 'firstname lastname\ncompany\nvat_number\naddress1\naddress2\npostcode city\nCountry:name\nphone'),
(193, 'firstname lastname\ncompany\nvat_number\naddress1\naddress2\npostcode city\nCountry:name\nphone'),
(194, 'firstname lastname\ncompany\nvat_number\naddress1\naddress2\npostcode city\nCountry:name\nphone'),
(195, 'firstname lastname\ncompany\nvat_number\naddress1\naddress2\npostcode city\nCountry:name\nphone'),
(196, 'firstname lastname\ncompany\nvat_number\naddress1\naddress2\npostcode city\nCountry:name\nphone'),
(197, 'firstname lastname\ncompany\nvat_number\naddress1\naddress2\npostcode city\nCountry:name\nphone'),
(198, 'firstname lastname\ncompany\nvat_number\naddress1\naddress2\npostcode city\nCountry:name\nphone'),
(199, 'firstname lastname\ncompany\nvat_number\naddress1\naddress2\npostcode city\nCountry:name\nphone'),
(200, 'firstname lastname\ncompany\nvat_number\naddress1\naddress2\npostcode city\nCountry:name\nphone'),
(201, 'firstname lastname\ncompany\nvat_number\naddress1\naddress2\npostcode city\nCountry:name\nphone'),
(202, 'firstname lastname\ncompany\nvat_number\naddress1\naddress2\npostcode city\nCountry:name\nphone'),
(203, 'firstname lastname\ncompany\nvat_number\naddress1\naddress2\npostcode city\nCountry:name\nphone'),
(204, 'firstname lastname\ncompany\nvat_number\naddress1\naddress2\npostcode city\nCountry:name\nphone'),
(205, 'firstname lastname\ncompany\nvat_number\naddress1\naddress2\npostcode city\nCountry:name\nphone'),
(206, 'firstname lastname\ncompany\nvat_number\naddress1\naddress2\npostcode city\nCountry:name\nphone'),
(207, 'firstname lastname\ncompany\nvat_number\naddress1\naddress2\npostcode city\nCountry:name\nphone'),
(208, 'firstname lastname\ncompany\nvat_number\naddress1\naddress2\npostcode city\nCountry:name\nphone'),
(209, 'firstname lastname\ncompany\nvat_number\naddress1\naddress2\npostcode city\nCountry:name\nphone'),
(210, 'firstname lastname\ncompany\nvat_number\naddress1\naddress2\npostcode city\nCountry:name\nphone'),
(211, 'firstname lastname\ncompany\nvat_number\naddress1\naddress2\npostcode city\nCountry:name\nphone'),
(212, 'firstname lastname\ncompany\nvat_number\naddress1\naddress2\npostcode city\nCountry:name\nphone'),
(213, 'firstname lastname\ncompany\nvat_number\naddress1\naddress2\npostcode city\nCountry:name\nphone'),
(214, 'firstname lastname\ncompany\nvat_number\naddress1\naddress2\npostcode city\nCountry:name\nphone'),
(215, 'firstname lastname\ncompany\nvat_number\naddress1\naddress2\npostcode city\nCountry:name\nphone'),
(216, 'firstname lastname\ncompany\nvat_number\naddress1\naddress2\npostcode city\nCountry:name\nphone'),
(217, 'firstname lastname\ncompany\nvat_number\naddress1\naddress2\npostcode city\nCountry:name\nphone'),
(218, 'firstname lastname\ncompany\nvat_number\naddress1\naddress2\npostcode city\nCountry:name\nphone'),
(219, 'firstname lastname\ncompany\nvat_number\naddress1\naddress2\npostcode city\nCountry:name\nphone'),
(220, 'firstname lastname\ncompany\nvat_number\naddress1\naddress2\npostcode city\nCountry:name\nphone'),
(221, 'firstname lastname\ncompany\nvat_number\naddress1\naddress2\npostcode city\nCountry:name\nphone'),
(222, 'firstname lastname\ncompany\nvat_number\naddress1\naddress2\npostcode city\nCountry:name\nphone'),
(223, 'firstname lastname\ncompany\nvat_number\naddress1\naddress2\npostcode city\nCountry:name\nphone'),
(224, 'firstname lastname\ncompany\nvat_number\naddress1\naddress2\npostcode city\nCountry:name\nphone'),
(225, 'firstname lastname\ncompany\nvat_number\naddress1\naddress2\npostcode city\nCountry:name\nphone'),
(226, 'firstname lastname\ncompany\nvat_number\naddress1\naddress2\npostcode city\nCountry:name\nphone'),
(227, 'firstname lastname\ncompany\nvat_number\naddress1\naddress2\npostcode city\nCountry:name\nphone'),
(228, 'firstname lastname\ncompany\nvat_number\naddress1\naddress2\npostcode city\nCountry:name\nphone'),
(229, 'firstname lastname\ncompany\nvat_number\naddress1\naddress2\npostcode city\nCountry:name\nphone'),
(230, 'firstname lastname\ncompany\nvat_number\naddress1\naddress2\npostcode city\nCountry:name\nphone'),
(231, 'firstname lastname\ncompany\nvat_number\naddress1\naddress2\npostcode city\nCountry:name\nphone'),
(232, 'firstname lastname\ncompany\nvat_number\naddress1\naddress2\npostcode city\nCountry:name\nphone'),
(233, 'firstname lastname\ncompany\nvat_number\naddress1\naddress2\npostcode city\nCountry:name\nphone'),
(234, 'firstname lastname\ncompany\nvat_number\naddress1\naddress2\npostcode city\nCountry:name\nphone'),
(235, 'firstname lastname\ncompany\nvat_number\naddress1\naddress2\npostcode city\nCountry:name\nphone'),
(236, 'firstname lastname\ncompany\nvat_number\naddress1\naddress2\npostcode city\nCountry:name\nphone'),
(237, 'firstname lastname\ncompany\nvat_number\naddress1\naddress2\npostcode city\nCountry:name\nphone'),
(238, 'firstname lastname\ncompany\nvat_number\naddress1\naddress2\npostcode city\nCountry:name\nphone'),
(239, 'firstname lastname\ncompany\nvat_number\naddress1\naddress2\npostcode city\nCountry:name\nphone'),
(240, 'firstname lastname\ncompany\nvat_number\naddress1\naddress2\npostcode city\nCountry:name\nphone'),
(241, 'firstname lastname\ncompany\nvat_number\naddress1\naddress2\npostcode city\nCountry:name\nphone'),
(242, 'firstname lastname\ncompany\nvat_number\naddress1\naddress2\npostcode city\nCountry:name\nphone'),
(243, 'firstname lastname\ncompany\nvat_number\naddress1\naddress2\npostcode city\nCountry:name\nphone'),
(244, 'firstname lastname\ncompany\nvat_number\naddress1\naddress2\npostcode city\nCountry:name\nphone');

-- --------------------------------------------------------

--
-- Estructura de tabla para la tabla `ps_admin_filter`
--

CREATE TABLE `ps_admin_filter` (
  `id` int(11) NOT NULL,
  `employee` int(11) NOT NULL,
  `shop` int(11) NOT NULL,
  `controller` varchar(60) COLLATE utf8_unicode_ci NOT NULL,
  `action` varchar(100) COLLATE utf8_unicode_ci NOT NULL,
  `filter` longtext COLLATE utf8_unicode_ci NOT NULL,
  `filter_id` varchar(255) COLLATE utf8_unicode_ci NOT NULL
) ENGINE=InnoDB DEFAULT CHARSET=utf8 COLLATE=utf8_unicode_ci;

--
-- Volcado de datos para la tabla `ps_admin_filter`
--

INSERT INTO `ps_admin_filter` (`id`, `employee`, `shop`, `controller`, `action`, `filter`, `filter_id`) VALUES
(1, 1, 1, '', '', '{\"limit\":50,\"orderBy\":\"id_lang\",\"sortOrder\":\"ASC\",\"filters\":[]}', 'language'),
(2, 1, 1, 'meta', 'index', '{\"limit\":50,\"orderBy\":\"id_meta\",\"sortOrder\":\"asc\",\"filters\":[]}', ''),
(3, 1, 1, 'ProductController', 'catalogAction', '{\"filter_category\":\"\",\"filter_column_id_product\":\"\",\"filter_column_name\":\"\",\"filter_column_reference\":\"ACUVUE2PACK\",\"filter_column_name_category\":\"\",\"filter_column_price\":\"\",\"filter_column_sav_quantity\":\"\",\"filter_column_active\":\"\",\"last_offset\":\"0\",\"last_limit\":\"300\",\"last_orderBy\":\"id_product\",\"last_sortOrder\":\"desc\"}', ''),
(4, 1, 1, 'category', 'index', '{\"orderBy\":\"position\",\"sortOrder\":\"asc\",\"limit\":50,\"filters\":{\"id_category_parent\":\"2\"}}', ''),
(5, 1, 1, 'contacts', 'index', '{\"limit\":10,\"orderBy\":\"id_contact\",\"sortOrder\":\"asc\",\"filters\":[]}', ''),
(6, 1, 1, 'employee', 'index', '{\"limit\":50,\"orderBy\":\"id_employee\",\"sortOrder\":\"asc\",\"filters\":[]}', ''),
(7, 1, 1, 'profile', 'index', '{\"limit\":10,\"orderBy\":\"id_profile\",\"sortOrder\":\"asc\",\"filters\":[]}', ''),
(8, 2, 1, 'ProductController', 'catalogAction', '{\"filter_category\":\"2\",\"filter_column_id_product\":\"\",\"filter_column_name\":\"\",\"filter_column_reference\":\"al\",\"filter_column_name_category\":\"\",\"filter_column_price\":\"\",\"filter_column_sav_quantity\":\"\",\"filter_column_active\":\"\",\"last_offset\":\"0\",\"last_limit\":\"300\",\"last_orderBy\":\"position\",\"last_sortOrder\":\"asc\"}', ''),
(9, 2, 1, 'category', 'index', '{\"orderBy\":\"position\",\"sortOrder\":\"asc\",\"limit\":50,\"filters\":{\"id_category_parent\":\"2\"}}', ''),
(10, 1, 1, '', '', '{\"orderBy\":\"position\",\"sortOrder\":\"asc\",\"limit\":50,\"filters\":{\"id_cms_category_parent\":1}}', 'cms_page_category'),
(11, 1, 1, '', '', '{\"orderBy\":\"position\",\"sortOrder\":\"asc\",\"limit\":50,\"filters\":{\"id_cms_category_parent\":1}}', 'cms_page'),
(12, 1, 1, 'logs', 'index', '{\"limit\":10,\"orderBy\":\"id_log\",\"sortOrder\":\"desc\",\"filters\":[]}', ''),
(13, 1, 1, 'email', 'index', '{\"limit\":50,\"orderBy\":\"id_mail\",\"sortOrder\":\"desc\",\"filters\":[]}', ''),
(14, 1, 1, 'sqlmanager', 'index', '{\"limit\":10,\"orderBy\":\"id_request_sql\",\"sortOrder\":\"desc\",\"filters\":[]}', ''),
(15, 1, 1, 'backup', 'index', '{\"limit\":20,\"orderBy\":null,\"sortOrder\":null,\"filters\":[]}', ''),
(16, 1, 1, 'webservice', 'index', '{\"limit\":50,\"orderBy\":\"id_webservice_account\",\"sortOrder\":\"asc\",\"filters\":[]}', ''),
(17, 1, 1, '', '', '{\"orderBy\":\"id_category\",\"sortOrder\":\"asc\",\"limit\":50,\"filters\":{\"id_category_parent\":\"2\"}}', 'category'),
(18, 1, 1, 'tax', 'index', '{\"limit\":50,\"orderBy\":\"id_tax\",\"sortOrder\":\"asc\",\"filters\":[]}', ''),
(19, 1, 1, '', '', '{\"limit\":50,\"orderBy\":\"date_add\",\"sortOrder\":\"DESC\",\"filters\":[]}', 'customer'),
(20, 1, 1, '', '', '{\"limit\":\"10\",\"orderBy\":\"name\",\"sortOrder\":\"asc\",\"filters\":[]}', 'manufacturer'),
(21, 1, 1, '', '', '{\"limit\":10,\"orderBy\":\"id_address\",\"sortOrder\":\"desc\",\"filters\":[]}', 'manufacturer_address'),
(22, 1, 1, '', '', '{\"limit\":50,\"orderBy\":\"id_currency\",\"sortOrder\":\"asc\",\"filters\":[]}', 'currency'),
(23, 2, 1, '', '', '{\"limit\":50,\"orderBy\":\"date_add\",\"sortOrder\":\"DESC\",\"filters\":[]}', 'customer'),
(24, 3, 1, 'ProductController', 'catalogAction', '{\"filter_category\":\"\",\"filter_column_id_product\":\"\",\"filter_column_name\":\"\",\"filter_column_reference\":\"\",\"filter_column_name_category\":\"\",\"filter_column_price\":\"\",\"filter_column_sav_quantity\":\"\",\"filter_column_active\":\"\",\"last_offset\":\"0\",\"last_limit\":\"100\",\"last_orderBy\":\"id_product\",\"last_sortOrder\":\"desc\"}', ''),
(25, 4, 1, '', '', '{\"orderBy\":\"position\",\"sortOrder\":\"asc\",\"limit\":50,\"filters\":{\"id_category_parent\":\"2\"}}', 'category'),
(26, 4, 1, 'ProductController', 'catalogAction', '{\"filter_category\":\"\",\"filter_column_id_product\":\"BETWEEN 442.000000 AND 442.000000\",\"filter_column_name\":\"\",\"filter_column_reference\":\"\",\"filter_column_name_category\":\"\",\"filter_column_price\":\"\",\"filter_column_sav_quantity\":\"\",\"filter_column_active\":\"1\",\"last_offset\":\"0\",\"last_limit\":\"20\",\"last_orderBy\":\"id_product\",\"last_sortOrder\":\"desc\"}', '');

-- --------------------------------------------------------

--
-- Estructura de tabla para la tabla `ps_advice`
--

CREATE TABLE `ps_advice` (
  `id_advice` int(11) NOT NULL,
  `id_ps_advice` int(11) NOT NULL,
  `id_tab` int(11) NOT NULL,
  `ids_tab` text DEFAULT NULL,
  `validated` tinyint(1) UNSIGNED NOT NULL DEFAULT 0,
  `hide` tinyint(1) NOT NULL DEFAULT 0,
  `location` enum('after','before') NOT NULL,
  `selector` varchar(255) DEFAULT NULL,
  `start_day` int(11) NOT NULL DEFAULT 0,
  `stop_day` int(11) NOT NULL DEFAULT 0,
  `weight` int(11) DEFAULT 1
) ENGINE=InnoDB DEFAULT CHARSET=utf8;

--
-- Volcado de datos para la tabla `ps_advice`
--

INSERT INTO `ps_advice` (`id_advice`, `id_ps_advice`, `id_tab`, `ids_tab`, `validated`, `hide`, `location`, `selector`, `start_day`, `stop_day`, `weight`) VALUES
(1, 2147483647, 1, NULL, 1, 0, 'after', '#dashtrends', 0, 0, 1),
(2, 853, 1, NULL, 1, 0, 'after', '#dashtrends', 0, 0, 1),
(3, 674, 1, NULL, 1, 0, 'after', '#dashtrends', 0, 0, 1),
(4, 765, 1, NULL, 1, 0, 'after', '#dashtrends', 0, 0, 1),
(5, 2147483647, 1, NULL, 1, 0, 'after', '.dash_news', 0, 0, 1),
(6, 2147483647, 1, NULL, 1, 0, 'after', '.dash_news', 0, 0, 1),
(7, 2147483647, 1, NULL, 1, 0, 'after', '.dash_news', 0, 0, 1);

-- --------------------------------------------------------

--
-- Estructura de tabla para la tabla `ps_advice_lang`
--

CREATE TABLE `ps_advice_lang` (
  `id_advice` int(11) NOT NULL,
  `id_lang` int(11) NOT NULL,
  `html` text DEFAULT NULL
) ENGINE=InnoDB DEFAULT CHARSET=utf8;

--
-- Volcado de datos para la tabla `ps_advice_lang`
--

INSERT INTO `ps_advice_lang` (`id_advice`, `id_lang`, `html`) VALUES
(1, 1, '<div id=\"wrap_id_advice_1571072800544\">\n            <div class=\"col-lg-6\">\n              <section id=\"\" class=\"panel panel-advice\" style=\"position: relative; padding: 10px; min-height: 75px;\">\n                <a href=\"#\" id=\"1571072800544\" class=\"close_link gamification_premium_close\" style=\"display: none; position: absolute; top: 10px; right: 10px;\">\n                  <i class=\"icon-remove\"></i>\n                </a>\n                <span class=\"gamification-close-confirmation hide\">\n                  ¿Está seguro?\n                  <button class=\"btn btn-default btn-sm\" data-advice=\"delete\">\n                    <i class=\"icon-trash\"></i>Eliminar\n                  </button>\n                  <button class=\"btn btn-default btn-sm\" data-advice=\"cancel\">Cancelar</button>\n                </span>\n                <a class=\"preactivationLink row\" rel=\"Mercado Pago\" href=\"{link}AdminModules{/link}&install=Mercado Pago&module_name=Mercado Pago&redirectconfig\" style=\"display: table; margin: 0; text-decoration: none;\">\n                  <img src=\"https://storage.googleapis.com/production-gamification-assets/premium/Mercado Pago.png\" class=\"advice-img img-thumbnail\">\n                  <img src=\"https://gamification.prestashop.com/api/getAdviceImg/1571072800544.png\" class=\"hide\">\n                  <p class=\"advice-description\" style=\"padding: 0 20px; display: table-cell; vertical-align: middle;\">Aumenta tus ventas y recibe pagos de inmediato con el Smart Checkout Mercado\nPago</p>\n                </a>\n              </section>\n            </div>\n            <script>\n              $(document).ready( function () {\n                var link = $(\'#wrap_id_advice_1571072800544 .preactivationLink\')[0].href;\n                link = encodeURIComponent(link);\n                var newUrl = \'https://gamification.prestashop.com/get_advice_link.php?id_advice=1571072800544&url=\'+link;\n                $(\'#wrap_id_advice_1571072800544 .preactivationLink\')[0].href = newUrl;\n              });\n            </script>\n          </div>'),
(2, 1, '<div id=\"wrap_id_advice_853\">\n            <div class=\"col-lg-6\">\n              <section id=\"\" class=\"panel panel-advice\" style=\"position: relative; padding: 10px; min-height: 75px;\">\n                <a href=\"#\" id=\"853\" class=\"close_link gamification_premium_close\" style=\"display: none; position: absolute; top: 10px; right: 10px;\">\n                  <i class=\"icon-remove\"></i>\n                </a>\n                <span class=\"gamification-close-confirmation hide\">\n                  ¿Está seguro?\n                  <button class=\"btn btn-default btn-sm\" data-advice=\"delete\">\n                    <i class=\"icon-trash\"></i>Eliminar\n                  </button>\n                  <button class=\"btn btn-default btn-sm\" data-advice=\"cancel\">Cancelar</button>\n                </span>\n                <a class=\"preactivationLink row\" rel=\"mailchimp\" href=\"{link}AdminModules{/link}&install=mailchimp&module_name=mailchimp&redirectconfig\" style=\"display: table; margin: 0; text-decoration: none;\">\n                  <img src=\"https://storage.googleapis.com/production-gamification-assets/premium/mailchimp.png\" class=\"advice-img img-thumbnail\">\n                  <img src=\"https://gamification.prestashop.com/api/getAdviceImg/853.png\" class=\"hide\">\n                  <p class=\"advice-description\" style=\"padding: 0 20px; display: table-cell; vertical-align: middle;\">Aumenta tus ventas y conecta tus clientes con las herramientas MailChimp. Configura ahora</p>\n                </a>\n              </section>\n            </div>\n            <script>\n              $(document).ready( function () {\n                var link = $(\'#wrap_id_advice_853 .preactivationLink\')[0].href;\n                link = encodeURIComponent(link);\n                var newUrl = \'https://gamification.prestashop.com/get_advice_link.php?id_advice=853&url=\'+link;\n                $(\'#wrap_id_advice_853 .preactivationLink\')[0].href = newUrl;\n              });\n            </script>\n          </div>'),
(3, 1, '<div id=\"wrap_id_advice_674\">\n            <div class=\"col-lg-6\">\n              <section id=\"\" class=\"panel panel-advice\" style=\"position: relative; padding: 10px; min-height: 75px;\">\n                <a href=\"#\" id=\"674\" class=\"close_link gamification_premium_close\" style=\"display: none; position: absolute; top: 10px; right: 10px;\">\n                  <i class=\"icon-remove\"></i>\n                </a>\n                <span class=\"gamification-close-confirmation hide\">\n                  ¿Está seguro?\n                  <button class=\"btn btn-default btn-sm\" data-advice=\"delete\">\n                    <i class=\"icon-trash\"></i>Eliminar\n                  </button>\n                  <button class=\"btn btn-default btn-sm\" data-advice=\"cancel\">Cancelar</button>\n                </span>\n                <a class=\"preactivationLink row\" rel=\"sendinblue\" href=\"{link}AdminModules{/link}&install=sendinblue&module_name=sendinblue&redirectconfig\" style=\"display: table; margin: 0; text-decoration: none;\">\n                  <img src=\"https://storage.googleapis.com/production-gamification-assets/premium/sendinblue.png\" class=\"advice-img img-thumbnail\">\n                  <img src=\"https://gamification.prestashop.com/api/getAdviceImg/674.png\" class=\"hide\">\n                  <p class=\"advice-description\" style=\"padding: 0 20px; display: table-cell; vertical-align: middle;\">Maneja fácilmente tus campañas de emails, newsletters, SMS en una sola plataforma<br/></p>\n                </a>\n              </section>\n            </div>\n            <script>\n              $(document).ready( function () {\n                var link = $(\'#wrap_id_advice_674 .preactivationLink\')[0].href;\n                link = encodeURIComponent(link);\n                var newUrl = \'https://gamification.prestashop.com/get_advice_link.php?id_advice=674&url=\'+link;\n                $(\'#wrap_id_advice_674 .preactivationLink\')[0].href = newUrl;\n              });\n            </script>\n          </div>'),
(4, 1, '<div id=\"wrap_id_advice_765\">\n            <div class=\"col-lg-6\">\n              <section id=\"\" class=\"panel panel-advice\" style=\"position: relative; padding: 10px; min-height: 75px;\">\n                <a href=\"#\" id=\"765\" class=\"close_link gamification_premium_close\" style=\"display: none; position: absolute; top: 10px; right: 10px;\">\n                  <i class=\"icon-remove\"></i>\n                </a>\n                <span class=\"gamification-close-confirmation hide\">\n                  ¿Está seguro?\n                  <button class=\"btn btn-default btn-sm\" data-advice=\"delete\">\n                    <i class=\"icon-trash\"></i>Eliminar\n                  </button>\n                  <button class=\"btn btn-default btn-sm\" data-advice=\"cancel\">Cancelar</button>\n                </span>\n                <a class=\"preactivationLink row\" rel=\"skrill\" href=\"{link}AdminModules{/link}&install=skrill&module_name=skrill&redirectconfig\" style=\"display: table; margin: 0; text-decoration: none;\">\n                  <img src=\"https://storage.googleapis.com/production-gamification-assets/premium/skrill2.png\" class=\"advice-img img-thumbnail\">\n                  <img src=\"https://gamification.prestashop.com/api/getAdviceImg/765.png\" class=\"hide\">\n                  <p class=\"advice-description\" style=\"padding: 0 20px; display: table-cell; vertical-align: middle;\">Skrill Checkout – venda globalmente y crezca<br/></p>\n                </a>\n              </section>\n            </div>\n            <script>\n              $(document).ready( function () {\n                var link = $(\'#wrap_id_advice_765 .preactivationLink\')[0].href;\n                link = encodeURIComponent(link);\n                var newUrl = \'https://gamification.prestashop.com/get_advice_link.php?id_advice=765&url=\'+link;\n                $(\'#wrap_id_advice_765 .preactivationLink\')[0].href = newUrl;\n              });\n            </script>\n          </div>'),
(5, 1, ' <div id=\"wrap_id_advice_1533286918885\"> <section id=\"0_Mailchimp\" class=\"panel\" style=\"display:none\"> <header class=\"panel-heading\"> <span class=\"icon-lightbulb\"></span> Consejo del día </header> <div class=\"panel-body\" style=\"padding:0\"> <img class=\"img-responsive\" src=\"https://storage.googleapis.com/production-gamification-assets/tips/Mailchimp.png\" style=\"float:right; margin-left: 5px;\"> <img src=\"https://gamification.prestashop.com/api/getAdviceImg/1533286918885.png\"/> <p> <b>Aumente las ventas recordando a los clientes los artículos que han dejado atrás</b> </p> <p> El 67 % de las cestas de compra en internet se abandonan antes del pago. Los correos electrónicos de cestas sin compra le ayudan a hacer un seguimiento de las personas que salen sin comprar y les convencen para finalizarla.  </p> <span class=\"text-right\" style=\"float:right\"> <a class=\"btn btn-default\" target=\"_blank\" href=\"https://gamification.prestashop.com/get_advice_link.php?id_advice=1533286918885&url=https://addons.prestashop.com/es/newsletter-sms/26957-mailchimp-for-prestashop.html%3Futm_source%3Dback-office%26utm_medium%3Dtipoftheday%26utm_campaign%3Dpartenariats%26utm_content%3DMailchimp\"> Empiece a recuperar las ventas perdidas </a> </span> </div> </section><section id=\"1_Mailchimp\" class=\"panel\" style=\"display:none\"> <header class=\"panel-heading\"> <span class=\"icon-lightbulb\"></span> Consejo del día </header> <div class=\"panel-body\" style=\"padding:0\"> <img class=\"img-responsive\" src=\"https://storage.googleapis.com/production-gamification-assets/tips/Mailchimp.png\" style=\"float:right; margin-left: 5px;\"> <img src=\"https://gamification.prestashop.com/api/getAdviceImg/1533286918885.png\"/> <p> <b>Venda más cosas recompensando a los clientes leales</b> </p> <p> Recompense a sus mejores clientes con una serie de correos electrónicos automatizados que contengan cupones especiales u otras ofertas exclusivas, y obtenga casi 5 veces más pedidos por destinatario que un correo electrónico masivo normal.  </p> <span class=\"text-right\" style=\"float:right\"> <a class=\"btn btn-default\" target=\"_blank\" href=\"https://gamification.prestashop.com/get_advice_link.php?id_advice=1533286918885&url=https://addons.prestashop.com/es/newsletter-sms/26957-mailchimp-for-prestashop.html%3Futm_source%3Dback-office%26utm_medium%3Dtipoftheday%26utm_campaign%3Dpartenariats%26utm_content%3DMailchimp\"> Empiece a dar las gracias a sus clientes </a> </span> </div> </section><section id=\"2_Mailchimp\" class=\"panel\" style=\"display:none\"> <header class=\"panel-heading\"> <span class=\"icon-lightbulb\"></span> Consejo del día </header> <div class=\"panel-body\" style=\"padding:0\"> <img class=\"img-responsive\" src=\"https://storage.googleapis.com/production-gamification-assets/tips/Mailchimp.png\" style=\"float:right; margin-left: 5px;\"> <img src=\"https://gamification.prestashop.com/api/getAdviceImg/1533286918885.png\"/> <p> <b>Aumente el compromiso y los ingresos aprendiendo más sobre su audiencia </b> </p> <p> Cree correos electrónicos personalizados y relevantes dirigidos a su público en función de datos demográficos como el sexo y la edad. </p> <span class=\"text-right\" style=\"float:right\"> <a class=\"btn btn-default\" target=\"_blank\" href=\"https://gamification.prestashop.com/get_advice_link.php?id_advice=1533286918885&url=https://addons.prestashop.com/es/newsletter-sms/26957-mailchimp-for-prestashop.html%3Futm_source%3Dback-office%26utm_medium%3Dtipoftheday%26utm_campaign%3Dpartenariats%26utm_content%3DMailchimp\"> Vea cómo MailChimp puede ayudar </a> </span> </div> </section><script> $(document).ready( function () { $(\'#\'+rand(2)+\'_Mailchimp\').show(); }); function rand(nbr){ return Math.floor(Math.random()*(nbr+1)); } </script> </div>'),
(6, 1, ' <div id=\"wrap_id_advice_1571073391046\"> <section id=\"0_Mercado Pago\" class=\"panel\" style=\"display:none\"> <header class=\"panel-heading\"> <span class=\"icon-lightbulb\"></span> Consejo del día </header> <div class=\"panel-body\" style=\"padding:0\"> <img class=\"img-responsive\" src=\"https://storage.googleapis.com/production-gamification-assets/tips/Mercado Pago.png\" style=\"float:right; margin-left: 5px;\"> <img src=\"https://gamification.prestashop.com/api/getAdviceImg/1571073391046.png\"/> <p> <b>¿Sabías que con Mercado Pago recibes el dinero de tus ventas al instante?</b> </p> <p> Instala el módulo de Mercado Pago y cobra a través de su Smart Checkout de forma rápida, fácil y segura. Aumenta tus ventas aceptando todos los métodos de pago locales e internacionales </p> <span class=\"text-right\" style=\"float:right\"> <a class=\"btn btn-default\" target=\"_blank\" href=\"https://gamification.prestashop.com/get_advice_link.php?id_advice=1571073391046&url=https://addons.prestashop.com/es/pago-tarjeta-carteras-digitales/23962-mercado-pago.html%3Futm_source%3Dback-office%26utm_medium%3Dtipoftheday%26utm_campaign%3Dpartenariats%26utm_content%3DMercado Pago\"> Saber más </a> </span> </div> </section><script> $(document).ready( function () { $(\'#\'+rand(0)+\'_Mercado Pago\').show(); }); function rand(nbr){ return Math.floor(Math.random()*(nbr+1)); } </script> </div>'),
(7, 1, ' <div id=\"wrap_id_advice_1529506639880\"> <section id=\"0_SitemapGenerator_addons\" class=\"panel\" style=\"display:none\"> <header class=\"panel-heading\"> <span class=\"icon-lightbulb\"></span> Consejo del día </header> <div class=\"panel-body\" style=\"padding:0\"> <img class=\"img-responsive\" src=\"https://storage.googleapis.com/production-gamification-assets/tips/Sitemap Generator.png\" style=\"float:right; margin-left: 5px;\"> <img src=\"https://gamification.prestashop.com/api/getAdviceImg/1529506639880.png\"/> <p> <b>Novedad: Módulo Generador de mapas del sitio para SEO (XML y HTML)</b> </p> <p> Con el nuevo módulo Generador de mapas del sitio para SEO desarrolado por PrestaShop, ¡crea con un solo clic los sitempas de tu tienda! </p> <span class=\"text-right\" style=\"float:right\"> <a class=\"btn btn-default\" target=\"_blank\" href=\"https://gamification.prestashop.com/get_advice_link.php?id_advice=1529506639880&url=https://addons.prestashop.com/es/seo-posicionamiento-buscadores/32219-generador-de-mapas-del-sitio-para-seo-xml-y-html.html%3Futm_source%3Dback-office%26utm_medium%3Dtipoftheday%26utm_campaign%3Dpartenariats%26utm_content%3DSitemapGenerator_addons\"> Descubrir </a> </span> </div> </section><script> $(document).ready( function () { $(\'#\'+rand(0)+\'_SitemapGenerator_addons\').show(); }); function rand(nbr){ return Math.floor(Math.random()*(nbr+1)); } </script> </div>');

-- --------------------------------------------------------

--
-- Estructura de tabla para la tabla `ps_alias`
--

CREATE TABLE `ps_alias` (
  `id_alias` int(10) UNSIGNED NOT NULL,
  `alias` varchar(255) NOT NULL,
  `search` varchar(255) NOT NULL,
  `active` tinyint(1) NOT NULL DEFAULT 1
) ENGINE=InnoDB DEFAULT CHARSET=utf8;

-- --------------------------------------------------------

--
-- Estructura de tabla para la tabla `ps_an_productfields`
--

CREATE TABLE `ps_an_productfields` (
  `id_an_productfields` int(10) UNSIGNED NOT NULL,
  `code` varchar(255) NOT NULL,
  `placeholder` varchar(255) NOT NULL,
  `price` decimal(12,2) NOT NULL,
  `type` enum('text','textarea','date','radio','multiselect','dropdown','checkbox') NOT NULL,
  `is_enabled` int(10) NOT NULL DEFAULT 0,
  `apply_for_all_products` int(1) NOT NULL DEFAULT 0,
  `sort_order` int(10) NOT NULL DEFAULT 0,
  `required` int(1) NOT NULL DEFAULT 0,
  `validation` varchar(255) NOT NULL,
  `groups` text NOT NULL,
  `categories` text DEFAULT NULL,
  `max_text_length` int(10) NOT NULL,
  `date_add` datetime NOT NULL,
  `date_upd` datetime NOT NULL,
  `custom_tax` int(10) DEFAULT NULL
) ENGINE=InnoDB DEFAULT CHARSET=utf8;

--
-- Volcado de datos para la tabla `ps_an_productfields`
--

INSERT INTO `ps_an_productfields` (`id_an_productfields`, `code`, `placeholder`, `price`, `type`, `is_enabled`, `apply_for_all_products`, `sort_order`, `required`, `validation`, `groups`, `categories`, `max_text_length`, `date_add`, `date_upd`, `custom_tax`) VALUES
(1, 'poder_m', 'Seleccionar', '0.00', 'dropdown', 1, 0, 0, 1, '', '1;2;3', '48', 0, '2020-09-07 19:37:58', '2020-09-08 08:08:19', 0),
(2, 'poder_i', 'Seleccionar', '0.00', 'dropdown', 1, 0, 0, 1, '', '1;2;3', '48', 0, '2020-09-07 20:15:43', '2020-09-08 08:08:22', 0),
(3, 'poder_d', 'Seleccionar', '0.00', 'dropdown', 1, 0, 0, 1, '', '1;2;3', '48', 0, '2020-09-07 20:16:19', '2020-09-08 08:08:25', 0),
(5, 'poder_m', 'Seleccionar', '0.00', 'dropdown', 1, 0, 0, 1, '', '1;2;3', '49;50;51', 0, '2020-09-08 07:54:23', '2021-06-01 11:26:22', 0),
(6, 'poder_i', 'Seleccionar', '0.00', 'dropdown', 1, 0, 0, 1, '', '1;2;3', '49;50;51', 0, '2020-09-08 07:55:47', '2021-06-01 11:26:31', 0),
(7, 'poder_d', 'Seleccionar', '0.00', 'dropdown', 1, 0, 0, 1, '', '1;2;3', '49;50;51', 0, '2020-09-08 07:56:00', '2021-06-01 11:26:39', 0),
(8, 'poder_m', 'Seleccionar', '0.00', 'dropdown', 1, 0, 0, 1, '', '1;2;3', '52', 0, '2020-09-08 07:58:19', '2020-09-08 08:08:34', 0),
(9, 'poder_i', 'Seleccionar', '0.00', 'dropdown', 1, 0, 0, 1, '', '1;2;3', '52', 0, '2020-09-08 07:58:22', '2020-09-08 08:08:37', 0),
(10, 'poder_d', 'Seleccionar', '0.00', 'dropdown', 1, 0, 0, 1, '', '1;2;3', '52', 0, '2020-09-08 07:58:26', '2020-09-08 08:08:39', 0),
(11, 'poder_m', 'Seleccionar', '0.00', 'dropdown', 1, 0, 0, 1, '', '1;2;3', '53', 0, '2020-09-08 08:00:29', '2020-09-08 08:08:42', 0),
(12, 'poder_i', 'Seleccionar', '0.00', 'dropdown', 1, 0, 0, 1, '', '1;2;3', '53', 0, '2020-09-08 08:00:32', '2020-09-08 08:08:45', 0),
(13, 'poder_d', 'Seleccionar', '0.00', 'dropdown', 1, 0, 0, 1, '', '1;2;3', '53', 0, '2020-09-08 08:00:34', '2020-09-08 08:08:49', 0),
(14, 'poder_m', 'Seleccionar', '0.00', 'dropdown', 1, 0, 0, 1, '', '1;2;3', '54', 0, '2020-09-08 08:02:23', '2020-09-08 08:08:50', 0),
(15, 'poder_i', 'Seleccionar', '0.00', 'dropdown', 1, 0, 0, 1, '', '1;2;3', '54', 0, '2020-09-08 08:02:26', '2020-09-08 08:08:57', 0),
(16, 'poder_d', 'Seleccionar', '0.00', 'dropdown', 1, 0, 0, 1, '', '1;2;3', '54', 0, '2020-09-08 08:02:30', '2020-09-08 08:09:01', 0),
(17, 'poder_m', 'Seleccionar', '0.00', 'dropdown', 1, 0, 0, 1, '', '1;2;3', '55', 0, '2020-09-08 08:07:25', '2020-09-08 08:09:04', 0),
(18, 'poder_i', 'Seleccionar', '0.00', 'dropdown', 1, 0, 0, 1, '', '1;2;3', '55', 0, '2020-09-08 08:07:30', '2020-09-08 08:09:06', 0),
(19, 'poder_d', 'Seleccionar', '0.00', 'dropdown', 1, 0, 0, 1, '', '1;2;3', '55', 0, '2020-09-08 08:07:33', '2020-09-08 08:09:09', 0),
(20, 'cil_m', 'Seleccionar', '0.00', 'dropdown', 1, 0, 0, 1, '', '1;2;3', '52;75', 0, '2020-09-08 08:11:43', '2021-12-09 16:20:00', 0),
(21, 'cil_i', 'Seleccionar', '0.00', 'dropdown', 1, 0, 0, 1, '', '1;2;3', '52;75', 0, '2020-09-08 08:11:50', '2021-12-09 16:20:09', 0),
(22, 'cil_d', 'Seleccionar', '0.00', 'dropdown', 1, 0, 0, 1, '', '1;2;3', '52;75', 0, '2020-09-08 08:12:56', '2021-12-09 16:20:19', 0),
(23, 'cil_m', 'Seleccionar', '0.00', 'dropdown', 1, 0, 0, 1, '', '1;2;3', '53', 0, '2020-09-08 08:14:46', '2020-09-08 08:14:46', 0),
(24, 'cil_i', 'Seleccionar', '0.00', 'dropdown', 1, 0, 0, 1, '', '1;2;3', '53', 0, '2020-09-08 08:14:48', '2020-09-08 08:14:48', 0),
(25, 'cil_d', 'Seleccionar', '0.00', 'dropdown', 1, 0, 0, 1, '', '1;2;3', '53', 0, '2020-09-08 08:14:51', '2020-09-08 08:14:51', 0),
(26, 'eje_m', 'Seleccionar', '0.00', 'dropdown', 1, 0, 0, 1, '', '1;2;3', '52;53;75', 0, '2020-09-08 08:16:54', '2021-12-09 16:20:51', 0),
(27, 'eje_i', 'Seleccionar', '0.00', 'dropdown', 1, 0, 0, 1, '', '1;2;3', '52;53;75', 0, '2020-09-08 08:16:57', '2021-12-09 16:20:59', 0),
(28, 'eje_d', 'Seleccionar', '0.00', 'dropdown', 1, 0, 0, 1, '', '1;2;3', '52;53;75', 0, '2020-09-08 08:17:04', '2021-12-09 16:21:10', 0),
(29, 'adicion_m', 'Seleccionar', '0.00', 'dropdown', 1, 0, 0, 1, '', '1;2;3', '54;55', 0, '2020-09-08 08:19:36', '2020-09-15 18:53:37', 0),
(30, 'adicion_i', 'Seleccionar', '0.00', 'dropdown', 1, 0, 0, 1, '', '1;2;3', '54;55', 0, '2020-09-08 08:19:44', '2020-09-15 18:53:42', 0),
(31, 'adicion_d', 'Seleccionar', '0.00', 'dropdown', 1, 0, 0, 1, '', '1;2;3', '54;55', 0, '2020-09-08 08:19:47', '2020-09-15 18:53:47', 0),
(32, 'poder_m', 'Seleccionar', '0.00', 'dropdown', 1, 0, 0, 1, '', '1;2;3', '75', 0, '2021-12-09 16:14:10', '2021-12-09 16:14:10', 0),
(33, 'poder_i', 'Seleccionar', '0.00', 'dropdown', 1, 0, 0, 1, '', '1;2;3', '75', 0, '2021-12-09 16:17:37', '2021-12-09 16:17:37', 0),
(34, 'poder_d', 'Seleccionar', '0.00', 'dropdown', 1, 0, 0, 1, '', '1;2;3', '75', 0, '2021-12-09 16:18:21', '2021-12-09 16:18:21', 0);

-- --------------------------------------------------------

--
-- Estructura de tabla para la tabla `ps_an_productfields_cart`
--

CREATE TABLE `ps_an_productfields_cart` (
  `id_an_productfields` int(10) UNSIGNED NOT NULL,
  `id_cart` int(10) UNSIGNED NOT NULL,
  `id_product` int(10) UNSIGNED NOT NULL,
  `id_product_attribute` int(10) UNSIGNED NOT NULL,
  `values_hash` varchar(50) NOT NULL,
  `field_name` varchar(50) NOT NULL,
  `field_type` varchar(50) NOT NULL,
  `price` varchar(50) NOT NULL,
  `value` text NOT NULL,
  `custom_tax` int(10) DEFAULT NULL
) ENGINE=InnoDB DEFAULT CHARSET=utf8;

--
-- Volcado de datos para la tabla `ps_an_productfields_cart`
--

INSERT INTO `ps_an_productfields_cart` (`id_an_productfields`, `id_cart`, `id_product`, `id_product_attribute`, `values_hash`, `field_name`, `field_type`, `price`, `value`, `custom_tax`) VALUES
(1, 162, 159, 8008, '5fc05a08346bafbee7c1c1929dbb2298', 'Graduación', 'dropdown', '0', '+06.00', 0),
(1, 163, 158, 8006, '9557f73c0b2dbbcc8ec840b4c01c633f', 'Graduación', 'dropdown', '0', '-06.50', 0),
(1, 362, 136, 8019, '162b121d5354b7ec9dbbc7a6f7b8b71f', 'Poder', 'dropdown', '0', '-02.25', 0),
(1, 367, 136, 8019, 'a4690b47cec160289c6f3e6e07323342', 'Poder', 'dropdown', '0', '-03.25', 0),
(1, 791, 136, 8019, '7c3186f9d426e67eebe6275ad051586f', 'Poder', 'dropdown', '0', '-06.50', 0),
(1, 876, 23, 8295, '9757f80454a79301ccda0c6d05caa03e', 'Poder', 'dropdown', '0', '-07.00', 0),
(2, 163, 158, 8005, 'aa05302ff25ae5cedbba84e8fe0d0061', 'Graduación ojo izquierdo', 'dropdown', '0', '-08.00', 0),
(2, 305, 23, 8296, 'e860e58fffa9298747094d6f1a512d29', 'Poder ojo izquierdo', 'dropdown', '0', '-02.50', 0),
(2, 570, 23, 8296, '2125f4200f8f0582528e09cdedc1be9e', 'Poder ojo izquierdo', 'dropdown', '0', '-05.00', 0),
(2, 791, 136, 8020, 'b5bae5e81198dc26dfdeb727bc00d0a2', 'Poder ojo izquierdo', 'dropdown', '0', '-06.50', 0),
(3, 163, 158, 8005, 'aa05302ff25ae5cedbba84e8fe0d0061', 'Graduación ojo derecho', 'dropdown', '0', '+05.25', 0),
(3, 305, 23, 8296, 'e860e58fffa9298747094d6f1a512d29', 'Poder ojo derecho', 'dropdown', '0', '-03.00', 0),
(3, 570, 23, 8296, '2125f4200f8f0582528e09cdedc1be9e', 'Poder ojo derecho', 'dropdown', '0', '-05.00', 0),
(3, 791, 136, 8020, 'b5bae5e81198dc26dfdeb727bc00d0a2', 'Poder ojo derecho', 'dropdown', '0', '-06.00', 0),
(5, 174, 27, 8031, '6aaa138feafeddc596b4e525d65f97ad', 'DACPMF', 'dropdown', '0', '-11.50', 0),
(5, 182, 25, 8017, '8f7291906ba2b59366dfcbaf88056df3', 'DACPMF', 'dropdown', '0', '-02.25', 0),
(5, 187, 24, 8015, 'aba4a0b40eb7fbe59807696b2b923373', 'DACPMF', 'dropdown', '0', '-05.00', 0),
(5, 195, 157, 8293, '82f7dc248098e608a5c078303ec4cea9', 'DACPMF', 'dropdown', '0', '-12.00', 0),
(5, 202, 24, 8015, '13bd0a5f5bef1fdde9c209b2ef953cec', 'DACPMF', 'dropdown', '0', '-02.50', 0),
(5, 228, 24, 8015, 'f968a9f087d627404716db8fef5f72d5', 'DACPMF', 'dropdown', '0', '-04.50', 0),
(5, 244, 134, 8033, '7d3fcde8c786cdfb604eaeecff4bed2c', 'DACPMF', 'dropdown', '0', '-03.00', 0),
(5, 268, 157, 8293, 'c26ee89e9289efbe01a8cb3b378c3751', 'DACPMF', 'dropdown', '0', '-00.50', 0),
(5, 270, 157, 8293, '9a5a23d47012b192d38e306d7ba6923c', 'DACPMF', 'dropdown', '0', '-00.50', 0),
(5, 271, 157, 8293, 'be0422a25cd695580161131880fee374', 'DACPMF', 'dropdown', '0', '-00.50', 0),
(5, 290, 157, 8293, 'f95063848a1955c07ec598186ba5cd6d', 'DACPMF', 'dropdown', '0', '-11.00', 0),
(5, 319, 157, 8293, '45f2b1cc4594c9c2c14ca22e0311cb34', 'DACPMF', 'dropdown', '0', '-01.50', 0),
(5, 322, 25, 8017, '414ea2f94c23eb356edb8477de517d7b', 'DACPMF', 'dropdown', '0', '-07.00', 0),
(5, 325, 157, 8293, '640893d90f2963cae4a0e880a3071502', 'DACPMF', 'dropdown', '0', '-05.00', 0),
(5, 335, 20, 0, 'f6400dde00876aca896f849f26279934', 'DACPMF', 'dropdown', '0', '+01.00', 0),
(5, 335, 24, 8015, '9f362ed62c4f978e9455a87759b0175f', 'DACPMF', 'dropdown', '0', '+01.00', 0),
(5, 337, 20, 0, '372ee329426539066275a064918ebb29', 'DACPMF', 'dropdown', '0', '+01.00', 0),
(5, 337, 24, 8015, '85822c64654741e72f565993ea29ff68', 'DACPMF', 'dropdown', '0', '+01.00', 0),
(5, 363, 157, 8293, '2b08a59a9c4c9a02e0261851c5c5feb1', 'DACPMF', 'dropdown', '0', '-05.00', 0),
(5, 369, 24, 8015, '71a33ea9c3bd6d638ccc8dd87e8f618a', 'DACPMF', 'dropdown', '0', '+03.25', 0),
(5, 390, 157, 8293, '2a872fa90802e2f8d6806225e6b9f0ef', 'DACPMF', 'dropdown', '0', '-05.50', 0),
(5, 396, 25, 8017, '9fc73bc7a0d6d17c6a3a726a49687d02', 'DACPMF', 'dropdown', '0', '-04.00', 0),
(5, 407, 134, 8033, '1dab02a5b0e6db35f04073b29c7b82af', 'DACPMF', 'dropdown', '0', '-01.50', 0),
(5, 417, 157, 8293, 'b949f2681f448c7b93ca4daec19ced5d', 'DACPMF', 'dropdown', '0', '-03.50', 0),
(5, 438, 155, 8289, 'ddaa9c44b089a742aa2ca4e588953357', 'DACPMF', 'dropdown', '0', '-02.50', 0),
(5, 439, 156, 8291, '8237933456b159420293e1988994d3a9', 'DACPMF', 'dropdown', '0', '-02.50', 0),
(5, 447, 25, 8017, 'e5e82f094137d8f9833b01e5e6bc8d97', 'DACPMF', 'dropdown', '0', '+06.00', 0),
(5, 536, 24, 8015, '84ecd42719b0d10a60e50aa38c8428b7', 'DACPMF', 'dropdown', '0', '-10.00', 0),
(5, 590, 27, 8031, 'b49ffbb59a6e0e869ffb73bb38717a1b', 'DACPMF', 'dropdown', '0', '-11.00', 0),
(5, 594, 14, 0, '272c9f96e7f7daa81e4f345813f833b7', 'DACPMF', 'dropdown', '0', '-02.50', 0),
(5, 594, 25, 8017, '930d800e19e0ac9582a4afc09b599c7a', 'DACPMF', 'dropdown', '0', '-02.50', 0),
(5, 599, 157, 8293, 'aef84d7c0f2b2157328e6c67d7e51a1c', 'DACPMF', 'dropdown', '0', '-03.25', 0),
(5, 619, 155, 8289, '4ff93e8d37574141129f0b070bbb6b39', 'DACPMF', 'dropdown', '0', '-11.00', 0),
(5, 623, 156, 8291, '44956961860a8580426972679cc90820', 'DACPMF', 'dropdown', '0', '-12.00', 0),
(5, 791, 24, 8015, 'dfbc1a9cfbdab5f16de31f0e7b4cbf0a', 'DACPMF', 'dropdown', '0', '-06.50', 0),
(5, 811, 25, 8017, '544a0775005a1b5a960f3a683f1340c3', 'DACPMF', 'dropdown', '0', '-04.25', 0),
(5, 812, 25, 8017, '2a6d5ff90ebe761d3c65bacf9040b602', 'DACPMF', 'dropdown', '0', '-01.75', 0),
(5, 864, 157, 8293, '8a9d3f1be216d102c89e1a5870fd001e', 'DACPMF', 'dropdown', '0', '+03.00', 0),
(5, 866, 25, 8017, 'f31d3ff1d5aa053b4a008b58083cdfd6', 'DACPMF', 'dropdown', '0', '-03.00', 0),
(5, 876, 24, 8015, 'cf95843992d3a0a65e03c54fb27c3123', 'DACPMF', 'dropdown', '0', '-05.50', 0),
(5, 893, 156, 8291, 'b907c35943af0c645a9c133a5d9ad383', 'DACPMF', 'dropdown', '0', '-04.50', 0),
(5, 894, 156, 8291, '15250dd748feb755d33fae618a95e8fc', 'DACPMF', 'dropdown', '0', '-04.50', 0),
(6, 166, 154, 7998, 'a0db116f7a91b93ebb0e75ca4ffefc0d', 'Graduación ojo izquierdo', 'dropdown', '0', '-05.00', 0),
(6, 260, 134, 8034, '9b7b761010c0bf5d549356b1f4105e21', 'Poder ojo izquierdo', 'dropdown', '0', '-05.00', 0),
(6, 271, 157, 8293, 'be0422a25cd695580161131880fee374', 'Poder ojo izquierdo', 'dropdown', '0', '-00.50', 0),
(6, 274, 157, 8294, '41d688a139ca03e0a732c6b18bc49f72', 'Poder ojo izquierdo', 'dropdown', '0', '-02.00', 0),
(6, 277, 157, 8294, '40509710667a67139323524fbf08e5bb', 'Poder ojo izquierdo', 'dropdown', '0', '-02.00', 0),
(6, 329, 157, 8294, '7da5d042ba5672c0f67a43a32c429e8d', 'Poder ojo izquierdo', 'dropdown', '0', '-05.75', 0),
(6, 335, 20, 0, 'f6400dde00876aca896f849f26279934', 'Poder ojo izquierdo', 'dropdown', '0', 'null', 0),
(6, 337, 20, 0, '372ee329426539066275a064918ebb29', 'Poder ojo izquierdo', 'dropdown', '0', 'null', 0),
(6, 352, 24, 8016, '9d6e69edb8d96e4a4c31c232e25ae317', 'Poder ojo izquierdo', 'dropdown', '0', '-01.75', 0),
(6, 364, 27, 8032, 'b9df36b454fd0af7a61b017b7883cdfd', 'Poder ojo izquierdo', 'dropdown', '0', '-08.00', 0),
(6, 477, 157, 8294, '942fa5788fd6e9ad90344d997eef4967', 'Poder ojo izquierdo', 'dropdown', '0', '-02.00', 0),
(6, 521, 157, 8294, '211bcfa9ba8259a6788c4d8e6bb74898', 'Poder ojo izquierdo', 'dropdown', '0', '-04.00', 0),
(6, 522, 157, 8294, '211bcfa9ba8259a6788c4d8e6bb74898', 'Poder ojo izquierdo', 'dropdown', '0', '-04.00', NULL),
(6, 522, 157, 8294, '628609b1909fbf962d5551e8a606be3c', 'Poder ojo izquierdo', 'dropdown', '0', '-04.00', NULL),
(6, 523, 157, 8294, '211bcfa9ba8259a6788c4d8e6bb74898', 'Poder ojo izquierdo', 'dropdown', '0', '-04.00', NULL),
(6, 523, 157, 8294, '628609b1909fbf962d5551e8a606be3c', 'Poder ojo izquierdo', 'dropdown', '0', '-04.00', NULL),
(6, 524, 157, 8294, '211bcfa9ba8259a6788c4d8e6bb74898', 'Poder ojo izquierdo', 'dropdown', '0', '-04.00', NULL),
(6, 524, 157, 8294, '628609b1909fbf962d5551e8a606be3c', 'Poder ojo izquierdo', 'dropdown', '0', '-04.00', NULL),
(6, 594, 14, 0, '272c9f96e7f7daa81e4f345813f833b7', 'Poder ojo izquierdo', 'dropdown', '0', 'null', 0),
(6, 740, 157, 8294, '8e3ed1aa3ce4655c08d7495d49e9a55a', 'Poder ojo izquierdo', 'dropdown', '0', '-02.00', 0),
(6, 748, 178, 8300, '9f373499c212b89cef9eb005cfebe2b4', 'Poder ojo izquierdo', 'dropdown', '0', '-09.00', 0),
(6, 771, 157, 8294, '64827665534d70fa8b82a4b55e2c7704', 'Poder ojo izquierdo', 'dropdown', '0', '-04.25', 0),
(6, 780, 157, 8294, '04c88f8b4430472a107a0c9b4857d92c', 'Poder ojo izquierdo', 'dropdown', '0', '-02.00', 0),
(6, 846, 178, 8300, 'f454e5c4fbc60803555ac7d2e6a4788e', 'Poder ojo izquierdo', 'dropdown', '0', '-02.75', 0),
(6, 858, 25, 8018, 'c28cc7d392d902f6cdb147e90e601fdd', 'Poder ojo izquierdo', 'dropdown', '0', '-12.00', 0),
(6, 865, 157, 8294, '59b9db086821df2b040ea64e893e414d', 'Poder ojo izquierdo', 'dropdown', '0', '-11.50', 0),
(6, 878, 157, 8294, 'fd1f698657618670c3f49e899b4959ee', 'Poder ojo izquierdo', 'dropdown', '0', '-04.00', 0),
(6, 879, 157, 8294, '5bd46da57b8946d409aa36b7674595f9', 'Poder ojo izquierdo', 'dropdown', '0', '-04.00', 0),
(7, 166, 154, 7998, 'a0db116f7a91b93ebb0e75ca4ffefc0d', 'Graduación ojo derecho', 'dropdown', '0', '-07.50', 0),
(7, 260, 134, 8034, '9b7b761010c0bf5d549356b1f4105e21', 'Poder ojo derecho', 'dropdown', '0', '+08.00', 0),
(7, 271, 157, 8293, 'be0422a25cd695580161131880fee374', 'Poder ojo derecho', 'dropdown', '0', '-00.50', 0),
(7, 274, 157, 8294, '41d688a139ca03e0a732c6b18bc49f72', 'Poder ojo derecho', 'dropdown', '0', '-01.75', 0),
(7, 277, 157, 8294, '40509710667a67139323524fbf08e5bb', 'Poder ojo derecho', 'dropdown', '0', '-01.75', 0),
(7, 329, 157, 8294, '7da5d042ba5672c0f67a43a32c429e8d', 'Poder ojo derecho', 'dropdown', '0', '-07.50', 0),
(7, 335, 20, 0, 'f6400dde00876aca896f849f26279934', 'Poder ojo derecho', 'dropdown', '0', 'null', 0),
(7, 337, 20, 0, '372ee329426539066275a064918ebb29', 'Poder ojo derecho', 'dropdown', '0', 'null', 0),
(7, 352, 24, 8016, '9d6e69edb8d96e4a4c31c232e25ae317', 'Poder ojo derecho', 'dropdown', '0', '-12.00', 0),
(7, 364, 27, 8032, 'b9df36b454fd0af7a61b017b7883cdfd', 'Poder ojo derecho', 'dropdown', '0', '-10.00', 0),
(7, 477, 157, 8294, '942fa5788fd6e9ad90344d997eef4967', 'Poder ojo derecho', 'dropdown', '0', '-02.25', 0),
(7, 521, 157, 8294, '211bcfa9ba8259a6788c4d8e6bb74898', 'Poder ojo derecho', 'dropdown', '0', '-06.00', 0),
(7, 522, 157, 8294, '211bcfa9ba8259a6788c4d8e6bb74898', 'Poder ojo derecho', 'dropdown', '0', '-06.00', NULL),
(7, 523, 157, 8294, '211bcfa9ba8259a6788c4d8e6bb74898', 'Poder ojo derecho', 'dropdown', '0', '-06.00', NULL),
(7, 524, 157, 8294, '211bcfa9ba8259a6788c4d8e6bb74898', 'Poder ojo derecho', 'dropdown', '0', '-06.00', NULL),
(7, 594, 14, 0, '272c9f96e7f7daa81e4f345813f833b7', 'Poder ojo derecho', 'dropdown', '0', 'null', 0),
(7, 740, 157, 8294, '8e3ed1aa3ce4655c08d7495d49e9a55a', 'Poder ojo derecho', 'dropdown', '0', '-02.50', 0),
(7, 748, 178, 8300, '9f373499c212b89cef9eb005cfebe2b4', 'Poder ojo derecho', 'dropdown', '0', '-08.50', 0),
(7, 771, 157, 8294, '64827665534d70fa8b82a4b55e2c7704', 'Poder ojo derecho', 'dropdown', '0', '-04.00', 0),
(7, 780, 157, 8294, '04c88f8b4430472a107a0c9b4857d92c', 'Poder ojo derecho', 'dropdown', '0', '-03.00', 0),
(7, 846, 178, 8300, 'f454e5c4fbc60803555ac7d2e6a4788e', 'Poder ojo derecho', 'dropdown', '0', '-03.00', 0),
(7, 858, 25, 8018, 'c28cc7d392d902f6cdb147e90e601fdd', 'Poder ojo derecho', 'dropdown', '0', '-07.50', 0),
(7, 865, 157, 8294, '59b9db086821df2b040ea64e893e414d', 'Poder ojo derecho', 'dropdown', '0', '-11.50', 0),
(7, 878, 157, 8294, 'fd1f698657618670c3f49e899b4959ee', 'Poder ojo derecho', 'dropdown', '0', '-06.00', 0),
(7, 879, 157, 8294, '5bd46da57b8946d409aa36b7674595f9', 'Poder ojo derecho', 'dropdown', '0', '-06.00', 0),
(8, 161, 135, 8029, '874c774fd15e5b3b7ff17ab4275f331d', 'Poder', 'dropdown', '0', '-8.50', 0),
(8, 161, 135, 8029, 'cb42172e8f484d8c2cb3a43124aaa70e', 'Poder', 'dropdown', '0', '-6.00', 0),
(8, 172, 135, 8029, '0e1ead45af58f510f54dcf7bd2f1e080', 'Poder', 'dropdown', '0', '-7.50', 0),
(8, 172, 135, 8029, '23aec6ba7195e6811e32b17cfaf9744e', 'Poder', 'dropdown', '0', '-5.00', 0),
(8, 172, 135, 8029, '7bda64d3c4c53768a91eaa5d1692d488', 'Poder', 'dropdown', '0', '-9.00', 0),
(9, 168, 26, 8012, '3c813ab48e05549a7692ed2b7d4d680b', 'Graduación ojo izquierdo', 'dropdown', '0', '-8.50', 0),
(9, 169, 135, 8030, '9bfcc03004566779f659e3bb7b128df8', 'Graduación ojo izquierdo', 'dropdown', '0', '-4.25', 0),
(9, 298, 26, 8012, '0900c15405d6489bfb1ee38c04e0fb8b', 'Poder ojo izquierdo', 'dropdown', '0', '-1.25', 0),
(9, 419, 135, 8030, '46859c642202ddd3afc9875e781f8261', 'Poder ojo izquierdo', 'dropdown', '0', '-5.50', 0),
(9, 608, 26, 8012, 'a2563892f10adc17ae5d6b4e3e361f52', 'Poder ojo izquierdo', 'dropdown', '0', '-4.75', 0),
(9, 609, 135, 8030, '96288e3476ef58e07b71e3694dde879f', 'Poder ojo izquierdo', 'dropdown', '0', '-4.75', 0),
(10, 168, 26, 8012, '3c813ab48e05549a7692ed2b7d4d680b', 'Graduación ojo derecho', 'dropdown', '0', '-8.00', 0),
(10, 169, 135, 8030, '9bfcc03004566779f659e3bb7b128df8', 'Graduación ojo derecho', 'dropdown', '0', '-5.75', 0),
(10, 298, 26, 8012, '0900c15405d6489bfb1ee38c04e0fb8b', 'Poder ojo derecho', 'dropdown', '0', '-1.50', 0),
(10, 419, 135, 8030, '46859c642202ddd3afc9875e781f8261', 'Poder ojo derecho', 'dropdown', '0', '-6.00', 0),
(10, 608, 26, 8012, 'a2563892f10adc17ae5d6b4e3e361f52', 'Poder ojo derecho', 'dropdown', '0', '-6.00', 0),
(10, 609, 135, 8030, '96288e3476ef58e07b71e3694dde879f', 'Poder ojo derecho', 'dropdown', '0', '-6.00', 0),
(11, 241, 137, 8023, '61f596f49a06b24d4d93064c753504d2', 'Poder', 'dropdown', '0', '+6.00', 0),
(11, 243, 137, 8023, '26d73a439c272d526303fd1b2952c446', 'Poder', 'dropdown', '0', '-3.75', 0),
(11, 377, 28, 8021, 'bc7d112bc19a96bb440e63711b7f4b75', 'Poder', 'dropdown', '0', '-8.50', 0),
(11, 641, 28, 8021, '959bb8a403b6c1e497ed10bab5e49b63', 'Poder', 'dropdown', '0', '-8.00', 0),
(12, 164, 156, 8001, 'c3f227b955d5b62d28c4f4b8ee9e4d88', 'Graduación ojo izquierdo', 'dropdown', '0', '-7.50', 0),
(12, 181, 28, 8022, 'bb2bbe8eeb8eee3731323db4f28c74ab', 'Poder ojo izquierdo', 'dropdown', '0', '-9.00', 0),
(12, 257, 28, 8022, 'b4a90308687c504cd02534dc6ea7b844', 'Poder ojo izquierdo', 'dropdown', '0', '-2.25', 0),
(12, 275, 137, 8024, 'eb802476e96d45c4f71fd1d37523d42d', 'Poder ojo izquierdo', 'dropdown', '0', '-2.50', 0),
(12, 276, 137, 8024, '9de366711c207da2f266b01e53c866a2', 'Poder ojo izquierdo', 'dropdown', '0', '-2.50', 0),
(12, 359, 28, 8022, '614b80789f33a4a3dc76f9096f638060', 'Poder ojo izquierdo', 'dropdown', '0', '-9.00', 0),
(12, 506, 28, 8022, 'cd7202554f7a204b20de600cc3c116bf', 'Poder ojo izquierdo', 'dropdown', '0', '-4.00', 0),
(12, 569, 28, 8022, '32b906498418670c2f4016c922761ec7', 'Poder ojo izquierdo', 'dropdown', '0', '-7.50', 0),
(12, 661, 28, 8022, '6349e9798843924adbc05a83a2e938d1', 'Poder ojo izquierdo', 'dropdown', '0', '-6.00', 0),
(12, 678, 137, 8024, 'b5ead62f2af56bbf69add0d44df785c6', 'Poder ojo izquierdo', 'dropdown', '0', '-5.25', 0),
(12, 689, 137, 8024, 'eb1543407da470e65d2a1f8b5ea6183f', 'Poder ojo izquierdo', 'dropdown', '0', '-5.25', 0),
(13, 164, 156, 8001, 'c3f227b955d5b62d28c4f4b8ee9e4d88', 'Graduación ojo derecho', 'dropdown', '0', '-8.00', 0),
(13, 181, 28, 8022, 'bb2bbe8eeb8eee3731323db4f28c74ab', 'Poder ojo derecho', 'dropdown', '0', '-9.00', 0),
(13, 257, 28, 8022, 'b4a90308687c504cd02534dc6ea7b844', 'Poder ojo derecho', 'dropdown', '0', '-2.75', 0),
(13, 275, 137, 8024, 'eb802476e96d45c4f71fd1d37523d42d', 'Poder ojo derecho', 'dropdown', '0', '-2.50', 0),
(13, 276, 137, 8024, '9de366711c207da2f266b01e53c866a2', 'Poder ojo derecho', 'dropdown', '0', '-2.50', 0),
(13, 359, 28, 8022, '614b80789f33a4a3dc76f9096f638060', 'Poder ojo derecho', 'dropdown', '0', '-8.50', 0),
(13, 506, 28, 8022, 'cd7202554f7a204b20de600cc3c116bf', 'Poder ojo derecho', 'dropdown', '0', '-4.00', 0),
(13, 569, 28, 8022, '32b906498418670c2f4016c922761ec7', 'Poder ojo derecho', 'dropdown', '0', '-7.00', 0),
(13, 661, 28, 8022, '6349e9798843924adbc05a83a2e938d1', 'Poder ojo derecho', 'dropdown', '0', '-4.75', 0),
(13, 678, 137, 8024, 'b5ead62f2af56bbf69add0d44df785c6', 'Poder ojo derecho', 'dropdown', '0', '-5.25', 0),
(13, 689, 137, 8024, 'eb1543407da470e65d2a1f8b5ea6183f', 'Poder ojo derecho', 'dropdown', '0', '-5.25', 0),
(14, 301, 29, 8283, '2079b4535a7119574ee6ae896aad5936', 'Poder', 'dropdown', '0', '-03.00', 0),
(15, 312, 29, 8284, '42e1679daa38660d6069ea633af9b637', 'Poder ojo izquierdo', 'dropdown', '0', '-09.50', 0),
(15, 593, 29, 8284, 'c220497d3fcbff439dc7887d265df21b', 'Poder ojo izquierdo', 'dropdown', '0', '-09.25', 0),
(16, 312, 29, 8284, '42e1679daa38660d6069ea633af9b637', 'Poder ojo derecho', 'dropdown', '0', '-09.25', 0),
(16, 593, 29, 8284, 'c220497d3fcbff439dc7887d265df21b', 'Poder ojo derecho', 'dropdown', '0', '-09.75', 0),
(17, 650, 30, 8285, '5e22dcd2e11b7dab94aceeecdece95df', 'Poder', 'dropdown', '0', '+02.50', 0),
(18, 170, 30, 8286, 'd96196d6630357fd81e30413baae944e', 'Poder ojo izquierdo', 'dropdown', '0', '-09.00', 0),
(19, 170, 30, 8286, 'd96196d6630357fd81e30413baae944e', 'Poder ojo derecho', 'dropdown', '0', '-09.50', 0),
(20, 161, 135, 8029, '874c774fd15e5b3b7ff17ab4275f331d', 'Cilindro', 'dropdown', '0', '-0.75', 0),
(20, 161, 135, 8029, 'cb42172e8f484d8c2cb3a43124aaa70e', 'Cilindro', 'dropdown', '0', '-1.75', 0),
(20, 172, 135, 8029, '0e1ead45af58f510f54dcf7bd2f1e080', 'Cilindro', 'dropdown', '0', '-2.25', 0),
(20, 172, 135, 8029, '23aec6ba7195e6811e32b17cfaf9744e', 'Cilindro', 'dropdown', '0', '-1.25', 0),
(20, 172, 135, 8029, '7bda64d3c4c53768a91eaa5d1692d488', 'Cilindro', 'dropdown', '0', '-0.75', 0),
(21, 168, 26, 8012, '3c813ab48e05549a7692ed2b7d4d680b', 'Cilindro ojo izquierdo', 'dropdown', '0', '-0.75', 0),
(21, 169, 135, 8030, '9bfcc03004566779f659e3bb7b128df8', 'Cilindro ojo izquierdo', 'dropdown', '0', '-2.25', 0),
(21, 298, 26, 8012, '0900c15405d6489bfb1ee38c04e0fb8b', 'Cilindro ojo izquierdo', 'dropdown', '0', '-1.75', 0),
(21, 419, 135, 8030, '46859c642202ddd3afc9875e781f8261', 'Cilindro ojo izquierdo', 'dropdown', '0', '-0.75', 0),
(21, 608, 26, 8012, 'a2563892f10adc17ae5d6b4e3e361f52', 'Cilindro ojo izquierdo', 'dropdown', '0', '-2.25', 0),
(21, 609, 135, 8030, '96288e3476ef58e07b71e3694dde879f', 'Cilindro ojo izquierdo', 'dropdown', '0', '-2.25', 0),
(21, 919, 442, 8304, '07744e58277b4ef6efab51d54fd6547f', 'Cilindro ojo izquierdo', 'dropdown', '0', '-1.25', 0),
(21, 919, 442, 8304, '468f5a1e437a87af48bdf964d0550d32', 'Cilindro ojo izquierdo', 'dropdown', '0', '-1.75', 0),
(22, 168, 26, 8012, '3c813ab48e05549a7692ed2b7d4d680b', 'Cilindro ojo derecho', 'dropdown', '0', '-0.75', 0),
(22, 169, 135, 8030, '9bfcc03004566779f659e3bb7b128df8', 'Cilindro ojo derecho', 'dropdown', '0', '-1.75', 0),
(22, 298, 26, 8012, '0900c15405d6489bfb1ee38c04e0fb8b', 'Cilindro ojo derecho', 'dropdown', '0', '-2.25', 0),
(22, 419, 135, 8030, '46859c642202ddd3afc9875e781f8261', 'Cilindro ojo derecho', 'dropdown', '0', '-0.75', 0),
(22, 608, 26, 8012, 'a2563892f10adc17ae5d6b4e3e361f52', 'Cilindro ojo derecho', 'dropdown', '0', '-2.25', 0),
(22, 609, 135, 8030, '96288e3476ef58e07b71e3694dde879f', 'Cilindro ojo derecho', 'dropdown', '0', '-2.25', 0),
(22, 919, 442, 8304, '07744e58277b4ef6efab51d54fd6547f', 'Cilindro ojo derecho', 'dropdown', '0', '-1.25', 0),
(22, 919, 442, 8304, '468f5a1e437a87af48bdf964d0550d32', 'Cilindro ojo derecho', 'dropdown', '0', '-1.75', 0),
(23, 241, 137, 8023, '61f596f49a06b24d4d93064c753504d2', 'Cilindro', 'dropdown', '0', '-0.75', 0),
(23, 243, 137, 8023, '26d73a439c272d526303fd1b2952c446', 'Cilindro', 'dropdown', '0', '+1.75', 0),
(23, 377, 28, 8021, 'bc7d112bc19a96bb440e63711b7f4b75', 'Cilindro', 'dropdown', '0', '-2.25', 0),
(23, 641, 28, 8021, '959bb8a403b6c1e497ed10bab5e49b63', 'Cilindro', 'dropdown', '0', '-1.75', 0),
(24, 164, 156, 8001, 'c3f227b955d5b62d28c4f4b8ee9e4d88', 'Cilindro ojo izquierdo', 'dropdown', '0', '-2.25', 0),
(24, 181, 28, 8022, 'bb2bbe8eeb8eee3731323db4f28c74ab', 'Cilindro ojo izquierdo', 'dropdown', '0', '-2.25', 0),
(24, 257, 28, 8022, 'b4a90308687c504cd02534dc6ea7b844', 'Cilindro ojo izquierdo', 'dropdown', '0', '-0.75', 0),
(24, 275, 137, 8024, 'eb802476e96d45c4f71fd1d37523d42d', 'Cilindro ojo izquierdo', 'dropdown', '0', '-1.25', 0),
(24, 276, 137, 8024, '9de366711c207da2f266b01e53c866a2', 'Cilindro ojo izquierdo', 'dropdown', '0', '-1.25', 0),
(24, 359, 28, 8022, '614b80789f33a4a3dc76f9096f638060', 'Cilindro ojo izquierdo', 'dropdown', '0', '-0.75', 0),
(24, 506, 28, 8022, 'cd7202554f7a204b20de600cc3c116bf', 'Cilindro ojo izquierdo', 'dropdown', '0', '-0.75', 0),
(24, 569, 28, 8022, '32b906498418670c2f4016c922761ec7', 'Cilindro ojo izquierdo', 'dropdown', '0', '-1.25', 0),
(24, 661, 28, 8022, '6349e9798843924adbc05a83a2e938d1', 'Cilindro ojo izquierdo', 'dropdown', '0', '+2.25', 0),
(24, 678, 137, 8024, 'b5ead62f2af56bbf69add0d44df785c6', 'Cilindro ojo izquierdo', 'dropdown', '0', '-1.25', 0),
(24, 689, 137, 8024, 'eb1543407da470e65d2a1f8b5ea6183f', 'Cilindro ojo izquierdo', 'dropdown', '0', '-1.25', 0),
(25, 164, 156, 8001, 'c3f227b955d5b62d28c4f4b8ee9e4d88', 'Cilindro ojo derecho', 'dropdown', '0', '-2.25', 0),
(25, 181, 28, 8022, 'bb2bbe8eeb8eee3731323db4f28c74ab', 'Cilindro ojo derecho', 'dropdown', '0', '-2.75', 0),
(25, 257, 28, 8022, 'b4a90308687c504cd02534dc6ea7b844', 'Cilindro ojo derecho', 'dropdown', '0', '-0.75', 0),
(25, 275, 137, 8024, 'eb802476e96d45c4f71fd1d37523d42d', 'Cilindro ojo derecho', 'dropdown', '0', '-0.75', 0),
(25, 276, 137, 8024, '9de366711c207da2f266b01e53c866a2', 'Cilindro ojo derecho', 'dropdown', '0', '-0.75', 0),
(25, 359, 28, 8022, '614b80789f33a4a3dc76f9096f638060', 'Cilindro ojo derecho', 'dropdown', '0', '-2.25', 0),
(25, 506, 28, 8022, 'cd7202554f7a204b20de600cc3c116bf', 'Cilindro ojo derecho', 'dropdown', '0', '-0.75', 0),
(25, 569, 28, 8022, '32b906498418670c2f4016c922761ec7', 'Cilindro ojo derecho', 'dropdown', '0', '-1.75', 0),
(25, 661, 28, 8022, '6349e9798843924adbc05a83a2e938d1', 'Cilindro ojo derecho', 'dropdown', '0', '+1.75', 0),
(25, 678, 137, 8024, 'b5ead62f2af56bbf69add0d44df785c6', 'Cilindro ojo derecho', 'dropdown', '0', '-0.75', 0),
(25, 689, 137, 8024, 'eb1543407da470e65d2a1f8b5ea6183f', 'Cilindro ojo derecho', 'dropdown', '0', '-0.75', 0),
(26, 161, 135, 8029, '874c774fd15e5b3b7ff17ab4275f331d', 'Eje', 'dropdown', '0', '150', 0),
(26, 161, 135, 8029, 'cb42172e8f484d8c2cb3a43124aaa70e', 'Eje', 'dropdown', '0', '40', 0),
(26, 172, 135, 8029, '0e1ead45af58f510f54dcf7bd2f1e080', 'Eje', 'dropdown', '0', '100', 0),
(26, 172, 135, 8029, '23aec6ba7195e6811e32b17cfaf9744e', 'Eje', 'dropdown', '0', '100', 0),
(26, 172, 135, 8029, '7bda64d3c4c53768a91eaa5d1692d488', 'Eje', 'dropdown', '0', '180', 0),
(26, 241, 137, 8023, '61f596f49a06b24d4d93064c753504d2', 'Eje', 'dropdown', '0', '60', 0),
(26, 243, 137, 8023, '26d73a439c272d526303fd1b2952c446', 'Eje', 'dropdown', '0', '30', 0),
(26, 377, 28, 8021, 'bc7d112bc19a96bb440e63711b7f4b75', 'Eje', 'dropdown', '0', '150', 0),
(26, 641, 28, 8021, '959bb8a403b6c1e497ed10bab5e49b63', 'Eje', 'dropdown', '0', '40', 0),
(27, 164, 156, 8001, 'c3f227b955d5b62d28c4f4b8ee9e4d88', 'Eje ojo izquierdo', 'dropdown', '0', '160', 0),
(27, 168, 26, 8012, '3c813ab48e05549a7692ed2b7d4d680b', 'Eje ojo izquierdo', 'dropdown', '0', '130', 0),
(27, 169, 135, 8030, '9bfcc03004566779f659e3bb7b128df8', 'Eje ojo izquierdo', 'dropdown', '0', '170', 0),
(27, 181, 28, 8022, 'bb2bbe8eeb8eee3731323db4f28c74ab', 'Eje ojo izquierdo', 'dropdown', '0', '140', 0),
(27, 257, 28, 8022, 'b4a90308687c504cd02534dc6ea7b844', 'Eje ojo izquierdo', 'dropdown', '0', '140', 0),
(27, 275, 137, 8024, 'eb802476e96d45c4f71fd1d37523d42d', 'Eje ojo izquierdo', 'dropdown', '0', '180', 0),
(27, 276, 137, 8024, '9de366711c207da2f266b01e53c866a2', 'Eje ojo izquierdo', 'dropdown', '0', '180', 0),
(27, 298, 26, 8012, '0900c15405d6489bfb1ee38c04e0fb8b', 'Eje ojo izquierdo', 'dropdown', '0', '20', 0),
(27, 359, 28, 8022, '614b80789f33a4a3dc76f9096f638060', 'Eje ojo izquierdo', 'dropdown', '0', '10', 0),
(27, 419, 135, 8030, '46859c642202ddd3afc9875e781f8261', 'Eje ojo izquierdo', 'dropdown', '0', '140', 0),
(27, 506, 28, 8022, 'cd7202554f7a204b20de600cc3c116bf', 'Eje ojo izquierdo', 'dropdown', '0', '20', 0),
(27, 569, 28, 8022, '32b906498418670c2f4016c922761ec7', 'Eje ojo izquierdo', 'dropdown', '0', '180', 0),
(27, 608, 26, 8012, 'a2563892f10adc17ae5d6b4e3e361f52', 'Eje ojo izquierdo', 'dropdown', '0', '10', 0),
(27, 609, 135, 8030, '96288e3476ef58e07b71e3694dde879f', 'Eje ojo izquierdo', 'dropdown', '0', '10', 0),
(27, 661, 28, 8022, '6349e9798843924adbc05a83a2e938d1', 'Eje ojo izquierdo', 'dropdown', '0', '170', 0),
(27, 678, 137, 8024, 'b5ead62f2af56bbf69add0d44df785c6', 'Eje ojo izquierdo', 'dropdown', '0', '150', 0),
(27, 689, 137, 8024, 'eb1543407da470e65d2a1f8b5ea6183f', 'Eje ojo izquierdo', 'dropdown', '0', '150', 0),
(27, 919, 442, 8304, '07744e58277b4ef6efab51d54fd6547f', 'Eje ojo izquierdo', 'dropdown', '0', '150', 0),
(27, 919, 442, 8304, '468f5a1e437a87af48bdf964d0550d32', 'Eje ojo izquierdo', 'dropdown', '0', '130', 0),
(28, 164, 156, 8001, 'c3f227b955d5b62d28c4f4b8ee9e4d88', 'Eje ojo derecho', 'dropdown', '0', '150', 0),
(28, 168, 26, 8012, '3c813ab48e05549a7692ed2b7d4d680b', 'Eje ojo derecho', 'dropdown', '0', '110', 0),
(28, 169, 135, 8030, '9bfcc03004566779f659e3bb7b128df8', 'Eje ojo derecho', 'dropdown', '0', '180', 0),
(28, 181, 28, 8022, 'bb2bbe8eeb8eee3731323db4f28c74ab', 'Eje ojo derecho', 'dropdown', '0', '130', 0),
(28, 257, 28, 8022, 'b4a90308687c504cd02534dc6ea7b844', 'Eje ojo derecho', 'dropdown', '0', '180', 0),
(28, 275, 137, 8024, 'eb802476e96d45c4f71fd1d37523d42d', 'Eje ojo derecho', 'dropdown', '0', '40', 0),
(28, 276, 137, 8024, '9de366711c207da2f266b01e53c866a2', 'Eje ojo derecho', 'dropdown', '0', '40', 0),
(28, 298, 26, 8012, '0900c15405d6489bfb1ee38c04e0fb8b', 'Eje ojo derecho', 'dropdown', '0', '170', 0),
(28, 359, 28, 8022, '614b80789f33a4a3dc76f9096f638060', 'Eje ojo derecho', 'dropdown', '0', '10', 0),
(28, 419, 135, 8030, '46859c642202ddd3afc9875e781f8261', 'Eje ojo derecho', 'dropdown', '0', '130', 0),
(28, 506, 28, 8022, 'cd7202554f7a204b20de600cc3c116bf', 'Eje ojo derecho', 'dropdown', '0', '140', 0),
(28, 569, 28, 8022, '32b906498418670c2f4016c922761ec7', 'Eje ojo derecho', 'dropdown', '0', '50', 0),
(28, 608, 26, 8012, 'a2563892f10adc17ae5d6b4e3e361f52', 'Eje ojo derecho', 'dropdown', '0', '170', 0),
(28, 609, 135, 8030, '96288e3476ef58e07b71e3694dde879f', 'Eje ojo derecho', 'dropdown', '0', '170', 0),
(28, 661, 28, 8022, '6349e9798843924adbc05a83a2e938d1', 'Eje ojo derecho', 'dropdown', '0', '10', 0),
(28, 678, 137, 8024, 'b5ead62f2af56bbf69add0d44df785c6', 'Eje ojo derecho', 'dropdown', '0', '60', 0),
(28, 689, 137, 8024, 'eb1543407da470e65d2a1f8b5ea6183f', 'Eje ojo derecho', 'dropdown', '0', '60', 0),
(28, 919, 442, 8304, '07744e58277b4ef6efab51d54fd6547f', 'Eje ojo derecho', 'dropdown', '0', '150', 0),
(28, 919, 442, 8304, '468f5a1e437a87af48bdf964d0550d32', 'Eje ojo derecho', 'dropdown', '0', '120', 0),
(29, 301, 29, 8283, '2079b4535a7119574ee6ae896aad5936', 'Adición', 'dropdown', '0', 'Alto (H) +2.50', 0),
(29, 650, 30, 8285, '5e22dcd2e11b7dab94aceeecdece95df', 'Adición', 'dropdown', '0', 'Alto (H) +2.50', 0),
(30, 170, 30, 8286, 'd96196d6630357fd81e30413baae944e', 'Adición ojo izquierdo', 'dropdown', '0', 'Medio (M) +2.00', 0),
(30, 312, 29, 8284, '42e1679daa38660d6069ea633af9b637', 'Adición ojo izquierdo', 'dropdown', '0', 'Alto (H) +2.50', 0),
(30, 593, 29, 8284, 'c220497d3fcbff439dc7887d265df21b', 'Adición ojo izquierdo', 'dropdown', '0', 'Medio (M) +2.00', 0),
(31, 170, 30, 8286, 'd96196d6630357fd81e30413baae944e', 'Adición ojo derecho', 'dropdown', '0', 'Medio (M) +2.00', 0),
(31, 312, 29, 8284, '42e1679daa38660d6069ea633af9b637', 'Adición ojo derecho', 'dropdown', '0', 'Medio (M) +2.00', 0),
(31, 593, 29, 8284, 'c220497d3fcbff439dc7887d265df21b', 'Adición ojo derecho', 'dropdown', '0', 'Medio (M) +2.00', 0),
(33, 919, 442, 8304, '07744e58277b4ef6efab51d54fd6547f', 'Poder ojo izquierdo', 'dropdown', '0', '-6.50', 0),
(33, 919, 442, 8304, '468f5a1e437a87af48bdf964d0550d32', 'Poder ojo izquierdo', 'dropdown', '0', '-5.50', 0),
(34, 919, 442, 8304, '07744e58277b4ef6efab51d54fd6547f', 'Poder ojo derecho', 'dropdown', '0', '-3.25', 0),
(34, 919, 442, 8304, '468f5a1e437a87af48bdf964d0550d32', 'Poder ojo derecho', 'dropdown', '0', '-4.25', 0);

-- --------------------------------------------------------

--
-- Estructura de tabla para la tabla `ps_an_productfields_cart_values`
--

CREATE TABLE `ps_an_productfields_cart_values` (
  `values_hash` varchar(50) NOT NULL,
  `qty` int(10) UNSIGNED NOT NULL
) ENGINE=InnoDB DEFAULT CHARSET=utf8;

--
-- Volcado de datos para la tabla `ps_an_productfields_cart_values`
--

INSERT INTO `ps_an_productfields_cart_values` (`values_hash`, `qty`) VALUES
('04c88f8b4430472a107a0c9b4857d92c', 1),
('07744e58277b4ef6efab51d54fd6547f', 1),
('0900c15405d6489bfb1ee38c04e0fb8b', 1),
('0e1ead45af58f510f54dcf7bd2f1e080', 1),
('13bd0a5f5bef1fdde9c209b2ef953cec', 1),
('15250dd748feb755d33fae618a95e8fc', 1),
('162b121d5354b7ec9dbbc7a6f7b8b71f', 1),
('1dab02a5b0e6db35f04073b29c7b82af', 1),
('2079b4535a7119574ee6ae896aad5936', 1),
('211bcfa9ba8259a6788c4d8e6bb74898', 1),
('2125f4200f8f0582528e09cdedc1be9e', 2),
('23aec6ba7195e6811e32b17cfaf9744e', 1),
('26d73a439c272d526303fd1b2952c446', 1),
('272c9f96e7f7daa81e4f345813f833b7', 1),
('2a6d5ff90ebe761d3c65bacf9040b602', 1),
('2a872fa90802e2f8d6806225e6b9f0ef', 1),
('2b08a59a9c4c9a02e0261851c5c5feb1', 1),
('32b906498418670c2f4016c922761ec7', 2),
('372ee329426539066275a064918ebb29', 1),
('3c813ab48e05549a7692ed2b7d4d680b', 1),
('40509710667a67139323524fbf08e5bb', 1),
('414ea2f94c23eb356edb8477de517d7b', 1),
('41d688a139ca03e0a732c6b18bc49f72', 1),
('42e1679daa38660d6069ea633af9b637', 1),
('44956961860a8580426972679cc90820', 1),
('45f2b1cc4594c9c2c14ca22e0311cb34', 1),
('46859c642202ddd3afc9875e781f8261', 1),
('468f5a1e437a87af48bdf964d0550d32', 1),
('4ff93e8d37574141129f0b070bbb6b39', 1),
('544a0775005a1b5a960f3a683f1340c3', 1),
('59b9db086821df2b040ea64e893e414d', 4),
('5bd46da57b8946d409aa36b7674595f9', 1),
('5e22dcd2e11b7dab94aceeecdece95df', 8),
('5fc05a08346bafbee7c1c1929dbb2298', 1),
('614b80789f33a4a3dc76f9096f638060', 5),
('61f596f49a06b24d4d93064c753504d2', 1),
('628609b1909fbf962d5551e8a606be3c', 1),
('6349e9798843924adbc05a83a2e938d1', 1),
('640893d90f2963cae4a0e880a3071502', 1),
('64827665534d70fa8b82a4b55e2c7704', 1),
('6aaa138feafeddc596b4e525d65f97ad', 1),
('71a33ea9c3bd6d638ccc8dd87e8f618a', 1),
('7bda64d3c4c53768a91eaa5d1692d488', 3),
('7c3186f9d426e67eebe6275ad051586f', 1),
('7d3fcde8c786cdfb604eaeecff4bed2c', 1),
('7da5d042ba5672c0f67a43a32c429e8d', 1),
('8237933456b159420293e1988994d3a9', 3),
('82f7dc248098e608a5c078303ec4cea9', 1),
('84ecd42719b0d10a60e50aa38c8428b7', 1),
('85822c64654741e72f565993ea29ff68', 1),
('874c774fd15e5b3b7ff17ab4275f331d', 1),
('8a9d3f1be216d102c89e1a5870fd001e', 1),
('8e3ed1aa3ce4655c08d7495d49e9a55a', 1),
('8f7291906ba2b59366dfcbaf88056df3', 1),
('930d800e19e0ac9582a4afc09b599c7a', 6),
('942fa5788fd6e9ad90344d997eef4967', 1),
('9557f73c0b2dbbcc8ec840b4c01c633f', 1),
('959bb8a403b6c1e497ed10bab5e49b63', 1),
('96288e3476ef58e07b71e3694dde879f', 3),
('9757f80454a79301ccda0c6d05caa03e', 1),
('9a5a23d47012b192d38e306d7ba6923c', 1),
('9b7b761010c0bf5d549356b1f4105e21', 1),
('9bfcc03004566779f659e3bb7b128df8', 1),
('9d6e69edb8d96e4a4c31c232e25ae317', 2),
('9de366711c207da2f266b01e53c866a2', 1),
('9f362ed62c4f978e9455a87759b0175f', 1),
('9f373499c212b89cef9eb005cfebe2b4', 1),
('9fc73bc7a0d6d17c6a3a726a49687d02', 1),
('a0db116f7a91b93ebb0e75ca4ffefc0d', 1),
('a2563892f10adc17ae5d6b4e3e361f52', 2),
('a4690b47cec160289c6f3e6e07323342', 1),
('aa05302ff25ae5cedbba84e8fe0d0061', 1),
('aba4a0b40eb7fbe59807696b2b923373', 1),
('aef84d7c0f2b2157328e6c67d7e51a1c', 1),
('b49ffbb59a6e0e869ffb73bb38717a1b', 1),
('b4a90308687c504cd02534dc6ea7b844', 1),
('b5bae5e81198dc26dfdeb727bc00d0a2', 1),
('b5ead62f2af56bbf69add0d44df785c6', 1),
('b907c35943af0c645a9c133a5d9ad383', 1),
('b949f2681f448c7b93ca4daec19ced5d', 1),
('b9df36b454fd0af7a61b017b7883cdfd', 1),
('bb2bbe8eeb8eee3731323db4f28c74ab', 2),
('bc7d112bc19a96bb440e63711b7f4b75', 1),
('be0422a25cd695580161131880fee374', 1),
('c220497d3fcbff439dc7887d265df21b', 1),
('c26ee89e9289efbe01a8cb3b378c3751', 1),
('c28cc7d392d902f6cdb147e90e601fdd', 1),
('c3f227b955d5b62d28c4f4b8ee9e4d88', 1),
('cb42172e8f484d8c2cb3a43124aaa70e', 1),
('cd7202554f7a204b20de600cc3c116bf', 1),
('cf95843992d3a0a65e03c54fb27c3123', 1),
('d96196d6630357fd81e30413baae944e', 1),
('ddaa9c44b089a742aa2ca4e588953357', 1),
('dfbc1a9cfbdab5f16de31f0e7b4cbf0a', 2),
('e5e82f094137d8f9833b01e5e6bc8d97', 1),
('e860e58fffa9298747094d6f1a512d29', 1),
('eb1543407da470e65d2a1f8b5ea6183f', 1),
('eb802476e96d45c4f71fd1d37523d42d', 1),
('f31d3ff1d5aa053b4a008b58083cdfd6', 1),
('f454e5c4fbc60803555ac7d2e6a4788e', 2),
('f6400dde00876aca896f849f26279934', 1),
('f95063848a1955c07ec598186ba5cd6d', 1),
('f968a9f087d627404716db8fef5f72d5', 1),
('fd1f698657618670c3f49e899b4959ee', 1);

-- --------------------------------------------------------

--
-- Estructura de tabla para la tabla `ps_an_productfields_lang`
--

CREATE TABLE `ps_an_productfields_lang` (
  `id_an_productfields` int(10) UNSIGNED NOT NULL,
  `id_lang` int(10) UNSIGNED NOT NULL,
  `name` varchar(255) NOT NULL,
  `values` text NOT NULL
) ENGINE=InnoDB DEFAULT CHARSET=utf8;

--
-- Volcado de datos para la tabla `ps_an_productfields_lang`
--

INSERT INTO `ps_an_productfields_lang` (`id_an_productfields`, `id_lang`, `name`, `values`) VALUES
(1, 1, 'Poder', ';-12.00;-11.50;-11.00;-10.50;-10.00;-09.50;-09.00;-08.50;-08.00;-07.50;-07.00;-06.50;-06.00;-05.75;-05.50;-05.25;-05.00;-04.75;-04.50;-04.25;-04.00;-03.75;-03.50;-03.25;-03.00;-02.75;-02.50;-02.25;-02.00;-01.75;-01.50;-01.25;-01.00;-00.75;-00.50;+00.50;+00.75;+01.00;+01.25;+01.50;+01.75;+02.00;+02.25;+02.50;+02.75;+03.00;+03.25;+03.50;+03.75;+04.00;+04.25;+04.50;+04.75;+05.00;+05.25;+05.50;+05.75;+06.00'),
(2, 1, 'Poder ojo izquierdo', ';-12.00;-11.50;-11.00;-10.50;-10.00;-09.50;-09.00;-08.50;-08.00;-07.50;-07.00;-06.50;-06.00;-05.75;-05.50;-05.25;-05.00;-04.75;-04.50;-04.25;-04.00;-03.75;-03.50;-03.25;-03.00;-02.75;-02.50;-02.25;-02.00;-01.75;-01.50;-01.25;-01.00;-00.75;-00.50;+00.50;+00.75;+01.00;+01.25;+01.50;+01.75;+02.00;+02.25;+02.50;+02.75;+03.00;+03.25;+03.50;+03.75;+04.00;+04.25;+04.50;+04.75;+05.00;+05.25;+05.50;+05.75;+06.00'),
(3, 1, 'Poder ojo derecho', ';-12.00;-11.50;-11.00;-10.50;-10.00;-09.50;-09.00;-08.50;-08.00;-07.50;-07.00;-06.50;-06.00;-05.75;-05.50;-05.25;-05.00;-04.75;-04.50;-04.25;-04.00;-03.75;-03.50;-03.25;-03.00;-02.75;-02.50;-02.25;-02.00;-01.75;-01.50;-01.25;-01.00;-00.75;-00.50;+00.50;+00.75;+01.00;+01.25;+01.50;+01.75;+02.00;+02.25;+02.50;+02.75;+03.00;+03.25;+03.50;+03.75;+04.00;+04.25;+04.50;+04.75;+05.00;+05.25;+05.50;+05.75;+06.00'),
(5, 1, 'DACPMF', ';-12.00;-11.50;-11.00;-10.50;-10.00;-09.50;-09.00;-08.50;-08.00;-07.50;-07.00;-06.50;-06.00;-05.75;-05.50;-05.25;-05.00;-04.75;-04.50;-04.25;-04.00;-03.75;-03.50;-03.25;-03.00;-02.75;-02.50;-02.25;-02.00;-01.75;-01.50;-01.25;-01.00;-00.75;-00.50;+00.00;+00.50;+00.75;+01.00;+01.25;+01.50;+01.75;+02.00;+02.25;+02.50;+02.75;+03.00;+03.25;+03.50;+03.75;+04.00;+04.25;+04.50;+04.75;+05.00;+05.25;+05.50;+05.75;+06.00;+06.50;+07.00;+07.50;+08.00'),
(6, 1, 'Poder ojo izquierdo', ';-12.00;-11.50;-11.00;-10.50;-10.00;-09.50;-09.00;-08.50;-08.00;-07.50;-07.00;-06.50;-06.00;-05.75;-05.50;-05.25;-05.00;-04.75;-04.50;-04.25;-04.00;-03.75;-03.50;-03.25;-03.00;-02.75;-02.50;-02.25;-02.00;-01.75;-01.50;-01.25;-01.00;-00.75;-00.50;+00.00;+00.50;+00.75;+01.00;+01.25;+01.50;+01.75;+02.00;+02.25;+02.50;+02.75;+03.00;+03.25;+03.50;+03.75;+04.00;+04.25;+04.50;+04.75;+05.00;+05.25;+05.50;+05.75;+06.00;+06.50;+07.00;+07.50;+08.00'),
(7, 1, 'Poder ojo derecho', ';-12.00;-11.50;-11.00;-10.50;-10.00;-09.50;-09.00;-08.50;-08.00;-07.50;-07.00;-06.50;-06.00;-05.75;-05.50;-05.25;-05.00;-04.75;-04.50;-04.25;-04.00;-03.75;-03.50;-03.25;-03.00;-02.75;-02.50;-02.25;-02.00;-01.75;-01.50;-01.25;-01.00;-00.75;-00.50;+00.00;+00.50;+00.75;+01.00;+01.25;+01.50;+01.75;+02.00;+02.25;+02.50;+02.75;+03.00;+03.25;+03.50;+03.75;+04.00;+04.25;+04.50;+04.75;+05.00;+05.25;+05.50;+05.75;+06.00;+06.50;+07.00;+07.50;+08.00'),
(8, 1, 'Poder', ';-9.00;-8.50;-8.00;-7.50;-7.00;-6.50;-6.00;-5.75;-5.50;-5.25;-5.00;-4.75;-4.50;-4.25;-4.00;-3.75;-3.50;-3.25;-3.00;-2.75;-2.50;-2.25;-2.00;-1.75;-1.50;-1.25;-1.00;-0.75;-0.50;-0.25;+0.00;+0.25;+0.50;+0.75;+1.00;+1.25;+1.50;+1.75;+2.00;+2.25;+2.50;+2.75;+3.00;+3.25;+3.50;+3.75;+4.00'),
(9, 1, 'Poder ojo izquierdo', ';-9.00;-8.50;-8.00;-7.50;-7.00;-6.50;-6.00;-5.75;-5.50;-5.25;-5.00;-4.75;-4.50;-4.25;-4.00;-3.75;-3.50;-3.25;-3.00;-2.75;-2.50;-2.25;-2.00;-1.75;-1.50;-1.25;-1.00;-0.75;-0.50;-0.25;+0.00;+0.25;+0.50;+0.75;+1.00;+1.25;+1.50;+1.75;+2.00;+2.25;+2.50;+2.75;+3.00;+3.25;+3.50;+3.75;+4.00'),
(10, 1, 'Poder ojo derecho', ';-9.00;-8.50;-8.00;-7.50;-7.00;-6.50;-6.00;-5.75;-5.50;-5.25;-5.00;-4.75;-4.50;-4.25;-4.00;-3.75;-3.50;-3.25;-3.00;-2.75;-2.50;-2.25;-2.00;-1.75;-1.50;-1.25;-1.00;-0.75;-0.50;-0.25;+0.00;+0.25;+0.50;+0.75;+1.00;+1.25;+1.50;+1.75;+2.00;+2.25;+2.50;+2.75;+3.00;+3.25;+3.50;+3.75;+4.00'),
(11, 1, 'Poder', ';-9.00;-8.50;-8.00;-7.50;-7.00;-6.50;-6.00;-5.75;-5.50;-5.25;-5.00;-4.75;-4.50;-4.25;-4.00;-3.75;-3.50;-3.25;-3.00;-2.75;-2.50;-2.25;-2.00;-1.75;-1.50;-1.25;-1.00;-0.75;-0.50;-0.25;0.00;+0.00;+0.25;+0.50;+0.75;+1.00;+1.25;+1.50;+1.75;+2.00;+2.25;+2.50;+2.75;+3.00;+3.25;+3.50;+3.75;+4.00;+4.25;+4.50;+4.75;+5.00;+5.25;+5.50;+5.75;+6.00'),
(12, 1, 'Poder ojo izquierdo', ';-9.00;-8.50;-8.00;-7.50;-7.00;-6.50;-6.00;-5.75;-5.50;-5.25;-5.00;-4.75;-4.50;-4.25;-4.00;-3.75;-3.50;-3.25;-3.00;-2.75;-2.50;-2.25;-2.00;-1.75;-1.50;-1.25;-1.00;-0.75;-0.50;-0.25;0.00;+0.00;+0.25;+0.50;+0.75;+1.00;+1.25;+1.50;+1.75;+2.00;+2.25;+2.50;+2.75;+3.00;+3.25;+3.50;+3.75;+4.00;+4.25;+4.50;+4.75;+5.00;+5.25;+5.50;+5.75;+6.00'),
(13, 1, 'Poder ojo derecho', ';-9.00;-8.50;-8.00;-7.50;-7.00;-6.50;-6.00;-5.75;-5.50;-5.25;-5.00;-4.75;-4.50;-4.25;-4.00;-3.75;-3.50;-3.25;-3.00;-2.75;-2.50;-2.25;-2.00;-1.75;-1.50;-1.25;-1.00;-0.75;-0.50;-0.25;0.00;+0.00;+0.25;+0.50;+0.75;+1.00;+1.25;+1.50;+1.75;+2.00;+2.25;+2.50;+2.75;+3.00;+3.25;+3.50;+3.75;+4.00;+4.25;+4.50;+4.75;+5.00;+5.25;+5.50;+5.75;+6.00'),
(14, 1, 'Poder', ';-10.00;-09.75;-09.50;-09.25;-09.00;-08.75;-08.50;-08.25;-08.00;-07.75;-07.50;-07.25;-07.00;-06.75;-06.50;-06.25;-06.00;-05.75;-05.50;-05.25;-05.00;-04.75;-04.50;-04.25;-04.00;-03.75;-03.50;-03.25;-03.00;-02.75;-02.50;-02.25;-02.00;-01.75;-01.50;-01.25;-01.00;-00.75;-00.50;-00.25;-00.00;+00.25;+2.25;+2.50'),
(15, 1, 'Poder ojo izquierdo', ';-10.00;-09.75;-09.50;-09.25;-09.00;-08.75;-08.50;-08.25;-08.00;-07.75;-07.50;-07.25;-07.00;-06.75;-06.50;-06.25;-06.00;-05.75;-05.50;-05.25;-05.00;-04.75;-04.50;-04.25;-04.00;-03.75;-03.50;-03.25;-03.00;-02.75;-02.50;-02.25;-02.00;-01.75;-01.50;-01.25;-01.00;-00.75;-00.50;-00.25;-00.00;+00.25;+2.25;+2.50'),
(16, 1, 'Poder ojo derecho', ';-10.00;-09.75;-09.50;-09.25;-09.00;-08.75;-08.50;-08.25;-08.00;-07.75;-07.50;-07.25;-07.00;-06.75;-06.50;-06.25;-06.00;-05.75;-05.50;-05.25;-05.00;-04.75;-04.50;-04.25;-04.00;-03.75;-03.50;-03.25;-03.00;-02.75;-02.50;-02.25;-02.00;-01.75;-01.50;-01.25;-01.00;-00.75;-00.50;-00.25;-00.00;+00.25;+2.25;+2.50'),
(17, 1, 'Poder', ';-09.75;-09.50;-09.25;-09.00;-08.75;-08.50;-08.25;-08.00;-07.75;-07.50;-07.25;-07.00;-06.75;-06.50;-06.25;-06.00;-05.75;-05.50;-05.25;-05.00;-04.75;-04.50;-04.25;-04.00;-03.75;-03.50;-03.25;-03.00;-02.75;-02.50;-02.25;-02.00;-01.75;-01.50;-01.25;-01.00;-00.75;-00.50;-00.25;-00.00;+00.25;+00.50;+00.75;+01.00;+01.25;+01.50;+01.75;+02.00;+02.25;+02.50;+02.75;+03.00;+03.25;+03.50;+03.75;+04.00;+04.25;+04.50;+04.75;+05.00;+05.25;+05.50;+05.75;+06.00'),
(18, 1, 'Poder ojo izquierdo', ';-09.75;-09.50;-09.25;-09.00;-08.75;-08.50;-08.25;-08.00;-07.75;-07.50;-07.25;-07.00;-06.75;-06.50;-06.25;-06.00;-05.75;-05.50;-05.25;-05.00;-04.75;-04.50;-04.25;-04.00;-03.75;-03.50;-03.25;-03.00;-02.75;-02.50;-02.25;-02.00;-01.75;-01.50;-01.25;-01.00;-00.75;-00.50;-00.25;-00.00;+00.25;+00.50;+00.75;+01.00;+01.25;+01.50;+01.75;+02.00;+02.25;+02.50;+02.75;+03.00;+03.25;+03.50;+03.75;+04.00;+04.25;+04.50;+04.75;+05.00;+05.25;+05.50;+05.75;+06.00'),
(19, 1, 'Poder ojo derecho', ';-09.75;-09.50;-09.25;-09.00;-08.75;-08.50;-08.25;-08.00;-07.75;-07.50;-07.25;-07.00;-06.75;-06.50;-06.25;-06.00;-05.75;-05.50;-05.25;-05.00;-04.75;-04.50;-04.25;-04.00;-03.75;-03.50;-03.25;-03.00;-02.75;-02.50;-02.25;-02.00;-01.75;-01.50;-01.25;-01.00;-00.75;-00.50;-00.25;-00.00;+00.25;+00.50;+00.75;+01.00;+01.25;+01.50;+01.75;+02.00;+02.25;+02.50;+02.75;+03.00;+03.25;+03.50;+03.75;+04.00;+04.25;+04.50;+04.75;+05.00;+05.25;+05.50;+05.75;+06.00'),
(20, 1, 'Cilindro', ';-0.75;-1.25;-1.75;-2.25'),
(21, 1, 'Cilindro ojo izquierdo', ';-0.75;-1.25;-1.75;-2.25'),
(22, 1, 'Cilindro ojo derecho', ';-0.75;-1.25;-1.75;-2.25'),
(23, 1, 'Cilindro', ';-2.75;-2.25;-1.75;-1.25;-0.75;+0.75;+1.25;+1.75;+2.25'),
(24, 1, 'Cilindro ojo izquierdo', ';-2.75;-2.25;-1.75;-1.25;-0.75;+0.75;+1.25;+1.75;+2.25'),
(25, 1, 'Cilindro ojo derecho', ';-2.75;-2.25;-1.75;-1.25;-0.75;+0.75;+1.25;+1.75;+2.25'),
(26, 1, 'Eje', ';0;10;20;30;40;50;60;70;80;90;100;110;120;130;140;150;160;170;180'),
(27, 1, 'Eje ojo izquierdo', ';0;10;20;30;40;50;60;70;80;90;100;110;120;130;140;150;160;170;180'),
(28, 1, 'Eje ojo derecho', ';0;10;20;30;40;50;60;70;80;90;100;110;120;130;140;150;160;170;180'),
(29, 1, 'Adición', ';Bajo (L) +1.00;Medio (M) +2.00;Alto (H) +2.50'),
(30, 1, 'Adición ojo izquierdo', ';Bajo (L) +1.00;Medio (M) +2.00;Alto (H) +2.50'),
(31, 1, 'Adición ojo derecho', ';Bajo (L) +1.00;Medio (M) +2.00;Alto (H) +2.50'),
(32, 1, 'Poder', ';-9.00;-7.00;-6.50;-6.00;-5.75;-5.50;-5.25;-5.00;-4.75;-4.50;-4.25;-4.00;-3.75;-3.50;-3.25;-3.00;-2.75;-2.50;-2.25;-2.00;-1.75;-1.50;-1.25;-1.00;-0.75;-0.50;-0.25;0.00;+3.00'),
(33, 1, 'Poder ojo izquierdo', ';-9.00;-7.00;-6.50;-6.00;-5.75;-5.50;-5.25;-5.00;-4.75;-4.50;-4.25;-4.00;-3.75;-3.50;-3.25;-3.00;-2.75;-2.50;-2.25;-2.00;-1.75;-1.50;-1.25;-1.00;-0.75;-0.50;-0.25;0.00;+3.00'),
(34, 1, 'Poder ojo derecho', ';-9.00;-7.00;-6.50;-6.00;-5.75;-5.50;-5.25;-5.00;-4.75;-4.50;-4.25;-4.00;-3.75;-3.50;-3.25;-3.00;-2.75;-2.50;-2.25;-2.00;-1.75;-1.50;-1.25;-1.00;-0.75;-0.50;-0.25;0.00;+3.00');

-- --------------------------------------------------------

--
-- Estructura de tabla para la tabla `ps_an_productfields_product`
--

CREATE TABLE `ps_an_productfields_product` (
  `id_an_productfields` int(10) UNSIGNED NOT NULL,
  `id_product` int(10) UNSIGNED NOT NULL,
  `position` int(10) UNSIGNED NOT NULL,
  `is_enabled` int(10) UNSIGNED NOT NULL
) ENGINE=InnoDB DEFAULT CHARSET=utf8;

--
-- Volcado de datos para la tabla `ps_an_productfields_product`
--

INSERT INTO `ps_an_productfields_product` (`id_an_productfields`, `id_product`, `position`, `is_enabled`) VALUES
(1, 1, 0, 0),
(1, 3, 0, 0),
(1, 23, 0, 0),
(1, 24, 0, 0),
(1, 25, 0, 0),
(1, 26, 0, 0),
(1, 27, 0, 0),
(1, 28, 0, 0),
(1, 29, 0, 0),
(1, 30, 0, 0),
(1, 35, 0, 0),
(1, 45, 0, 0),
(1, 73, 0, 0),
(1, 74, 0, 0),
(1, 89, 0, 0),
(1, 134, 0, 0),
(1, 135, 0, 0),
(1, 136, 0, 0),
(1, 137, 0, 0),
(1, 138, 0, 0),
(1, 139, 0, 0),
(1, 153, 0, 0),
(1, 154, 0, 0),
(1, 155, 0, 0),
(1, 156, 0, 0),
(1, 157, 0, 0),
(1, 158, 0, 0),
(1, 177, 0, 0),
(1, 178, 0, 0),
(1, 183, 0, 0),
(1, 191, 0, 0),
(1, 361, 0, 0),
(1, 371, 0, 0),
(1, 372, 0, 0),
(1, 415, 0, 0),
(1, 439, 0, 0),
(1, 440, 0, 0),
(1, 441, 0, 0),
(1, 442, 0, 0),
(1, 493, 0, 0),
(2, 1, 0, 0),
(2, 3, 0, 0),
(2, 23, 0, 0),
(2, 24, 0, 0),
(2, 25, 0, 0),
(2, 26, 0, 0),
(2, 27, 0, 0),
(2, 28, 0, 0),
(2, 29, 0, 0),
(2, 30, 0, 0),
(2, 35, 0, 0),
(2, 45, 0, 0),
(2, 73, 0, 0),
(2, 74, 0, 0),
(2, 89, 0, 0),
(2, 134, 0, 0),
(2, 135, 0, 0),
(2, 136, 0, 0),
(2, 137, 0, 0),
(2, 138, 0, 0),
(2, 139, 0, 0),
(2, 153, 0, 0),
(2, 154, 0, 0),
(2, 155, 0, 0),
(2, 156, 0, 0),
(2, 157, 0, 0),
(2, 158, 0, 0),
(2, 177, 0, 0),
(2, 178, 0, 0),
(2, 183, 0, 0),
(2, 191, 0, 0),
(2, 361, 0, 0),
(2, 371, 0, 0),
(2, 372, 0, 0),
(2, 415, 0, 0),
(2, 439, 0, 0),
(2, 440, 0, 0),
(2, 441, 0, 0),
(2, 442, 0, 0),
(2, 493, 0, 0),
(3, 1, 0, 0),
(3, 3, 0, 0),
(3, 23, 0, 0),
(3, 24, 0, 0),
(3, 25, 0, 0),
(3, 26, 0, 0),
(3, 27, 0, 0),
(3, 28, 0, 0),
(3, 29, 0, 0),
(3, 30, 0, 0),
(3, 35, 0, 0),
(3, 45, 0, 0),
(3, 73, 0, 0),
(3, 74, 0, 0),
(3, 89, 0, 0),
(3, 134, 0, 0),
(3, 135, 0, 0),
(3, 136, 0, 0),
(3, 137, 0, 0),
(3, 138, 0, 0),
(3, 139, 0, 0),
(3, 153, 0, 0),
(3, 154, 0, 0),
(3, 155, 0, 0),
(3, 156, 0, 0),
(3, 157, 0, 0),
(3, 158, 0, 0),
(3, 177, 0, 0),
(3, 178, 0, 0),
(3, 183, 0, 0),
(3, 191, 0, 0),
(3, 361, 0, 0),
(3, 371, 0, 0),
(3, 372, 0, 0),
(3, 415, 0, 0),
(3, 439, 0, 0),
(3, 440, 0, 0),
(3, 441, 0, 0),
(3, 442, 0, 0),
(3, 493, 0, 0),
(5, 1, 0, 0),
(5, 3, 0, 0),
(5, 23, 0, 0),
(5, 24, 0, 0),
(5, 25, 0, 0),
(5, 26, 0, 0),
(5, 27, 0, 0),
(5, 28, 0, 0),
(5, 29, 0, 0),
(5, 30, 0, 0),
(5, 35, 0, 0),
(5, 45, 0, 0),
(5, 73, 0, 0),
(5, 74, 0, 0),
(5, 89, 0, 0),
(5, 134, 0, 0),
(5, 135, 0, 0),
(5, 136, 0, 0),
(5, 137, 0, 0),
(5, 138, 0, 0),
(5, 139, 0, 0),
(5, 153, 0, 0),
(5, 154, 0, 0),
(5, 155, 0, 0),
(5, 156, 0, 0),
(5, 157, 0, 0),
(5, 158, 0, 0),
(5, 177, 0, 0),
(5, 178, 0, 0),
(5, 183, 0, 0),
(5, 191, 0, 0),
(5, 361, 0, 0),
(5, 371, 0, 0),
(5, 372, 0, 0),
(5, 415, 0, 0),
(5, 439, 0, 0),
(5, 440, 0, 0),
(5, 441, 0, 0),
(5, 442, 0, 0),
(6, 1, 0, 0),
(6, 3, 0, 0),
(6, 23, 0, 0),
(6, 24, 0, 0),
(6, 25, 0, 0),
(6, 26, 0, 0),
(6, 27, 0, 0),
(6, 28, 0, 0),
(6, 29, 0, 0),
(6, 30, 0, 0),
(6, 35, 0, 0),
(6, 45, 0, 0),
(6, 73, 0, 0),
(6, 74, 0, 0),
(6, 89, 0, 0),
(6, 134, 0, 0),
(6, 135, 0, 0),
(6, 136, 0, 0),
(6, 137, 0, 0),
(6, 138, 0, 0),
(6, 139, 0, 0),
(6, 153, 0, 0),
(6, 154, 0, 0),
(6, 155, 0, 0),
(6, 156, 0, 0),
(6, 157, 0, 0),
(6, 158, 0, 0),
(6, 177, 0, 0),
(6, 178, 0, 0),
(6, 183, 0, 0),
(6, 191, 0, 0),
(6, 361, 0, 0),
(6, 371, 0, 0),
(6, 372, 0, 0),
(6, 415, 0, 0),
(6, 439, 0, 0),
(6, 440, 0, 0),
(6, 441, 0, 0),
(6, 442, 0, 0),
(7, 1, 0, 0),
(7, 3, 0, 0),
(7, 23, 0, 0),
(7, 24, 0, 0),
(7, 25, 0, 0),
(7, 26, 0, 0),
(7, 27, 0, 0),
(7, 28, 0, 0),
(7, 29, 0, 0),
(7, 30, 0, 0),
(7, 35, 0, 0),
(7, 45, 0, 0),
(7, 73, 0, 0),
(7, 74, 0, 0),
(7, 89, 0, 0),
(7, 134, 0, 0),
(7, 135, 0, 0),
(7, 136, 0, 0),
(7, 137, 0, 0),
(7, 138, 0, 0),
(7, 139, 0, 0),
(7, 153, 0, 0),
(7, 154, 0, 0),
(7, 155, 0, 0),
(7, 156, 0, 0),
(7, 157, 0, 0),
(7, 158, 0, 0),
(7, 177, 0, 0),
(7, 178, 0, 0),
(7, 183, 0, 0),
(7, 191, 0, 0),
(7, 361, 0, 0),
(7, 371, 0, 0),
(7, 372, 0, 0),
(7, 415, 0, 0),
(7, 439, 0, 0),
(7, 440, 0, 0),
(7, 441, 0, 0),
(7, 442, 0, 0),
(8, 1, 0, 0),
(8, 3, 0, 0),
(8, 23, 0, 0),
(8, 24, 0, 0),
(8, 25, 0, 0),
(8, 26, 0, 0),
(8, 27, 0, 0),
(8, 28, 0, 0),
(8, 29, 0, 0),
(8, 30, 0, 0),
(8, 35, 0, 0),
(8, 45, 0, 0),
(8, 73, 0, 0),
(8, 74, 0, 0),
(8, 89, 0, 0),
(8, 134, 0, 0),
(8, 135, 0, 0),
(8, 136, 0, 0),
(8, 137, 0, 0),
(8, 138, 0, 0),
(8, 139, 0, 0),
(8, 153, 0, 0),
(8, 154, 0, 0),
(8, 155, 0, 0),
(8, 156, 0, 0),
(8, 157, 0, 0),
(8, 158, 0, 0),
(8, 177, 0, 0),
(8, 178, 0, 0),
(8, 183, 0, 0),
(8, 191, 0, 0),
(8, 361, 0, 0),
(8, 371, 0, 0),
(8, 372, 0, 0),
(8, 415, 0, 0),
(8, 439, 0, 0),
(8, 440, 0, 0),
(8, 441, 0, 0),
(8, 442, 0, 0),
(8, 493, 0, 0),
(9, 1, 0, 0),
(9, 3, 0, 0),
(9, 23, 0, 0),
(9, 24, 0, 0),
(9, 25, 0, 0),
(9, 26, 0, 0),
(9, 27, 0, 0),
(9, 28, 0, 0),
(9, 29, 0, 0),
(9, 30, 0, 0),
(9, 35, 0, 0),
(9, 45, 0, 0),
(9, 73, 0, 0),
(9, 74, 0, 0),
(9, 89, 0, 0),
(9, 134, 0, 0),
(9, 135, 0, 0),
(9, 136, 0, 0),
(9, 137, 0, 0),
(9, 138, 0, 0),
(9, 139, 0, 0),
(9, 153, 0, 0),
(9, 154, 0, 0),
(9, 155, 0, 0),
(9, 156, 0, 0),
(9, 157, 0, 0),
(9, 158, 0, 0),
(9, 177, 0, 0),
(9, 178, 0, 0),
(9, 183, 0, 0),
(9, 191, 0, 0),
(9, 361, 0, 0),
(9, 371, 0, 0),
(9, 372, 0, 0),
(9, 415, 0, 0),
(9, 439, 0, 0),
(9, 440, 0, 0),
(9, 441, 0, 0),
(9, 442, 0, 0),
(9, 493, 0, 0),
(10, 1, 0, 0),
(10, 3, 0, 0),
(10, 23, 0, 0),
(10, 24, 0, 0),
(10, 25, 0, 0),
(10, 26, 0, 0),
(10, 27, 0, 0),
(10, 28, 0, 0),
(10, 29, 0, 0),
(10, 30, 0, 0),
(10, 35, 0, 0),
(10, 45, 0, 0),
(10, 73, 0, 0),
(10, 74, 0, 0),
(10, 89, 0, 0),
(10, 134, 0, 0),
(10, 135, 0, 0),
(10, 136, 0, 0),
(10, 137, 0, 0),
(10, 138, 0, 0),
(10, 139, 0, 0),
(10, 153, 0, 0),
(10, 154, 0, 0),
(10, 155, 0, 0),
(10, 156, 0, 0),
(10, 157, 0, 0),
(10, 158, 0, 0),
(10, 177, 0, 0),
(10, 178, 0, 0),
(10, 183, 0, 0),
(10, 191, 0, 0),
(10, 361, 0, 0),
(10, 371, 0, 0),
(10, 372, 0, 0),
(10, 415, 0, 0),
(10, 439, 0, 0),
(10, 440, 0, 0),
(10, 441, 0, 0),
(10, 442, 0, 0),
(10, 493, 0, 0),
(11, 1, 0, 0),
(11, 3, 0, 0),
(11, 23, 0, 0),
(11, 24, 0, 0),
(11, 25, 0, 0),
(11, 26, 0, 0),
(11, 27, 0, 0),
(11, 28, 0, 0),
(11, 29, 0, 0),
(11, 30, 0, 0),
(11, 35, 0, 0),
(11, 45, 0, 0),
(11, 73, 0, 0),
(11, 74, 0, 0),
(11, 89, 0, 0),
(11, 134, 0, 0),
(11, 135, 0, 0),
(11, 136, 0, 0),
(11, 137, 0, 0),
(11, 138, 0, 0),
(11, 139, 0, 0),
(11, 153, 0, 0),
(11, 154, 0, 0),
(11, 155, 0, 0),
(11, 156, 0, 0),
(11, 157, 0, 0),
(11, 158, 0, 0),
(11, 177, 0, 0),
(11, 178, 0, 0),
(11, 183, 0, 0),
(11, 191, 0, 0),
(11, 361, 0, 0),
(11, 371, 0, 0),
(11, 372, 0, 0),
(11, 415, 0, 0),
(11, 439, 0, 0),
(11, 440, 0, 0),
(11, 441, 0, 0),
(11, 442, 0, 0),
(11, 493, 0, 0),
(12, 1, 0, 0),
(12, 3, 0, 0),
(12, 23, 0, 0),
(12, 24, 0, 0),
(12, 25, 0, 0),
(12, 26, 0, 0),
(12, 27, 0, 0),
(12, 28, 0, 0),
(12, 29, 0, 0),
(12, 30, 0, 0),
(12, 35, 0, 0),
(12, 45, 0, 0),
(12, 73, 0, 0),
(12, 74, 0, 0),
(12, 89, 0, 0),
(12, 134, 0, 0),
(12, 135, 0, 0),
(12, 136, 0, 0),
(12, 137, 0, 0),
(12, 138, 0, 0),
(12, 139, 0, 0),
(12, 153, 0, 0),
(12, 154, 0, 0),
(12, 155, 0, 0),
(12, 156, 0, 0),
(12, 157, 0, 0),
(12, 158, 0, 0),
(12, 177, 0, 0),
(12, 178, 0, 0),
(12, 183, 0, 0),
(12, 191, 0, 0),
(12, 361, 0, 0),
(12, 371, 0, 0),
(12, 372, 0, 0),
(12, 415, 0, 0),
(12, 439, 0, 0),
(12, 440, 0, 0),
(12, 441, 0, 0),
(12, 442, 0, 0),
(12, 493, 0, 0),
(13, 1, 0, 0),
(13, 3, 0, 0),
(13, 23, 0, 0),
(13, 24, 0, 0),
(13, 25, 0, 0),
(13, 26, 0, 0),
(13, 27, 0, 0),
(13, 28, 0, 0),
(13, 29, 0, 0),
(13, 30, 0, 0),
(13, 35, 0, 0),
(13, 45, 0, 0),
(13, 73, 0, 0),
(13, 74, 0, 0),
(13, 89, 0, 0),
(13, 134, 0, 0),
(13, 135, 0, 0),
(13, 136, 0, 0),
(13, 137, 0, 0),
(13, 138, 0, 0),
(13, 139, 0, 0),
(13, 153, 0, 0),
(13, 154, 0, 0),
(13, 155, 0, 0),
(13, 156, 0, 0),
(13, 157, 0, 0),
(13, 158, 0, 0),
(13, 177, 0, 0),
(13, 178, 0, 0),
(13, 183, 0, 0),
(13, 191, 0, 0),
(13, 361, 0, 0),
(13, 371, 0, 0),
(13, 372, 0, 0),
(13, 415, 0, 0),
(13, 439, 0, 0),
(13, 440, 0, 0),
(13, 441, 0, 0),
(13, 442, 0, 0),
(13, 493, 0, 0),
(14, 1, 0, 0),
(14, 3, 0, 0),
(14, 23, 0, 0),
(14, 24, 0, 0),
(14, 25, 0, 0),
(14, 26, 0, 0),
(14, 27, 0, 0),
(14, 28, 0, 0),
(14, 29, 0, 0),
(14, 30, 0, 0),
(14, 35, 0, 0),
(14, 45, 0, 0),
(14, 73, 0, 0),
(14, 74, 0, 0),
(14, 89, 0, 0),
(14, 134, 0, 0),
(14, 135, 0, 0),
(14, 136, 0, 0),
(14, 137, 0, 0),
(14, 138, 0, 0),
(14, 139, 0, 0),
(14, 153, 0, 0),
(14, 154, 0, 0),
(14, 155, 0, 0),
(14, 156, 0, 0),
(14, 157, 0, 0),
(14, 158, 0, 0),
(14, 177, 0, 0),
(14, 178, 0, 0),
(14, 183, 0, 0),
(14, 191, 0, 0),
(14, 361, 0, 0),
(14, 371, 0, 0),
(14, 372, 0, 0),
(14, 415, 0, 0),
(14, 439, 0, 0),
(14, 440, 0, 0),
(14, 441, 0, 0),
(14, 442, 0, 0),
(14, 493, 0, 0),
(15, 1, 0, 0),
(15, 3, 0, 0),
(15, 23, 0, 0),
(15, 24, 0, 0),
(15, 25, 0, 0),
(15, 26, 0, 0),
(15, 27, 0, 0),
(15, 28, 0, 0),
(15, 29, 0, 0),
(15, 30, 0, 0),
(15, 35, 0, 0),
(15, 45, 0, 0),
(15, 73, 0, 0),
(15, 74, 0, 0),
(15, 89, 0, 0),
(15, 134, 0, 0),
(15, 135, 0, 0),
(15, 136, 0, 0),
(15, 137, 0, 0),
(15, 138, 0, 0),
(15, 139, 0, 0),
(15, 153, 0, 0),
(15, 154, 0, 0),
(15, 155, 0, 0),
(15, 156, 0, 0),
(15, 157, 0, 0),
(15, 158, 0, 0),
(15, 177, 0, 0),
(15, 178, 0, 0),
(15, 183, 0, 0),
(15, 191, 0, 0),
(15, 361, 0, 0),
(15, 371, 0, 0),
(15, 372, 0, 0),
(15, 415, 0, 0),
(15, 439, 0, 0),
(15, 440, 0, 0),
(15, 441, 0, 0),
(15, 442, 0, 0),
(15, 493, 0, 0),
(16, 1, 0, 0),
(16, 3, 0, 0),
(16, 23, 0, 0),
(16, 24, 0, 0),
(16, 25, 0, 0),
(16, 26, 0, 0),
(16, 27, 0, 0),
(16, 28, 0, 0),
(16, 29, 0, 0),
(16, 30, 0, 0),
(16, 35, 0, 0),
(16, 45, 0, 0),
(16, 73, 0, 0),
(16, 74, 0, 0),
(16, 89, 0, 0),
(16, 134, 0, 0),
(16, 135, 0, 0),
(16, 136, 0, 0),
(16, 137, 0, 0),
(16, 138, 0, 0),
(16, 139, 0, 0),
(16, 153, 0, 0),
(16, 154, 0, 0),
(16, 155, 0, 0),
(16, 156, 0, 0),
(16, 157, 0, 0),
(16, 158, 0, 0),
(16, 177, 0, 0),
(16, 178, 0, 0),
(16, 183, 0, 0),
(16, 191, 0, 0),
(16, 361, 0, 0),
(16, 371, 0, 0),
(16, 372, 0, 0),
(16, 415, 0, 0),
(16, 439, 0, 0),
(16, 440, 0, 0),
(16, 441, 0, 0),
(16, 442, 0, 0),
(16, 493, 0, 0),
(17, 1, 0, 0),
(17, 3, 0, 0),
(17, 23, 0, 0),
(17, 24, 0, 0),
(17, 25, 0, 0),
(17, 26, 0, 0),
(17, 27, 0, 0),
(17, 28, 0, 0),
(17, 29, 0, 0),
(17, 30, 0, 0),
(17, 35, 0, 0),
(17, 45, 0, 0),
(17, 73, 0, 0),
(17, 74, 0, 0),
(17, 89, 0, 0),
(17, 134, 0, 0),
(17, 135, 0, 0),
(17, 136, 0, 0),
(17, 137, 0, 0),
(17, 138, 0, 0),
(17, 139, 0, 0),
(17, 153, 0, 0),
(17, 154, 0, 0),
(17, 155, 0, 0),
(17, 156, 0, 0),
(17, 157, 0, 0),
(17, 158, 0, 0),
(17, 177, 0, 0),
(17, 178, 0, 0),
(17, 183, 0, 0),
(17, 191, 0, 0),
(17, 361, 0, 0),
(17, 371, 0, 0),
(17, 372, 0, 0),
(17, 415, 0, 0),
(17, 439, 0, 0),
(17, 440, 0, 0),
(17, 441, 0, 0),
(17, 442, 0, 0),
(17, 493, 0, 0),
(18, 1, 0, 0),
(18, 3, 0, 0),
(18, 23, 0, 0),
(18, 24, 0, 0),
(18, 25, 0, 0),
(18, 26, 0, 0),
(18, 27, 0, 0),
(18, 28, 0, 0),
(18, 29, 0, 0),
(18, 30, 0, 0),
(18, 35, 0, 0),
(18, 45, 0, 0),
(18, 73, 0, 0),
(18, 74, 0, 0),
(18, 89, 0, 0),
(18, 134, 0, 0),
(18, 135, 0, 0),
(18, 136, 0, 0),
(18, 137, 0, 0),
(18, 138, 0, 0),
(18, 139, 0, 0),
(18, 153, 0, 0),
(18, 154, 0, 0),
(18, 155, 0, 0),
(18, 156, 0, 0),
(18, 157, 0, 0),
(18, 158, 0, 0),
(18, 177, 0, 0),
(18, 178, 0, 0),
(18, 183, 0, 0),
(18, 191, 0, 0),
(18, 361, 0, 0),
(18, 371, 0, 0),
(18, 372, 0, 0),
(18, 415, 0, 0),
(18, 439, 0, 0),
(18, 440, 0, 0),
(18, 441, 0, 0),
(18, 442, 0, 0),
(18, 493, 0, 0),
(19, 1, 0, 0),
(19, 3, 0, 0),
(19, 23, 0, 0),
(19, 24, 0, 0),
(19, 25, 0, 0),
(19, 26, 0, 0),
(19, 27, 0, 0),
(19, 28, 0, 0),
(19, 29, 0, 0),
(19, 30, 0, 0),
(19, 35, 0, 0),
(19, 45, 0, 0),
(19, 73, 0, 0),
(19, 74, 0, 0),
(19, 89, 0, 0),
(19, 134, 0, 0),
(19, 135, 0, 0),
(19, 136, 0, 0),
(19, 137, 0, 0),
(19, 138, 0, 0),
(19, 139, 0, 0),
(19, 153, 0, 0),
(19, 154, 0, 0),
(19, 155, 0, 0),
(19, 156, 0, 0),
(19, 157, 0, 0),
(19, 158, 0, 0),
(19, 177, 0, 0),
(19, 178, 0, 0),
(19, 183, 0, 0),
(19, 191, 0, 0),
(19, 361, 0, 0),
(19, 371, 0, 0),
(19, 372, 0, 0),
(19, 415, 0, 0),
(19, 439, 0, 0),
(19, 440, 0, 0),
(19, 441, 0, 0),
(19, 442, 0, 0),
(19, 493, 0, 0),
(20, 1, 0, 0),
(20, 3, 0, 0),
(20, 23, 0, 0),
(20, 24, 0, 0),
(20, 25, 0, 0),
(20, 26, 0, 0),
(20, 27, 0, 0),
(20, 28, 0, 0),
(20, 29, 0, 0),
(20, 30, 0, 0),
(20, 35, 0, 0),
(20, 45, 0, 0),
(20, 73, 0, 0),
(20, 74, 0, 0),
(20, 89, 0, 0),
(20, 134, 0, 0),
(20, 135, 0, 0),
(20, 136, 0, 0),
(20, 137, 0, 0),
(20, 138, 0, 0),
(20, 139, 0, 0),
(20, 153, 0, 0),
(20, 154, 0, 0),
(20, 155, 0, 0),
(20, 156, 0, 0),
(20, 157, 0, 0),
(20, 158, 0, 0),
(20, 177, 0, 0),
(20, 178, 0, 0),
(20, 183, 0, 0),
(20, 191, 0, 0),
(20, 361, 0, 0),
(20, 371, 0, 0),
(20, 372, 0, 0),
(20, 439, 0, 0),
(20, 440, 0, 0),
(20, 441, 0, 0),
(20, 442, 0, 0),
(20, 493, 0, 0),
(21, 1, 0, 0),
(21, 3, 0, 0),
(21, 23, 0, 0),
(21, 24, 0, 0),
(21, 25, 0, 0),
(21, 26, 0, 0),
(21, 27, 0, 0),
(21, 28, 0, 0),
(21, 29, 0, 0),
(21, 30, 0, 0),
(21, 35, 0, 0),
(21, 45, 0, 0),
(21, 73, 0, 0),
(21, 74, 0, 0),
(21, 89, 0, 0),
(21, 134, 0, 0),
(21, 135, 0, 0),
(21, 136, 0, 0),
(21, 137, 0, 0),
(21, 138, 0, 0),
(21, 139, 0, 0),
(21, 153, 0, 0),
(21, 154, 0, 0),
(21, 155, 0, 0),
(21, 156, 0, 0),
(21, 157, 0, 0),
(21, 158, 0, 0),
(21, 177, 0, 0),
(21, 178, 0, 0),
(21, 183, 0, 0),
(21, 191, 0, 0),
(21, 361, 0, 0),
(21, 371, 0, 0),
(21, 372, 0, 0),
(21, 439, 0, 0),
(21, 440, 0, 0),
(21, 441, 0, 0),
(21, 442, 0, 0),
(21, 493, 0, 0),
(22, 1, 0, 0),
(22, 3, 0, 0),
(22, 23, 0, 0),
(22, 24, 0, 0),
(22, 25, 0, 0),
(22, 26, 0, 0),
(22, 27, 0, 0),
(22, 28, 0, 0),
(22, 29, 0, 0),
(22, 30, 0, 0),
(22, 35, 0, 0),
(22, 45, 0, 0),
(22, 73, 0, 0),
(22, 74, 0, 0),
(22, 89, 0, 0),
(22, 134, 0, 0),
(22, 135, 0, 0),
(22, 136, 0, 0),
(22, 137, 0, 0),
(22, 138, 0, 0),
(22, 139, 0, 0),
(22, 153, 0, 0),
(22, 154, 0, 0),
(22, 155, 0, 0),
(22, 156, 0, 0),
(22, 157, 0, 0),
(22, 158, 0, 0),
(22, 177, 0, 0),
(22, 178, 0, 0),
(22, 183, 0, 0),
(22, 191, 0, 0),
(22, 361, 0, 0),
(22, 371, 0, 0),
(22, 372, 0, 0),
(22, 439, 0, 0),
(22, 440, 0, 0),
(22, 441, 0, 0),
(22, 442, 0, 0),
(22, 493, 0, 0),
(23, 1, 0, 0),
(23, 3, 0, 0),
(23, 23, 0, 0),
(23, 24, 0, 0),
(23, 25, 0, 0),
(23, 26, 0, 0),
(23, 27, 0, 0),
(23, 28, 0, 0),
(23, 29, 0, 0),
(23, 30, 0, 0),
(23, 35, 0, 0),
(23, 45, 0, 0),
(23, 73, 0, 0),
(23, 74, 0, 0),
(23, 89, 0, 0),
(23, 134, 0, 0),
(23, 135, 0, 0),
(23, 136, 0, 0),
(23, 137, 0, 0),
(23, 138, 0, 0),
(23, 139, 0, 0),
(23, 153, 0, 0),
(23, 154, 0, 0),
(23, 155, 0, 0),
(23, 156, 0, 0),
(23, 157, 0, 0),
(23, 158, 0, 0),
(23, 177, 0, 0),
(23, 178, 0, 0),
(23, 183, 0, 0),
(23, 191, 0, 0),
(23, 361, 0, 0),
(23, 371, 0, 0),
(23, 372, 0, 0),
(23, 415, 0, 0),
(23, 439, 0, 0),
(23, 440, 0, 0),
(23, 441, 0, 0),
(23, 442, 0, 0),
(23, 493, 0, 0),
(24, 1, 0, 0),
(24, 3, 0, 0),
(24, 23, 0, 0),
(24, 24, 0, 0),
(24, 25, 0, 0),
(24, 26, 0, 0),
(24, 27, 0, 0),
(24, 28, 0, 0),
(24, 29, 0, 0),
(24, 30, 0, 0),
(24, 35, 0, 0),
(24, 45, 0, 0),
(24, 73, 0, 0),
(24, 74, 0, 0),
(24, 89, 0, 0),
(24, 134, 0, 0),
(24, 135, 0, 0),
(24, 136, 0, 0),
(24, 137, 0, 0),
(24, 138, 0, 0),
(24, 139, 0, 0),
(24, 153, 0, 0),
(24, 154, 0, 0),
(24, 155, 0, 0),
(24, 156, 0, 0),
(24, 157, 0, 0),
(24, 158, 0, 0),
(24, 177, 0, 0),
(24, 178, 0, 0),
(24, 183, 0, 0),
(24, 191, 0, 0),
(24, 361, 0, 0),
(24, 371, 0, 0),
(24, 372, 0, 0),
(24, 415, 0, 0),
(24, 439, 0, 0),
(24, 440, 0, 0),
(24, 441, 0, 0),
(24, 442, 0, 0),
(24, 493, 0, 0),
(25, 1, 0, 0),
(25, 3, 0, 0),
(25, 23, 0, 0),
(25, 24, 0, 0),
(25, 25, 0, 0),
(25, 26, 0, 0),
(25, 27, 0, 0),
(25, 28, 0, 0),
(25, 29, 0, 0),
(25, 30, 0, 0),
(25, 35, 0, 0),
(25, 45, 0, 0),
(25, 73, 0, 0),
(25, 74, 0, 0),
(25, 89, 0, 0),
(25, 134, 0, 0),
(25, 135, 0, 0),
(25, 136, 0, 0),
(25, 137, 0, 0),
(25, 138, 0, 0),
(25, 139, 0, 0),
(25, 153, 0, 0),
(25, 154, 0, 0),
(25, 155, 0, 0),
(25, 156, 0, 0),
(25, 157, 0, 0),
(25, 158, 0, 0),
(25, 177, 0, 0),
(25, 178, 0, 0),
(25, 183, 0, 0),
(25, 191, 0, 0),
(25, 361, 0, 0),
(25, 371, 0, 0),
(25, 372, 0, 0),
(25, 415, 0, 0),
(25, 439, 0, 0),
(25, 440, 0, 0),
(25, 441, 0, 0),
(25, 442, 0, 0),
(25, 493, 0, 0),
(26, 1, 0, 0),
(26, 3, 0, 0),
(26, 23, 0, 0),
(26, 24, 0, 0),
(26, 25, 0, 0),
(26, 26, 0, 0),
(26, 27, 0, 0),
(26, 28, 0, 0),
(26, 29, 0, 0),
(26, 30, 0, 0),
(26, 35, 0, 0),
(26, 45, 0, 0),
(26, 73, 0, 0),
(26, 74, 0, 0),
(26, 89, 0, 0),
(26, 134, 0, 0),
(26, 135, 0, 0),
(26, 136, 0, 0),
(26, 137, 0, 0),
(26, 138, 0, 0),
(26, 139, 0, 0),
(26, 153, 0, 0),
(26, 154, 0, 0),
(26, 155, 0, 0),
(26, 156, 0, 0),
(26, 157, 0, 0),
(26, 158, 0, 0),
(26, 177, 0, 0),
(26, 178, 0, 0),
(26, 183, 0, 0),
(26, 191, 0, 0),
(26, 361, 0, 0),
(26, 371, 0, 0),
(26, 372, 0, 0),
(26, 439, 0, 0),
(26, 440, 0, 0),
(26, 441, 0, 0),
(26, 442, 0, 0),
(26, 493, 0, 0),
(27, 1, 0, 0),
(27, 3, 0, 0),
(27, 23, 0, 0),
(27, 24, 0, 0),
(27, 25, 0, 0),
(27, 26, 0, 0),
(27, 27, 0, 0),
(27, 28, 0, 0),
(27, 29, 0, 0),
(27, 30, 0, 0),
(27, 35, 0, 0),
(27, 45, 0, 0),
(27, 73, 0, 0),
(27, 74, 0, 0),
(27, 89, 0, 0),
(27, 134, 0, 0),
(27, 135, 0, 0),
(27, 136, 0, 0),
(27, 137, 0, 0),
(27, 138, 0, 0),
(27, 139, 0, 0),
(27, 153, 0, 0),
(27, 154, 0, 0),
(27, 155, 0, 0),
(27, 156, 0, 0),
(27, 157, 0, 0),
(27, 158, 0, 0),
(27, 177, 0, 0),
(27, 178, 0, 0),
(27, 183, 0, 0),
(27, 191, 0, 0),
(27, 361, 0, 0),
(27, 371, 0, 0),
(27, 372, 0, 0),
(27, 439, 0, 0),
(27, 440, 0, 0),
(27, 441, 0, 0),
(27, 442, 0, 0),
(27, 493, 0, 0),
(28, 1, 0, 0),
(28, 3, 0, 0),
(28, 23, 0, 0),
(28, 24, 0, 0),
(28, 25, 0, 0),
(28, 26, 0, 0),
(28, 27, 0, 0),
(28, 28, 0, 0),
(28, 29, 0, 0),
(28, 30, 0, 0),
(28, 35, 0, 0),
(28, 45, 0, 0),
(28, 73, 0, 0),
(28, 74, 0, 0),
(28, 89, 0, 0),
(28, 134, 0, 0),
(28, 135, 0, 0),
(28, 136, 0, 0),
(28, 137, 0, 0),
(28, 138, 0, 0),
(28, 139, 0, 0),
(28, 153, 0, 0),
(28, 154, 0, 0),
(28, 155, 0, 0),
(28, 156, 0, 0),
(28, 157, 0, 0),
(28, 158, 0, 0),
(28, 177, 0, 0),
(28, 178, 0, 0),
(28, 183, 0, 0),
(28, 191, 0, 0),
(28, 361, 0, 0),
(28, 371, 0, 0),
(28, 372, 0, 0),
(28, 439, 0, 0),
(28, 440, 0, 0),
(28, 441, 0, 0),
(28, 442, 0, 0),
(28, 493, 0, 0),
(29, 1, 0, 0),
(29, 3, 0, 0),
(29, 23, 0, 0),
(29, 24, 0, 0),
(29, 25, 0, 0),
(29, 26, 0, 0),
(29, 27, 0, 0),
(29, 28, 0, 0),
(29, 29, 0, 0),
(29, 30, 0, 0),
(29, 35, 0, 0),
(29, 45, 0, 0),
(29, 73, 0, 0),
(29, 74, 0, 0),
(29, 89, 0, 0),
(29, 134, 0, 0),
(29, 135, 0, 0),
(29, 136, 0, 0),
(29, 137, 0, 0),
(29, 138, 0, 0),
(29, 139, 0, 0),
(29, 153, 0, 0),
(29, 154, 0, 0),
(29, 155, 0, 0),
(29, 156, 0, 0),
(29, 157, 0, 0),
(29, 158, 0, 0),
(29, 177, 0, 0),
(29, 178, 0, 0),
(29, 183, 0, 0),
(29, 191, 0, 0),
(29, 361, 0, 0),
(29, 371, 0, 0),
(29, 372, 0, 0),
(29, 415, 0, 0),
(29, 439, 0, 0),
(29, 440, 0, 0),
(29, 441, 0, 0),
(29, 442, 0, 0),
(29, 493, 0, 0),
(30, 1, 0, 0),
(30, 3, 0, 0),
(30, 23, 0, 0),
(30, 24, 0, 0),
(30, 25, 0, 0),
(30, 26, 0, 0),
(30, 27, 0, 0),
(30, 28, 0, 0),
(30, 29, 0, 0),
(30, 30, 0, 0),
(30, 35, 0, 0),
(30, 45, 0, 0),
(30, 73, 0, 0),
(30, 74, 0, 0),
(30, 89, 0, 0),
(30, 134, 0, 0),
(30, 135, 0, 0),
(30, 136, 0, 0),
(30, 137, 0, 0),
(30, 138, 0, 0),
(30, 139, 0, 0),
(30, 153, 0, 0),
(30, 154, 0, 0),
(30, 155, 0, 0),
(30, 156, 0, 0),
(30, 157, 0, 0),
(30, 158, 0, 0),
(30, 177, 0, 0),
(30, 178, 0, 0),
(30, 183, 0, 0),
(30, 191, 0, 0),
(30, 361, 0, 0),
(30, 371, 0, 0),
(30, 372, 0, 0),
(30, 415, 0, 0),
(30, 439, 0, 0),
(30, 440, 0, 0),
(30, 441, 0, 0),
(30, 442, 0, 0),
(30, 493, 0, 0),
(31, 1, 0, 0),
(31, 3, 0, 0),
(31, 23, 0, 0),
(31, 24, 0, 0),
(31, 25, 0, 0),
(31, 26, 0, 0),
(31, 27, 0, 0),
(31, 28, 0, 0),
(31, 29, 0, 0),
(31, 30, 0, 0),
(31, 35, 0, 0),
(31, 45, 0, 0),
(31, 73, 0, 0),
(31, 74, 0, 0),
(31, 89, 0, 0),
(31, 134, 0, 0),
(31, 135, 0, 0),
(31, 136, 0, 0),
(31, 137, 0, 0),
(31, 138, 0, 0),
(31, 139, 0, 0),
(31, 153, 0, 0),
(31, 154, 0, 0),
(31, 155, 0, 0),
(31, 156, 0, 0),
(31, 157, 0, 0),
(31, 158, 0, 0),
(31, 177, 0, 0),
(31, 178, 0, 0),
(31, 183, 0, 0),
(31, 191, 0, 0),
(31, 361, 0, 0),
(31, 371, 0, 0),
(31, 372, 0, 0),
(31, 415, 0, 0),
(31, 439, 0, 0),
(31, 440, 0, 0),
(31, 441, 0, 0),
(31, 442, 0, 0),
(31, 493, 0, 0),
(32, 23, 0, 0),
(32, 24, 0, 0),
(32, 25, 0, 0),
(32, 26, 0, 0),
(32, 27, 0, 0),
(32, 28, 0, 0),
(32, 29, 0, 0),
(32, 30, 0, 0),
(32, 73, 0, 0),
(32, 74, 0, 0),
(32, 89, 0, 0),
(32, 134, 0, 0),
(32, 135, 0, 0),
(32, 136, 0, 0),
(32, 137, 0, 0),
(32, 155, 0, 0),
(32, 156, 0, 0),
(32, 157, 0, 0),
(32, 177, 0, 0),
(32, 178, 0, 0),
(32, 361, 0, 0),
(32, 371, 0, 0),
(32, 372, 0, 0),
(32, 439, 0, 0),
(32, 440, 0, 0),
(32, 441, 0, 0),
(32, 442, 0, 0),
(32, 493, 0, 0),
(33, 23, 0, 0),
(33, 24, 0, 0),
(33, 25, 0, 0),
(33, 26, 0, 0),
(33, 27, 0, 0),
(33, 28, 0, 0),
(33, 29, 0, 0),
(33, 30, 0, 0),
(33, 73, 0, 0),
(33, 74, 0, 0),
(33, 89, 0, 0),
(33, 134, 0, 0),
(33, 135, 0, 0),
(33, 136, 0, 0),
(33, 137, 0, 0),
(33, 155, 0, 0),
(33, 156, 0, 0),
(33, 157, 0, 0),
(33, 177, 0, 0),
(33, 178, 0, 0),
(33, 361, 0, 0),
(33, 371, 0, 0),
(33, 372, 0, 0),
(33, 439, 0, 0),
(33, 440, 0, 0),
(33, 441, 0, 0),
(33, 442, 0, 0),
(33, 493, 0, 0),
(34, 23, 0, 0),
(34, 24, 0, 0),
(34, 25, 0, 0),
(34, 26, 0, 0),
(34, 27, 0, 0),
(34, 28, 0, 0),
(34, 29, 0, 0),
(34, 30, 0, 0),
(34, 73, 0, 0),
(34, 74, 0, 0),
(34, 89, 0, 0),
(34, 134, 0, 0),
(34, 135, 0, 0),
(34, 136, 0, 0),
(34, 137, 0, 0),
(34, 155, 0, 0),
(34, 156, 0, 0),
(34, 157, 0, 0),
(34, 177, 0, 0),
(34, 178, 0, 0),
(34, 361, 0, 0),
(34, 371, 0, 0),
(34, 372, 0, 0),
(34, 439, 0, 0),
(34, 440, 0, 0),
(34, 441, 0, 0),
(34, 442, 0, 0),
(34, 493, 0, 0);

-- --------------------------------------------------------

--
-- Estructura de tabla para la tabla `ps_an_productfields_shop`
--

CREATE TABLE `ps_an_productfields_shop` (
  `id_an_productfields` int(10) UNSIGNED NOT NULL,
  `id_shop` int(10) UNSIGNED NOT NULL
) ENGINE=InnoDB DEFAULT CHARSET=utf8;

--
-- Volcado de datos para la tabla `ps_an_productfields_shop`
--

INSERT INTO `ps_an_productfields_shop` (`id_an_productfields`, `id_shop`) VALUES
(1, 1),
(2, 1),
(3, 1),
(5, 1),
(6, 1),
(7, 1),
(8, 1),
(9, 1),
(10, 1),
(11, 1),
(12, 1),
(13, 1),
(14, 1),
(15, 1),
(16, 1),
(17, 1),
(18, 1),
(19, 1),
(20, 1),
(21, 1),
(22, 1),
(23, 1),
(24, 1),
(25, 1),
(26, 1),
(27, 1),
(28, 1),
(29, 1),
(30, 1),
(31, 1),
(32, 1),
(33, 1),
(34, 1);

-- --------------------------------------------------------

--
-- Estructura de tabla para la tabla `ps_attachment`
--

CREATE TABLE `ps_attachment` (
  `id_attachment` int(10) UNSIGNED NOT NULL,
  `file` varchar(40) NOT NULL,
  `file_name` varchar(128) NOT NULL,
  `file_size` bigint(10) UNSIGNED NOT NULL DEFAULT 0,
  `mime` varchar(128) NOT NULL
) ENGINE=InnoDB DEFAULT CHARSET=utf8;

-- --------------------------------------------------------

--
-- Estructura de tabla para la tabla `ps_attachment_lang`
--

CREATE TABLE `ps_attachment_lang` (
  `id_attachment` int(10) UNSIGNED NOT NULL,
  `id_lang` int(10) UNSIGNED NOT NULL,
  `name` varchar(32) DEFAULT NULL,
  `description` text DEFAULT NULL
) ENGINE=InnoDB DEFAULT CHARSET=utf8;

-- --------------------------------------------------------

--
-- Estructura de tabla para la tabla `ps_attribute`
--

CREATE TABLE `ps_attribute` (
  `id_attribute` int(11) NOT NULL,
  `id_attribute_group` int(11) NOT NULL,
  `color` varchar(32) COLLATE utf8_unicode_ci NOT NULL,
  `position` int(11) NOT NULL
) ENGINE=InnoDB DEFAULT CHARSET=utf8 COLLATE=utf8_unicode_ci;

--
-- Volcado de datos para la tabla `ps_attribute`
--

INSERT INTO `ps_attribute` (`id_attribute`, `id_attribute_group`, `color`, `position`) VALUES
(74, 3, '#1a7400', 1),
(75, 3, '#3b3b3b', 2),
(76, 3, '#1e008b', 0),
(77, 3, '#937800', 3),
(78, 3, '#8500a3', 4),
(79, 3, '', 5),
(80, 3, '', 6),
(201, 12, '', 0),
(202, 12, '', 1);

-- --------------------------------------------------------

--
-- Estructura de tabla para la tabla `ps_attribute_group`
--

CREATE TABLE `ps_attribute_group` (
  `id_attribute_group` int(11) NOT NULL,
  `is_color_group` tinyint(1) NOT NULL,
  `group_type` varchar(255) COLLATE utf8_unicode_ci NOT NULL,
  `position` int(11) NOT NULL
) ENGINE=InnoDB DEFAULT CHARSET=utf8 COLLATE=utf8_unicode_ci;

--
-- Volcado de datos para la tabla `ps_attribute_group`
--

INSERT INTO `ps_attribute_group` (`id_attribute_group`, `is_color_group`, `group_type`, `position`) VALUES
(3, 0, 'select', 0),
(12, 0, 'radio', 1);

-- --------------------------------------------------------

--
-- Estructura de tabla para la tabla `ps_attribute_group_lang`
--

CREATE TABLE `ps_attribute_group_lang` (
  `id_attribute_group` int(11) NOT NULL,
  `id_lang` int(11) NOT NULL,
  `name` varchar(128) COLLATE utf8_unicode_ci NOT NULL,
  `public_name` varchar(64) COLLATE utf8_unicode_ci NOT NULL
) ENGINE=InnoDB DEFAULT CHARSET=utf8 COLLATE=utf8_unicode_ci;

--
-- Volcado de datos para la tabla `ps_attribute_group_lang`
--

INSERT INTO `ps_attribute_group_lang` (`id_attribute_group`, `id_lang`, `name`, `public_name`) VALUES
(3, 1, 'Color', 'Colores'),
(12, 1, 'Fórmula', 'Fórmula');

-- --------------------------------------------------------

--
-- Estructura de tabla para la tabla `ps_attribute_group_shop`
--

CREATE TABLE `ps_attribute_group_shop` (
  `id_attribute_group` int(11) NOT NULL,
  `id_shop` int(11) NOT NULL
) ENGINE=InnoDB DEFAULT CHARSET=utf8 COLLATE=utf8_unicode_ci;

--
-- Volcado de datos para la tabla `ps_attribute_group_shop`
--

INSERT INTO `ps_attribute_group_shop` (`id_attribute_group`, `id_shop`) VALUES
(3, 1),
(12, 1);

-- --------------------------------------------------------

--
-- Estructura de tabla para la tabla `ps_attribute_impact`
--

CREATE TABLE `ps_attribute_impact` (
  `id_attribute_impact` int(10) UNSIGNED NOT NULL,
  `id_product` int(11) UNSIGNED NOT NULL,
  `id_attribute` int(11) UNSIGNED NOT NULL,
  `weight` decimal(20,6) NOT NULL,
  `price` decimal(17,2) NOT NULL
) ENGINE=InnoDB DEFAULT CHARSET=utf8;

-- --------------------------------------------------------

--
-- Estructura de tabla para la tabla `ps_attribute_lang`
--

CREATE TABLE `ps_attribute_lang` (
  `id_attribute` int(11) NOT NULL,
  `id_lang` int(11) NOT NULL,
  `name` varchar(128) COLLATE utf8_unicode_ci NOT NULL
) ENGINE=InnoDB DEFAULT CHARSET=utf8 COLLATE=utf8_unicode_ci;

--
-- Volcado de datos para la tabla `ps_attribute_lang`
--

INSERT INTO `ps_attribute_lang` (`id_attribute`, `id_lang`, `name`) VALUES
(74, 1, 'Verde'),
(75, 1, 'Gris'),
(76, 1, 'Azul'),
(77, 1, 'Amarillo'),
(78, 1, 'Violetas'),
(79, 1, 'Blue 2'),
(80, 1, 'Blue Brillant'),
(201, 1, 'Iguales ambos ojos'),
(202, 1, 'Diferentes ambos ojos');

-- --------------------------------------------------------

--
-- Estructura de tabla para la tabla `ps_attribute_shop`
--

CREATE TABLE `ps_attribute_shop` (
  `id_attribute` int(11) NOT NULL,
  `id_shop` int(11) NOT NULL
) ENGINE=InnoDB DEFAULT CHARSET=utf8 COLLATE=utf8_unicode_ci;

--
-- Volcado de datos para la tabla `ps_attribute_shop`
--

INSERT INTO `ps_attribute_shop` (`id_attribute`, `id_shop`) VALUES
(74, 1),
(75, 1),
(76, 1),
(77, 1),
(78, 1),
(79, 1),
(80, 1),
(201, 1),
(202, 1);

-- --------------------------------------------------------

--
-- Estructura de tabla para la tabla `ps_authorization_role`
--

CREATE TABLE `ps_authorization_role` (
  `id_authorization_role` int(10) UNSIGNED NOT NULL,
  `slug` varchar(255) NOT NULL
) ENGINE=InnoDB DEFAULT CHARSET=utf8;

--
-- Volcado de datos para la tabla `ps_authorization_role`
--

INSERT INTO `ps_authorization_role` (`id_authorization_role`, `slug`) VALUES
(1149, 'ROLE_MOD_MODULE_AN_PRODUCTFIELDS_CREATE'),
(1152, 'ROLE_MOD_MODULE_AN_PRODUCTFIELDS_DELETE'),
(1150, 'ROLE_MOD_MODULE_AN_PRODUCTFIELDS_READ'),
(1151, 'ROLE_MOD_MODULE_AN_PRODUCTFIELDS_UPDATE'),
(773, 'ROLE_MOD_MODULE_BLOCKREASSURANCE_CREATE'),
(776, 'ROLE_MOD_MODULE_BLOCKREASSURANCE_DELETE'),
(774, 'ROLE_MOD_MODULE_BLOCKREASSURANCE_READ'),
(775, 'ROLE_MOD_MODULE_BLOCKREASSURANCE_UPDATE'),
(1109, 'ROLE_MOD_MODULE_CARTABANDONMENTPRO_CREATE'),
(1112, 'ROLE_MOD_MODULE_CARTABANDONMENTPRO_DELETE'),
(1110, 'ROLE_MOD_MODULE_CARTABANDONMENTPRO_READ'),
(1111, 'ROLE_MOD_MODULE_CARTABANDONMENTPRO_UPDATE'),
(477, 'ROLE_MOD_MODULE_CONTACTFORM_CREATE'),
(480, 'ROLE_MOD_MODULE_CONTACTFORM_DELETE'),
(478, 'ROLE_MOD_MODULE_CONTACTFORM_READ'),
(479, 'ROLE_MOD_MODULE_CONTACTFORM_UPDATE'),
(481, 'ROLE_MOD_MODULE_DASHACTIVITY_CREATE'),
(484, 'ROLE_MOD_MODULE_DASHACTIVITY_DELETE'),
(482, 'ROLE_MOD_MODULE_DASHACTIVITY_READ'),
(483, 'ROLE_MOD_MODULE_DASHACTIVITY_UPDATE'),
(493, 'ROLE_MOD_MODULE_DASHGOALS_CREATE'),
(496, 'ROLE_MOD_MODULE_DASHGOALS_DELETE'),
(494, 'ROLE_MOD_MODULE_DASHGOALS_READ'),
(495, 'ROLE_MOD_MODULE_DASHGOALS_UPDATE'),
(497, 'ROLE_MOD_MODULE_DASHPRODUCTS_CREATE'),
(500, 'ROLE_MOD_MODULE_DASHPRODUCTS_DELETE'),
(498, 'ROLE_MOD_MODULE_DASHPRODUCTS_READ'),
(499, 'ROLE_MOD_MODULE_DASHPRODUCTS_UPDATE'),
(485, 'ROLE_MOD_MODULE_DASHTRENDS_CREATE'),
(488, 'ROLE_MOD_MODULE_DASHTRENDS_DELETE'),
(486, 'ROLE_MOD_MODULE_DASHTRENDS_READ'),
(487, 'ROLE_MOD_MODULE_DASHTRENDS_UPDATE'),
(1029, 'ROLE_MOD_MODULE_EICAPTCHA_CREATE'),
(1032, 'ROLE_MOD_MODULE_EICAPTCHA_DELETE'),
(1030, 'ROLE_MOD_MODULE_EICAPTCHA_READ'),
(1031, 'ROLE_MOD_MODULE_EICAPTCHA_UPDATE'),
(849, 'ROLE_MOD_MODULE_ELEVATEZOOM_CREATE'),
(852, 'ROLE_MOD_MODULE_ELEVATEZOOM_DELETE'),
(850, 'ROLE_MOD_MODULE_ELEVATEZOOM_READ'),
(851, 'ROLE_MOD_MODULE_ELEVATEZOOM_UPDATE'),
(729, 'ROLE_MOD_MODULE_EMARKETING_CREATE'),
(732, 'ROLE_MOD_MODULE_EMARKETING_DELETE'),
(730, 'ROLE_MOD_MODULE_EMARKETING_READ'),
(731, 'ROLE_MOD_MODULE_EMARKETING_UPDATE'),
(913, 'ROLE_MOD_MODULE_FIELDBESTSELLERS_CREATE'),
(916, 'ROLE_MOD_MODULE_FIELDBESTSELLERS_DELETE'),
(914, 'ROLE_MOD_MODULE_FIELDBESTSELLERS_READ'),
(915, 'ROLE_MOD_MODULE_FIELDBESTSELLERS_UPDATE'),
(797, 'ROLE_MOD_MODULE_FIELDBLOCKSEARCH_CREATE'),
(800, 'ROLE_MOD_MODULE_FIELDBLOCKSEARCH_DELETE'),
(798, 'ROLE_MOD_MODULE_FIELDBLOCKSEARCH_READ'),
(799, 'ROLE_MOD_MODULE_FIELDBLOCKSEARCH_UPDATE'),
(929, 'ROLE_MOD_MODULE_FIELDBLOCKTAGS_CREATE'),
(932, 'ROLE_MOD_MODULE_FIELDBLOCKTAGS_DELETE'),
(930, 'ROLE_MOD_MODULE_FIELDBLOCKTAGS_READ'),
(931, 'ROLE_MOD_MODULE_FIELDBLOCKTAGS_UPDATE'),
(885, 'ROLE_MOD_MODULE_FIELDBLOCKWISHLIST_CREATE'),
(888, 'ROLE_MOD_MODULE_FIELDBLOCKWISHLIST_DELETE'),
(886, 'ROLE_MOD_MODULE_FIELDBLOCKWISHLIST_READ'),
(887, 'ROLE_MOD_MODULE_FIELDBLOCKWISHLIST_UPDATE'),
(933, 'ROLE_MOD_MODULE_FIELDBLOGCATEGORIES_CREATE'),
(936, 'ROLE_MOD_MODULE_FIELDBLOGCATEGORIES_DELETE'),
(934, 'ROLE_MOD_MODULE_FIELDBLOGCATEGORIES_READ'),
(935, 'ROLE_MOD_MODULE_FIELDBLOGCATEGORIES_UPDATE'),
(937, 'ROLE_MOD_MODULE_FIELDBLOGPOPULARPOSTS_CREATE'),
(940, 'ROLE_MOD_MODULE_FIELDBLOGPOPULARPOSTS_DELETE'),
(938, 'ROLE_MOD_MODULE_FIELDBLOGPOPULARPOSTS_READ'),
(939, 'ROLE_MOD_MODULE_FIELDBLOGPOPULARPOSTS_UPDATE'),
(941, 'ROLE_MOD_MODULE_FIELDBLOGRECENTPOSTS_CREATE'),
(944, 'ROLE_MOD_MODULE_FIELDBLOGRECENTPOSTS_DELETE'),
(942, 'ROLE_MOD_MODULE_FIELDBLOGRECENTPOSTS_READ'),
(943, 'ROLE_MOD_MODULE_FIELDBLOGRECENTPOSTS_UPDATE'),
(945, 'ROLE_MOD_MODULE_FIELDBLOGSEARCH_CREATE'),
(948, 'ROLE_MOD_MODULE_FIELDBLOGSEARCH_DELETE'),
(946, 'ROLE_MOD_MODULE_FIELDBLOGSEARCH_READ'),
(947, 'ROLE_MOD_MODULE_FIELDBLOGSEARCH_UPDATE'),
(949, 'ROLE_MOD_MODULE_FIELDBLOGTAGS_CREATE'),
(952, 'ROLE_MOD_MODULE_FIELDBLOGTAGS_DELETE'),
(950, 'ROLE_MOD_MODULE_FIELDBLOGTAGS_READ'),
(951, 'ROLE_MOD_MODULE_FIELDBLOGTAGS_UPDATE'),
(897, 'ROLE_MOD_MODULE_FIELDBRANDSLIDER_CREATE'),
(900, 'ROLE_MOD_MODULE_FIELDBRANDSLIDER_DELETE'),
(898, 'ROLE_MOD_MODULE_FIELDBRANDSLIDER_READ'),
(899, 'ROLE_MOD_MODULE_FIELDBRANDSLIDER_UPDATE'),
(877, 'ROLE_MOD_MODULE_FIELDCOMPARE_CREATE'),
(880, 'ROLE_MOD_MODULE_FIELDCOMPARE_DELETE'),
(878, 'ROLE_MOD_MODULE_FIELDCOMPARE_READ'),
(879, 'ROLE_MOD_MODULE_FIELDCOMPARE_UPDATE'),
(881, 'ROLE_MOD_MODULE_FIELDCUSTOMADDTABS_CREATE'),
(884, 'ROLE_MOD_MODULE_FIELDCUSTOMADDTABS_DELETE'),
(882, 'ROLE_MOD_MODULE_FIELDCUSTOMADDTABS_READ'),
(883, 'ROLE_MOD_MODULE_FIELDCUSTOMADDTABS_UPDATE'),
(893, 'ROLE_MOD_MODULE_FIELDFEATUREDPRODUCTSLIDER_CREATE'),
(896, 'ROLE_MOD_MODULE_FIELDFEATUREDPRODUCTSLIDER_DELETE'),
(894, 'ROLE_MOD_MODULE_FIELDFEATUREDPRODUCTSLIDER_READ'),
(895, 'ROLE_MOD_MODULE_FIELDFEATUREDPRODUCTSLIDER_UPDATE'),
(1041, 'ROLE_MOD_MODULE_FIELDHTMLBLOCK_CREATE'),
(1044, 'ROLE_MOD_MODULE_FIELDHTMLBLOCK_DELETE'),
(1042, 'ROLE_MOD_MODULE_FIELDHTMLBLOCK_READ'),
(1043, 'ROLE_MOD_MODULE_FIELDHTMLBLOCK_UPDATE'),
(805, 'ROLE_MOD_MODULE_FIELDMEGAMENU_CREATE'),
(808, 'ROLE_MOD_MODULE_FIELDMEGAMENU_DELETE'),
(806, 'ROLE_MOD_MODULE_FIELDMEGAMENU_READ'),
(807, 'ROLE_MOD_MODULE_FIELDMEGAMENU_UPDATE'),
(921, 'ROLE_MOD_MODULE_FIELDNEWPRODUCTSLIDER_CREATE'),
(924, 'ROLE_MOD_MODULE_FIELDNEWPRODUCTSLIDER_DELETE'),
(922, 'ROLE_MOD_MODULE_FIELDNEWPRODUCTSLIDER_READ'),
(923, 'ROLE_MOD_MODULE_FIELDNEWPRODUCTSLIDER_UPDATE'),
(825, 'ROLE_MOD_MODULE_FIELDPOPUPNEWSLETTER_CREATE'),
(828, 'ROLE_MOD_MODULE_FIELDPOPUPNEWSLETTER_DELETE'),
(826, 'ROLE_MOD_MODULE_FIELDPOPUPNEWSLETTER_READ'),
(827, 'ROLE_MOD_MODULE_FIELDPOPUPNEWSLETTER_UPDATE'),
(837, 'ROLE_MOD_MODULE_FIELDPRODUCTCATES_CREATE'),
(840, 'ROLE_MOD_MODULE_FIELDPRODUCTCATES_DELETE'),
(838, 'ROLE_MOD_MODULE_FIELDPRODUCTCATES_READ'),
(839, 'ROLE_MOD_MODULE_FIELDPRODUCTCATES_UPDATE'),
(873, 'ROLE_MOD_MODULE_FIELDPRODUCTCOMMENTS_CREATE'),
(876, 'ROLE_MOD_MODULE_FIELDPRODUCTCOMMENTS_DELETE'),
(874, 'ROLE_MOD_MODULE_FIELDPRODUCTCOMMENTS_READ'),
(875, 'ROLE_MOD_MODULE_FIELDPRODUCTCOMMENTS_UPDATE'),
(1101, 'ROLE_MOD_MODULE_FIELDSIZECHART_CREATE'),
(1104, 'ROLE_MOD_MODULE_FIELDSIZECHART_DELETE'),
(1102, 'ROLE_MOD_MODULE_FIELDSIZECHART_READ'),
(1103, 'ROLE_MOD_MODULE_FIELDSIZECHART_UPDATE'),
(813, 'ROLE_MOD_MODULE_FIELDSLIDESHOW_CREATE'),
(816, 'ROLE_MOD_MODULE_FIELDSLIDESHOW_DELETE'),
(814, 'ROLE_MOD_MODULE_FIELDSLIDESHOW_READ'),
(815, 'ROLE_MOD_MODULE_FIELDSLIDESHOW_UPDATE'),
(909, 'ROLE_MOD_MODULE_FIELDSPECIALPRODUCT_CREATE'),
(912, 'ROLE_MOD_MODULE_FIELDSPECIALPRODUCT_DELETE'),
(910, 'ROLE_MOD_MODULE_FIELDSPECIALPRODUCT_READ'),
(911, 'ROLE_MOD_MODULE_FIELDSPECIALPRODUCT_UPDATE'),
(853, 'ROLE_MOD_MODULE_FIELDTESTIMONIALS_CREATE'),
(856, 'ROLE_MOD_MODULE_FIELDTESTIMONIALS_DELETE'),
(854, 'ROLE_MOD_MODULE_FIELDTESTIMONIALS_READ'),
(855, 'ROLE_MOD_MODULE_FIELDTESTIMONIALS_UPDATE'),
(781, 'ROLE_MOD_MODULE_FIELDTHEMECUSTOMIZER_CREATE'),
(784, 'ROLE_MOD_MODULE_FIELDTHEMECUSTOMIZER_DELETE'),
(782, 'ROLE_MOD_MODULE_FIELDTHEMECUSTOMIZER_READ'),
(783, 'ROLE_MOD_MODULE_FIELDTHEMECUSTOMIZER_UPDATE'),
(725, 'ROLE_MOD_MODULE_GAMIFICATION_CREATE'),
(728, 'ROLE_MOD_MODULE_GAMIFICATION_DELETE'),
(726, 'ROLE_MOD_MODULE_GAMIFICATION_READ'),
(727, 'ROLE_MOD_MODULE_GAMIFICATION_UPDATE'),
(1165, 'ROLE_MOD_MODULE_GMERCHANTCENTERPRO_CREATE'),
(1168, 'ROLE_MOD_MODULE_GMERCHANTCENTERPRO_DELETE'),
(1166, 'ROLE_MOD_MODULE_GMERCHANTCENTERPRO_READ'),
(1167, 'ROLE_MOD_MODULE_GMERCHANTCENTERPRO_UPDATE'),
(501, 'ROLE_MOD_MODULE_GRAPHNVD3_CREATE'),
(504, 'ROLE_MOD_MODULE_GRAPHNVD3_DELETE'),
(502, 'ROLE_MOD_MODULE_GRAPHNVD3_READ'),
(503, 'ROLE_MOD_MODULE_GRAPHNVD3_UPDATE'),
(505, 'ROLE_MOD_MODULE_GRIDHTML_CREATE'),
(508, 'ROLE_MOD_MODULE_GRIDHTML_DELETE'),
(506, 'ROLE_MOD_MODULE_GRIDHTML_READ'),
(507, 'ROLE_MOD_MODULE_GRIDHTML_UPDATE'),
(509, 'ROLE_MOD_MODULE_GSITEMAP_CREATE'),
(512, 'ROLE_MOD_MODULE_GSITEMAP_DELETE'),
(510, 'ROLE_MOD_MODULE_GSITEMAP_READ'),
(511, 'ROLE_MOD_MODULE_GSITEMAP_UPDATE'),
(1169, 'ROLE_MOD_MODULE_G_PRODUCTCATALOG_CREATE'),
(1172, 'ROLE_MOD_MODULE_G_PRODUCTCATALOG_DELETE'),
(1170, 'ROLE_MOD_MODULE_G_PRODUCTCATALOG_READ'),
(1171, 'ROLE_MOD_MODULE_G_PRODUCTCATALOG_UPDATE'),
(1077, 'ROLE_MOD_MODULE_MPTOOLSPRO_CREATE'),
(1080, 'ROLE_MOD_MODULE_MPTOOLSPRO_DELETE'),
(1078, 'ROLE_MOD_MODULE_MPTOOLSPRO_READ'),
(1079, 'ROLE_MOD_MODULE_MPTOOLSPRO_UPDATE'),
(1117, 'ROLE_MOD_MODULE_ONEALLSOCIALLOGIN_CREATE'),
(1120, 'ROLE_MOD_MODULE_ONEALLSOCIALLOGIN_DELETE'),
(1118, 'ROLE_MOD_MODULE_ONEALLSOCIALLOGIN_READ'),
(1119, 'ROLE_MOD_MODULE_ONEALLSOCIALLOGIN_UPDATE'),
(621, 'ROLE_MOD_MODULE_PAGESNOTFOUND_CREATE'),
(624, 'ROLE_MOD_MODULE_PAGESNOTFOUND_DELETE'),
(622, 'ROLE_MOD_MODULE_PAGESNOTFOUND_READ'),
(623, 'ROLE_MOD_MODULE_PAGESNOTFOUND_UPDATE'),
(737, 'ROLE_MOD_MODULE_PSADDONSCONNECT_CREATE'),
(740, 'ROLE_MOD_MODULE_PSADDONSCONNECT_DELETE'),
(738, 'ROLE_MOD_MODULE_PSADDONSCONNECT_READ'),
(739, 'ROLE_MOD_MODULE_PSADDONSCONNECT_UPDATE'),
(993, 'ROLE_MOD_MODULE_PSCLEANER_CREATE'),
(996, 'ROLE_MOD_MODULE_PSCLEANER_DELETE'),
(994, 'ROLE_MOD_MODULE_PSCLEANER_READ'),
(995, 'ROLE_MOD_MODULE_PSCLEANER_UPDATE'),
(741, 'ROLE_MOD_MODULE_PSGDPR_CREATE'),
(744, 'ROLE_MOD_MODULE_PSGDPR_DELETE'),
(742, 'ROLE_MOD_MODULE_PSGDPR_READ'),
(743, 'ROLE_MOD_MODULE_PSGDPR_UPDATE'),
(513, 'ROLE_MOD_MODULE_PS_BANNER_CREATE'),
(516, 'ROLE_MOD_MODULE_PS_BANNER_DELETE'),
(514, 'ROLE_MOD_MODULE_PS_BANNER_READ'),
(515, 'ROLE_MOD_MODULE_PS_BANNER_UPDATE'),
(765, 'ROLE_MOD_MODULE_PS_BUYBUTTONLITE_CREATE'),
(768, 'ROLE_MOD_MODULE_PS_BUYBUTTONLITE_DELETE'),
(766, 'ROLE_MOD_MODULE_PS_BUYBUTTONLITE_READ'),
(767, 'ROLE_MOD_MODULE_PS_BUYBUTTONLITE_UPDATE'),
(517, 'ROLE_MOD_MODULE_PS_CATEGORYTREE_CREATE'),
(520, 'ROLE_MOD_MODULE_PS_CATEGORYTREE_DELETE'),
(518, 'ROLE_MOD_MODULE_PS_CATEGORYTREE_READ'),
(519, 'ROLE_MOD_MODULE_PS_CATEGORYTREE_UPDATE'),
(1053, 'ROLE_MOD_MODULE_PS_CHECKPAYMENT_CREATE'),
(1056, 'ROLE_MOD_MODULE_PS_CHECKPAYMENT_DELETE'),
(1054, 'ROLE_MOD_MODULE_PS_CHECKPAYMENT_READ'),
(1055, 'ROLE_MOD_MODULE_PS_CHECKPAYMENT_UPDATE'),
(525, 'ROLE_MOD_MODULE_PS_CONTACTINFO_CREATE'),
(528, 'ROLE_MOD_MODULE_PS_CONTACTINFO_DELETE'),
(526, 'ROLE_MOD_MODULE_PS_CONTACTINFO_READ'),
(527, 'ROLE_MOD_MODULE_PS_CONTACTINFO_UPDATE'),
(529, 'ROLE_MOD_MODULE_PS_CURRENCYSELECTOR_CREATE'),
(532, 'ROLE_MOD_MODULE_PS_CURRENCYSELECTOR_DELETE'),
(530, 'ROLE_MOD_MODULE_PS_CURRENCYSELECTOR_READ'),
(531, 'ROLE_MOD_MODULE_PS_CURRENCYSELECTOR_UPDATE'),
(533, 'ROLE_MOD_MODULE_PS_CUSTOMERACCOUNTLINKS_CREATE'),
(536, 'ROLE_MOD_MODULE_PS_CUSTOMERACCOUNTLINKS_DELETE'),
(534, 'ROLE_MOD_MODULE_PS_CUSTOMERACCOUNTLINKS_READ'),
(535, 'ROLE_MOD_MODULE_PS_CUSTOMERACCOUNTLINKS_UPDATE'),
(537, 'ROLE_MOD_MODULE_PS_CUSTOMERSIGNIN_CREATE'),
(540, 'ROLE_MOD_MODULE_PS_CUSTOMERSIGNIN_DELETE'),
(538, 'ROLE_MOD_MODULE_PS_CUSTOMERSIGNIN_READ'),
(539, 'ROLE_MOD_MODULE_PS_CUSTOMERSIGNIN_UPDATE'),
(541, 'ROLE_MOD_MODULE_PS_CUSTOMTEXT_CREATE'),
(544, 'ROLE_MOD_MODULE_PS_CUSTOMTEXT_DELETE'),
(542, 'ROLE_MOD_MODULE_PS_CUSTOMTEXT_READ'),
(543, 'ROLE_MOD_MODULE_PS_CUSTOMTEXT_UPDATE'),
(1033, 'ROLE_MOD_MODULE_PS_EMAILALERTS_CREATE'),
(1036, 'ROLE_MOD_MODULE_PS_EMAILALERTS_DELETE'),
(1034, 'ROLE_MOD_MODULE_PS_EMAILALERTS_READ'),
(1035, 'ROLE_MOD_MODULE_PS_EMAILALERTS_UPDATE'),
(545, 'ROLE_MOD_MODULE_PS_EMAILSUBSCRIPTION_CREATE'),
(548, 'ROLE_MOD_MODULE_PS_EMAILSUBSCRIPTION_DELETE'),
(546, 'ROLE_MOD_MODULE_PS_EMAILSUBSCRIPTION_READ'),
(547, 'ROLE_MOD_MODULE_PS_EMAILSUBSCRIPTION_UPDATE'),
(777, 'ROLE_MOD_MODULE_PS_FACETEDSEARCH_CREATE'),
(780, 'ROLE_MOD_MODULE_PS_FACETEDSEARCH_DELETE'),
(778, 'ROLE_MOD_MODULE_PS_FACETEDSEARCH_READ'),
(779, 'ROLE_MOD_MODULE_PS_FACETEDSEARCH_UPDATE'),
(553, 'ROLE_MOD_MODULE_PS_FAVICONNOTIFICATIONBO_CREATE'),
(556, 'ROLE_MOD_MODULE_PS_FAVICONNOTIFICATIONBO_DELETE'),
(554, 'ROLE_MOD_MODULE_PS_FAVICONNOTIFICATIONBO_READ'),
(555, 'ROLE_MOD_MODULE_PS_FAVICONNOTIFICATIONBO_UPDATE'),
(561, 'ROLE_MOD_MODULE_PS_FEATUREDPRODUCTS_CREATE'),
(564, 'ROLE_MOD_MODULE_PS_FEATUREDPRODUCTS_DELETE'),
(562, 'ROLE_MOD_MODULE_PS_FEATUREDPRODUCTS_READ'),
(563, 'ROLE_MOD_MODULE_PS_FEATUREDPRODUCTS_UPDATE'),
(565, 'ROLE_MOD_MODULE_PS_IMAGESLIDER_CREATE'),
(568, 'ROLE_MOD_MODULE_PS_IMAGESLIDER_DELETE'),
(566, 'ROLE_MOD_MODULE_PS_IMAGESLIDER_READ'),
(567, 'ROLE_MOD_MODULE_PS_IMAGESLIDER_UPDATE'),
(569, 'ROLE_MOD_MODULE_PS_LANGUAGESELECTOR_CREATE'),
(572, 'ROLE_MOD_MODULE_PS_LANGUAGESELECTOR_DELETE'),
(570, 'ROLE_MOD_MODULE_PS_LANGUAGESELECTOR_READ'),
(571, 'ROLE_MOD_MODULE_PS_LANGUAGESELECTOR_UPDATE'),
(577, 'ROLE_MOD_MODULE_PS_LINKLIST_CREATE'),
(580, 'ROLE_MOD_MODULE_PS_LINKLIST_DELETE'),
(578, 'ROLE_MOD_MODULE_PS_LINKLIST_READ'),
(579, 'ROLE_MOD_MODULE_PS_LINKLIST_UPDATE'),
(581, 'ROLE_MOD_MODULE_PS_MAINMENU_CREATE'),
(584, 'ROLE_MOD_MODULE_PS_MAINMENU_DELETE'),
(582, 'ROLE_MOD_MODULE_PS_MAINMENU_READ'),
(583, 'ROLE_MOD_MODULE_PS_MAINMENU_UPDATE'),
(753, 'ROLE_MOD_MODULE_PS_MBO_CREATE'),
(756, 'ROLE_MOD_MODULE_PS_MBO_DELETE'),
(754, 'ROLE_MOD_MODULE_PS_MBO_READ'),
(755, 'ROLE_MOD_MODULE_PS_MBO_UPDATE'),
(585, 'ROLE_MOD_MODULE_PS_SEARCHBAR_CREATE'),
(588, 'ROLE_MOD_MODULE_PS_SEARCHBAR_DELETE'),
(586, 'ROLE_MOD_MODULE_PS_SEARCHBAR_READ'),
(587, 'ROLE_MOD_MODULE_PS_SEARCHBAR_UPDATE'),
(589, 'ROLE_MOD_MODULE_PS_SHAREBUTTONS_CREATE'),
(592, 'ROLE_MOD_MODULE_PS_SHAREBUTTONS_DELETE'),
(590, 'ROLE_MOD_MODULE_PS_SHAREBUTTONS_READ'),
(591, 'ROLE_MOD_MODULE_PS_SHAREBUTTONS_UPDATE'),
(593, 'ROLE_MOD_MODULE_PS_SHOPPINGCART_CREATE'),
(596, 'ROLE_MOD_MODULE_PS_SHOPPINGCART_DELETE'),
(594, 'ROLE_MOD_MODULE_PS_SHOPPINGCART_READ'),
(595, 'ROLE_MOD_MODULE_PS_SHOPPINGCART_UPDATE'),
(597, 'ROLE_MOD_MODULE_PS_SOCIALFOLLOW_CREATE'),
(600, 'ROLE_MOD_MODULE_PS_SOCIALFOLLOW_DELETE'),
(598, 'ROLE_MOD_MODULE_PS_SOCIALFOLLOW_READ'),
(599, 'ROLE_MOD_MODULE_PS_SOCIALFOLLOW_UPDATE'),
(601, 'ROLE_MOD_MODULE_PS_THEMECUSTO_CREATE'),
(604, 'ROLE_MOD_MODULE_PS_THEMECUSTO_DELETE'),
(602, 'ROLE_MOD_MODULE_PS_THEMECUSTO_READ'),
(603, 'ROLE_MOD_MODULE_PS_THEMECUSTO_UPDATE'),
(617, 'ROLE_MOD_MODULE_PS_WIREPAYMENT_CREATE'),
(620, 'ROLE_MOD_MODULE_PS_WIREPAYMENT_DELETE'),
(618, 'ROLE_MOD_MODULE_PS_WIREPAYMENT_READ'),
(619, 'ROLE_MOD_MODULE_PS_WIREPAYMENT_UPDATE'),
(625, 'ROLE_MOD_MODULE_SEKEYWORDS_CREATE'),
(628, 'ROLE_MOD_MODULE_SEKEYWORDS_DELETE'),
(626, 'ROLE_MOD_MODULE_SEKEYWORDS_READ'),
(627, 'ROLE_MOD_MODULE_SEKEYWORDS_UPDATE'),
(985, 'ROLE_MOD_MODULE_SMARTBLOGADDTHISBUTTON_CREATE'),
(988, 'ROLE_MOD_MODULE_SMARTBLOGADDTHISBUTTON_DELETE'),
(986, 'ROLE_MOD_MODULE_SMARTBLOGADDTHISBUTTON_READ'),
(987, 'ROLE_MOD_MODULE_SMARTBLOGADDTHISBUTTON_UPDATE'),
(989, 'ROLE_MOD_MODULE_SMARTBLOGHOMELATESTNEWS_CREATE'),
(992, 'ROLE_MOD_MODULE_SMARTBLOGHOMELATESTNEWS_DELETE'),
(990, 'ROLE_MOD_MODULE_SMARTBLOGHOMELATESTNEWS_READ'),
(991, 'ROLE_MOD_MODULE_SMARTBLOGHOMELATESTNEWS_UPDATE'),
(953, 'ROLE_MOD_MODULE_SMARTBLOG_CREATE'),
(956, 'ROLE_MOD_MODULE_SMARTBLOG_DELETE'),
(954, 'ROLE_MOD_MODULE_SMARTBLOG_READ'),
(955, 'ROLE_MOD_MODULE_SMARTBLOG_UPDATE'),
(629, 'ROLE_MOD_MODULE_STATSBESTCATEGORIES_CREATE'),
(632, 'ROLE_MOD_MODULE_STATSBESTCATEGORIES_DELETE'),
(630, 'ROLE_MOD_MODULE_STATSBESTCATEGORIES_READ'),
(631, 'ROLE_MOD_MODULE_STATSBESTCATEGORIES_UPDATE'),
(633, 'ROLE_MOD_MODULE_STATSBESTCUSTOMERS_CREATE'),
(636, 'ROLE_MOD_MODULE_STATSBESTCUSTOMERS_DELETE'),
(634, 'ROLE_MOD_MODULE_STATSBESTCUSTOMERS_READ'),
(635, 'ROLE_MOD_MODULE_STATSBESTCUSTOMERS_UPDATE'),
(637, 'ROLE_MOD_MODULE_STATSBESTPRODUCTS_CREATE'),
(640, 'ROLE_MOD_MODULE_STATSBESTPRODUCTS_DELETE'),
(638, 'ROLE_MOD_MODULE_STATSBESTPRODUCTS_READ'),
(639, 'ROLE_MOD_MODULE_STATSBESTPRODUCTS_UPDATE'),
(641, 'ROLE_MOD_MODULE_STATSBESTSUPPLIERS_CREATE'),
(644, 'ROLE_MOD_MODULE_STATSBESTSUPPLIERS_DELETE'),
(642, 'ROLE_MOD_MODULE_STATSBESTSUPPLIERS_READ'),
(643, 'ROLE_MOD_MODULE_STATSBESTSUPPLIERS_UPDATE'),
(645, 'ROLE_MOD_MODULE_STATSBESTVOUCHERS_CREATE'),
(648, 'ROLE_MOD_MODULE_STATSBESTVOUCHERS_DELETE'),
(646, 'ROLE_MOD_MODULE_STATSBESTVOUCHERS_READ'),
(647, 'ROLE_MOD_MODULE_STATSBESTVOUCHERS_UPDATE'),
(649, 'ROLE_MOD_MODULE_STATSCARRIER_CREATE'),
(652, 'ROLE_MOD_MODULE_STATSCARRIER_DELETE'),
(650, 'ROLE_MOD_MODULE_STATSCARRIER_READ'),
(651, 'ROLE_MOD_MODULE_STATSCARRIER_UPDATE'),
(653, 'ROLE_MOD_MODULE_STATSCATALOG_CREATE'),
(656, 'ROLE_MOD_MODULE_STATSCATALOG_DELETE'),
(654, 'ROLE_MOD_MODULE_STATSCATALOG_READ'),
(655, 'ROLE_MOD_MODULE_STATSCATALOG_UPDATE'),
(657, 'ROLE_MOD_MODULE_STATSCHECKUP_CREATE'),
(660, 'ROLE_MOD_MODULE_STATSCHECKUP_DELETE'),
(658, 'ROLE_MOD_MODULE_STATSCHECKUP_READ'),
(659, 'ROLE_MOD_MODULE_STATSCHECKUP_UPDATE'),
(661, 'ROLE_MOD_MODULE_STATSDATA_CREATE'),
(664, 'ROLE_MOD_MODULE_STATSDATA_DELETE'),
(662, 'ROLE_MOD_MODULE_STATSDATA_READ'),
(663, 'ROLE_MOD_MODULE_STATSDATA_UPDATE'),
(665, 'ROLE_MOD_MODULE_STATSEQUIPMENT_CREATE'),
(668, 'ROLE_MOD_MODULE_STATSEQUIPMENT_DELETE'),
(666, 'ROLE_MOD_MODULE_STATSEQUIPMENT_READ'),
(667, 'ROLE_MOD_MODULE_STATSEQUIPMENT_UPDATE'),
(669, 'ROLE_MOD_MODULE_STATSFORECAST_CREATE'),
(672, 'ROLE_MOD_MODULE_STATSFORECAST_DELETE'),
(670, 'ROLE_MOD_MODULE_STATSFORECAST_READ'),
(671, 'ROLE_MOD_MODULE_STATSFORECAST_UPDATE'),
(673, 'ROLE_MOD_MODULE_STATSLIVE_CREATE'),
(676, 'ROLE_MOD_MODULE_STATSLIVE_DELETE'),
(674, 'ROLE_MOD_MODULE_STATSLIVE_READ'),
(675, 'ROLE_MOD_MODULE_STATSLIVE_UPDATE'),
(677, 'ROLE_MOD_MODULE_STATSNEWSLETTER_CREATE'),
(680, 'ROLE_MOD_MODULE_STATSNEWSLETTER_DELETE'),
(678, 'ROLE_MOD_MODULE_STATSNEWSLETTER_READ'),
(679, 'ROLE_MOD_MODULE_STATSNEWSLETTER_UPDATE'),
(681, 'ROLE_MOD_MODULE_STATSORIGIN_CREATE'),
(684, 'ROLE_MOD_MODULE_STATSORIGIN_DELETE'),
(682, 'ROLE_MOD_MODULE_STATSORIGIN_READ'),
(683, 'ROLE_MOD_MODULE_STATSORIGIN_UPDATE'),
(685, 'ROLE_MOD_MODULE_STATSPERSONALINFOS_CREATE'),
(688, 'ROLE_MOD_MODULE_STATSPERSONALINFOS_DELETE'),
(686, 'ROLE_MOD_MODULE_STATSPERSONALINFOS_READ'),
(687, 'ROLE_MOD_MODULE_STATSPERSONALINFOS_UPDATE'),
(689, 'ROLE_MOD_MODULE_STATSPRODUCT_CREATE'),
(692, 'ROLE_MOD_MODULE_STATSPRODUCT_DELETE'),
(690, 'ROLE_MOD_MODULE_STATSPRODUCT_READ'),
(691, 'ROLE_MOD_MODULE_STATSPRODUCT_UPDATE'),
(693, 'ROLE_MOD_MODULE_STATSREGISTRATIONS_CREATE'),
(696, 'ROLE_MOD_MODULE_STATSREGISTRATIONS_DELETE'),
(694, 'ROLE_MOD_MODULE_STATSREGISTRATIONS_READ'),
(695, 'ROLE_MOD_MODULE_STATSREGISTRATIONS_UPDATE'),
(697, 'ROLE_MOD_MODULE_STATSSALES_CREATE'),
(700, 'ROLE_MOD_MODULE_STATSSALES_DELETE'),
(698, 'ROLE_MOD_MODULE_STATSSALES_READ'),
(699, 'ROLE_MOD_MODULE_STATSSALES_UPDATE'),
(701, 'ROLE_MOD_MODULE_STATSSEARCH_CREATE'),
(704, 'ROLE_MOD_MODULE_STATSSEARCH_DELETE'),
(702, 'ROLE_MOD_MODULE_STATSSEARCH_READ'),
(703, 'ROLE_MOD_MODULE_STATSSEARCH_UPDATE'),
(705, 'ROLE_MOD_MODULE_STATSSTOCK_CREATE'),
(708, 'ROLE_MOD_MODULE_STATSSTOCK_DELETE'),
(706, 'ROLE_MOD_MODULE_STATSSTOCK_READ'),
(707, 'ROLE_MOD_MODULE_STATSSTOCK_UPDATE'),
(709, 'ROLE_MOD_MODULE_STATSVISITS_CREATE'),
(712, 'ROLE_MOD_MODULE_STATSVISITS_DELETE'),
(710, 'ROLE_MOD_MODULE_STATSVISITS_READ'),
(711, 'ROLE_MOD_MODULE_STATSVISITS_UPDATE'),
(713, 'ROLE_MOD_MODULE_WELCOME_CREATE'),
(716, 'ROLE_MOD_MODULE_WELCOME_DELETE'),
(714, 'ROLE_MOD_MODULE_WELCOME_READ'),
(715, 'ROLE_MOD_MODULE_WELCOME_UPDATE'),
(1057, 'ROLE_MOD_MODULE_WHATSAPPCHAT_CREATE'),
(1060, 'ROLE_MOD_MODULE_WHATSAPPCHAT_DELETE'),
(1058, 'ROLE_MOD_MODULE_WHATSAPPCHAT_READ'),
(1059, 'ROLE_MOD_MODULE_WHATSAPPCHAT_UPDATE'),
(977, 'ROLE_MOD_TAB_ADMINABOUTUS_CREATE'),
(980, 'ROLE_MOD_TAB_ADMINABOUTUS_DELETE'),
(978, 'ROLE_MOD_TAB_ADMINABOUTUS_READ'),
(979, 'ROLE_MOD_TAB_ADMINABOUTUS_UPDATE'),
(1, 'ROLE_MOD_TAB_ADMINACCESS_CREATE'),
(4, 'ROLE_MOD_TAB_ADMINACCESS_DELETE'),
(2, 'ROLE_MOD_TAB_ADMINACCESS_READ'),
(3, 'ROLE_MOD_TAB_ADMINACCESS_UPDATE'),
(5, 'ROLE_MOD_TAB_ADMINADDONSCATALOG_CREATE'),
(8, 'ROLE_MOD_TAB_ADMINADDONSCATALOG_DELETE'),
(6, 'ROLE_MOD_TAB_ADMINADDONSCATALOG_READ'),
(7, 'ROLE_MOD_TAB_ADMINADDONSCATALOG_UPDATE'),
(9, 'ROLE_MOD_TAB_ADMINADDRESSES_CREATE'),
(12, 'ROLE_MOD_TAB_ADMINADDRESSES_DELETE'),
(10, 'ROLE_MOD_TAB_ADMINADDRESSES_READ'),
(11, 'ROLE_MOD_TAB_ADMINADDRESSES_UPDATE'),
(13, 'ROLE_MOD_TAB_ADMINADMINPREFERENCES_CREATE'),
(16, 'ROLE_MOD_TAB_ADMINADMINPREFERENCES_DELETE'),
(14, 'ROLE_MOD_TAB_ADMINADMINPREFERENCES_READ'),
(15, 'ROLE_MOD_TAB_ADMINADMINPREFERENCES_UPDATE'),
(17, 'ROLE_MOD_TAB_ADMINADVANCEDPARAMETERS_CREATE'),
(20, 'ROLE_MOD_TAB_ADMINADVANCEDPARAMETERS_DELETE'),
(18, 'ROLE_MOD_TAB_ADMINADVANCEDPARAMETERS_READ'),
(19, 'ROLE_MOD_TAB_ADMINADVANCEDPARAMETERS_UPDATE'),
(745, 'ROLE_MOD_TAB_ADMINAJAXPSGDPR_CREATE'),
(748, 'ROLE_MOD_TAB_ADMINAJAXPSGDPR_DELETE'),
(746, 'ROLE_MOD_TAB_ADMINAJAXPSGDPR_READ'),
(747, 'ROLE_MOD_TAB_ADMINAJAXPSGDPR_UPDATE'),
(769, 'ROLE_MOD_TAB_ADMINAJAXPS_BUYBUTTONLITE_CREATE'),
(772, 'ROLE_MOD_TAB_ADMINAJAXPS_BUYBUTTONLITE_DELETE'),
(770, 'ROLE_MOD_TAB_ADMINAJAXPS_BUYBUTTONLITE_READ'),
(771, 'ROLE_MOD_TAB_ADMINAJAXPS_BUYBUTTONLITE_UPDATE'),
(1153, 'ROLE_MOD_TAB_ADMINANPRODUCTFIELDS_CREATE'),
(1156, 'ROLE_MOD_TAB_ADMINANPRODUCTFIELDS_DELETE'),
(1154, 'ROLE_MOD_TAB_ADMINANPRODUCTFIELDS_READ'),
(1155, 'ROLE_MOD_TAB_ADMINANPRODUCTFIELDS_UPDATE'),
(21, 'ROLE_MOD_TAB_ADMINATTACHMENTS_CREATE'),
(24, 'ROLE_MOD_TAB_ADMINATTACHMENTS_DELETE'),
(22, 'ROLE_MOD_TAB_ADMINATTACHMENTS_READ'),
(23, 'ROLE_MOD_TAB_ADMINATTACHMENTS_UPDATE'),
(25, 'ROLE_MOD_TAB_ADMINATTRIBUTESGROUPS_CREATE'),
(28, 'ROLE_MOD_TAB_ADMINATTRIBUTESGROUPS_DELETE'),
(26, 'ROLE_MOD_TAB_ADMINATTRIBUTESGROUPS_READ'),
(27, 'ROLE_MOD_TAB_ADMINATTRIBUTESGROUPS_UPDATE'),
(29, 'ROLE_MOD_TAB_ADMINBACKUP_CREATE'),
(32, 'ROLE_MOD_TAB_ADMINBACKUP_DELETE'),
(30, 'ROLE_MOD_TAB_ADMINBACKUP_READ'),
(31, 'ROLE_MOD_TAB_ADMINBACKUP_UPDATE'),
(997, 'ROLE_MOD_TAB_ADMINBLOCKLISTING_CREATE'),
(1000, 'ROLE_MOD_TAB_ADMINBLOCKLISTING_DELETE'),
(998, 'ROLE_MOD_TAB_ADMINBLOCKLISTING_READ'),
(999, 'ROLE_MOD_TAB_ADMINBLOCKLISTING_UPDATE'),
(961, 'ROLE_MOD_TAB_ADMINBLOGCATEGORY_CREATE'),
(964, 'ROLE_MOD_TAB_ADMINBLOGCATEGORY_DELETE'),
(962, 'ROLE_MOD_TAB_ADMINBLOGCATEGORY_READ'),
(963, 'ROLE_MOD_TAB_ADMINBLOGCATEGORY_UPDATE'),
(965, 'ROLE_MOD_TAB_ADMINBLOGCOMMENT_CREATE'),
(968, 'ROLE_MOD_TAB_ADMINBLOGCOMMENT_DELETE'),
(966, 'ROLE_MOD_TAB_ADMINBLOGCOMMENT_READ'),
(967, 'ROLE_MOD_TAB_ADMINBLOGCOMMENT_UPDATE'),
(969, 'ROLE_MOD_TAB_ADMINBLOGPOST_CREATE'),
(972, 'ROLE_MOD_TAB_ADMINBLOGPOST_DELETE'),
(970, 'ROLE_MOD_TAB_ADMINBLOGPOST_READ'),
(971, 'ROLE_MOD_TAB_ADMINBLOGPOST_UPDATE'),
(33, 'ROLE_MOD_TAB_ADMINCARRIERS_CREATE'),
(36, 'ROLE_MOD_TAB_ADMINCARRIERS_DELETE'),
(34, 'ROLE_MOD_TAB_ADMINCARRIERS_READ'),
(35, 'ROLE_MOD_TAB_ADMINCARRIERS_UPDATE'),
(1113, 'ROLE_MOD_TAB_ADMINCARTABANDONMENT_CREATE'),
(1116, 'ROLE_MOD_TAB_ADMINCARTABANDONMENT_DELETE'),
(1114, 'ROLE_MOD_TAB_ADMINCARTABANDONMENT_READ'),
(1115, 'ROLE_MOD_TAB_ADMINCARTABANDONMENT_UPDATE'),
(37, 'ROLE_MOD_TAB_ADMINCARTRULES_CREATE'),
(40, 'ROLE_MOD_TAB_ADMINCARTRULES_DELETE'),
(38, 'ROLE_MOD_TAB_ADMINCARTRULES_READ'),
(39, 'ROLE_MOD_TAB_ADMINCARTRULES_UPDATE'),
(41, 'ROLE_MOD_TAB_ADMINCARTS_CREATE'),
(44, 'ROLE_MOD_TAB_ADMINCARTS_DELETE'),
(42, 'ROLE_MOD_TAB_ADMINCARTS_READ'),
(43, 'ROLE_MOD_TAB_ADMINCARTS_UPDATE'),
(45, 'ROLE_MOD_TAB_ADMINCATALOG_CREATE'),
(48, 'ROLE_MOD_TAB_ADMINCATALOG_DELETE'),
(46, 'ROLE_MOD_TAB_ADMINCATALOG_READ'),
(47, 'ROLE_MOD_TAB_ADMINCATALOG_UPDATE'),
(49, 'ROLE_MOD_TAB_ADMINCATEGORIES_CREATE'),
(52, 'ROLE_MOD_TAB_ADMINCATEGORIES_DELETE'),
(50, 'ROLE_MOD_TAB_ADMINCATEGORIES_READ'),
(51, 'ROLE_MOD_TAB_ADMINCATEGORIES_UPDATE'),
(53, 'ROLE_MOD_TAB_ADMINCMSCONTENT_CREATE'),
(56, 'ROLE_MOD_TAB_ADMINCMSCONTENT_DELETE'),
(54, 'ROLE_MOD_TAB_ADMINCMSCONTENT_READ'),
(55, 'ROLE_MOD_TAB_ADMINCMSCONTENT_UPDATE'),
(1105, 'ROLE_MOD_TAB_ADMINCONFIGUREFAVICONBO_CREATE'),
(1108, 'ROLE_MOD_TAB_ADMINCONFIGUREFAVICONBO_DELETE'),
(1106, 'ROLE_MOD_TAB_ADMINCONFIGUREFAVICONBO_READ'),
(1107, 'ROLE_MOD_TAB_ADMINCONFIGUREFAVICONBO_UPDATE'),
(57, 'ROLE_MOD_TAB_ADMINCONTACTS_CREATE'),
(60, 'ROLE_MOD_TAB_ADMINCONTACTS_DELETE'),
(58, 'ROLE_MOD_TAB_ADMINCONTACTS_READ'),
(59, 'ROLE_MOD_TAB_ADMINCONTACTS_UPDATE'),
(61, 'ROLE_MOD_TAB_ADMINCOUNTRIES_CREATE'),
(64, 'ROLE_MOD_TAB_ADMINCOUNTRIES_DELETE'),
(62, 'ROLE_MOD_TAB_ADMINCOUNTRIES_READ'),
(63, 'ROLE_MOD_TAB_ADMINCOUNTRIES_UPDATE'),
(65, 'ROLE_MOD_TAB_ADMINCURRENCIES_CREATE'),
(68, 'ROLE_MOD_TAB_ADMINCURRENCIES_DELETE'),
(66, 'ROLE_MOD_TAB_ADMINCURRENCIES_READ'),
(67, 'ROLE_MOD_TAB_ADMINCURRENCIES_UPDATE'),
(69, 'ROLE_MOD_TAB_ADMINCUSTOMERPREFERENCES_CREATE'),
(72, 'ROLE_MOD_TAB_ADMINCUSTOMERPREFERENCES_DELETE'),
(70, 'ROLE_MOD_TAB_ADMINCUSTOMERPREFERENCES_READ'),
(71, 'ROLE_MOD_TAB_ADMINCUSTOMERPREFERENCES_UPDATE'),
(73, 'ROLE_MOD_TAB_ADMINCUSTOMERS_CREATE'),
(76, 'ROLE_MOD_TAB_ADMINCUSTOMERS_DELETE'),
(74, 'ROLE_MOD_TAB_ADMINCUSTOMERS_READ'),
(75, 'ROLE_MOD_TAB_ADMINCUSTOMERS_UPDATE'),
(77, 'ROLE_MOD_TAB_ADMINCUSTOMERTHREADS_CREATE'),
(80, 'ROLE_MOD_TAB_ADMINCUSTOMERTHREADS_DELETE'),
(78, 'ROLE_MOD_TAB_ADMINCUSTOMERTHREADS_READ'),
(79, 'ROLE_MOD_TAB_ADMINCUSTOMERTHREADS_UPDATE'),
(81, 'ROLE_MOD_TAB_ADMINDASHBOARD_CREATE'),
(84, 'ROLE_MOD_TAB_ADMINDASHBOARD_DELETE'),
(82, 'ROLE_MOD_TAB_ADMINDASHBOARD_READ'),
(83, 'ROLE_MOD_TAB_ADMINDASHBOARD_UPDATE'),
(489, 'ROLE_MOD_TAB_ADMINDASHGOALS_CREATE'),
(492, 'ROLE_MOD_TAB_ADMINDASHGOALS_DELETE'),
(490, 'ROLE_MOD_TAB_ADMINDASHGOALS_READ'),
(491, 'ROLE_MOD_TAB_ADMINDASHGOALS_UPDATE'),
(85, 'ROLE_MOD_TAB_ADMINDELIVERYSLIP_CREATE'),
(88, 'ROLE_MOD_TAB_ADMINDELIVERYSLIP_DELETE'),
(86, 'ROLE_MOD_TAB_ADMINDELIVERYSLIP_READ'),
(87, 'ROLE_MOD_TAB_ADMINDELIVERYSLIP_UPDATE'),
(749, 'ROLE_MOD_TAB_ADMINDOWNLOADINVOICESPSGDPR_CREATE'),
(752, 'ROLE_MOD_TAB_ADMINDOWNLOADINVOICESPSGDPR_DELETE'),
(750, 'ROLE_MOD_TAB_ADMINDOWNLOADINVOICESPSGDPR_READ'),
(751, 'ROLE_MOD_TAB_ADMINDOWNLOADINVOICESPSGDPR_UPDATE'),
(89, 'ROLE_MOD_TAB_ADMINEMAILS_CREATE'),
(92, 'ROLE_MOD_TAB_ADMINEMAILS_DELETE'),
(90, 'ROLE_MOD_TAB_ADMINEMAILS_READ'),
(91, 'ROLE_MOD_TAB_ADMINEMAILS_UPDATE'),
(733, 'ROLE_MOD_TAB_ADMINEMARKETING_CREATE'),
(736, 'ROLE_MOD_TAB_ADMINEMARKETING_DELETE'),
(734, 'ROLE_MOD_TAB_ADMINEMARKETING_READ'),
(735, 'ROLE_MOD_TAB_ADMINEMARKETING_UPDATE'),
(93, 'ROLE_MOD_TAB_ADMINEMPLOYEES_CREATE'),
(96, 'ROLE_MOD_TAB_ADMINEMPLOYEES_DELETE'),
(94, 'ROLE_MOD_TAB_ADMINEMPLOYEES_READ'),
(95, 'ROLE_MOD_TAB_ADMINEMPLOYEES_UPDATE'),
(97, 'ROLE_MOD_TAB_ADMINFEATURES_CREATE'),
(100, 'ROLE_MOD_TAB_ADMINFEATURES_DELETE'),
(98, 'ROLE_MOD_TAB_ADMINFEATURES_READ'),
(99, 'ROLE_MOD_TAB_ADMINFEATURES_UPDATE'),
(801, 'ROLE_MOD_TAB_ADMINFIELDBLOCKSEARCH_CREATE'),
(804, 'ROLE_MOD_TAB_ADMINFIELDBLOCKSEARCH_DELETE'),
(802, 'ROLE_MOD_TAB_ADMINFIELDBLOCKSEARCH_READ'),
(803, 'ROLE_MOD_TAB_ADMINFIELDBLOCKSEARCH_UPDATE'),
(901, 'ROLE_MOD_TAB_ADMINFIELDBRANDSLIDER_CREATE'),
(904, 'ROLE_MOD_TAB_ADMINFIELDBRANDSLIDER_DELETE'),
(902, 'ROLE_MOD_TAB_ADMINFIELDBRANDSLIDER_READ'),
(903, 'ROLE_MOD_TAB_ADMINFIELDBRANDSLIDER_UPDATE'),
(845, 'ROLE_MOD_TAB_ADMINFIELDELEVATEZOOM_CREATE'),
(848, 'ROLE_MOD_TAB_ADMINFIELDELEVATEZOOM_DELETE'),
(846, 'ROLE_MOD_TAB_ADMINFIELDELEVATEZOOM_READ'),
(847, 'ROLE_MOD_TAB_ADMINFIELDELEVATEZOOM_UPDATE'),
(889, 'ROLE_MOD_TAB_ADMINFIELDFEATUREDPRODUCTSLIDER_CREATE'),
(892, 'ROLE_MOD_TAB_ADMINFIELDFEATUREDPRODUCTSLIDER_DELETE'),
(890, 'ROLE_MOD_TAB_ADMINFIELDFEATUREDPRODUCTSLIDER_READ'),
(891, 'ROLE_MOD_TAB_ADMINFIELDFEATUREDPRODUCTSLIDER_UPDATE'),
(1045, 'ROLE_MOD_TAB_ADMINFIELDHTMLBLOCK_CREATE'),
(1048, 'ROLE_MOD_TAB_ADMINFIELDHTMLBLOCK_DELETE'),
(1046, 'ROLE_MOD_TAB_ADMINFIELDHTMLBLOCK_READ'),
(1047, 'ROLE_MOD_TAB_ADMINFIELDHTMLBLOCK_UPDATE'),
(809, 'ROLE_MOD_TAB_ADMINFIELDMEGAMENU_CREATE'),
(812, 'ROLE_MOD_TAB_ADMINFIELDMEGAMENU_DELETE'),
(810, 'ROLE_MOD_TAB_ADMINFIELDMEGAMENU_READ'),
(811, 'ROLE_MOD_TAB_ADMINFIELDMEGAMENU_UPDATE'),
(789, 'ROLE_MOD_TAB_ADMINFIELDMENUSECOND_CREATE'),
(792, 'ROLE_MOD_TAB_ADMINFIELDMENUSECOND_DELETE'),
(790, 'ROLE_MOD_TAB_ADMINFIELDMENUSECOND_READ'),
(791, 'ROLE_MOD_TAB_ADMINFIELDMENUSECOND_UPDATE'),
(785, 'ROLE_MOD_TAB_ADMINFIELDMENU_CREATE'),
(788, 'ROLE_MOD_TAB_ADMINFIELDMENU_DELETE'),
(786, 'ROLE_MOD_TAB_ADMINFIELDMENU_READ'),
(787, 'ROLE_MOD_TAB_ADMINFIELDMENU_UPDATE'),
(925, 'ROLE_MOD_TAB_ADMINFIELDNEWPRODUCTSLIDER_CREATE'),
(928, 'ROLE_MOD_TAB_ADMINFIELDNEWPRODUCTSLIDER_DELETE'),
(926, 'ROLE_MOD_TAB_ADMINFIELDNEWPRODUCTSLIDER_READ'),
(927, 'ROLE_MOD_TAB_ADMINFIELDNEWPRODUCTSLIDER_UPDATE'),
(841, 'ROLE_MOD_TAB_ADMINFIELDPRODUCTCATES_CREATE'),
(844, 'ROLE_MOD_TAB_ADMINFIELDPRODUCTCATES_DELETE'),
(842, 'ROLE_MOD_TAB_ADMINFIELDPRODUCTCATES_READ'),
(843, 'ROLE_MOD_TAB_ADMINFIELDPRODUCTCATES_UPDATE'),
(869, 'ROLE_MOD_TAB_ADMINFIELDPRODUCTCOMMENTSCONFIGURE_CREATE'),
(872, 'ROLE_MOD_TAB_ADMINFIELDPRODUCTCOMMENTSCONFIGURE_DELETE'),
(870, 'ROLE_MOD_TAB_ADMINFIELDPRODUCTCOMMENTSCONFIGURE_READ'),
(871, 'ROLE_MOD_TAB_ADMINFIELDPRODUCTCOMMENTSCONFIGURE_UPDATE'),
(1097, 'ROLE_MOD_TAB_ADMINFIELDSIZECHART_CREATE'),
(1100, 'ROLE_MOD_TAB_ADMINFIELDSIZECHART_DELETE'),
(1098, 'ROLE_MOD_TAB_ADMINFIELDSIZECHART_READ'),
(1099, 'ROLE_MOD_TAB_ADMINFIELDSIZECHART_UPDATE'),
(817, 'ROLE_MOD_TAB_ADMINFIELDSLIDESHOW_CREATE'),
(820, 'ROLE_MOD_TAB_ADMINFIELDSLIDESHOW_DELETE'),
(818, 'ROLE_MOD_TAB_ADMINFIELDSLIDESHOW_READ'),
(819, 'ROLE_MOD_TAB_ADMINFIELDSLIDESHOW_UPDATE'),
(905, 'ROLE_MOD_TAB_ADMINFIELDSPECIALPRODUCT_CREATE'),
(908, 'ROLE_MOD_TAB_ADMINFIELDSPECIALPRODUCT_DELETE'),
(906, 'ROLE_MOD_TAB_ADMINFIELDSPECIALPRODUCT_READ'),
(907, 'ROLE_MOD_TAB_ADMINFIELDSPECIALPRODUCT_UPDATE'),
(857, 'ROLE_MOD_TAB_ADMINFIELDTESTIMONIALS_CREATE'),
(860, 'ROLE_MOD_TAB_ADMINFIELDTESTIMONIALS_DELETE'),
(858, 'ROLE_MOD_TAB_ADMINFIELDTESTIMONIALS_READ'),
(859, 'ROLE_MOD_TAB_ADMINFIELDTESTIMONIALS_UPDATE'),
(793, 'ROLE_MOD_TAB_ADMINFIELDTHEMECUSTOMIZERCONFIG_CREATE'),
(796, 'ROLE_MOD_TAB_ADMINFIELDTHEMECUSTOMIZERCONFIG_DELETE'),
(794, 'ROLE_MOD_TAB_ADMINFIELDTHEMECUSTOMIZERCONFIG_READ'),
(795, 'ROLE_MOD_TAB_ADMINFIELDTHEMECUSTOMIZERCONFIG_UPDATE'),
(917, 'ROLE_MOD_TAB_ADMINFIELDTOPSELLERS_CREATE'),
(920, 'ROLE_MOD_TAB_ADMINFIELDTOPSELLERS_DELETE'),
(918, 'ROLE_MOD_TAB_ADMINFIELDTOPSELLERS_READ'),
(919, 'ROLE_MOD_TAB_ADMINFIELDTOPSELLERS_UPDATE'),
(721, 'ROLE_MOD_TAB_ADMINGAMIFICATION_CREATE'),
(724, 'ROLE_MOD_TAB_ADMINGAMIFICATION_DELETE'),
(722, 'ROLE_MOD_TAB_ADMINGAMIFICATION_READ'),
(723, 'ROLE_MOD_TAB_ADMINGAMIFICATION_UPDATE'),
(101, 'ROLE_MOD_TAB_ADMINGENDERS_CREATE'),
(104, 'ROLE_MOD_TAB_ADMINGENDERS_DELETE'),
(102, 'ROLE_MOD_TAB_ADMINGENDERS_READ'),
(103, 'ROLE_MOD_TAB_ADMINGENDERS_UPDATE'),
(105, 'ROLE_MOD_TAB_ADMINGEOLOCATION_CREATE'),
(108, 'ROLE_MOD_TAB_ADMINGEOLOCATION_DELETE'),
(106, 'ROLE_MOD_TAB_ADMINGEOLOCATION_READ'),
(107, 'ROLE_MOD_TAB_ADMINGEOLOCATION_UPDATE'),
(109, 'ROLE_MOD_TAB_ADMINGROUPS_CREATE'),
(112, 'ROLE_MOD_TAB_ADMINGROUPS_DELETE'),
(110, 'ROLE_MOD_TAB_ADMINGROUPS_READ'),
(111, 'ROLE_MOD_TAB_ADMINGROUPS_UPDATE'),
(113, 'ROLE_MOD_TAB_ADMINIMAGES_CREATE'),
(116, 'ROLE_MOD_TAB_ADMINIMAGES_DELETE'),
(114, 'ROLE_MOD_TAB_ADMINIMAGES_READ'),
(115, 'ROLE_MOD_TAB_ADMINIMAGES_UPDATE'),
(973, 'ROLE_MOD_TAB_ADMINIMAGETYPE_CREATE'),
(976, 'ROLE_MOD_TAB_ADMINIMAGETYPE_DELETE'),
(974, 'ROLE_MOD_TAB_ADMINIMAGETYPE_READ'),
(975, 'ROLE_MOD_TAB_ADMINIMAGETYPE_UPDATE'),
(117, 'ROLE_MOD_TAB_ADMINIMPORT_CREATE'),
(120, 'ROLE_MOD_TAB_ADMINIMPORT_DELETE'),
(118, 'ROLE_MOD_TAB_ADMINIMPORT_READ'),
(119, 'ROLE_MOD_TAB_ADMINIMPORT_UPDATE'),
(121, 'ROLE_MOD_TAB_ADMININFORMATION_CREATE'),
(124, 'ROLE_MOD_TAB_ADMININFORMATION_DELETE'),
(122, 'ROLE_MOD_TAB_ADMININFORMATION_READ'),
(123, 'ROLE_MOD_TAB_ADMININFORMATION_UPDATE'),
(125, 'ROLE_MOD_TAB_ADMININTERNATIONAL_CREATE'),
(128, 'ROLE_MOD_TAB_ADMININTERNATIONAL_DELETE'),
(126, 'ROLE_MOD_TAB_ADMININTERNATIONAL_READ'),
(127, 'ROLE_MOD_TAB_ADMININTERNATIONAL_UPDATE'),
(129, 'ROLE_MOD_TAB_ADMININVOICES_CREATE'),
(132, 'ROLE_MOD_TAB_ADMININVOICES_DELETE'),
(130, 'ROLE_MOD_TAB_ADMININVOICES_READ'),
(131, 'ROLE_MOD_TAB_ADMININVOICES_UPDATE'),
(133, 'ROLE_MOD_TAB_ADMINLANGUAGES_CREATE'),
(136, 'ROLE_MOD_TAB_ADMINLANGUAGES_DELETE'),
(134, 'ROLE_MOD_TAB_ADMINLANGUAGES_READ'),
(135, 'ROLE_MOD_TAB_ADMINLANGUAGES_UPDATE'),
(137, 'ROLE_MOD_TAB_ADMINLINKWIDGET_CREATE'),
(140, 'ROLE_MOD_TAB_ADMINLINKWIDGET_DELETE'),
(138, 'ROLE_MOD_TAB_ADMINLINKWIDGET_READ'),
(139, 'ROLE_MOD_TAB_ADMINLINKWIDGET_UPDATE'),
(141, 'ROLE_MOD_TAB_ADMINLOCALIZATION_CREATE'),
(144, 'ROLE_MOD_TAB_ADMINLOCALIZATION_DELETE'),
(142, 'ROLE_MOD_TAB_ADMINLOCALIZATION_READ'),
(143, 'ROLE_MOD_TAB_ADMINLOCALIZATION_UPDATE'),
(145, 'ROLE_MOD_TAB_ADMINLOGS_CREATE'),
(148, 'ROLE_MOD_TAB_ADMINLOGS_DELETE'),
(146, 'ROLE_MOD_TAB_ADMINLOGS_READ'),
(147, 'ROLE_MOD_TAB_ADMINLOGS_UPDATE'),
(461, 'ROLE_MOD_TAB_ADMINMAILTHEME_CREATE'),
(464, 'ROLE_MOD_TAB_ADMINMAILTHEME_DELETE'),
(462, 'ROLE_MOD_TAB_ADMINMAILTHEME_READ'),
(463, 'ROLE_MOD_TAB_ADMINMAILTHEME_UPDATE'),
(149, 'ROLE_MOD_TAB_ADMINMAINTENANCE_CREATE'),
(152, 'ROLE_MOD_TAB_ADMINMAINTENANCE_DELETE'),
(150, 'ROLE_MOD_TAB_ADMINMAINTENANCE_READ'),
(151, 'ROLE_MOD_TAB_ADMINMAINTENANCE_UPDATE'),
(153, 'ROLE_MOD_TAB_ADMINMANUFACTURERS_CREATE'),
(156, 'ROLE_MOD_TAB_ADMINMANUFACTURERS_DELETE'),
(154, 'ROLE_MOD_TAB_ADMINMANUFACTURERS_READ'),
(155, 'ROLE_MOD_TAB_ADMINMANUFACTURERS_UPDATE'),
(157, 'ROLE_MOD_TAB_ADMINMETA_CREATE'),
(160, 'ROLE_MOD_TAB_ADMINMETA_DELETE'),
(158, 'ROLE_MOD_TAB_ADMINMETA_READ'),
(159, 'ROLE_MOD_TAB_ADMINMETA_UPDATE'),
(469, 'ROLE_MOD_TAB_ADMINMODULESCATALOG_CREATE'),
(472, 'ROLE_MOD_TAB_ADMINMODULESCATALOG_DELETE'),
(470, 'ROLE_MOD_TAB_ADMINMODULESCATALOG_READ'),
(471, 'ROLE_MOD_TAB_ADMINMODULESCATALOG_UPDATE'),
(465, 'ROLE_MOD_TAB_ADMINMODULESMANAGE_CREATE'),
(468, 'ROLE_MOD_TAB_ADMINMODULESMANAGE_DELETE'),
(466, 'ROLE_MOD_TAB_ADMINMODULESMANAGE_READ'),
(467, 'ROLE_MOD_TAB_ADMINMODULESMANAGE_UPDATE'),
(173, 'ROLE_MOD_TAB_ADMINMODULESNOTIFICATIONS_CREATE'),
(176, 'ROLE_MOD_TAB_ADMINMODULESNOTIFICATIONS_DELETE'),
(174, 'ROLE_MOD_TAB_ADMINMODULESNOTIFICATIONS_READ'),
(175, 'ROLE_MOD_TAB_ADMINMODULESNOTIFICATIONS_UPDATE'),
(165, 'ROLE_MOD_TAB_ADMINMODULESPOSITIONS_CREATE'),
(168, 'ROLE_MOD_TAB_ADMINMODULESPOSITIONS_DELETE'),
(166, 'ROLE_MOD_TAB_ADMINMODULESPOSITIONS_READ'),
(167, 'ROLE_MOD_TAB_ADMINMODULESPOSITIONS_UPDATE'),
(177, 'ROLE_MOD_TAB_ADMINMODULESSF_CREATE'),
(180, 'ROLE_MOD_TAB_ADMINMODULESSF_DELETE'),
(178, 'ROLE_MOD_TAB_ADMINMODULESSF_READ'),
(179, 'ROLE_MOD_TAB_ADMINMODULESSF_UPDATE'),
(169, 'ROLE_MOD_TAB_ADMINMODULESUPDATES_CREATE'),
(172, 'ROLE_MOD_TAB_ADMINMODULESUPDATES_DELETE'),
(170, 'ROLE_MOD_TAB_ADMINMODULESUPDATES_READ'),
(171, 'ROLE_MOD_TAB_ADMINMODULESUPDATES_UPDATE'),
(161, 'ROLE_MOD_TAB_ADMINMODULES_CREATE'),
(164, 'ROLE_MOD_TAB_ADMINMODULES_DELETE'),
(162, 'ROLE_MOD_TAB_ADMINMODULES_READ'),
(163, 'ROLE_MOD_TAB_ADMINMODULES_UPDATE'),
(181, 'ROLE_MOD_TAB_ADMINORDERMESSAGE_CREATE'),
(184, 'ROLE_MOD_TAB_ADMINORDERMESSAGE_DELETE'),
(182, 'ROLE_MOD_TAB_ADMINORDERMESSAGE_READ'),
(183, 'ROLE_MOD_TAB_ADMINORDERMESSAGE_UPDATE'),
(185, 'ROLE_MOD_TAB_ADMINORDERPREFERENCES_CREATE'),
(188, 'ROLE_MOD_TAB_ADMINORDERPREFERENCES_DELETE'),
(186, 'ROLE_MOD_TAB_ADMINORDERPREFERENCES_READ'),
(187, 'ROLE_MOD_TAB_ADMINORDERPREFERENCES_UPDATE'),
(189, 'ROLE_MOD_TAB_ADMINORDERS_CREATE'),
(192, 'ROLE_MOD_TAB_ADMINORDERS_DELETE'),
(190, 'ROLE_MOD_TAB_ADMINORDERS_READ'),
(191, 'ROLE_MOD_TAB_ADMINORDERS_UPDATE'),
(193, 'ROLE_MOD_TAB_ADMINOUTSTANDING_CREATE'),
(196, 'ROLE_MOD_TAB_ADMINOUTSTANDING_DELETE'),
(194, 'ROLE_MOD_TAB_ADMINOUTSTANDING_READ'),
(195, 'ROLE_MOD_TAB_ADMINOUTSTANDING_UPDATE'),
(197, 'ROLE_MOD_TAB_ADMINPARENTATTRIBUTESGROUPS_CREATE'),
(200, 'ROLE_MOD_TAB_ADMINPARENTATTRIBUTESGROUPS_DELETE'),
(198, 'ROLE_MOD_TAB_ADMINPARENTATTRIBUTESGROUPS_READ'),
(199, 'ROLE_MOD_TAB_ADMINPARENTATTRIBUTESGROUPS_UPDATE'),
(201, 'ROLE_MOD_TAB_ADMINPARENTCARTRULES_CREATE'),
(204, 'ROLE_MOD_TAB_ADMINPARENTCARTRULES_DELETE'),
(202, 'ROLE_MOD_TAB_ADMINPARENTCARTRULES_READ'),
(203, 'ROLE_MOD_TAB_ADMINPARENTCARTRULES_UPDATE'),
(205, 'ROLE_MOD_TAB_ADMINPARENTCOUNTRIES_CREATE'),
(208, 'ROLE_MOD_TAB_ADMINPARENTCOUNTRIES_DELETE'),
(206, 'ROLE_MOD_TAB_ADMINPARENTCOUNTRIES_READ'),
(207, 'ROLE_MOD_TAB_ADMINPARENTCOUNTRIES_UPDATE'),
(213, 'ROLE_MOD_TAB_ADMINPARENTCUSTOMERPREFERENCES_CREATE'),
(216, 'ROLE_MOD_TAB_ADMINPARENTCUSTOMERPREFERENCES_DELETE'),
(214, 'ROLE_MOD_TAB_ADMINPARENTCUSTOMERPREFERENCES_READ'),
(215, 'ROLE_MOD_TAB_ADMINPARENTCUSTOMERPREFERENCES_UPDATE'),
(217, 'ROLE_MOD_TAB_ADMINPARENTCUSTOMERTHREADS_CREATE'),
(220, 'ROLE_MOD_TAB_ADMINPARENTCUSTOMERTHREADS_DELETE'),
(218, 'ROLE_MOD_TAB_ADMINPARENTCUSTOMERTHREADS_READ'),
(219, 'ROLE_MOD_TAB_ADMINPARENTCUSTOMERTHREADS_UPDATE'),
(209, 'ROLE_MOD_TAB_ADMINPARENTCUSTOMER_CREATE'),
(212, 'ROLE_MOD_TAB_ADMINPARENTCUSTOMER_DELETE'),
(210, 'ROLE_MOD_TAB_ADMINPARENTCUSTOMER_READ'),
(211, 'ROLE_MOD_TAB_ADMINPARENTCUSTOMER_UPDATE'),
(221, 'ROLE_MOD_TAB_ADMINPARENTEMPLOYEES_CREATE'),
(224, 'ROLE_MOD_TAB_ADMINPARENTEMPLOYEES_DELETE'),
(222, 'ROLE_MOD_TAB_ADMINPARENTEMPLOYEES_READ'),
(223, 'ROLE_MOD_TAB_ADMINPARENTEMPLOYEES_UPDATE'),
(225, 'ROLE_MOD_TAB_ADMINPARENTLOCALIZATION_CREATE'),
(228, 'ROLE_MOD_TAB_ADMINPARENTLOCALIZATION_DELETE'),
(226, 'ROLE_MOD_TAB_ADMINPARENTLOCALIZATION_READ'),
(227, 'ROLE_MOD_TAB_ADMINPARENTLOCALIZATION_UPDATE'),
(1009, 'ROLE_MOD_TAB_ADMINPARENTMAILTHEME_CREATE'),
(1012, 'ROLE_MOD_TAB_ADMINPARENTMAILTHEME_DELETE'),
(1010, 'ROLE_MOD_TAB_ADMINPARENTMAILTHEME_READ'),
(1011, 'ROLE_MOD_TAB_ADMINPARENTMAILTHEME_UPDATE'),
(229, 'ROLE_MOD_TAB_ADMINPARENTMANUFACTURERS_CREATE'),
(232, 'ROLE_MOD_TAB_ADMINPARENTMANUFACTURERS_DELETE'),
(230, 'ROLE_MOD_TAB_ADMINPARENTMANUFACTURERS_READ'),
(231, 'ROLE_MOD_TAB_ADMINPARENTMANUFACTURERS_UPDATE'),
(237, 'ROLE_MOD_TAB_ADMINPARENTMETA_CREATE'),
(240, 'ROLE_MOD_TAB_ADMINPARENTMETA_DELETE'),
(238, 'ROLE_MOD_TAB_ADMINPARENTMETA_READ'),
(239, 'ROLE_MOD_TAB_ADMINPARENTMETA_UPDATE'),
(473, 'ROLE_MOD_TAB_ADMINPARENTMODULESCATALOG_CREATE'),
(476, 'ROLE_MOD_TAB_ADMINPARENTMODULESCATALOG_DELETE'),
(474, 'ROLE_MOD_TAB_ADMINPARENTMODULESCATALOG_READ'),
(475, 'ROLE_MOD_TAB_ADMINPARENTMODULESCATALOG_UPDATE'),
(233, 'ROLE_MOD_TAB_ADMINPARENTMODULESSF_CREATE'),
(236, 'ROLE_MOD_TAB_ADMINPARENTMODULESSF_DELETE'),
(234, 'ROLE_MOD_TAB_ADMINPARENTMODULESSF_READ'),
(235, 'ROLE_MOD_TAB_ADMINPARENTMODULESSF_UPDATE'),
(241, 'ROLE_MOD_TAB_ADMINPARENTMODULES_CREATE'),
(244, 'ROLE_MOD_TAB_ADMINPARENTMODULES_DELETE'),
(242, 'ROLE_MOD_TAB_ADMINPARENTMODULES_READ'),
(243, 'ROLE_MOD_TAB_ADMINPARENTMODULES_UPDATE'),
(245, 'ROLE_MOD_TAB_ADMINPARENTORDERPREFERENCES_CREATE'),
(248, 'ROLE_MOD_TAB_ADMINPARENTORDERPREFERENCES_DELETE'),
(246, 'ROLE_MOD_TAB_ADMINPARENTORDERPREFERENCES_READ'),
(247, 'ROLE_MOD_TAB_ADMINPARENTORDERPREFERENCES_UPDATE'),
(249, 'ROLE_MOD_TAB_ADMINPARENTORDERS_CREATE'),
(252, 'ROLE_MOD_TAB_ADMINPARENTORDERS_DELETE'),
(250, 'ROLE_MOD_TAB_ADMINPARENTORDERS_READ'),
(251, 'ROLE_MOD_TAB_ADMINPARENTORDERS_UPDATE'),
(253, 'ROLE_MOD_TAB_ADMINPARENTPAYMENT_CREATE'),
(256, 'ROLE_MOD_TAB_ADMINPARENTPAYMENT_DELETE'),
(254, 'ROLE_MOD_TAB_ADMINPARENTPAYMENT_READ'),
(255, 'ROLE_MOD_TAB_ADMINPARENTPAYMENT_UPDATE'),
(257, 'ROLE_MOD_TAB_ADMINPARENTPREFERENCES_CREATE'),
(260, 'ROLE_MOD_TAB_ADMINPARENTPREFERENCES_DELETE'),
(258, 'ROLE_MOD_TAB_ADMINPARENTPREFERENCES_READ'),
(259, 'ROLE_MOD_TAB_ADMINPARENTPREFERENCES_UPDATE'),
(261, 'ROLE_MOD_TAB_ADMINPARENTREQUESTSQL_CREATE'),
(264, 'ROLE_MOD_TAB_ADMINPARENTREQUESTSQL_DELETE'),
(262, 'ROLE_MOD_TAB_ADMINPARENTREQUESTSQL_READ'),
(263, 'ROLE_MOD_TAB_ADMINPARENTREQUESTSQL_UPDATE'),
(265, 'ROLE_MOD_TAB_ADMINPARENTSEARCHCONF_CREATE'),
(268, 'ROLE_MOD_TAB_ADMINPARENTSEARCHCONF_DELETE'),
(266, 'ROLE_MOD_TAB_ADMINPARENTSEARCHCONF_READ'),
(267, 'ROLE_MOD_TAB_ADMINPARENTSEARCHCONF_UPDATE'),
(269, 'ROLE_MOD_TAB_ADMINPARENTSHIPPING_CREATE'),
(272, 'ROLE_MOD_TAB_ADMINPARENTSHIPPING_DELETE'),
(270, 'ROLE_MOD_TAB_ADMINPARENTSHIPPING_READ'),
(271, 'ROLE_MOD_TAB_ADMINPARENTSHIPPING_UPDATE'),
(273, 'ROLE_MOD_TAB_ADMINPARENTSTOCKMANAGEMENT_CREATE'),
(276, 'ROLE_MOD_TAB_ADMINPARENTSTOCKMANAGEMENT_DELETE'),
(274, 'ROLE_MOD_TAB_ADMINPARENTSTOCKMANAGEMENT_READ'),
(275, 'ROLE_MOD_TAB_ADMINPARENTSTOCKMANAGEMENT_UPDATE'),
(277, 'ROLE_MOD_TAB_ADMINPARENTSTORES_CREATE'),
(280, 'ROLE_MOD_TAB_ADMINPARENTSTORES_DELETE'),
(278, 'ROLE_MOD_TAB_ADMINPARENTSTORES_READ'),
(279, 'ROLE_MOD_TAB_ADMINPARENTSTORES_UPDATE'),
(281, 'ROLE_MOD_TAB_ADMINPARENTTAXES_CREATE'),
(284, 'ROLE_MOD_TAB_ADMINPARENTTAXES_DELETE'),
(282, 'ROLE_MOD_TAB_ADMINPARENTTAXES_READ'),
(283, 'ROLE_MOD_TAB_ADMINPARENTTAXES_UPDATE'),
(285, 'ROLE_MOD_TAB_ADMINPARENTTHEMES_CREATE'),
(288, 'ROLE_MOD_TAB_ADMINPARENTTHEMES_DELETE'),
(286, 'ROLE_MOD_TAB_ADMINPARENTTHEMES_READ'),
(287, 'ROLE_MOD_TAB_ADMINPARENTTHEMES_UPDATE'),
(293, 'ROLE_MOD_TAB_ADMINPAYMENTPREFERENCES_CREATE'),
(296, 'ROLE_MOD_TAB_ADMINPAYMENTPREFERENCES_DELETE'),
(294, 'ROLE_MOD_TAB_ADMINPAYMENTPREFERENCES_READ'),
(295, 'ROLE_MOD_TAB_ADMINPAYMENTPREFERENCES_UPDATE'),
(289, 'ROLE_MOD_TAB_ADMINPAYMENT_CREATE'),
(292, 'ROLE_MOD_TAB_ADMINPAYMENT_DELETE'),
(290, 'ROLE_MOD_TAB_ADMINPAYMENT_READ'),
(291, 'ROLE_MOD_TAB_ADMINPAYMENT_UPDATE'),
(297, 'ROLE_MOD_TAB_ADMINPERFORMANCE_CREATE'),
(300, 'ROLE_MOD_TAB_ADMINPERFORMANCE_DELETE'),
(298, 'ROLE_MOD_TAB_ADMINPERFORMANCE_READ'),
(299, 'ROLE_MOD_TAB_ADMINPERFORMANCE_UPDATE'),
(821, 'ROLE_MOD_TAB_ADMINPOPUPNEWSLETTER_CREATE'),
(824, 'ROLE_MOD_TAB_ADMINPOPUPNEWSLETTER_DELETE'),
(822, 'ROLE_MOD_TAB_ADMINPOPUPNEWSLETTER_READ'),
(823, 'ROLE_MOD_TAB_ADMINPOPUPNEWSLETTER_UPDATE'),
(301, 'ROLE_MOD_TAB_ADMINPPREFERENCES_CREATE'),
(304, 'ROLE_MOD_TAB_ADMINPPREFERENCES_DELETE'),
(302, 'ROLE_MOD_TAB_ADMINPPREFERENCES_READ'),
(303, 'ROLE_MOD_TAB_ADMINPPREFERENCES_UPDATE'),
(305, 'ROLE_MOD_TAB_ADMINPREFERENCES_CREATE'),
(308, 'ROLE_MOD_TAB_ADMINPREFERENCES_DELETE'),
(306, 'ROLE_MOD_TAB_ADMINPREFERENCES_READ'),
(307, 'ROLE_MOD_TAB_ADMINPREFERENCES_UPDATE'),
(309, 'ROLE_MOD_TAB_ADMINPRODUCTS_CREATE'),
(312, 'ROLE_MOD_TAB_ADMINPRODUCTS_DELETE'),
(310, 'ROLE_MOD_TAB_ADMINPRODUCTS_READ'),
(311, 'ROLE_MOD_TAB_ADMINPRODUCTS_UPDATE'),
(313, 'ROLE_MOD_TAB_ADMINPROFILES_CREATE'),
(316, 'ROLE_MOD_TAB_ADMINPROFILES_DELETE'),
(314, 'ROLE_MOD_TAB_ADMINPROFILES_READ'),
(315, 'ROLE_MOD_TAB_ADMINPROFILES_UPDATE'),
(1089, 'ROLE_MOD_TAB_ADMINPSMBOADDONS_CREATE'),
(1092, 'ROLE_MOD_TAB_ADMINPSMBOADDONS_DELETE'),
(1090, 'ROLE_MOD_TAB_ADMINPSMBOADDONS_READ'),
(1091, 'ROLE_MOD_TAB_ADMINPSMBOADDONS_UPDATE'),
(757, 'ROLE_MOD_TAB_ADMINPSMBOMODULE_CREATE'),
(760, 'ROLE_MOD_TAB_ADMINPSMBOMODULE_DELETE'),
(758, 'ROLE_MOD_TAB_ADMINPSMBOMODULE_READ'),
(759, 'ROLE_MOD_TAB_ADMINPSMBOMODULE_UPDATE'),
(1093, 'ROLE_MOD_TAB_ADMINPSMBORECOMMENDED_CREATE'),
(1096, 'ROLE_MOD_TAB_ADMINPSMBORECOMMENDED_DELETE'),
(1094, 'ROLE_MOD_TAB_ADMINPSMBORECOMMENDED_READ'),
(1095, 'ROLE_MOD_TAB_ADMINPSMBORECOMMENDED_UPDATE'),
(761, 'ROLE_MOD_TAB_ADMINPSMBOTHEME_CREATE'),
(764, 'ROLE_MOD_TAB_ADMINPSMBOTHEME_DELETE'),
(762, 'ROLE_MOD_TAB_ADMINPSMBOTHEME_READ'),
(763, 'ROLE_MOD_TAB_ADMINPSMBOTHEME_UPDATE'),
(1025, 'ROLE_MOD_TAB_ADMINPSTHEMECUSTOADVANCED_CREATE'),
(1028, 'ROLE_MOD_TAB_ADMINPSTHEMECUSTOADVANCED_DELETE'),
(1026, 'ROLE_MOD_TAB_ADMINPSTHEMECUSTOADVANCED_READ'),
(1027, 'ROLE_MOD_TAB_ADMINPSTHEMECUSTOADVANCED_UPDATE'),
(1021, 'ROLE_MOD_TAB_ADMINPSTHEMECUSTOCONFIGURATION_CREATE'),
(1024, 'ROLE_MOD_TAB_ADMINPSTHEMECUSTOCONFIGURATION_DELETE'),
(1022, 'ROLE_MOD_TAB_ADMINPSTHEMECUSTOCONFIGURATION_READ'),
(1023, 'ROLE_MOD_TAB_ADMINPSTHEMECUSTOCONFIGURATION_UPDATE'),
(317, 'ROLE_MOD_TAB_ADMINREFERRERS_CREATE'),
(320, 'ROLE_MOD_TAB_ADMINREFERRERS_DELETE'),
(318, 'ROLE_MOD_TAB_ADMINREFERRERS_READ'),
(319, 'ROLE_MOD_TAB_ADMINREFERRERS_UPDATE'),
(321, 'ROLE_MOD_TAB_ADMINREQUESTSQL_CREATE'),
(324, 'ROLE_MOD_TAB_ADMINREQUESTSQL_DELETE'),
(322, 'ROLE_MOD_TAB_ADMINREQUESTSQL_READ'),
(323, 'ROLE_MOD_TAB_ADMINREQUESTSQL_UPDATE'),
(325, 'ROLE_MOD_TAB_ADMINRETURN_CREATE'),
(328, 'ROLE_MOD_TAB_ADMINRETURN_DELETE'),
(326, 'ROLE_MOD_TAB_ADMINRETURN_READ'),
(327, 'ROLE_MOD_TAB_ADMINRETURN_UPDATE'),
(329, 'ROLE_MOD_TAB_ADMINSEARCHCONF_CREATE'),
(332, 'ROLE_MOD_TAB_ADMINSEARCHCONF_DELETE'),
(330, 'ROLE_MOD_TAB_ADMINSEARCHCONF_READ'),
(331, 'ROLE_MOD_TAB_ADMINSEARCHCONF_UPDATE'),
(333, 'ROLE_MOD_TAB_ADMINSEARCHENGINES_CREATE'),
(336, 'ROLE_MOD_TAB_ADMINSEARCHENGINES_DELETE'),
(334, 'ROLE_MOD_TAB_ADMINSEARCHENGINES_READ'),
(335, 'ROLE_MOD_TAB_ADMINSEARCHENGINES_UPDATE'),
(337, 'ROLE_MOD_TAB_ADMINSHIPPING_CREATE'),
(340, 'ROLE_MOD_TAB_ADMINSHIPPING_DELETE'),
(338, 'ROLE_MOD_TAB_ADMINSHIPPING_READ'),
(339, 'ROLE_MOD_TAB_ADMINSHIPPING_UPDATE'),
(341, 'ROLE_MOD_TAB_ADMINSHOPGROUP_CREATE'),
(344, 'ROLE_MOD_TAB_ADMINSHOPGROUP_DELETE'),
(342, 'ROLE_MOD_TAB_ADMINSHOPGROUP_READ'),
(343, 'ROLE_MOD_TAB_ADMINSHOPGROUP_UPDATE'),
(345, 'ROLE_MOD_TAB_ADMINSHOPURL_CREATE'),
(348, 'ROLE_MOD_TAB_ADMINSHOPURL_DELETE'),
(346, 'ROLE_MOD_TAB_ADMINSHOPURL_READ'),
(347, 'ROLE_MOD_TAB_ADMINSHOPURL_UPDATE'),
(349, 'ROLE_MOD_TAB_ADMINSLIP_CREATE'),
(352, 'ROLE_MOD_TAB_ADMINSLIP_DELETE'),
(350, 'ROLE_MOD_TAB_ADMINSLIP_READ'),
(351, 'ROLE_MOD_TAB_ADMINSLIP_UPDATE'),
(981, 'ROLE_MOD_TAB_ADMINSMARTBLOGAJAX_CREATE'),
(984, 'ROLE_MOD_TAB_ADMINSMARTBLOGAJAX_DELETE'),
(982, 'ROLE_MOD_TAB_ADMINSMARTBLOGAJAX_READ'),
(983, 'ROLE_MOD_TAB_ADMINSMARTBLOGAJAX_UPDATE'),
(957, 'ROLE_MOD_TAB_ADMINSMARTBLOG_CREATE'),
(960, 'ROLE_MOD_TAB_ADMINSMARTBLOG_DELETE'),
(958, 'ROLE_MOD_TAB_ADMINSMARTBLOG_READ'),
(959, 'ROLE_MOD_TAB_ADMINSMARTBLOG_UPDATE'),
(353, 'ROLE_MOD_TAB_ADMINSPECIFICPRICERULE_CREATE'),
(356, 'ROLE_MOD_TAB_ADMINSPECIFICPRICERULE_DELETE'),
(354, 'ROLE_MOD_TAB_ADMINSPECIFICPRICERULE_READ'),
(355, 'ROLE_MOD_TAB_ADMINSPECIFICPRICERULE_UPDATE'),
(357, 'ROLE_MOD_TAB_ADMINSTATES_CREATE'),
(360, 'ROLE_MOD_TAB_ADMINSTATES_DELETE'),
(358, 'ROLE_MOD_TAB_ADMINSTATES_READ'),
(359, 'ROLE_MOD_TAB_ADMINSTATES_UPDATE'),
(361, 'ROLE_MOD_TAB_ADMINSTATS_CREATE'),
(364, 'ROLE_MOD_TAB_ADMINSTATS_DELETE'),
(362, 'ROLE_MOD_TAB_ADMINSTATS_READ'),
(363, 'ROLE_MOD_TAB_ADMINSTATS_UPDATE'),
(365, 'ROLE_MOD_TAB_ADMINSTATUSES_CREATE'),
(368, 'ROLE_MOD_TAB_ADMINSTATUSES_DELETE'),
(366, 'ROLE_MOD_TAB_ADMINSTATUSES_READ'),
(367, 'ROLE_MOD_TAB_ADMINSTATUSES_UPDATE'),
(373, 'ROLE_MOD_TAB_ADMINSTOCKCONFIGURATION_CREATE'),
(376, 'ROLE_MOD_TAB_ADMINSTOCKCONFIGURATION_DELETE'),
(374, 'ROLE_MOD_TAB_ADMINSTOCKCONFIGURATION_READ'),
(375, 'ROLE_MOD_TAB_ADMINSTOCKCONFIGURATION_UPDATE'),
(377, 'ROLE_MOD_TAB_ADMINSTOCKCOVER_CREATE'),
(380, 'ROLE_MOD_TAB_ADMINSTOCKCOVER_DELETE'),
(378, 'ROLE_MOD_TAB_ADMINSTOCKCOVER_READ'),
(379, 'ROLE_MOD_TAB_ADMINSTOCKCOVER_UPDATE'),
(381, 'ROLE_MOD_TAB_ADMINSTOCKINSTANTSTATE_CREATE'),
(384, 'ROLE_MOD_TAB_ADMINSTOCKINSTANTSTATE_DELETE'),
(382, 'ROLE_MOD_TAB_ADMINSTOCKINSTANTSTATE_READ'),
(383, 'ROLE_MOD_TAB_ADMINSTOCKINSTANTSTATE_UPDATE'),
(385, 'ROLE_MOD_TAB_ADMINSTOCKMANAGEMENT_CREATE'),
(388, 'ROLE_MOD_TAB_ADMINSTOCKMANAGEMENT_DELETE'),
(386, 'ROLE_MOD_TAB_ADMINSTOCKMANAGEMENT_READ'),
(387, 'ROLE_MOD_TAB_ADMINSTOCKMANAGEMENT_UPDATE'),
(389, 'ROLE_MOD_TAB_ADMINSTOCKMVT_CREATE'),
(392, 'ROLE_MOD_TAB_ADMINSTOCKMVT_DELETE'),
(390, 'ROLE_MOD_TAB_ADMINSTOCKMVT_READ'),
(391, 'ROLE_MOD_TAB_ADMINSTOCKMVT_UPDATE'),
(369, 'ROLE_MOD_TAB_ADMINSTOCK_CREATE'),
(372, 'ROLE_MOD_TAB_ADMINSTOCK_DELETE'),
(370, 'ROLE_MOD_TAB_ADMINSTOCK_READ'),
(371, 'ROLE_MOD_TAB_ADMINSTOCK_UPDATE'),
(393, 'ROLE_MOD_TAB_ADMINSTORES_CREATE'),
(396, 'ROLE_MOD_TAB_ADMINSTORES_DELETE'),
(394, 'ROLE_MOD_TAB_ADMINSTORES_READ'),
(395, 'ROLE_MOD_TAB_ADMINSTORES_UPDATE'),
(397, 'ROLE_MOD_TAB_ADMINSUPPLIERS_CREATE'),
(400, 'ROLE_MOD_TAB_ADMINSUPPLIERS_DELETE'),
(398, 'ROLE_MOD_TAB_ADMINSUPPLIERS_READ'),
(399, 'ROLE_MOD_TAB_ADMINSUPPLIERS_UPDATE'),
(401, 'ROLE_MOD_TAB_ADMINSUPPLYORDERS_CREATE'),
(404, 'ROLE_MOD_TAB_ADMINSUPPLYORDERS_DELETE'),
(402, 'ROLE_MOD_TAB_ADMINSUPPLYORDERS_READ'),
(403, 'ROLE_MOD_TAB_ADMINSUPPLYORDERS_UPDATE'),
(405, 'ROLE_MOD_TAB_ADMINTAGS_CREATE'),
(408, 'ROLE_MOD_TAB_ADMINTAGS_DELETE'),
(406, 'ROLE_MOD_TAB_ADMINTAGS_READ'),
(407, 'ROLE_MOD_TAB_ADMINTAGS_UPDATE'),
(409, 'ROLE_MOD_TAB_ADMINTAXES_CREATE'),
(412, 'ROLE_MOD_TAB_ADMINTAXES_DELETE'),
(410, 'ROLE_MOD_TAB_ADMINTAXES_READ'),
(411, 'ROLE_MOD_TAB_ADMINTAXES_UPDATE'),
(413, 'ROLE_MOD_TAB_ADMINTAXRULESGROUP_CREATE'),
(416, 'ROLE_MOD_TAB_ADMINTAXRULESGROUP_DELETE'),
(414, 'ROLE_MOD_TAB_ADMINTAXRULESGROUP_READ'),
(415, 'ROLE_MOD_TAB_ADMINTAXRULESGROUP_UPDATE'),
(421, 'ROLE_MOD_TAB_ADMINTHEMESCATALOG_CREATE'),
(424, 'ROLE_MOD_TAB_ADMINTHEMESCATALOG_DELETE'),
(422, 'ROLE_MOD_TAB_ADMINTHEMESCATALOG_READ'),
(423, 'ROLE_MOD_TAB_ADMINTHEMESCATALOG_UPDATE'),
(1017, 'ROLE_MOD_TAB_ADMINTHEMESPARENT_CREATE'),
(1020, 'ROLE_MOD_TAB_ADMINTHEMESPARENT_DELETE'),
(1018, 'ROLE_MOD_TAB_ADMINTHEMESPARENT_READ'),
(1019, 'ROLE_MOD_TAB_ADMINTHEMESPARENT_UPDATE'),
(417, 'ROLE_MOD_TAB_ADMINTHEMES_CREATE'),
(420, 'ROLE_MOD_TAB_ADMINTHEMES_DELETE'),
(418, 'ROLE_MOD_TAB_ADMINTHEMES_READ'),
(419, 'ROLE_MOD_TAB_ADMINTHEMES_UPDATE'),
(425, 'ROLE_MOD_TAB_ADMINTRACKING_CREATE'),
(428, 'ROLE_MOD_TAB_ADMINTRACKING_DELETE'),
(426, 'ROLE_MOD_TAB_ADMINTRACKING_READ'),
(427, 'ROLE_MOD_TAB_ADMINTRACKING_UPDATE'),
(429, 'ROLE_MOD_TAB_ADMINTRANSLATIONS_CREATE'),
(432, 'ROLE_MOD_TAB_ADMINTRANSLATIONS_DELETE'),
(430, 'ROLE_MOD_TAB_ADMINTRANSLATIONS_READ'),
(431, 'ROLE_MOD_TAB_ADMINTRANSLATIONS_UPDATE'),
(433, 'ROLE_MOD_TAB_ADMINWAREHOUSES_CREATE'),
(436, 'ROLE_MOD_TAB_ADMINWAREHOUSES_DELETE'),
(434, 'ROLE_MOD_TAB_ADMINWAREHOUSES_READ'),
(435, 'ROLE_MOD_TAB_ADMINWAREHOUSES_UPDATE'),
(437, 'ROLE_MOD_TAB_ADMINWEBSERVICE_CREATE'),
(440, 'ROLE_MOD_TAB_ADMINWEBSERVICE_DELETE'),
(438, 'ROLE_MOD_TAB_ADMINWEBSERVICE_READ'),
(439, 'ROLE_MOD_TAB_ADMINWEBSERVICE_UPDATE'),
(717, 'ROLE_MOD_TAB_ADMINWELCOME_CREATE'),
(720, 'ROLE_MOD_TAB_ADMINWELCOME_DELETE'),
(718, 'ROLE_MOD_TAB_ADMINWELCOME_READ'),
(719, 'ROLE_MOD_TAB_ADMINWELCOME_UPDATE'),
(1065, 'ROLE_MOD_TAB_ADMINWHATSAPPCHATAGENT_CREATE'),
(1068, 'ROLE_MOD_TAB_ADMINWHATSAPPCHATAGENT_DELETE'),
(1066, 'ROLE_MOD_TAB_ADMINWHATSAPPCHATAGENT_READ'),
(1067, 'ROLE_MOD_TAB_ADMINWHATSAPPCHATAGENT_UPDATE'),
(1061, 'ROLE_MOD_TAB_ADMINWHATSAPPCHAT_CREATE'),
(1064, 'ROLE_MOD_TAB_ADMINWHATSAPPCHAT_DELETE'),
(1062, 'ROLE_MOD_TAB_ADMINWHATSAPPCHAT_READ'),
(1063, 'ROLE_MOD_TAB_ADMINWHATSAPPCHAT_UPDATE'),
(441, 'ROLE_MOD_TAB_ADMINZONES_CREATE'),
(444, 'ROLE_MOD_TAB_ADMINZONES_DELETE'),
(442, 'ROLE_MOD_TAB_ADMINZONES_READ'),
(443, 'ROLE_MOD_TAB_ADMINZONES_UPDATE'),
(445, 'ROLE_MOD_TAB_CONFIGURE_CREATE'),
(448, 'ROLE_MOD_TAB_CONFIGURE_DELETE'),
(446, 'ROLE_MOD_TAB_CONFIGURE_READ'),
(447, 'ROLE_MOD_TAB_CONFIGURE_UPDATE'),
(449, 'ROLE_MOD_TAB_IMPROVE_CREATE'),
(452, 'ROLE_MOD_TAB_IMPROVE_DELETE'),
(450, 'ROLE_MOD_TAB_IMPROVE_READ'),
(451, 'ROLE_MOD_TAB_IMPROVE_UPDATE'),
(453, 'ROLE_MOD_TAB_SELL_CREATE'),
(456, 'ROLE_MOD_TAB_SELL_DELETE'),
(454, 'ROLE_MOD_TAB_SELL_READ'),
(455, 'ROLE_MOD_TAB_SELL_UPDATE'),
(457, 'ROLE_MOD_TAB_SHOPPARAMETERS_CREATE'),
(460, 'ROLE_MOD_TAB_SHOPPARAMETERS_DELETE'),
(458, 'ROLE_MOD_TAB_SHOPPARAMETERS_READ'),
(459, 'ROLE_MOD_TAB_SHOPPARAMETERS_UPDATE');

-- --------------------------------------------------------

--
-- Estructura de tabla para la tabla `ps_badge`
--

CREATE TABLE `ps_badge` (
  `id_badge` int(11) NOT NULL,
  `id_ps_badge` int(11) NOT NULL,
  `type` varchar(32) NOT NULL,
  `id_group` int(11) NOT NULL,
  `group_position` int(11) NOT NULL,
  `scoring` int(11) NOT NULL,
  `awb` int(11) DEFAULT 0,
  `validated` tinyint(1) UNSIGNED NOT NULL DEFAULT 0
) ENGINE=InnoDB DEFAULT CHARSET=utf8;

--
-- Volcado de datos para la tabla `ps_badge`
--

INSERT INTO `ps_badge` (`id_badge`, `id_ps_badge`, `type`, `id_group`, `group_position`, `scoring`, `awb`, `validated`) VALUES
(1, 159, 'feature', 41, 1, 5, 1, 0),
(2, 160, 'feature', 41, 2, 10, 1, 0),
(3, 161, 'feature', 41, 3, 15, 1, 0),
(4, 162, 'feature', 41, 4, 20, 1, 0),
(5, 163, 'feature', 41, 1, 5, 1, 0),
(6, 164, 'feature', 41, 2, 10, 1, 0),
(7, 165, 'feature', 41, 3, 15, 1, 0),
(8, 166, 'feature', 41, 4, 20, 1, 0),
(9, 195, 'feature', 41, 1, 5, 1, 0),
(10, 196, 'feature', 41, 2, 10, 1, 0),
(11, 229, 'feature', 41, 1, 5, 1, 0),
(12, 230, 'feature', 41, 2, 10, 1, 0),
(13, 231, 'feature', 41, 3, 15, 1, 0),
(14, 232, 'feature', 41, 4, 20, 1, 0),
(15, 233, 'feature', 41, 1, 5, 1, 0),
(16, 234, 'feature', 41, 2, 10, 1, 0),
(17, 235, 'feature', 41, 3, 15, 1, 0),
(18, 236, 'feature', 41, 4, 20, 1, 0),
(19, 241, 'feature', 41, 1, 5, 1, 0),
(20, 242, 'feature', 41, 2, 10, 1, 0),
(21, 243, 'feature', 41, 3, 15, 1, 0),
(22, 244, 'feature', 41, 4, 20, 1, 0),
(23, 249, 'feature', 41, 1, 5, 1, 0),
(24, 250, 'feature', 41, 2, 10, 1, 0),
(25, 251, 'feature', 41, 3, 15, 1, 0),
(26, 252, 'feature', 41, 4, 20, 1, 0),
(27, 253, 'feature', 41, 1, 5, 1, 0),
(28, 254, 'feature', 41, 2, 10, 1, 0),
(29, 255, 'feature', 41, 3, 15, 1, 0),
(30, 256, 'feature', 41, 4, 20, 1, 0),
(31, 261, 'feature', 41, 1, 5, 1, 0),
(32, 262, 'feature', 41, 2, 10, 1, 0),
(33, 269, 'feature', 41, 1, 5, 1, 0),
(34, 270, 'feature', 41, 2, 10, 1, 0),
(35, 271, 'feature', 41, 3, 15, 1, 0),
(36, 272, 'feature', 41, 4, 20, 1, 0),
(37, 273, 'feature', 41, 1, 5, 1, 0),
(38, 274, 'feature', 41, 2, 10, 1, 0),
(39, 275, 'feature', 41, 3, 15, 1, 0),
(40, 276, 'feature', 41, 4, 20, 1, 0),
(41, 277, 'feature', 41, 1, 5, 1, 0),
(42, 278, 'feature', 41, 2, 10, 1, 0),
(43, 279, 'feature', 41, 3, 15, 1, 0),
(44, 280, 'feature', 41, 4, 20, 1, 0),
(45, 281, 'feature', 41, 1, 5, 1, 0),
(46, 282, 'feature', 41, 2, 10, 1, 0),
(47, 283, 'feature', 41, 3, 15, 1, 0),
(48, 284, 'feature', 41, 4, 20, 1, 0),
(49, 285, 'feature', 41, 1, 5, 1, 0),
(50, 286, 'feature', 41, 2, 10, 1, 0),
(51, 287, 'feature', 41, 3, 15, 1, 0),
(52, 288, 'feature', 41, 4, 20, 1, 0),
(53, 289, 'feature', 41, 1, 5, 1, 0),
(54, 290, 'feature', 41, 2, 10, 1, 0),
(55, 291, 'feature', 41, 3, 15, 1, 0),
(56, 292, 'feature', 41, 4, 20, 1, 0),
(57, 293, 'feature', 41, 1, 5, 1, 0),
(58, 294, 'feature', 41, 2, 10, 1, 0),
(59, 295, 'feature', 41, 3, 15, 1, 0),
(60, 296, 'feature', 41, 4, 20, 1, 0),
(61, 297, 'feature', 41, 1, 5, 1, 0),
(62, 298, 'feature', 41, 2, 10, 1, 0),
(63, 299, 'feature', 41, 3, 15, 1, 0),
(64, 300, 'feature', 41, 4, 20, 1, 0),
(65, 301, 'feature', 41, 1, 5, 1, 0),
(66, 302, 'feature', 41, 2, 10, 1, 0),
(67, 303, 'feature', 41, 3, 15, 1, 0),
(68, 304, 'feature', 41, 4, 20, 1, 0),
(69, 305, 'feature', 41, 1, 5, 1, 0),
(70, 306, 'feature', 41, 2, 10, 1, 0),
(71, 307, 'feature', 41, 3, 15, 1, 0),
(72, 308, 'feature', 41, 4, 20, 1, 0),
(73, 309, 'feature', 41, 1, 5, 1, 0),
(74, 310, 'feature', 41, 2, 10, 1, 0),
(75, 311, 'feature', 41, 3, 15, 1, 0),
(76, 312, 'feature', 41, 4, 20, 1, 0),
(77, 313, 'feature', 41, 1, 5, 1, 0),
(78, 314, 'feature', 41, 2, 10, 1, 0),
(79, 315, 'feature', 41, 3, 15, 1, 0),
(80, 316, 'feature', 41, 4, 20, 1, 0),
(81, 317, 'feature', 41, 1, 5, 1, 0),
(82, 318, 'feature', 41, 2, 10, 1, 0),
(83, 319, 'feature', 41, 3, 15, 1, 0),
(84, 320, 'feature', 41, 4, 20, 1, 0),
(85, 321, 'feature', 41, 1, 5, 1, 0),
(86, 322, 'feature', 41, 2, 10, 1, 0),
(87, 323, 'feature', 41, 3, 15, 1, 0),
(88, 324, 'feature', 41, 4, 20, 1, 0),
(89, 325, 'feature', 41, 1, 5, 1, 0),
(90, 326, 'feature', 41, 2, 10, 1, 0),
(91, 327, 'feature', 41, 3, 15, 1, 0),
(92, 328, 'feature', 41, 4, 20, 1, 0),
(93, 329, 'feature', 41, 1, 5, 1, 0),
(94, 330, 'feature', 41, 2, 10, 1, 0),
(95, 331, 'feature', 41, 3, 15, 1, 0),
(96, 332, 'feature', 41, 4, 20, 1, 0),
(97, 333, 'feature', 41, 1, 5, 1, 0),
(98, 334, 'feature', 41, 2, 10, 1, 0),
(99, 335, 'feature', 41, 3, 15, 1, 0),
(100, 336, 'feature', 41, 4, 20, 1, 0),
(101, 337, 'feature', 41, 1, 5, 1, 0),
(102, 338, 'feature', 41, 2, 10, 1, 0),
(103, 339, 'feature', 41, 3, 15, 1, 0),
(104, 340, 'feature', 41, 4, 20, 1, 0),
(105, 341, 'feature', 41, 1, 5, 1, 0),
(106, 342, 'feature', 41, 2, 10, 1, 0),
(107, 343, 'feature', 41, 3, 15, 1, 0),
(108, 344, 'feature', 41, 4, 20, 1, 0),
(109, 345, 'feature', 41, 1, 5, 1, 0),
(110, 346, 'feature', 41, 2, 10, 1, 0),
(111, 347, 'feature', 41, 3, 15, 1, 0),
(112, 348, 'feature', 41, 4, 20, 1, 0),
(113, 349, 'feature', 41, 1, 5, 1, 0),
(114, 350, 'feature', 41, 2, 10, 1, 0),
(115, 351, 'feature', 41, 3, 15, 1, 0),
(116, 352, 'feature', 41, 4, 20, 1, 0),
(117, 353, 'feature', 41, 1, 5, 1, 0),
(118, 354, 'feature', 41, 2, 10, 1, 0),
(119, 355, 'feature', 41, 3, 15, 1, 0),
(120, 356, 'feature', 41, 4, 20, 1, 0),
(121, 357, 'feature', 41, 1, 5, 1, 0),
(122, 358, 'feature', 41, 2, 10, 1, 0),
(123, 359, 'feature', 41, 3, 15, 1, 0),
(124, 360, 'feature', 41, 4, 20, 1, 0),
(125, 1, 'feature', 1, 1, 10, 0, 1),
(126, 2, 'feature', 2, 1, 10, 0, 0),
(127, 3, 'feature', 2, 2, 15, 0, 0),
(128, 4, 'feature', 3, 1, 15, 0, 0),
(129, 5, 'feature', 3, 2, 15, 0, 0),
(130, 6, 'feature', 4, 1, 15, 0, 0),
(131, 7, 'feature', 4, 2, 15, 0, 0),
(132, 8, 'feature', 5, 1, 5, 0, 0),
(133, 9, 'feature', 5, 2, 10, 0, 0),
(134, 10, 'feature', 6, 1, 15, 0, 0),
(135, 11, 'feature', 6, 2, 10, 0, 0),
(136, 12, 'feature', 6, 3, 10, 0, 0),
(137, 13, 'feature', 5, 3, 10, 0, 0),
(138, 14, 'feature', 5, 4, 15, 0, 0),
(139, 15, 'feature', 5, 5, 20, 0, 0),
(140, 16, 'feature', 5, 6, 20, 0, 0),
(141, 17, 'achievement', 7, 1, 5, 0, 1),
(142, 18, 'achievement', 7, 2, 10, 0, 0),
(143, 19, 'feature', 8, 1, 15, 0, 1),
(144, 20, 'feature', 8, 2, 15, 0, 0),
(145, 21, 'feature', 9, 1, 15, 0, 0),
(146, 22, 'feature', 10, 1, 10, 0, 0),
(147, 23, 'feature', 10, 2, 10, 0, 0),
(148, 24, 'feature', 10, 3, 10, 0, 0),
(149, 25, 'feature', 10, 4, 10, 0, 0),
(150, 26, 'feature', 10, 5, 10, 0, 0),
(151, 27, 'feature', 4, 3, 10, 0, 0),
(152, 28, 'feature', 3, 3, 10, 0, 0),
(153, 29, 'achievement', 11, 1, 5, 0, 0),
(154, 30, 'achievement', 11, 2, 10, 0, 0),
(155, 31, 'achievement', 11, 3, 15, 0, 0),
(156, 32, 'achievement', 11, 4, 20, 0, 0),
(157, 33, 'achievement', 11, 5, 25, 0, 0),
(158, 34, 'achievement', 11, 6, 30, 0, 0),
(159, 35, 'achievement', 7, 3, 15, 0, 0),
(160, 36, 'achievement', 7, 4, 20, 0, 0),
(161, 37, 'achievement', 7, 5, 25, 0, 0),
(162, 38, 'achievement', 7, 6, 30, 0, 0),
(163, 39, 'achievement', 12, 1, 5, 0, 0),
(164, 40, 'achievement', 12, 2, 10, 0, 0),
(165, 41, 'achievement', 12, 3, 15, 0, 0),
(166, 42, 'achievement', 12, 4, 20, 0, 0),
(167, 43, 'achievement', 12, 5, 25, 0, 0),
(168, 44, 'achievement', 12, 6, 30, 0, 0),
(169, 45, 'achievement', 13, 1, 5, 0, 0),
(170, 46, 'achievement', 13, 2, 10, 0, 0),
(171, 47, 'achievement', 13, 3, 15, 0, 0),
(172, 48, 'achievement', 13, 4, 20, 0, 0),
(173, 49, 'achievement', 13, 5, 25, 0, 0),
(174, 50, 'achievement', 13, 6, 30, 0, 0),
(175, 51, 'achievement', 14, 1, 5, 0, 0),
(176, 52, 'achievement', 14, 2, 10, 0, 0),
(177, 53, 'achievement', 14, 3, 15, 0, 0),
(178, 54, 'achievement', 14, 4, 20, 0, 0),
(179, 55, 'achievement', 14, 5, 25, 0, 0),
(180, 56, 'achievement', 14, 6, 30, 0, 0),
(181, 57, 'achievement', 15, 1, 5, 0, 0),
(182, 58, 'achievement', 15, 2, 10, 0, 0),
(183, 59, 'achievement', 15, 3, 15, 0, 0),
(184, 60, 'achievement', 15, 4, 20, 0, 0),
(185, 61, 'achievement', 15, 5, 25, 0, 0),
(186, 62, 'achievement', 15, 6, 30, 0, 0),
(187, 63, 'achievement', 16, 1, 5, 0, 1),
(188, 64, 'achievement', 16, 2, 10, 0, 0),
(189, 65, 'achievement', 16, 3, 15, 0, 0),
(190, 66, 'achievement', 16, 4, 20, 0, 0),
(191, 67, 'achievement', 16, 5, 25, 0, 0),
(192, 68, 'achievement', 16, 6, 30, 0, 0),
(193, 74, 'international', 22, 1, 10, 0, 0),
(194, 75, 'international', 23, 1, 10, 0, 0),
(195, 83, 'international', 31, 1, 10, 0, 0),
(196, 84, 'international', 25, 1, 10, 0, 0),
(197, 85, 'international', 32, 1, 10, 0, 0),
(198, 86, 'international', 33, 1, 10, 0, 0),
(199, 87, 'international', 34, 1, 10, 0, 0),
(200, 88, 'feature', 35, 1, 5, 0, 0),
(201, 89, 'feature', 35, 2, 10, 0, 0),
(202, 90, 'feature', 35, 3, 10, 0, 0),
(203, 91, 'feature', 35, 4, 10, 0, 0),
(204, 92, 'feature', 35, 5, 10, 0, 0),
(205, 93, 'feature', 35, 6, 10, 0, 0),
(206, 94, 'feature', 36, 1, 5, 0, 0),
(207, 95, 'feature', 36, 2, 5, 0, 0),
(208, 96, 'feature', 36, 3, 10, 0, 0),
(209, 97, 'feature', 36, 4, 10, 0, 0),
(210, 98, 'feature', 36, 5, 20, 0, 0),
(211, 99, 'feature', 36, 6, 20, 0, 0),
(212, 100, 'feature', 8, 3, 15, 0, 0),
(213, 101, 'achievement', 37, 1, 5, 0, 0),
(214, 102, 'achievement', 37, 2, 5, 0, 0),
(215, 103, 'achievement', 37, 3, 10, 0, 0),
(216, 104, 'achievement', 37, 4, 10, 0, 0),
(217, 105, 'achievement', 37, 5, 15, 0, 0),
(218, 106, 'achievement', 37, 6, 15, 0, 0),
(219, 107, 'achievement', 38, 1, 10, 0, 0),
(220, 108, 'achievement', 38, 2, 10, 0, 0),
(221, 109, 'achievement', 38, 3, 15, 0, 0),
(222, 110, 'achievement', 38, 4, 20, 0, 0),
(223, 111, 'achievement', 38, 5, 25, 0, 0),
(224, 112, 'achievement', 38, 6, 30, 0, 0),
(225, 113, 'achievement', 39, 1, 10, 0, 0),
(226, 114, 'achievement', 39, 2, 20, 0, 0),
(227, 115, 'achievement', 39, 3, 30, 0, 0),
(228, 116, 'achievement', 39, 4, 40, 0, 0),
(229, 117, 'achievement', 39, 5, 50, 0, 0),
(230, 118, 'achievement', 39, 6, 50, 0, 0),
(231, 119, 'feature', 40, 1, 10, 0, 0),
(232, 120, 'feature', 40, 2, 15, 0, 0),
(233, 121, 'feature', 40, 3, 20, 0, 0),
(234, 122, 'feature', 40, 4, 25, 0, 0);

-- --------------------------------------------------------

--
-- Estructura de tabla para la tabla `ps_badge_lang`
--

CREATE TABLE `ps_badge_lang` (
  `id_badge` int(11) NOT NULL,
  `id_lang` int(11) NOT NULL,
  `name` varchar(64) DEFAULT NULL,
  `description` varchar(255) DEFAULT NULL,
  `group_name` varchar(255) DEFAULT NULL
) ENGINE=InnoDB DEFAULT CHARSET=utf8;

--
-- Volcado de datos para la tabla `ps_badge_lang`
--

INSERT INTO `ps_badge_lang` (`id_badge`, `id_lang`, `name`, `description`, `group_name`) VALUES
(1, 1, 'Shopgate installed', 'You have installed the Shopgate module', 'Partners'),
(2, 1, 'Shopgate configured', 'You have configured the Shopgate module', 'Partners'),
(3, 1, 'Shopgate active', 'Your Shopgate module is active', 'Partners'),
(4, 1, 'Shopgate very active', 'Your Shopgate module is very active', 'Partners'),
(5, 1, 'Skrill installed', 'You have installed the Skrill module', 'Partners'),
(6, 1, 'Skrill configured', 'You have configured the Skrill module', 'Partners'),
(7, 1, 'Skrill active', 'Your Skrill module is active', 'Partners'),
(8, 1, 'Skrill very active', 'Your Skrill module is very active', 'Partners'),
(9, 1, 'Shopping Feed installed', 'You have installed the Shopping Feed module', 'Partners'),
(10, 1, 'Shopping Feed configured', 'You have configured the Shopping Feed module', 'Partners'),
(11, 1, 'Alliance Payment installed', 'You have installed the Alliance Payment module', 'Partners'),
(12, 1, 'Alliance Payment configured', 'You have configured the Alliance Payment module', 'Partners'),
(13, 1, 'Alliance Payment active', 'Your Alliance Payment module is active', 'Partners'),
(14, 1, 'Alliance Payment very active', 'Your Alliance Payment module is very active', 'Partners'),
(15, 1, 'Authorize Aim installed', 'You have installed the Authorize Aim module', 'Partners'),
(16, 1, 'Authorize Aim configured', 'You have configured the Authorize Aim module', 'Partners'),
(17, 1, 'Authorize Aim active', 'Your Authorize Aim module is active', 'Partners'),
(18, 1, 'Authorize Aim very active', 'Your Authorize Aim module is very active', 'Partners'),
(19, 1, 'Blue Pay installed', 'You have installed the Blue Pay module', 'Partners'),
(20, 1, 'Blue Pay configured', 'You have configured the Blue Pay module', 'Partners'),
(21, 1, 'Blue Pay active', 'Your Blue Pay module is active', 'Partners'),
(22, 1, 'Blue Pay very active', 'Your Blue Pay module is very active', 'Partners'),
(23, 1, 'Ebay installed', 'You have installed the Ebay module', 'Partners'),
(24, 1, 'Ebay configured', 'You have configured the Ebay module', 'Partners'),
(25, 1, 'Ebay active', 'Your Ebay module is active', 'Partners'),
(26, 1, 'Ebay very active', 'Your Ebay module is very active', 'Partners'),
(27, 1, 'PayPlug installed', 'You have installed the PayPlug module', 'Partners'),
(28, 1, 'PayPlug configured', 'You have configured the PayPlug module', 'Partners'),
(29, 1, 'PayPlug active', 'Your PayPlug module is active', 'Partners'),
(30, 1, 'PayPlug very active', 'Your PayPlug module is very active', 'Partners'),
(31, 1, 'Affinity Items installed', 'You have installed the Affinity Items module', 'Partners'),
(32, 1, 'Affinity Items configured', 'You have configured the Affinity Items module', 'Partners'),
(33, 1, 'DPD Poland installed', 'You have installed the DPD Poland module', 'Partners'),
(34, 1, 'DPD Poland configured', 'You have configured the DPD Poland module', 'Partners'),
(35, 1, 'DPD Poland active', 'Your DPD Poland module is active', 'Partners'),
(36, 1, 'DPD Poland very active', 'Your DPD Poland module is very active', 'Partners'),
(37, 1, 'Envoimoinscher installed', 'You have installed the Envoimoinscher module', 'Partners'),
(38, 1, 'Envoimoinscher configured', 'You have configured the Envoimoinscher module', 'Partners'),
(39, 1, 'Envoimoinscher active', 'Your Envoimoinscher module is active', 'Partners'),
(40, 1, 'Envoimoinscher very active', 'Your Envoimoinscher module is very active', 'Partners'),
(41, 1, 'Klik&Pay installed', 'You have installed the Klik&Pay module', 'Partners'),
(42, 1, 'Klik&Pay configured', 'You have configured the Klik&Pay module', 'Partners'),
(43, 1, 'Klik&Pay active', 'Your Klik&Pay module is active', 'Partners'),
(44, 1, 'Klik&Pay very active', 'Your Klik&Pay module is very active', 'Partners'),
(45, 1, 'Clickline installed', 'You have installed the Clickline module', 'Partners'),
(46, 1, 'Clickline configured', 'You have configured the Clickline module', 'Partners'),
(47, 1, 'Clickline active', 'Your Clickline module is active', 'Partners'),
(48, 1, 'Clickline very active', 'Your Clickline module is very active', 'Partners'),
(49, 1, 'CDiscount installed', 'You have installed the CDiscount module', 'Partners'),
(50, 1, 'CDiscount configured', 'You have configured the CDiscount module', 'Partners'),
(51, 1, 'CDiscount active', 'Your CDiscount module is active', 'Partners'),
(52, 1, 'CDiscount very active', 'Your CDiscount module is very active', 'Partners'),
(53, 1, 'illicoPresta installed', 'You have installed the illicoPresta module', 'Partners'),
(54, 1, 'illicoPresta configured', 'You have configured the illicoPresta module', 'Partners'),
(55, 1, 'illicoPresta active', 'Your illicoPresta module is active', 'Partners'),
(56, 1, 'illicoPresta very active', 'Your illicoPresta module is very active', 'Partners'),
(57, 1, 'NetReviews installed', 'You have installed the NetReviews module', 'Partners'),
(58, 1, 'NetReviews configured', 'You have configured the NetReviews module', 'Partners'),
(59, 1, 'NetReviews active', 'Your NetReviews module is active', 'Partners'),
(60, 1, 'NetReviews very active', 'Your NetReviews module is very active', 'Partners'),
(61, 1, 'Bluesnap installed', 'You have installed the Bluesnap module', 'Partners'),
(62, 1, 'Bluesnap configured', 'You have configured the Bluesnap module', 'Partners'),
(63, 1, 'Bluesnap active', 'Your Bluesnap module is active', 'Partners'),
(64, 1, 'Bluesnap very active', 'Your Bluesnap module is very active', 'Partners'),
(65, 1, 'Desjardins installed', 'You have installed the Desjardins module', 'Partners'),
(66, 1, 'Desjardins configured', 'You have configured the Desjardins module', 'Partners'),
(67, 1, 'Desjardins active', 'Your Desjardins module is active', 'Partners'),
(68, 1, 'Desjardins very active', 'Your Desjardins module is very active', 'Partners'),
(69, 1, 'First Data installed', 'You have installed the First Data module', 'Partners'),
(70, 1, 'First Data configured', 'You have configured the First Data module', 'Partners'),
(71, 1, 'First Data active', 'Your First Data module is active', 'Partners'),
(72, 1, 'First Data very active', 'Your First Data module is very active', 'Partners'),
(73, 1, 'Give.it installed', 'You have installed the Give.it module', 'Partners'),
(74, 1, 'Give.it configured', 'You have configured the Give.it module', 'Partners'),
(75, 1, 'Give.it active', 'Your Give.it module is active', 'Partners'),
(76, 1, 'Give.it very active', 'Your Give.it module is very active', 'Partners'),
(77, 1, 'Google Analytics installed', 'You have installed the Google Analytics module', 'Partners'),
(78, 1, 'Google Analytics configured', 'You have configured the Google Analytics module', 'Partners'),
(79, 1, 'Google Analytics active', 'Your Google Analytics module is active', 'Partners'),
(80, 1, 'Google Analytics very active', 'Your Google Analytics module is very active', 'Partners'),
(81, 1, 'PagSeguro installed', 'You have installed the PagSeguro module', 'Partners'),
(82, 1, 'PagSeguro configured', 'You have configured the PagSeguro module', 'Partners'),
(83, 1, 'PagSeguro active', 'Your PagSeguro module is active', 'Partners'),
(84, 1, 'PagSeguro very active', 'Your PagSeguro module is very active', 'Partners'),
(85, 1, 'Paypal MX installed', 'You have installed the Paypal MX module', 'Partners'),
(86, 1, 'Paypal MX configured', 'You have configured the Paypal MX module', 'Partners'),
(87, 1, 'Paypal MX active', 'Your Paypal MX module is active', 'Partners'),
(88, 1, 'Paypal MX very active', 'Your Paypal MX module is very active', 'Partners'),
(89, 1, 'Paypal USA installed', 'You have installed the Paypal USA module', 'Partners'),
(90, 1, 'Paypal USA configured', 'You have configured the Paypal USA module', 'Partners'),
(91, 1, 'Paypal USA active', 'Your Paypal USA module is active', 'Partners'),
(92, 1, 'Paypal USA very active', 'Your Paypal USA module is very active', 'Partners'),
(93, 1, 'PayULatam installed', 'You have installed the PayULatam module', 'Partners'),
(94, 1, 'PayULatam configured', 'You have configured the PayULatam module', 'Partners'),
(95, 1, 'PayULatam active', 'Your PayULatam module is active', 'Partners'),
(96, 1, 'PayULatam very active', 'Your PayULatam module is very active', 'Partners'),
(97, 1, 'PrestaStats installed', 'You have installed the PrestaStats module', 'Partners'),
(98, 1, 'PrestaStats configured', 'You have configured the PrestaStats module', 'Partners'),
(99, 1, 'PrestaStats active', 'Your PrestaStats module is active', 'Partners'),
(100, 1, 'PrestaStats very active', 'Your PrestaStats module is very active', 'Partners'),
(101, 1, 'Riskified installed', 'You have installed the Riskified module', 'Partners'),
(102, 1, 'Riskified configured', 'You have configured the Riskified module', 'Partners'),
(103, 1, 'Riskified active', 'Your Riskified module is active', 'Partners'),
(104, 1, 'Riskified very active', 'Your Riskified module is very active', 'Partners'),
(105, 1, 'Simplify installed', 'You have installed the Simplify module', 'Partners'),
(106, 1, 'Simplify configured', 'You have configured the Simplify module', 'Partners'),
(107, 1, 'Simplify active', 'Your Simplify module is active', 'Partners'),
(108, 1, 'Simplify very active', 'Your Simplify module is very active', 'Partners'),
(109, 1, 'VTPayment installed', 'You have installed the VTPayment module', 'Partners'),
(110, 1, 'VTPayment configured', 'You have configured the VTPayment module', 'Partners'),
(111, 1, 'VTPayment active', 'Your VTPayment module is active', 'Partners'),
(112, 1, 'VTPayment very active', 'Your VTPayment module is very active', 'Partners'),
(113, 1, 'Yotpo installed', 'You have installed the Yotpo module', 'Partners'),
(114, 1, 'Yotpo configured', 'You have configured the Yotpo module', 'Partners'),
(115, 1, 'Yotpo active', 'Your Yotpo module is active', 'Partners'),
(116, 1, 'Yotpo very active', 'Your Yotpo module is very active', 'Partners'),
(117, 1, 'Youstice installed', 'You have installed the Youstice module', 'Partners'),
(118, 1, 'Youstice configured', 'You have configured the Youstice module', 'Partners'),
(119, 1, 'Youstice active', 'Your Youstice module is active', 'Partners'),
(120, 1, 'Youstice very active', 'Your Youstice module is very active', 'Partners'),
(121, 1, 'Loyalty Lion installed', 'You have installed the Loyalty Lion module', 'Partners'),
(122, 1, 'Loyalty Lion configured', 'You have configured the Loyalty Lion module', 'Partners'),
(123, 1, 'Loyalty Lion active', 'Your Loyalty Lion module is active', 'Partners'),
(124, 1, 'Loyalty Lion very active', 'Your Loyalty Lion module is very active', 'Partners'),
(125, 1, 'SEO', 'You enabled the URL rewriting through the tab \"Preferences > SEO and URLs\".', 'SEO'),
(126, 1, 'Site Performance', 'You enabled CCC (Combine, Compress and Cache), Rijndael and Smarty through the tab \r\nAdvanced Parameters > Performance.', 'Site Performance'),
(127, 1, 'Site Performance', 'You enabled media servers through the tab \"Advanced parameters > Performance\".', 'Site Performance'),
(128, 1, 'Payment', 'You configured a payment solution on your shop.', 'Payment'),
(129, 1, 'Payment', 'You offer two different payment methods to your customers.', 'Payment'),
(130, 1, 'Shipping', 'You configured a carrier on your shop.', 'Shipping'),
(131, 1, 'Shipping', 'You offer two shipping solutions (carriers) to your customers.', 'Shipping'),
(132, 1, 'Catalog Size', 'You added your first product to your catalog!', 'Catalog Size'),
(133, 1, 'Catalog Size', 'You have 10 products within your catalog.', 'Catalog Size'),
(134, 1, 'Contact information', 'You configured your phone number so your customers can reach you!', 'Contact information'),
(135, 1, 'Contact information', 'You added a third email address to your contact form.', 'Contact information'),
(136, 1, 'Contact information', 'You suggest a total of 5 departments to be reached by your customers via your contact form.', 'Contact information'),
(137, 1, 'Catalog Size', 'You have 100 products within your catalog.', 'Catalog Size'),
(138, 1, 'Catalog Size', 'You have 1,000 products within your catalog.', 'Catalog Size'),
(139, 1, 'Catalog Size', 'You have 10,000 products within your catalog.', 'Catalog Size'),
(140, 1, 'Catalog Size', 'You have 100,000 products within your catalog.', 'Catalog Size'),
(141, 1, 'Days of Experience', 'You just installed PrestaShop!', 'Days of Experience'),
(142, 1, 'Days of Experience', 'You installed PrestaShop a week ago!', 'Days of Experience'),
(143, 1, 'Customization', 'You uploaded your own logo.', 'Customization'),
(144, 1, 'Customization', 'You installed a new template.', 'Customization'),
(145, 1, 'Addons', 'You connected your back-office to the Addons platform using your PrestaShop Addons account.', 'Addons'),
(146, 1, 'Multistores', 'You enabled the Multistores feature.', 'Multistores'),
(147, 1, 'Multistores', 'You manage two shops with the Multistores feature.', 'Multistores'),
(148, 1, 'Multistores', 'You manage two different groups of shops using the Multistores feature.', 'Multistores'),
(149, 1, 'Multistores', 'You manage five shops with the Multistores feature.', 'Multistores'),
(150, 1, 'Multistores', 'You manage five different groups of shops using the Multistores feature.', 'Multistores'),
(151, 1, 'Shipping', 'You offer three different shipping solutions (carriers) to your customers.', 'Shipping'),
(152, 1, 'Payment', 'You offer three different payment methods to your customers.', 'Payment'),
(153, 1, 'Revenue', 'You get this badge when you reach 200 USD in sales.', 'Revenue'),
(154, 1, 'Revenue', 'You get this badge when you reach 1000 USD in sales.', 'Revenue'),
(155, 1, 'Revenue', 'You get this badge when you reach 1000 USD in sales.', 'Revenue'),
(156, 1, 'Revenue', 'You get this badge when you reach 200 USD in sales.', 'Revenue'),
(157, 1, 'Revenue', 'You get this badge when you reach 1000 USD in sales.', 'Revenue'),
(158, 1, 'Revenue', 'You get this badge when you reach 1000 USD in sales.', 'Revenue'),
(159, 1, 'Days of Experience', 'You installed PrestaShop a month ago!', 'Days of Experience'),
(160, 1, 'Days of Experience', 'You installed PrestaShop six months ago!', 'Days of Experience'),
(161, 1, 'Days of Experience', 'You installed PrestaShop a year ago!', 'Days of Experience'),
(162, 1, 'Days of Experience', 'You installed PrestaShop two years ago!', 'Days of Experience'),
(163, 1, 'Visitors', 'You reached 10 visitors!', 'Visitors'),
(164, 1, 'Visitors', 'You reached 100 visitors!', 'Visitors'),
(165, 1, 'Visitors', 'You reached 1,000 visitors!', 'Visitors'),
(166, 1, 'Visitors', 'You reached 10,000 visitors!', 'Visitors'),
(167, 1, 'Visitors', 'You reached 100,000 visitors!', 'Visitors'),
(168, 1, 'Visitors', 'You reached 1,000,000 visitors!', 'Visitors'),
(169, 1, 'Customer Carts', 'Two carts have been created by visitors', 'Customer Carts'),
(170, 1, 'Customer Carts', 'Ten carts have been created by visitors.', 'Customer Carts'),
(171, 1, 'Customer Carts', 'A hundred carts have been created by visitors on your shop.', 'Customer Carts'),
(172, 1, 'Customer Carts', 'A thousand carts have been created by visitors on your shop.', 'Customer Carts'),
(173, 1, 'Customer Carts', '10,000 carts have been created by visitors.', 'Customer Carts'),
(174, 1, 'Customer Carts', '100,000 carts have been created by visitors.', 'Customer Carts'),
(175, 1, 'Orders', 'You received your first order.', 'Orders'),
(176, 1, 'Orders', '10 orders have been placed through your online shop.', 'Orders'),
(177, 1, 'Orders', 'You received 100 orders through your online shop!', 'Orders'),
(178, 1, 'Orders', 'You received 1,000 orders through your online shop, congrats!', 'Orders'),
(179, 1, 'Orders', 'You received 10,000 orders through your online shop, cheers!', 'Orders'),
(180, 1, 'Orders', 'You received 100,000 orders through your online shop!', 'Orders'),
(181, 1, 'Customer Service Threads', 'You received  your first customer\'s message.', 'Customer Service Threads'),
(182, 1, 'Customer Service Threads', 'You received 10 messages from your customers.', 'Customer Service Threads'),
(183, 1, 'Customer Service Threads', 'You received 100 messages from your customers.', 'Customer Service Threads'),
(184, 1, 'Customer Service Threads', 'You received 1,000 messages from your customers.', 'Customer Service Threads'),
(185, 1, 'Customer Service Threads', 'You received 10,000 messages from your customers.', 'Customer Service Threads'),
(186, 1, 'Customer Service Threads', 'You received 100,000 messages from your customers.', 'Customer Service Threads'),
(187, 1, 'Customers', 'You got the first customer registered on your shop!', 'Customers'),
(188, 1, 'Customers', 'You have over 10 customers registered on your shop.', 'Customers'),
(189, 1, 'Customers', 'You have over 100 customers registered on your shop.', 'Customers'),
(190, 1, 'Customers', 'You have over 1,000 customers registered on your shop.', 'Customers'),
(191, 1, 'Customers', 'You have over 10,000 customers registered on your shop.', 'Customers'),
(192, 1, 'Customers', 'You have over 100,000 customers registered on your shop.', 'Customers'),
(193, 1, 'North America', 'You got your first sale in North America', 'North America'),
(194, 1, 'Oceania', 'You got your first sale in Oceania', 'Oceania'),
(195, 1, 'Asia', 'You got your first sale in Asia', 'Asia'),
(196, 1, 'South America', 'You got your first sale in South America', 'South America'),
(197, 1, 'Europe', 'You got your first sale in  Europe!', 'Europe'),
(198, 1, 'Africa', 'You got your first sale in Africa', 'Africa'),
(199, 1, 'Maghreb', 'You got your first sale in Maghreb', 'Maghreb'),
(200, 1, 'Your Team\'s Employees', 'First employee account added to your shop', 'Your Team\'s Employees'),
(201, 1, 'Your Team\'s Employees', '3 employee accounts added to your shop', 'Your Team\'s Employees'),
(202, 1, 'Your Team\'s Employees', '5 employee accounts added to your shop', 'Your Team\'s Employees'),
(203, 1, 'Your Team\'s Employees', '10 employee accounts added to your shop', 'Your Team\'s Employees'),
(204, 1, 'Your Team\'s Employees', '20 employee accounts added to your shop', 'Your Team\'s Employees'),
(205, 1, 'Your Team\'s Employees', '40 employee accounts added to your shop', 'Your Team\'s Employees'),
(206, 1, 'Product Pictures', 'First photo added to your catalog', 'Product Pictures'),
(207, 1, 'Product Pictures', '50 photos added to your catalog', 'Product Pictures'),
(208, 1, 'Product Pictures', '100 photos added to your catalog', 'Product Pictures'),
(209, 1, 'Product Pictures', '1,000 photos added to your catalog', 'Product Pictures'),
(210, 1, 'Product Pictures', '10,000 photos added to your catalog', 'Product Pictures'),
(211, 1, 'Product Pictures', '50,000 photos added to your catalog', 'Product Pictures'),
(212, 1, 'Customization', 'First CMS page added to your catalog', 'Customization'),
(213, 1, 'Cart Rules', 'First cart rules configured on your shop', 'Cart Rules'),
(214, 1, 'Cart Rules', 'You have 10 cart rules configured on your shop', 'Cart Rules'),
(215, 1, 'Cart Rules', 'You have 100 cart rules configured on your shop', 'Cart Rules'),
(216, 1, 'Cart Rules', 'You have 500 cart rules configured on your shop', 'Cart Rules'),
(217, 1, 'Cart Rules', 'You have 1,000 cart rules configured on your shop', 'Cart Rules'),
(218, 1, 'Cart Rules', 'You have 5,000 cart rules configured on your shop', 'Cart Rules'),
(219, 1, 'International Orders', 'First international order placed on your shop.', 'International Orders'),
(220, 1, 'International Orders', '10 international orders placed on your shop.', 'International Orders'),
(221, 1, 'International Orders', '100 international orders placed on your shop!', 'International Orders'),
(222, 1, 'International Orders', '1,000 international orders placed on your shop!', 'International Orders'),
(223, 1, 'International Orders', '5,000 international orders placed on your shop!', 'International Orders'),
(224, 1, 'International Orders', '10,000 international orders placed on your shop!', 'International Orders'),
(225, 1, 'Store', 'First store configured on your shop!', 'Store'),
(226, 1, 'Store', 'You have 2 stores configured on your shop', 'Store'),
(227, 1, 'Store', 'You have 5 stores configured on your shop', 'Store'),
(228, 1, 'Store', 'You have 10 stores configured on your shop', 'Store'),
(229, 1, 'Store', 'You have 20 stores configured on your shop', 'Store'),
(230, 1, 'Store', 'You have 50 stores configured on your shop', 'Store'),
(231, 1, 'Webservice x1', 'First webservice account added to your shop', 'WebService'),
(232, 1, 'Webservice x2', '2 webservice accounts added to your shop', 'WebService'),
(233, 1, 'Webservice x3', '3 webservice accounts added to your shop', 'WebService'),
(234, 1, 'Webservice x4', '4 webservice accounts added to your shop', 'WebService');

-- --------------------------------------------------------

--
-- Estructura de tabla para la tabla `ps_carrier`
--

CREATE TABLE `ps_carrier` (
  `id_carrier` int(10) UNSIGNED NOT NULL,
  `id_reference` int(10) UNSIGNED NOT NULL,
  `id_tax_rules_group` int(10) UNSIGNED DEFAULT 0,
  `name` varchar(64) NOT NULL,
  `url` varchar(255) DEFAULT NULL,
  `active` tinyint(1) UNSIGNED NOT NULL DEFAULT 0,
  `deleted` tinyint(1) UNSIGNED NOT NULL DEFAULT 0,
  `shipping_handling` tinyint(1) UNSIGNED NOT NULL DEFAULT 1,
  `range_behavior` tinyint(1) UNSIGNED NOT NULL DEFAULT 0,
  `is_module` tinyint(1) UNSIGNED NOT NULL DEFAULT 0,
  `is_free` tinyint(1) UNSIGNED NOT NULL DEFAULT 0,
  `shipping_external` tinyint(1) UNSIGNED NOT NULL DEFAULT 0,
  `need_range` tinyint(1) UNSIGNED NOT NULL DEFAULT 0,
  `external_module_name` varchar(64) DEFAULT NULL,
  `shipping_method` int(2) NOT NULL DEFAULT 0,
  `position` int(10) UNSIGNED NOT NULL DEFAULT 0,
  `max_width` int(10) DEFAULT 0,
  `max_height` int(10) DEFAULT 0,
  `max_depth` int(10) DEFAULT 0,
  `max_weight` decimal(20,6) DEFAULT 0.000000,
  `grade` int(10) DEFAULT 0
) ENGINE=InnoDB DEFAULT CHARSET=utf8;

--
-- Volcado de datos para la tabla `ps_carrier`
--

INSERT INTO `ps_carrier` (`id_carrier`, `id_reference`, `id_tax_rules_group`, `name`, `url`, `active`, `deleted`, `shipping_handling`, `range_behavior`, `is_module`, `is_free`, `shipping_external`, `need_range`, `external_module_name`, `shipping_method`, `position`, `max_width`, `max_height`, `max_depth`, `max_weight`, `grade`) VALUES
(1, 1, 0, 'Optica Brera', '', 1, 1, 0, 0, 0, 1, 0, 0, '', 1, 0, 0, 0, 0, '0.000000', 0),
(2, 2, 0, 'My carrier', '', 1, 1, 1, 0, 0, 0, 0, 0, '', 1, 0, 0, 0, 0, '0.000000', 0),
(3, 3, 0, 'Envío Prioritario', '', 0, 0, 0, 0, 1, 0, 1, 1, 'mptoolspro', 1, 1, 0, 0, 0, '0.000000', 0),
(4, 4, 0, 'Envío Estándar', '', 0, 0, 0, 0, 1, 0, 1, 1, 'mptoolspro', 1, 2, 0, 0, 0, '0.000000', 0),
(5, 5, 0, 'Envío Normal', '', 0, 0, 0, 0, 1, 0, 1, 1, 'mptoolspro', 1, 3, 0, 0, 0, '0.000000', 0),
(6, 1, 0, 'Optica Brera', '', 1, 1, 0, 0, 0, 1, 0, 0, '', 1, 0, 0, 0, 0, '0.000000', 0),
(7, 1, 0, 'Optica Brera', '', 0, 1, 0, 0, 0, 1, 0, 0, '', 1, 0, 0, 0, 0, '0.000000', 0),
(8, 1, 0, 'Retiro en Surcursal', '', 0, 1, 0, 0, 0, 1, 0, 0, '', 1, 0, 0, 0, 0, '0.000000', 0),
(9, 2, 0, 'My carrier', '', 1, 1, 1, 0, 0, 1, 0, 0, '', 1, 0, 0, 0, 0, '0.000000', 0),
(10, 1, 0, 'Retiro en Surcursal', '', 1, 1, 0, 0, 0, 1, 0, 0, '', 1, 0, 0, 0, 0, '0.000000', 0),
(11, 11, 0, 'Normal a domicilio', '', 0, 1, 0, 0, 1, 0, 1, 1, 'mpar', 1, 5, 0, 0, 0, '0.000000', 0),
(12, 1, 0, 'Retiro en Surcursal', '', 1, 1, 0, 0, 0, 1, 0, 0, '', 1, 0, 0, 0, 0, '0.000000', 0),
(13, 1, 0, 'Retiro en Surcursal', '', 1, 1, 0, 0, 0, 0, 0, 0, '', 1, 0, 0, 0, 0, '0.000000', 0),
(14, 2, 0, 'Envio a Tu Domicilio', '', 1, 1, 1, 0, 0, 1, 0, 0, '', 1, 0, 0, 0, 0, '0.000000', 0),
(15, 2, 0, 'Envio a Tu Domicilio', '', 1, 1, 1, 0, 0, 1, 0, 0, '', 1, 0, 0, 0, 0, '0.000000', 0),
(16, 2, 0, 'Envio a Tu Domicilio', '', 1, 1, 1, 0, 0, 1, 0, 0, '', 1, 0, 0, 0, 0, '0.000000', 0),
(17, 2, 0, 'Envio a Tu Domicilio', '', 1, 1, 1, 0, 0, 1, 0, 0, '', 1, 0, 0, 0, 0, '0.000000', 0),
(18, 2, 0, 'Envio a Tu Domicilio', '', 1, 1, 1, 0, 0, 0, 0, 0, '', 1, 0, 0, 0, 0, '0.000000', 0),
(19, 2, 0, 'Envio a Tu Domicilio', '', 1, 1, 1, 0, 0, 0, 0, 0, '', 1, 0, 0, 0, 0, '0.000000', 0),
(20, 2, 0, 'Envio a Tu Domicilio', '', 1, 1, 1, 0, 0, 0, 0, 0, '', 1, 0, 0, 0, 0, '0.000000', 0),
(21, 1, 0, 'Retiro en Surcursal', '', 1, 1, 0, 0, 0, 0, 0, 0, '', 1, 1, 0, 0, 0, '0.000000', 0),
(22, 2, 0, 'Envio a Tu Domicilio', '', 1, 1, 1, 0, 0, 0, 0, 0, '', 1, 0, 0, 0, 0, '0.000000', 0),
(23, 2, 0, 'Envio a Tu Domicilio', '', 1, 1, 1, 0, 0, 0, 0, 0, '', 1, 0, 60, 50, 50, '25.000000', 0),
(24, 1, 0, 'Retiro Surcursal Buenos Aires - Constituyentes', '', 1, 1, 0, 0, 0, 0, 0, 0, '', 1, 1, 0, 0, 0, '0.000000', 0),
(25, 2, 0, 'Envio a Tu Domicilio', '', 1, 1, 1, 0, 0, 0, 0, 0, '', 1, 0, 60, 50, 50, '25.000000', 0),
(26, 1, 0, 'Retiro Surcursal Buenos Aires - Constituyentes', '', 1, 1, 0, 0, 0, 1, 0, 0, '', 1, 1, 0, 0, 0, '0.000000', 0),
(27, 1, 0, 'Retiro Surcursal Buenos Aires - Constituyentes', '', 1, 1, 0, 0, 0, 1, 0, 0, '', 1, 1, 0, 0, 0, '0.000000', 0),
(28, 1, 0, 'Retiro Surcursal Buenos Aires - Constituyentes', '', 1, 1, 0, 0, 0, 1, 0, 0, '', 1, 1, 0, 0, 0, '0.000000', 0),
(29, 1, 0, 'Retiro en Sucursal', '', 1, 1, 0, 0, 0, 1, 0, 0, '', 1, 4, 0, 0, 0, '0.000000', 0),
(30, 30, 0, 'Retiro en Sucursal', '', 1, 1, 1, 0, 0, 1, 0, 0, '', 1, 5, 0, 0, 0, '0.000000', 0),
(31, 31, 0, 'Retiro en Sucursal', '', 1, 1, 1, 0, 0, 1, 0, 0, '', 1, 6, 0, 0, 0, '0.000000', 0),
(32, 32, 0, 'Retiro en Sucursal', '', 1, 1, 1, 0, 0, 1, 0, 0, '', 1, 7, 0, 0, 0, '0.000000', 0),
(33, 2, 0, 'Envio a Tu Domicilio', '', 1, 1, 1, 0, 0, 0, 0, 0, '', 1, 0, 60, 50, 50, '25.000000', 0),
(34, 1, 0, 'Retiro en Sucursal Buenos Aires - Constituyentes', '', 0, 0, 0, 0, 0, 0, 0, 0, '', 1, 4, 0, 0, 0, '0.000000', 0),
(35, 30, 0, 'Retiro en Sucursal Buenos Aires - Lujan', '', 0, 0, 1, 0, 0, 0, 0, 0, '', 1, 5, 0, 0, 0, '0.000000', 0),
(36, 31, 0, 'Retiro en Sucursal Buenos Aires - Pilar', '', 0, 0, 1, 0, 0, 0, 0, 0, '', 1, 6, 0, 0, 0, '0.000000', 0),
(37, 32, 0, 'Retiro en Sucursal Buenos Aires - San Fernando', '', 0, 0, 1, 0, 0, 0, 0, 0, '', 1, 7, 0, 0, 0, '0.000000', 0),
(38, 2, 0, 'Envio a Tu Domicilio', '', 1, 1, 1, 0, 0, 0, 0, 0, '', 1, 0, 60, 50, 50, '25.000000', 0),
(39, 2, 0, 'Envio a Tu Domicilio', '', 1, 1, 1, 0, 0, 0, 0, 0, '', 1, 0, 60, 50, 50, '25.000000', 0),
(40, 2, 0, 'Envio a Tu Domicilio', '', 1, 0, 1, 0, 0, 1, 0, 0, '', 1, 0, 60, 50, 50, '25.000000', 0);

-- --------------------------------------------------------

--
-- Estructura de tabla para la tabla `ps_carrier_group`
--

