CREATE TABLE `ps_product_supplier` (
  `id_product_supplier` int(11) UNSIGNED NOT NULL,
  `id_product` int(11) UNSIGNED NOT NULL,
  `id_product_attribute` int(11) UNSIGNED NOT NULL DEFAULT 0,
  `id_supplier` int(11) UNSIGNED NOT NULL,
  `product_supplier_reference` varchar(64) DEFAULT NULL,
  `product_supplier_price_te` decimal(20,6) NOT NULL DEFAULT 0.000000,
  `id_currency` int(11) UNSIGNED NOT NULL
) ENGINE=InnoDB DEFAULT CHARSET=utf8;

--
-- Volcado de datos para la tabla `ps_product_supplier`
--

INSERT INTO `ps_product_supplier` (`id_product_supplier`, `id_product`, `id_product_attribute`, `id_supplier`, `product_supplier_reference`, `product_supplier_price_te`, `id_currency`) VALUES
(191, 68, 0, 0, '', '0.000000', 1),
(192, 69, 0, 0, '', '0.000000', 1),
(193, 70, 0, 0, '', '0.000000', 1),
(194, 71, 0, 0, '', '0.000000', 1),
(195, 72, 0, 0, '', '0.000000', 1),
(198, 75, 0, 0, '', '0.000000', 1),
(199, 76, 0, 0, '', '0.000000', 1),
(200, 77, 0, 0, '', '0.000000', 1),
(201, 78, 0, 0, '', '0.000000', 1),
(202, 79, 0, 0, '', '0.000000', 1),
(203, 80, 0, 0, '', '0.000000', 1),
(204, 81, 0, 0, '', '0.000000', 1),
(205, 82, 0, 0, '', '0.000000', 1),
(206, 83, 0, 0, '', '0.000000', 1),
(207, 84, 0, 0, '', '0.000000', 1),
(208, 85, 0, 0, '', '0.000000', 1),
(209, 86, 0, 0, '', '0.000000', 1),
(210, 87, 0, 0, '', '0.000000', 1),
(211, 88, 0, 0, '', '0.000000', 1),
(213, 90, 0, 0, '', '0.000000', 1),
(214, 91, 0, 0, '', '0.000000', 1),
(215, 92, 0, 0, '', '0.000000', 1),
(216, 93, 0, 0, '', '0.000000', 1),
(217, 94, 0, 0, '', '0.000000', 1),
(218, 95, 0, 0, '', '0.000000', 1),
(219, 96, 0, 0, '', '0.000000', 1),
(220, 97, 0, 0, '', '0.000000', 1),
(221, 98, 0, 0, '', '0.000000', 1),
(222, 99, 0, 0, '', '0.000000', 1),
(223, 100, 0, 0, '', '0.000000', 1),
(224, 101, 0, 0, '', '0.000000', 1),
(225, 102, 0, 0, '', '0.000000', 1),
(226, 103, 0, 0, '', '0.000000', 1),
(227, 104, 0, 0, '', '0.000000', 1),
(228, 105, 0, 0, '', '0.000000', 1),
(229, 106, 0, 0, '', '0.000000', 1),
(230, 107, 0, 0, '', '0.000000', 1),
(231, 108, 0, 0, '', '0.000000', 1),
(232, 109, 0, 0, '', '0.000000', 1),
(233, 110, 0, 0, '', '0.000000', 1),
(234, 111, 0, 0, '', '0.000000', 1),
(235, 112, 0, 0, '', '0.000000', 1),
(236, 113, 0, 0, '', '0.000000', 1),
(237, 114, 0, 0, '', '0.000000', 1),
(238, 115, 0, 0, '', '0.000000', 1),
(239, 116, 0, 0, '', '0.000000', 1),
(240, 117, 0, 0, '', '0.000000', 1),
(241, 118, 0, 0, '', '0.000000', 1),
(242, 119, 0, 0, '', '0.000000', 1),
(243, 120, 0, 0, '', '0.000000', 1),
(244, 121, 0, 0, '', '0.000000', 1),
(510, 140, 0, 0, '', '0.000000', 1),
(511, 141, 0, 0, '', '0.000000', 1),
(512, 142, 0, 0, '', '0.000000', 1),
(513, 143, 0, 0, '', '0.000000', 1),
(514, 144, 0, 0, '', '0.000000', 1),
(515, 145, 0, 0, '', '0.000000', 1),
(516, 146, 0, 0, '', '0.000000', 1),
(517, 147, 0, 0, '', '0.000000', 1),
(518, 148, 0, 0, '', '0.000000', 1),
(519, 149, 0, 0, '', '0.000000', 1),
(520, 150, 0, 0, '', '0.000000', 1),
(521, 151, 0, 0, '', '0.000000', 1),
(522, 152, 0, 0, '', '0.000000', 1),
(531, 31, 0, 0, '', '0.000000', 1),
(532, 32, 0, 0, '', '0.000000', 1),
(534, 34, 0, 0, '', '0.000000', 1),
(536, 36, 0, 0, '', '0.000000', 1),
(537, 37, 0, 0, '', '0.000000', 1),
(538, 38, 0, 0, '', '0.000000', 1),
(539, 39, 0, 0, '', '0.000000', 1),
(540, 40, 0, 0, '', '0.000000', 1),
(541, 41, 0, 0, '', '0.000000', 1),
(542, 42, 0, 0, '', '0.000000', 1),
(543, 43, 0, 0, '', '0.000000', 1),
(544, 44, 0, 0, '', '0.000000', 1),
(546, 46, 0, 0, '', '0.000000', 1),
(547, 47, 0, 0, '', '0.000000', 1),
(548, 48, 0, 0, '', '0.000000', 1),
(549, 49, 0, 0, '', '0.000000', 1),
(550, 50, 0, 0, '', '0.000000', 1),
(566, 124, 0, 0, '', '0.000000', 1),
(568, 126, 0, 0, '', '0.000000', 1),
(569, 127, 0, 0, '', '0.000000', 1),
(570, 128, 0, 0, '', '0.000000', 1),
(571, 129, 0, 0, '', '0.000000', 1),
(572, 133, 0, 0, '', '0.000000', 1),
(582, 60, 0, 0, '', '0.000000', 1),
(583, 61, 0, 0, '', '0.000000', 1),
(584, 62, 0, 0, '', '0.000000', 1),
(585, 63, 0, 0, '', '0.000000', 1),
(586, 64, 0, 0, '', '0.000000', 1),
(587, 65, 0, 0, '', '0.000000', 1),
(588, 66, 0, 0, '', '0.000000', 1),
(589, 67, 0, 0, '', '0.000000', 1),
(606, 17, 0, 0, '', '0.000000', 1),
(607, 18, 0, 0, '', '0.000000', 1),
(608, 19, 0, 0, '', '0.000000', 1),
(609, 20, 0, 0, '', '0.000000', 1),
(610, 21, 0, 0, '', '0.000000', 1),
(611, 22, 0, 0, '', '0.000000', 1),
(620, 35, 0, 0, '', '0.000000', 1),
(621, 51, 0, 0, '', '0.000000', 1),
(622, 52, 0, 0, '', '0.000000', 1),
(623, 53, 0, 0, '', '0.000000', 1),
(624, 54, 0, 0, '', '0.000000', 1),
(625, 55, 0, 0, '', '0.000000', 1),
(626, 56, 0, 0, '', '0.000000', 1),
(627, 57, 0, 0, '', '0.000000', 1),
(628, 58, 0, 0, '', '0.000000', 1),
(629, 122, 0, 0, '', '0.000000', 1),
(630, 123, 0, 0, '', '0.000000', 1),
(631, 125, 0, 0, '', '0.000000', 1),
(632, 130, 0, 0, '', '0.000000', 1),
(633, 131, 0, 0, '', '0.000000', 1),
(634, 132, 0, 0, '', '0.000000', 1),
(651, 1, 0, 0, '', '0.000000', 1),
(652, 2, 0, 0, '', '0.000000', 1),
(653, 3, 0, 0, '', '0.000000', 1),
(654, 4, 0, 0, '', '0.000000', 1),
(655, 5, 0, 0, '', '0.000000', 1),
(656, 6, 0, 0, '', '0.000000', 1),
(657, 7, 0, 0, '', '0.000000', 1),
(658, 8, 0, 0, '', '0.000000', 1),
(659, 9, 0, 0, '', '0.000000', 1),
(660, 10, 0, 0, '', '0.000000', 1),
(661, 11, 0, 0, '', '0.000000', 1),
(662, 12, 0, 0, '', '0.000000', 1),
(663, 13, 0, 0, '', '0.000000', 1),
(664, 14, 0, 0, '', '0.000000', 1),
(665, 15, 0, 0, '', '0.000000', 1),
(666, 16, 0, 0, '', '0.000000', 1),
(670, 139, 0, 0, '', '0.000000', 1),
(671, 153, 0, 0, '', '0.000000', 1),
(672, 154, 0, 0, '', '0.000000', 1),
(673, 159, 0, 0, '', '0.000000', 1),
(674, 160, 0, 0, '', '0.000000', 1),
(675, 161, 0, 0, '', '0.000000', 1),
(676, 162, 0, 0, '', '0.000000', 1),
(677, 163, 0, 0, '', '0.000000', 1),
(678, 164, 0, 0, '', '0.000000', 1),
(679, 165, 0, 0, '', '0.000000', 1),
(680, 166, 0, 0, '', '0.000000', 1),
(681, 167, 0, 0, '', '0.000000', 1),
(682, 168, 0, 0, '', '0.000000', 1),
(683, 169, 0, 0, '', '0.000000', 1),
(684, 170, 0, 0, '', '0.000000', 1),
(685, 171, 0, 0, '', '0.000000', 1),
(686, 172, 0, 0, '', '0.000000', 1),
(687, 173, 0, 0, '', '0.000000', 1),
(688, 174, 0, 0, '', '0.000000', 1),
(689, 175, 0, 0, '', '0.000000', 1),
(690, 176, 0, 0, '', '0.000000', 1),
(701, 179, 0, 0, '', '0.000000', 1),
(702, 180, 0, 0, '', '0.000000', 1),
(703, 183, 0, 0, '', '0.000000', 1),
(704, 184, 0, 0, '', '0.000000', 1),
(705, 185, 0, 0, '', '0.000000', 1),
(706, 186, 0, 0, '', '0.000000', 1),
(707, 187, 0, 0, '', '0.000000', 1),
(708, 188, 0, 0, '', '0.000000', 1),
(709, 189, 0, 0, '', '0.000000', 1),
(710, 190, 0, 0, '', '0.000000', 1),
(711, 191, 0, 0, '', '0.000000', 1),
(712, 192, 0, 0, '', '0.000000', 1),
(713, 193, 0, 0, '', '0.000000', 1),
(714, 194, 0, 0, '', '0.000000', 1),
(715, 195, 0, 0, '', '0.000000', 1),
(716, 196, 0, 0, '', '0.000000', 1),
(717, 197, 0, 0, '', '0.000000', 1),
(718, 198, 0, 0, '', '0.000000', 1),
(719, 199, 0, 0, '', '0.000000', 1),
(720, 200, 0, 0, '', '0.000000', 1),
(721, 201, 0, 0, '', '0.000000', 1),
(722, 202, 0, 0, '', '0.000000', 1),
(723, 203, 0, 0, '', '0.000000', 1),
(724, 204, 0, 0, '', '0.000000', 1),
(725, 205, 0, 0, '', '0.000000', 1),
(726, 206, 0, 0, '', '0.000000', 1),
(727, 207, 0, 0, '', '0.000000', 1),
(728, 208, 0, 0, '', '0.000000', 1),
(729, 209, 0, 0, '', '0.000000', 1),
(730, 210, 0, 0, '', '0.000000', 1),
(731, 211, 0, 0, '', '0.000000', 1),
(732, 212, 0, 0, '', '0.000000', 1),
(733, 213, 0, 0, '', '0.000000', 1),
(734, 214, 0, 0, '', '0.000000', 1),
(735, 215, 0, 0, '', '0.000000', 1),
(736, 216, 0, 0, '', '0.000000', 1),
(737, 217, 0, 0, '', '0.000000', 1),
(738, 218, 0, 0, '', '0.000000', 1),
(739, 219, 0, 0, '', '0.000000', 1),
(740, 220, 0, 0, '', '0.000000', 1),
(741, 221, 0, 0, '', '0.000000', 1),
(742, 222, 0, 0, '', '0.000000', 1),
(743, 223, 0, 0, '', '0.000000', 1),
(744, 224, 0, 0, '', '0.000000', 1),
(745, 225, 0, 0, '', '0.000000', 1),
(746, 226, 0, 0, '', '0.000000', 1),
(747, 227, 0, 0, '', '0.000000', 1),
(748, 181, 0, 0, '', '0.000000', 1),
(749, 182, 0, 0, '', '0.000000', 1),
(751, 262, 0, 0, '', '0.000000', 1),
(752, 263, 0, 0, '', '0.000000', 1),
(753, 264, 0, 0, '', '0.000000', 1),
(754, 265, 0, 0, '', '0.000000', 1),
(755, 266, 0, 0, '', '0.000000', 1),
(756, 267, 0, 0, '', '0.000000', 1),
(757, 268, 0, 0, '', '0.000000', 1),
(758, 269, 0, 0, '', '0.000000', 1),
(759, 270, 0, 0, '', '0.000000', 1),
(760, 271, 0, 0, '', '0.000000', 1),
(761, 272, 0, 0, '', '0.000000', 1),
(762, 273, 0, 0, '', '0.000000', 1),
(763, 274, 0, 0, '', '0.000000', 1),
(764, 275, 0, 0, '', '0.000000', 1),
(765, 276, 0, 0, '', '0.000000', 1),
(766, 277, 0, 0, '', '0.000000', 1),
(767, 278, 0, 0, '', '0.000000', 1),
(768, 279, 0, 0, '', '0.000000', 1),
(769, 280, 0, 0, '', '0.000000', 1),
(770, 281, 0, 0, '', '0.000000', 1),
(771, 282, 0, 0, '', '0.000000', 1),
(772, 283, 0, 0, '', '0.000000', 1),
(773, 284, 0, 0, '', '0.000000', 1),
(774, 285, 0, 0, '', '0.000000', 1),
(775, 286, 0, 0, '', '0.000000', 1),
(776, 287, 0, 0, '', '0.000000', 1),
(777, 288, 0, 0, '', '0.000000', 1),
(778, 289, 0, 0, '', '0.000000', 1),
(779, 290, 0, 0, '', '0.000000', 1),
(780, 291, 0, 0, '', '0.000000', 1),
(781, 292, 0, 0, '', '0.000000', 1),
(782, 293, 0, 0, '', '0.000000', 1),
(783, 294, 0, 0, '', '0.000000', 1),
(784, 295, 0, 0, '', '0.000000', 1),
(785, 296, 0, 0, '', '0.000000', 1),
(786, 297, 0, 0, '', '0.000000', 1),
(787, 298, 0, 0, '', '0.000000', 1),
(788, 299, 0, 0, '', '0.000000', 1),
(789, 300, 0, 0, '', '0.000000', 1),
(790, 301, 0, 0, '', '0.000000', 1),
(791, 302, 0, 0, '', '0.000000', 1),
(792, 303, 0, 0, '', '0.000000', 1),
(793, 304, 0, 0, '', '0.000000', 1),
(794, 305, 0, 0, '', '0.000000', 1),
(795, 306, 0, 0, '', '0.000000', 1),
(796, 307, 0, 0, '', '0.000000', 1),
(797, 308, 0, 0, '', '0.000000', 1),
(798, 309, 0, 0, '', '0.000000', 1),
(799, 310, 0, 0, '', '0.000000', 1),
(800, 311, 0, 0, '', '0.000000', 1),
(801, 312, 0, 0, '', '0.000000', 1),
(802, 313, 0, 0, '', '0.000000', 1),
(803, 314, 0, 0, '', '0.000000', 1),
(804, 315, 0, 0, '', '0.000000', 1),
(805, 316, 0, 0, '', '0.000000', 1),
(806, 317, 0, 0, '', '0.000000', 1),
(807, 318, 0, 0, '', '0.000000', 1),
(808, 319, 0, 0, '', '0.000000', 1),
(809, 320, 0, 0, '', '0.000000', 1),
(815, 326, 0, 0, '', '0.000000', 1),
(816, 327, 0, 0, '', '0.000000', 1),
(817, 328, 0, 0, '', '0.000000', 1),
(818, 329, 0, 0, '', '0.000000', 1),
(819, 330, 0, 0, '', '0.000000', 1),
(820, 331, 0, 0, '', '0.000000', 1),
(821, 332, 0, 0, '', '0.000000', 1),
(822, 333, 0, 0, '', '0.000000', 1),
(823, 334, 0, 0, '', '0.000000', 1),
(824, 335, 0, 0, '', '0.000000', 1),
(825, 336, 0, 0, '', '0.000000', 1),
(826, 337, 0, 0, '', '0.000000', 1),
(827, 338, 0, 0, '', '0.000000', 1),
(828, 339, 0, 0, '', '0.000000', 1),
(829, 340, 0, 0, '', '0.000000', 1),
(830, 341, 0, 0, '', '0.000000', 1),
(831, 342, 0, 0, '', '0.000000', 1),
(832, 343, 0, 0, '', '0.000000', 1),
(833, 344, 0, 0, '', '0.000000', 1),
(834, 345, 0, 0, '', '0.000000', 1),
(835, 346, 0, 0, '', '0.000000', 1),
(836, 347, 0, 0, '', '0.000000', 1),
(837, 348, 0, 0, '', '0.000000', 1),
(838, 349, 0, 0, '', '0.000000', 1),
(839, 350, 0, 0, '', '0.000000', 1),
(840, 351, 0, 0, '', '0.000000', 1),
(841, 352, 0, 0, '', '0.000000', 1),
(842, 353, 0, 0, '', '0.000000', 1),
(843, 354, 0, 0, '', '0.000000', 1),
(844, 355, 0, 0, '', '0.000000', 1),
(845, 356, 0, 0, '', '0.000000', 1),
(846, 357, 0, 0, '', '0.000000', 1),
(847, 358, 0, 0, '', '0.000000', 1),
(848, 359, 0, 0, '', '0.000000', 1),
(849, 360, 0, 0, '', '0.000000', 1),
(851, 362, 0, 0, '', '0.000000', 1),
(852, 363, 0, 0, '', '0.000000', 1),
(853, 364, 0, 0, '', '0.000000', 1),
(854, 365, 0, 0, '', '0.000000', 1),
(855, 366, 0, 0, '', '0.000000', 1),
(856, 367, 0, 0, '', '0.000000', 1),
(857, 368, 0, 0, '', '0.000000', 1),
(858, 369, 0, 0, '', '0.000000', 1),
(859, 370, 0, 0, '', '0.000000', 1),
(862, 373, 0, 0, '', '0.000000', 1),
(863, 374, 0, 0, '', '0.000000', 1),
(864, 375, 0, 0, '', '0.000000', 1),
(865, 376, 0, 0, '', '0.000000', 1),
(866, 377, 0, 0, '', '0.000000', 1),
(867, 378, 0, 0, '', '0.000000', 1),
(868, 379, 0, 0, '', '0.000000', 1),
(869, 380, 0, 0, '', '0.000000', 1),
(870, 395, 0, 0, '', '0.000000', 1),
(871, 396, 0, 0, '', '0.000000', 1),
(872, 397, 0, 0, '', '0.000000', 1),
(873, 398, 0, 0, '', '0.000000', 1),
(874, 399, 0, 0, '', '0.000000', 1),
(887, 232, 0, 0, '', '0.000000', 1),
(888, 233, 0, 0, '', '0.000000', 1),
(889, 234, 0, 0, '', '0.000000', 1),
(890, 235, 0, 0, '', '0.000000', 1),
(891, 242, 0, 0, '', '0.000000', 1),
(892, 243, 0, 0, '', '0.000000', 1),
(893, 244, 0, 0, '', '0.000000', 1),
(894, 247, 0, 0, '', '0.000000', 1),
(895, 248, 0, 0, '', '0.000000', 1),
(896, 249, 0, 0, '', '0.000000', 1),
(897, 250, 0, 0, '', '0.000000', 1),
(898, 251, 0, 0, '', '0.000000', 1),
(899, 252, 0, 0, '', '0.000000', 1),
(900, 253, 0, 0, '', '0.000000', 1),
(901, 254, 0, 0, '', '0.000000', 1),
(902, 255, 0, 0, '', '0.000000', 1),
(903, 256, 0, 0, '', '0.000000', 1),
(904, 257, 0, 0, '', '0.000000', 1),
(906, 259, 0, 0, '', '0.000000', 1),
(907, 260, 0, 0, '', '0.000000', 1),
(908, 261, 0, 0, '', '0.000000', 1),
(909, 400, 0, 0, '', '0.000000', 1),
(910, 401, 0, 0, '', '0.000000', 1),
(911, 402, 0, 0, '', '0.000000', 1),
(912, 403, 0, 0, '', '0.000000', 1),
(913, 404, 0, 0, '', '0.000000', 1),
(914, 405, 0, 0, '', '0.000000', 1),
(915, 406, 0, 0, '', '0.000000', 1),
(916, 407, 0, 0, '', '0.000000', 1),
(917, 408, 0, 0, '', '0.000000', 1),
(918, 409, 0, 0, '', '0.000000', 1),
(919, 410, 0, 0, '', '0.000000', 1),
(920, 411, 0, 0, '', '0.000000', 1),
(921, 412, 0, 0, '', '0.000000', 1),
(922, 413, 0, 0, '', '0.000000', 1),
(923, 414, 0, 0, '', '0.000000', 1),
(924, 59, 0, 0, '', '0.000000', 1),
(925, 237, 0, 0, '', '0.000000', 1),
(926, 239, 0, 0, '', '0.000000', 1),
(927, 240, 0, 0, '', '0.000000', 1),
(928, 241, 0, 0, '', '0.000000', 1),
(929, 245, 0, 0, '', '0.000000', 1),
(930, 246, 0, 0, '', '0.000000', 1),
(931, 258, 0, 0, '', '0.000000', 1),
(935, 394, 0, 0, '', '0.000000', 1),
(937, 33, 0, 0, '', '0.000000', 1),
(938, 45, 0, 0, '', '0.000000', 1),
(939, 228, 0, 0, '', '0.000000', 1),
(940, 229, 0, 0, '', '0.000000', 1),
(941, 230, 0, 0, '', '0.000000', 1),
(942, 419, 0, 0, '', '0.000000', 1),
(943, 420, 0, 0, '', '0.000000', 1),
(944, 421, 0, 0, '', '0.000000', 1),
(945, 422, 0, 0, '', '0.000000', 1),
(946, 423, 0, 0, '', '0.000000', 1),
(954, 321, 0, 0, '', '0.000000', 1),
(955, 322, 0, 0, '', '0.000000', 1),
(956, 323, 0, 0, '', '0.000000', 1),
(957, 324, 0, 0, '', '0.000000', 1),
(958, 325, 0, 0, '', '0.000000', 1),
(959, 416, 0, 0, '', '0.000000', 1),
(960, 417, 0, 0, '', '0.000000', 1),
(961, 418, 0, 0, '', '0.000000', 1),
(962, 424, 0, 0, '', '0.000000', 1),
(963, 425, 0, 0, '', '0.000000', 1),
(964, 426, 0, 0, '', '0.000000', 1),
(965, 427, 0, 0, '', '0.000000', 1),
(966, 428, 0, 0, '', '0.000000', 1),
(967, 429, 0, 0, '', '0.000000', 1),
(968, 430, 0, 0, '', '0.000000', 1),
(969, 431, 0, 0, '', '0.000000', 1),
(970, 432, 0, 0, '', '0.000000', 1),
(971, 433, 0, 0, '', '0.000000', 1),
(972, 434, 0, 0, '', '0.000000', 1),
(973, 435, 0, 0, '', '0.000000', 1),
(974, 436, 0, 0, '', '0.000000', 1),
(975, 437, 0, 0, '', '0.000000', 1),
(976, 438, 0, 0, '', '0.000000', 1),
(977, 73, 0, 0, '', '0.000000', 1),
(978, 74, 0, 0, '', '0.000000', 1),
(979, 443, 0, 0, '', '0.000000', 1),
(980, 444, 0, 0, '', '0.000000', 1),
(981, 445, 0, 0, '', '0.000000', 1),
(982, 446, 0, 0, '', '0.000000', 1),
(983, 447, 0, 0, '', '0.000000', 1),
(984, 448, 0, 0, '', '0.000000', 1),
(985, 449, 0, 0, '', '0.000000', 1),
(986, 450, 0, 0, '', '0.000000', 1),
(987, 451, 0, 0, '', '0.000000', 1),
(988, 452, 0, 0, '', '0.000000', 1),
(989, 453, 0, 0, '', '0.000000', 1),
(990, 454, 0, 0, '', '0.000000', 1),
(991, 455, 0, 0, '', '0.000000', 1),
(992, 456, 0, 0, '', '0.000000', 1),
(993, 457, 0, 0, '', '0.000000', 1),
(994, 458, 0, 0, '', '0.000000', 1),
(995, 459, 0, 0, '', '0.000000', 1),
(996, 460, 0, 0, '', '0.000000', 1),
(997, 461, 0, 0, '', '0.000000', 1),
(998, 462, 0, 0, '', '0.000000', 1),
(999, 463, 0, 0, '', '0.000000', 1),
(1000, 464, 0, 0, '', '0.000000', 1),
(1001, 465, 0, 0, '', '0.000000', 1),
(1002, 466, 0, 0, '', '0.000000', 1),
(1003, 467, 0, 0, '', '0.000000', 1),
(1004, 468, 0, 0, '', '0.000000', 1),
(1005, 469, 0, 0, '', '0.000000', 1),
(1006, 470, 0, 0, '', '0.000000', 1),
(1007, 471, 0, 0, '', '0.000000', 1),
(1008, 472, 0, 0, '', '0.000000', 1),
(1009, 473, 0, 0, '', '0.000000', 1),
(1010, 474, 0, 0, '', '0.000000', 1),
(1011, 475, 0, 0, '', '0.000000', 1),
(1012, 476, 0, 0, '', '0.000000', 1),
(1013, 477, 0, 0, '', '0.000000', 1),
(1014, 478, 0, 0, '', '0.000000', 1),
(1015, 479, 0, 0, '', '0.000000', 1),
(1016, 480, 0, 0, '', '0.000000', 1),
(1017, 481, 0, 0, '', '0.000000', 1),
(1018, 482, 0, 0, '', '0.000000', 1),
(1019, 483, 0, 0, '', '0.000000', 1),
(1020, 484, 0, 0, '', '0.000000', 1),
(1021, 485, 0, 0, '', '0.000000', 1),
(1022, 486, 0, 0, '', '0.000000', 1),
(1023, 487, 0, 0, '', '0.000000', 1),
(1024, 488, 0, 0, '', '0.000000', 1),
(1025, 489, 0, 0, '', '0.000000', 1),
(1026, 490, 0, 0, '', '0.000000', 1),
(1027, 491, 0, 0, '', '0.000000', 1),
(1028, 492, 0, 0, '', '0.000000', 1),
(1029, 29, 0, 0, '', '0.000000', 1),
(1030, 30, 0, 0, '', '0.000000', 1),
(1032, 89, 0, 0, '', '0.000000', 1),
(1033, 361, 0, 0, '', '0.000000', 1),
(1034, 371, 0, 0, '', '0.000000', 1),
(1035, 372, 0, 0, '', '0.000000', 1),
(1038, 493, 0, 0, '', '0.000000', 1);

-- --------------------------------------------------------

--
-- Estructura de tabla para la tabla `ps_product_tag`
--

CREATE TABLE `ps_product_tag` (
  `id_product` int(10) UNSIGNED NOT NULL,
  `id_tag` int(10) UNSIGNED NOT NULL,
  `id_lang` int(10) UNSIGNED NOT NULL
) ENGINE=InnoDB DEFAULT CHARSET=utf8;

--
-- Volcado de datos para la tabla `ps_product_tag`
--

INSERT INTO `ps_product_tag` (`id_product`, `id_tag`, `id_lang`) VALUES
(26, 193, 1),
(135, 193, 1),
(26, 194, 1),
(135, 194, 1),
(26, 195, 1),
(135, 195, 1);

-- --------------------------------------------------------

--
-- Estructura de tabla para la tabla `ps_profile`
--

CREATE TABLE `ps_profile` (
  `id_profile` int(10) UNSIGNED NOT NULL
) ENGINE=InnoDB DEFAULT CHARSET=utf8;

--
-- Volcado de datos para la tabla `ps_profile`
--

INSERT INTO `ps_profile` (`id_profile`) VALUES
(1),
(2),
(3),
(4);

-- --------------------------------------------------------

--
-- Estructura de tabla para la tabla `ps_profile_lang`
--

CREATE TABLE `ps_profile_lang` (
  `id_lang` int(10) UNSIGNED NOT NULL,
  `id_profile` int(10) UNSIGNED NOT NULL,
  `name` varchar(128) NOT NULL
) ENGINE=InnoDB DEFAULT CHARSET=utf8;

--
-- Volcado de datos para la tabla `ps_profile_lang`
--

INSERT INTO `ps_profile_lang` (`id_lang`, `id_profile`, `name`) VALUES
(1, 1, 'SuperAdmin'),
(1, 2, 'Marketing y Ventas'),
(1, 3, 'Traductor'),
(1, 4, 'Vendedor');

-- --------------------------------------------------------

--
-- Estructura de tabla para la tabla `ps_psgdpr_consent`
--

CREATE TABLE `ps_psgdpr_consent` (
  `id_gdpr_consent` int(10) UNSIGNED NOT NULL,
  `id_module` int(10) UNSIGNED NOT NULL,
  `active` int(10) NOT NULL,
  `error` int(10) DEFAULT NULL,
  `error_message` text DEFAULT NULL,
  `date_add` datetime NOT NULL,
  `date_upd` datetime NOT NULL
) ENGINE=InnoDB DEFAULT CHARSET=utf8;

-- --------------------------------------------------------

--
-- Estructura de tabla para la tabla `ps_psgdpr_consent_lang`
--

CREATE TABLE `ps_psgdpr_consent_lang` (
  `id_gdpr_consent` int(10) UNSIGNED NOT NULL,
  `id_lang` int(10) UNSIGNED NOT NULL,
  `message` text DEFAULT NULL,
  `id_shop` int(10) UNSIGNED NOT NULL
) ENGINE=InnoDB DEFAULT CHARSET=utf8;

-- --------------------------------------------------------

--
-- Estructura de tabla para la tabla `ps_psgdpr_log`
--

CREATE TABLE `ps_psgdpr_log` (
  `id_gdpr_log` int(10) UNSIGNED NOT NULL,
  `id_customer` int(10) UNSIGNED DEFAULT NULL,
  `id_guest` int(10) UNSIGNED DEFAULT NULL,
  `client_name` varchar(250) DEFAULT NULL,
  `id_module` int(10) UNSIGNED NOT NULL,
  `request_type` int(10) NOT NULL,
  `date_add` datetime NOT NULL,
  `date_upd` datetime NOT NULL
) ENGINE=InnoDB DEFAULT CHARSET=utf8;

--
-- Volcado de datos para la tabla `ps_psgdpr_log`
--

INSERT INTO `ps_psgdpr_log` (`id_gdpr_log`, `id_customer`, `id_guest`, `client_name`, `id_module`, `request_type`, `date_add`, `date_upd`) VALUES
(1, 1, 0, 'PABLO LOPEZ', 0, 1, '2020-05-08 12:34:31', '2020-05-08 12:34:31'),
(2, 2, 0, 'Damian Tolcha', 0, 1, '2020-05-08 13:12:25', '2020-05-08 13:12:25'),
(3, 3, 0, 'Dar perez', 0, 1, '2020-05-14 12:58:46', '2020-05-14 12:58:46');

-- --------------------------------------------------------

--
-- Estructura de tabla para la tabla `ps_psreassurance`
--

CREATE TABLE `ps_psreassurance` (
  `id_psreassurance` int(10) UNSIGNED NOT NULL,
  `icon` varchar(255) DEFAULT NULL,
  `custom_icon` varchar(255) DEFAULT NULL,
  `status` int(10) UNSIGNED NOT NULL,
  `position` int(10) UNSIGNED NOT NULL,
  `id_shop` int(10) UNSIGNED NOT NULL,
  `type_link` int(10) UNSIGNED DEFAULT NULL,
  `id_cms` int(10) UNSIGNED DEFAULT NULL,
  `date_add` datetime NOT NULL,
  `date_upd` datetime DEFAULT NULL
) ENGINE=InnoDB DEFAULT CHARSET=utf8;

--
-- Volcado de datos para la tabla `ps_psreassurance`
--

INSERT INTO `ps_psreassurance` (`id_psreassurance`, `icon`, `custom_icon`, `status`, `position`, `id_shop`, `type_link`, `id_cms`, `date_add`, `date_upd`) VALUES
(1, '/modules/blockreassurance/img/ic_verified_user_black_36dp_1x.png', '', 1, 1, 1, 1, 3, '2020-06-19 02:21:13', '2020-06-19 02:21:13'),
(2, '/modules/blockreassurance/img/ic_local_shipping_black_36dp_1x.png', '', 1, 2, 1, 0, 1, '2020-06-19 02:20:30', '2020-06-19 02:20:30'),
(3, '/modules/blockreassurance/img/ic_swap_horiz_black_36dp_1x.png', NULL, 0, 3, 1, NULL, NULL, '2019-11-02 17:12:37', '2020-06-19 02:18:55');

-- --------------------------------------------------------

--
-- Estructura de tabla para la tabla `ps_psreassurance_lang`
--

CREATE TABLE `ps_psreassurance_lang` (
  `id_psreassurance` int(10) UNSIGNED NOT NULL,
  `id_lang` int(10) UNSIGNED NOT NULL,
  `id_shop` int(10) UNSIGNED NOT NULL,
  `title` varchar(255) NOT NULL,
  `description` varchar(255) NOT NULL,
  `link` varchar(255) NOT NULL
) ENGINE=InnoDB DEFAULT CHARSET=utf8;

--
-- Volcado de datos para la tabla `ps_psreassurance_lang`
--

INSERT INTO `ps_psreassurance_lang` (`id_psreassurance`, `id_lang`, `id_shop`, `title`, `description`, `link`) VALUES
(1, 1, 1, 'Conozca los Términos y Condiciones', '', 'https://opticabrera.com.ar/content/3-terminos-y-condiciones-de-uso'),
(2, 1, 1, 'Despachamos a todo el país a las 24hs de haber recibido su pago', '', ''),
(3, 1, 1, 'Política de devolución (editar con el módulo Información de seguridad y confianza para el cliente)', '', '');

-- --------------------------------------------------------

--
-- Estructura de tabla para la tabla `ps_quick_access`
--

CREATE TABLE `ps_quick_access` (
  `id_quick_access` int(10) UNSIGNED NOT NULL,
  `new_window` tinyint(1) NOT NULL DEFAULT 0,
  `link` varchar(255) NOT NULL
) ENGINE=InnoDB DEFAULT CHARSET=utf8;

--
-- Volcado de datos para la tabla `ps_quick_access`
--

INSERT INTO `ps_quick_access` (`id_quick_access`, `new_window`, `link`) VALUES
(1, 0, 'index.php?controller=AdminOrders'),
(2, 0, 'index.php?controller=AdminCartRules&addcart_rule'),
(3, 0, 'index.php/sell/catalog/products/new'),
(4, 0, 'index.php?controller=AdminCategories&addcategory'),
(5, 0, 'index.php/improve/modules/manage'),
(6, 0, 'index.php?controller=AdminStats&module=statscheckup'),
(7, 0, 'https://opticabrera.com.ar/admin547yyethp/index.php?controller=AdminModules&token=4732cc53a804cdbb745c8a75c6c8f98e&configure=smartblog');

-- --------------------------------------------------------

--
-- Estructura de tabla para la tabla `ps_quick_access_lang`
--

CREATE TABLE `ps_quick_access_lang` (
  `id_quick_access` int(10) UNSIGNED NOT NULL,
  `id_lang` int(10) UNSIGNED NOT NULL,
  `name` varchar(32) NOT NULL
) ENGINE=InnoDB DEFAULT CHARSET=utf8;

--
-- Volcado de datos para la tabla `ps_quick_access_lang`
--

INSERT INTO `ps_quick_access_lang` (`id_quick_access`, `id_lang`, `name`) VALUES
(1, 1, 'Pedidos'),
(2, 1, 'Nuevo cupón de descuento'),
(3, 1, 'Nuevo'),
(4, 1, 'Nueva categoría'),
(5, 1, 'Módulos instalados'),
(6, 1, 'Evaluación del catálogo'),
(7, 1, 'Smart Blog Setting');

-- --------------------------------------------------------

--
-- Estructura de tabla para la tabla `ps_range_price`
--

CREATE TABLE `ps_range_price` (
  `id_range_price` int(10) UNSIGNED NOT NULL,
  `id_carrier` int(10) UNSIGNED NOT NULL,
  `delimiter1` decimal(20,6) NOT NULL,
  `delimiter2` decimal(20,6) NOT NULL
) ENGINE=InnoDB DEFAULT CHARSET=utf8;

--
-- Volcado de datos para la tabla `ps_range_price`
--

INSERT INTO `ps_range_price` (`id_range_price`, `id_carrier`, `delimiter1`, `delimiter2`) VALUES
(1, 2, '0.000000', '10000.000000'),
(2, 3, '0.000000', '1000000000.000000'),
(3, 4, '0.000000', '1000000000.000000'),
(4, 5, '0.000000', '1000000000.000000'),
(5, 11, '0.000000', '1000000000.000000');

-- --------------------------------------------------------

--
-- Estructura de tabla para la tabla `ps_range_weight`
--

CREATE TABLE `ps_range_weight` (
  `id_range_weight` int(10) UNSIGNED NOT NULL,
  `id_carrier` int(10) UNSIGNED NOT NULL,
  `delimiter1` decimal(20,6) NOT NULL,
  `delimiter2` decimal(20,6) NOT NULL
) ENGINE=InnoDB DEFAULT CHARSET=utf8;

--
-- Volcado de datos para la tabla `ps_range_weight`
--

INSERT INTO `ps_range_weight` (`id_range_weight`, `id_carrier`, `delimiter1`, `delimiter2`) VALUES
(1, 2, '0.000000', '10000.000000'),
(2, 3, '0.000000', '1000000000.000000'),
(3, 4, '0.000000', '1000000000.000000'),
(4, 5, '0.000000', '1000000000.000000'),
(5, 9, '0.000000', '10000.000000'),
(6, 11, '0.000000', '1000000000.000000'),
(7, 18, '0.000000', '0.500000'),
(8, 18, '0.500000', '1.000000'),
(9, 18, '1.000000', '2.000000'),
(10, 18, '2.000000', '3.000000'),
(11, 18, '3.000000', '5.000000'),
(12, 18, '5.000000', '10.000000'),
(13, 18, '10.000000', '15.000000'),
(14, 18, '15.000000', '20.000000'),
(15, 18, '20.000000', '25.000000'),
(16, 19, '0.000000', '0.500000'),
(17, 19, '0.500000', '1.000000'),
(18, 19, '1.000000', '2.000000'),
(19, 19, '2.000000', '3.000000'),
(20, 19, '3.000000', '5.000000'),
(21, 19, '5.000000', '10.000000'),
(22, 19, '10.000000', '15.000000'),
(23, 19, '15.000000', '20.000000'),
(24, 19, '20.000000', '25.000000'),
(25, 20, '0.000000', '0.500000'),
(26, 20, '0.500000', '1.000000'),
(27, 20, '1.000000', '2.000000'),
(28, 20, '2.000000', '3.000000'),
(29, 20, '3.000000', '5.000000'),
(30, 20, '5.000000', '10.000000'),
(31, 20, '10.000000', '15.000000'),
(32, 20, '15.000000', '20.000000'),
(33, 20, '20.000000', '25.000000'),
(34, 21, '0.000000', '0.000000'),
(35, 22, '0.000000', '0.500000'),
(36, 22, '0.500000', '1.000000'),
(37, 22, '1.000000', '2.000000'),
(38, 22, '2.000000', '3.000000'),
(39, 22, '3.000000', '5.000000'),
(40, 22, '5.000000', '10.000000'),
(41, 22, '10.000000', '15.000000'),
(42, 22, '15.000000', '20.000000'),
(43, 22, '20.000000', '25.000000'),
(44, 23, '0.000000', '0.500000'),
(45, 23, '0.500000', '1.000000'),
(46, 23, '1.000000', '2.000000'),
(47, 23, '2.000000', '3.000000'),
(48, 23, '3.000000', '5.000000'),
(49, 23, '5.000000', '10.000000'),
(50, 23, '10.000000', '15.000000'),
(51, 23, '15.000000', '20.000000'),
(52, 23, '20.000000', '25.000000'),
(53, 24, '0.000000', '0.000000'),
(54, 25, '0.000000', '0.500000'),
(55, 25, '0.500000', '1.000000'),
(56, 25, '1.000000', '2.000000'),
(57, 25, '2.000000', '3.000000'),
(58, 25, '3.000000', '5.000000'),
(59, 25, '5.000000', '10.000000'),
(60, 25, '10.000000', '15.000000'),
(61, 25, '15.000000', '20.000000'),
(62, 25, '20.000000', '25.000000'),
(63, 33, '0.000000', '0.500000'),
(64, 33, '0.500000', '1.000000'),
(65, 33, '1.000000', '2.000000'),
(66, 33, '2.000000', '3.000000'),
(67, 33, '3.000000', '5.000000'),
(68, 33, '5.000000', '10.000000'),
(69, 33, '10.000000', '15.000000'),
(70, 33, '15.000000', '20.000000'),
(71, 33, '20.000000', '25.000000'),
(72, 38, '0.000000', '0.500000'),
(73, 38, '0.500000', '1.000000'),
(74, 38, '1.000000', '2.000000'),
(75, 38, '2.000000', '3.000000'),
(76, 38, '3.000000', '5.000000'),
(77, 38, '5.000000', '10.000000'),
(78, 38, '10.000000', '15.000000'),
(79, 38, '15.000000', '20.000000'),
(80, 38, '20.000000', '25.000000'),
(81, 39, '0.000000', '0.500000'),
(82, 39, '0.500000', '1.000000'),
(83, 39, '1.000000', '2.000000'),
(84, 39, '2.000000', '3.000000'),
(85, 39, '3.000000', '5.000000'),
(86, 39, '5.000000', '10.000000'),
(87, 39, '10.000000', '15.000000'),
(88, 39, '15.000000', '20.000000'),
(89, 39, '20.000000', '25.000000');

-- --------------------------------------------------------

--
-- Estructura de tabla para la tabla `ps_reassurance`
--

CREATE TABLE `ps_reassurance` (
  `id_reassurance` int(10) UNSIGNED NOT NULL,
  `id_shop` int(10) UNSIGNED NOT NULL,
  `file_name` varchar(100) NOT NULL
) ENGINE=InnoDB DEFAULT CHARSET=utf8;

--
-- Volcado de datos para la tabla `ps_reassurance`
--

INSERT INTO `ps_reassurance` (`id_reassurance`, `id_shop`, `file_name`) VALUES
(1, 1, 'ic_verified_user_black_36dp_1x.png'),
(2, 1, 'ic_local_shipping_black_36dp_1x.png'),
(3, 1, 'ic_swap_horiz_black_36dp_1x.png');

-- --------------------------------------------------------

--
-- Estructura de tabla para la tabla `ps_reassurance_lang`
--

CREATE TABLE `ps_reassurance_lang` (
  `id_reassurance` int(10) UNSIGNED NOT NULL,
  `id_lang` int(10) UNSIGNED NOT NULL,
  `text` varchar(300) NOT NULL
) ENGINE=InnoDB DEFAULT CHARSET=utf8;

--
-- Volcado de datos para la tabla `ps_reassurance_lang`
--

INSERT INTO `ps_reassurance_lang` (`id_reassurance`, `id_lang`, `text`) VALUES
(1, 1, 'Política de seguridad (editar con el módulo Información de seguridad y confianza para el cliente)'),
(2, 1, 'Política de envío (editar con el módulo Información de seguridad y confianza para el cliente)'),
(3, 1, 'Política de devolución (editar con el módulo Información de seguridad y confianza para el cliente)');

-- --------------------------------------------------------

--
-- Estructura de tabla para la tabla `ps_referrer`
--

CREATE TABLE `ps_referrer` (
  `id_referrer` int(10) UNSIGNED NOT NULL,
  `name` varchar(64) NOT NULL,
  `passwd` varchar(255) DEFAULT NULL,
  `http_referer_regexp` varchar(64) DEFAULT NULL,
  `http_referer_like` varchar(64) DEFAULT NULL,
  `request_uri_regexp` varchar(64) DEFAULT NULL,
  `request_uri_like` varchar(64) DEFAULT NULL,
  `http_referer_regexp_not` varchar(64) DEFAULT NULL,
  `http_referer_like_not` varchar(64) DEFAULT NULL,
  `request_uri_regexp_not` varchar(64) DEFAULT NULL,
  `request_uri_like_not` varchar(64) DEFAULT NULL,
  `base_fee` decimal(5,2) NOT NULL DEFAULT 0.00,
  `percent_fee` decimal(5,2) NOT NULL DEFAULT 0.00,
  `click_fee` decimal(5,2) NOT NULL DEFAULT 0.00,
  `date_add` datetime NOT NULL
) ENGINE=InnoDB DEFAULT CHARSET=utf8;

-- --------------------------------------------------------

--
-- Estructura de tabla para la tabla `ps_referrer_cache`
--

CREATE TABLE `ps_referrer_cache` (
  `id_connections_source` int(11) UNSIGNED NOT NULL,
  `id_referrer` int(11) UNSIGNED NOT NULL
) ENGINE=InnoDB DEFAULT CHARSET=utf8;

-- --------------------------------------------------------

--
-- Estructura de tabla para la tabla `ps_referrer_shop`
--

CREATE TABLE `ps_referrer_shop` (
  `id_referrer` int(10) UNSIGNED NOT NULL,
  `id_shop` int(10) UNSIGNED NOT NULL DEFAULT 1,
  `cache_visitors` int(11) DEFAULT NULL,
  `cache_visits` int(11) DEFAULT NULL,
  `cache_pages` int(11) DEFAULT NULL,
  `cache_registrations` int(11) DEFAULT NULL,
  `cache_orders` int(11) DEFAULT NULL,
  `cache_sales` decimal(17,2) DEFAULT NULL,
  `cache_reg_rate` decimal(5,4) DEFAULT NULL,
  `cache_order_rate` decimal(5,4) DEFAULT NULL
) ENGINE=InnoDB DEFAULT CHARSET=utf8;

-- --------------------------------------------------------

--
-- Estructura de tabla para la tabla `ps_request_sql`
--

CREATE TABLE `ps_request_sql` (
  `id_request_sql` int(11) NOT NULL,
  `name` varchar(200) NOT NULL,
  `sql` text NOT NULL
) ENGINE=InnoDB DEFAULT CHARSET=utf8;

-- --------------------------------------------------------

--
-- Estructura de tabla para la tabla `ps_required_field`
--

CREATE TABLE `ps_required_field` (
  `id_required_field` int(11) NOT NULL,
  `object_name` varchar(32) NOT NULL,
  `field_name` varchar(32) NOT NULL
) ENGINE=InnoDB DEFAULT CHARSET=utf8;

--
-- Volcado de datos para la tabla `ps_required_field`
--

INSERT INTO `ps_required_field` (`id_required_field`, `object_name`, `field_name`) VALUES
(2, 'CustomerAddress', 'phone_mobile'),
(3, 'CustomerAddress', 'dni');

-- --------------------------------------------------------

--
-- Estructura de tabla para la tabla `ps_risk`
--

CREATE TABLE `ps_risk` (
  `id_risk` int(11) UNSIGNED NOT NULL,
  `percent` tinyint(3) NOT NULL,
  `color` varchar(32) DEFAULT NULL
) ENGINE=InnoDB DEFAULT CHARSET=utf8;

--
-- Volcado de datos para la tabla `ps_risk`
--

INSERT INTO `ps_risk` (`id_risk`, `percent`, `color`) VALUES
(1, 0, '#32CD32'),
(2, 35, '#FF8C00'),
(3, 75, '#DC143C'),
(4, 100, '#ec2e15');

-- --------------------------------------------------------

--
-- Estructura de tabla para la tabla `ps_risk_lang`
--

CREATE TABLE `ps_risk_lang` (
  `id_risk` int(10) UNSIGNED NOT NULL,
  `id_lang` int(10) UNSIGNED NOT NULL,
  `name` varchar(20) NOT NULL
) ENGINE=InnoDB DEFAULT CHARSET=utf8;

--
-- Volcado de datos para la tabla `ps_risk_lang`
--

INSERT INTO `ps_risk_lang` (`id_risk`, `id_lang`, `name`) VALUES
(1, 1, 'Ninguno'),
(2, 1, 'Baja'),
(3, 1, 'Medio'),
(4, 1, 'Alto');

-- --------------------------------------------------------

--
-- Estructura de tabla para la tabla `ps_search_engine`
--

CREATE TABLE `ps_search_engine` (
  `id_search_engine` int(10) UNSIGNED NOT NULL,
  `server` varchar(64) NOT NULL,
  `getvar` varchar(16) NOT NULL
) ENGINE=InnoDB DEFAULT CHARSET=utf8;

--
-- Volcado de datos para la tabla `ps_search_engine`
--

INSERT INTO `ps_search_engine` (`id_search_engine`, `server`, `getvar`) VALUES
(1, 'google', 'q'),
(2, 'aol', 'q'),
(3, 'yandex', 'text'),
(4, 'ask.com', 'q'),
(5, 'nhl.com', 'q'),
(6, 'yahoo', 'p'),
(7, 'baidu', 'wd'),
(8, 'lycos', 'query'),
(9, 'exalead', 'q'),
(10, 'search.live', 'q'),
(11, 'voila', 'rdata'),
(12, 'altavista', 'q'),
(13, 'bing', 'q'),
(14, 'daum', 'q'),
(15, 'eniro', 'search_word'),
(16, 'naver', 'query'),
(17, 'msn', 'q'),
(18, 'netscape', 'query'),
(19, 'cnn', 'query'),
(20, 'about', 'terms'),
(21, 'mamma', 'query'),
(22, 'alltheweb', 'q'),
(23, 'virgilio', 'qs'),
(24, 'alice', 'qs'),
(25, 'najdi', 'q'),
(26, 'mama', 'query'),
(27, 'seznam', 'q'),
(28, 'onet', 'qt'),
(29, 'szukacz', 'q'),
(30, 'yam', 'k'),
(31, 'pchome', 'q'),
(32, 'kvasir', 'q'),
(33, 'sesam', 'q'),
(34, 'ozu', 'q'),
(35, 'terra', 'query'),
(36, 'mynet', 'q'),
(37, 'ekolay', 'q'),
(38, 'rambler', 'words');

-- --------------------------------------------------------

--
-- Estructura de tabla para la tabla `ps_search_index`
--

CREATE TABLE `ps_search_index` (
  `id_product` int(11) UNSIGNED NOT NULL,
  `id_word` int(11) UNSIGNED NOT NULL,
  `weight` smallint(4) UNSIGNED NOT NULL DEFAULT 1
) ENGINE=InnoDB DEFAULT CHARSET=utf8;

--
-- Volcado de datos para la tabla `ps_search_index`
--

INSERT INTO `ps_search_index` (`id_product`, `id_word`, `weight`) VALUES
(1, 4476793, 1),
(1, 4476794, 1),
(1, 4476795, 1),
(1, 4476796, 1),
(1, 4476797, 1),
(1, 4476800, 1),
(1, 4476801, 1),
(1, 4476802, 1),
(1, 4476803, 1),
(1, 4476804, 1),
(1, 4476805, 1),
(1, 4476806, 1),
(1, 4476807, 1),
(1, 4476808, 1),
(1, 4476809, 1),
(1, 4476811, 2),
(1, 4476812, 2),
(1, 4476813, 2),
(1, 4476814, 2),
(1, 4476815, 2),
(1, 4476798, 3),
(1, 4476799, 3),
(1, 4476810, 3),
(1, 4476786, 7),
(1, 4476789, 7),
(1, 4476790, 7),
(1, 4476785, 9),
(1, 4476791, 9),
(1, 4476792, 10),
(1, 4476787, 12),
(1, 4476788, 12),
(2, 4476793, 1),
(2, 4476794, 1),
(2, 4476795, 1),
(2, 4476796, 1),
(2, 4476797, 1),
(2, 4476799, 1),
(2, 4476800, 1),
(2, 4476801, 1),
(2, 4476802, 1),
(2, 4476803, 1),
(2, 4476804, 1),
(2, 4476805, 1),
(2, 4476806, 1),
(2, 4476807, 1),
(2, 4476808, 1),
(2, 4476809, 1),
(2, 4476811, 2),
(2, 4476812, 2),
(2, 4476813, 2),
(2, 4476815, 2),
(2, 4476818, 2),
(2, 4476798, 3),
(2, 4476789, 7),
(2, 4476790, 7),
(2, 4476816, 9),
(2, 4476786, 10),
(2, 4476817, 10),
(2, 4476785, 12),
(2, 4476787, 12),
(2, 4476788, 12),
(3, 4476793, 1),
(3, 4476794, 1),
(3, 4476795, 1),
(3, 4476796, 1),
(3, 4476797, 1),
(3, 4476799, 1),
(3, 4476800, 1),
(3, 4476801, 1),
(3, 4476802, 1),
(3, 4476803, 1),
(3, 4476804, 1),
(3, 4476805, 1),
(3, 4476806, 1),
(3, 4476807, 1),
(3, 4476808, 1),
(3, 4476809, 1),
(3, 4476811, 2),
(3, 4476812, 2),
(3, 4476813, 2),
(3, 4476815, 2),
(3, 4476818, 2),
(3, 4476798, 3),
(3, 4476789, 7),
(3, 4476790, 7),
(3, 4476846, 9),
(3, 4476786, 10),
(3, 4476847, 10),
(3, 4476785, 12),
(3, 4476787, 12),
(3, 4476788, 12),
(4, 4476793, 1),
(4, 4476794, 1),
(4, 4476795, 1),
(4, 4476796, 1),
(4, 4476797, 1),
(4, 4476799, 1),
(4, 4476800, 1),
(4, 4476801, 1),
(4, 4476802, 1),
(4, 4476803, 1),
(4, 4476804, 1),
(4, 4476805, 1),
(4, 4476806, 1),
(4, 4476807, 1),
(4, 4476808, 1),
(4, 4476809, 1),
(4, 4476811, 2),
(4, 4476812, 2),
(4, 4476813, 2),
(4, 4476815, 2),
(4, 4476818, 2),
(4, 4476798, 3),
(4, 4476789, 7),
(4, 4476790, 7),
(4, 4476876, 9),
(4, 4476786, 10),
(4, 4476877, 10),
(4, 4476785, 12),
(4, 4476787, 12),
(4, 4476788, 12),
(5, 4476793, 1),
(5, 4476796, 1),
(5, 4476816, 1),
(5, 4476846, 1),
(5, 4476876, 1),
(5, 4476909, 1),
(5, 4476910, 1),
(5, 4476911, 1),
(5, 4476912, 1),
(5, 4476913, 1),
(5, 4476914, 1),
(5, 4476915, 1),
(5, 4476916, 1),
(5, 4476917, 1),
(5, 4476918, 1),
(5, 4476919, 1),
(5, 4476920, 1),
(5, 4476921, 1),
(5, 4476922, 1),
(5, 4476923, 1),
(5, 4476924, 1),
(5, 4476925, 1),
(5, 4476926, 1),
(5, 4476927, 1),
(5, 4476928, 1),
(5, 4476929, 1),
(5, 4476930, 1),
(5, 4476931, 1),
(5, 4476932, 1),
(5, 4476933, 1),
(5, 4476934, 1),
(5, 4476935, 1),
(5, 4476936, 1),
(5, 4476937, 1),
(5, 4476938, 1),
(5, 4476939, 1),
(5, 4476940, 1),
(5, 4476941, 1),
(5, 4476811, 2),
(5, 4476813, 2),
(5, 4476815, 2),
(5, 4476818, 2),
(5, 4476812, 3),
(5, 4476790, 7),
(5, 4476907, 7),
(5, 4476791, 9),
(5, 4476786, 10),
(5, 4476908, 10),
(5, 4476785, 12),
(5, 4476906, 12),
(6, 4476791, 1),
(6, 4476793, 1),
(6, 4476796, 1),
(6, 4476816, 1),
(6, 4476846, 1),
(6, 4476876, 1),
(6, 4476909, 1),
(6, 4476910, 1),
(6, 4476911, 1),
(6, 4476912, 1),
(6, 4476913, 1),
(6, 4476914, 1),
(6, 4476915, 1),
(6, 4476916, 1),
(6, 4476917, 1),
(6, 4476918, 1),
(6, 4476919, 1),
(6, 4476920, 1),
(6, 4476921, 1),
(6, 4476922, 1),
(6, 4476923, 1),
(6, 4476924, 1),
(6, 4476925, 1),
(6, 4476926, 1),
(6, 4476927, 1),
(6, 4476928, 1),
(6, 4476929, 1),
(6, 4476930, 1),
(6, 4476931, 1),
(6, 4476932, 1),
(6, 4476933, 1),
(6, 4476934, 1),
(6, 4476935, 1),
(6, 4476936, 1),
(6, 4476937, 1),
(6, 4476938, 1),
(6, 4476939, 1),
(6, 4476940, 1),
(6, 4476941, 1),
(6, 4476811, 2),
(6, 4476813, 2),
(6, 4476815, 2),
(6, 4476818, 2),
(6, 4476812, 3),
(6, 4476958, 3),
(6, 4476956, 6),
(6, 4476790, 7),
(6, 4476907, 7),
(6, 4476786, 10),
(6, 4476957, 10),
(6, 4476785, 12),
(6, 4476906, 12),
(7, 4476791, 1),
(7, 4476793, 1),
(7, 4476796, 1),
(7, 4476816, 1),
(7, 4476876, 1),
(7, 4476909, 1),
(7, 4476910, 1),
(7, 4476911, 1),
(7, 4476912, 1),
(7, 4476913, 1),
(7, 4476914, 1),
(7, 4476915, 1),
(7, 4476916, 1),
(7, 4476917, 1),
(7, 4476918, 1),
(7, 4476919, 1),
(7, 4476920, 1),
(7, 4476921, 1),
(7, 4476922, 1),
(7, 4476923, 1),
(7, 4476924, 1),
(7, 4476925, 1),
(7, 4476926, 1),
(7, 4476927, 1),
(7, 4476928, 1),
(7, 4476929, 1),
(7, 4476930, 1),
(7, 4476931, 1),
(7, 4476932, 1),
(7, 4476933, 1),
(7, 4476934, 1),
(7, 4476935, 1),
(7, 4476936, 1),
(7, 4476937, 1),
(7, 4476938, 1),
(7, 4476939, 1),
(7, 4476940, 1),
(7, 4476941, 1),
(7, 4476811, 2),
(7, 4476813, 2),
(7, 4476815, 2),
(7, 4476818, 2),
(7, 4476812, 3),
(7, 4476790, 7),
(7, 4476907, 7),
(7, 4476846, 9),
(7, 4476786, 10),
(7, 4477008, 10),
(7, 4476785, 12),
(7, 4476906, 12),
(8, 4476791, 1),
(8, 4476793, 1),
(8, 4476796, 1),
(8, 4476846, 1),
(8, 4476876, 1),
(8, 4476909, 1),
(8, 4476910, 1),
(8, 4476911, 1),
(8, 4476912, 1),
(8, 4476913, 1),
(8, 4476914, 1),
(8, 4476915, 1),
(8, 4476916, 1),
(8, 4476917, 1),
(8, 4476918, 1),
(8, 4476919, 1),
(8, 4476920, 1),
(8, 4476921, 1),
(8, 4476922, 1),
(8, 4476923, 1),
(8, 4476924, 1),
(8, 4476925, 1),
(8, 4476926, 1),
(8, 4476927, 1),
(8, 4476928, 1),
(8, 4476929, 1),
(8, 4476930, 1),
(8, 4476931, 1),
(8, 4476932, 1),
(8, 4476933, 1),
(8, 4476934, 1),
(8, 4476935, 1),
(8, 4476936, 1),
(8, 4476937, 1),
(8, 4476938, 1),
(8, 4476939, 1),
(8, 4476940, 1),
(8, 4476941, 1),
(8, 4476811, 2),
(8, 4476813, 2),
(8, 4476815, 2),
(8, 4476818, 2),
(8, 4476812, 3),
(8, 4476790, 7),
(8, 4476907, 7),
(8, 4476816, 9),
(8, 4476786, 10),
(8, 4477058, 10),
(8, 4476785, 12),
(8, 4476906, 12),
(9, 4476791, 1),
(9, 4476793, 1),
(9, 4476796, 1),
(9, 4476816, 1),
(9, 4476846, 1),
(9, 4476909, 1),
(9, 4476910, 1),
(9, 4476911, 1),
(9, 4476912, 1),
(9, 4476913, 1),
(9, 4476914, 1),
(9, 4476915, 1),
(9, 4476916, 1),
(9, 4476917, 1),
(9, 4476918, 1),
(9, 4476919, 1),
(9, 4476920, 1),
(9, 4476921, 1),
(9, 4476922, 1),
(9, 4476923, 1),
(9, 4476924, 1),
(9, 4476925, 1),
(9, 4476926, 1),
(9, 4476927, 1),
(9, 4476928, 1),
(9, 4476929, 1),
(9, 4476930, 1),
(9, 4476931, 1),
(9, 4476932, 1),
(9, 4476933, 1),
(9, 4476934, 1),
(9, 4476935, 1),
(9, 4476936, 1),
(9, 4476937, 1),
(9, 4476938, 1),
(9, 4476939, 1),
(9, 4476940, 1),
(9, 4476941, 1),
(9, 4476811, 2),
(9, 4476813, 2),
(9, 4476815, 2),
(9, 4476818, 2),
(9, 4476812, 3),
(9, 4476790, 7),
(9, 4476907, 7),
(9, 4476876, 9),
(9, 4476786, 10),
(9, 4477108, 10),
(9, 4476785, 12),
(9, 4476906, 12),
(10, 4476791, 1),
(10, 4476793, 1),
(10, 4476796, 1),
(10, 4476816, 1),
(10, 4476846, 1),
(10, 4476876, 1),
(10, 4476909, 1),
(10, 4476910, 1),
(10, 4476911, 1),
(10, 4476912, 1),
(10, 4476913, 1),
(10, 4476914, 1),
(10, 4476915, 1),
(10, 4476916, 1),
(10, 4476917, 1),
(10, 4476918, 1),
(10, 4476919, 1),
(10, 4476920, 1),
(10, 4476921, 1),
(10, 4476922, 1),
(10, 4476923, 1),
(10, 4476924, 1),
(10, 4476925, 1),
(10, 4476926, 1),
(10, 4476927, 1),
(10, 4476928, 1),
(10, 4476929, 1),
(10, 4476930, 1),
(10, 4476931, 1),
(10, 4476932, 1),
(10, 4476933, 1),
(10, 4476935, 1),
(10, 4476936, 1),
(10, 4476937, 1),
(10, 4476938, 1),
(10, 4476939, 1),
(10, 4476940, 1),
(10, 4476941, 1),
(10, 4476811, 2),
(10, 4476813, 2),
(10, 4476815, 2),
(10, 4476818, 2),
(10, 4476812, 3),
(10, 4476790, 7),
(10, 4476907, 7),
(10, 4476934, 9),
(10, 4476786, 10),
(10, 4477158, 10),
(10, 4476785, 12),
(10, 4476906, 12),
(11, 4476791, 1),
(11, 4476793, 1),
(11, 4476796, 1),
(11, 4476816, 1),
(11, 4476846, 1),
(11, 4476876, 1),
(11, 4476909, 1),
(11, 4476910, 1),
(11, 4476911, 1),
(11, 4476912, 1),
(11, 4476913, 1),
(11, 4476914, 1),
(11, 4476915, 1),
(11, 4476916, 1),
(11, 4476917, 1),
(11, 4476918, 1),
(11, 4476919, 1),
(11, 4476920, 1),
(11, 4476921, 1),
(11, 4476922, 1),
(11, 4476923, 1),
(11, 4476924, 1),
(11, 4476925, 1),
(11, 4476926, 1),
(11, 4476927, 1),
(11, 4476928, 1),
(11, 4476929, 1),
(11, 4476930, 1),
(11, 4476931, 1),
(11, 4476932, 1),
(11, 4476934, 1),
(11, 4476935, 1),
(11, 4476936, 1),
(11, 4476937, 1),
(11, 4476938, 1),
(11, 4476939, 1),
(11, 4476940, 1),
(11, 4476941, 1),
(11, 4476811, 2),
(11, 4476813, 2),
(11, 4476815, 2),
(11, 4476818, 2),
(11, 4476812, 3),
(11, 4476790, 7),
(11, 4476907, 7),
(11, 4476933, 9),
(11, 4476786, 10),
(11, 4477208, 10),
(11, 4476785, 12),
(11, 4476906, 12),
(12, 4476791, 1),
(12, 4476793, 1),
(12, 4476796, 1),
(12, 4476816, 1),
(12, 4476846, 1),
(12, 4476876, 1),
(12, 4476909, 1),
(12, 4476910, 1),
(12, 4476911, 1),
(12, 4476912, 1),
(12, 4476913, 1),
(12, 4476914, 1),
(12, 4476915, 1),
(12, 4476916, 1),
(12, 4476917, 1),
(12, 4476918, 1),
(12, 4476919, 1),
(12, 4476920, 1),
(12, 4476921, 1),
(12, 4476922, 1),
(12, 4476923, 1),
(12, 4476924, 1),
(12, 4476925, 1),
(12, 4476926, 1),
(12, 4476927, 1),
(12, 4476928, 1),
(12, 4476929, 1),
(12, 4476930, 1),
(12, 4476931, 1),
(12, 4476932, 1),
(12, 4476933, 1),
(12, 4476934, 1),
(12, 4476936, 1),
(12, 4476937, 1),
(12, 4476938, 1),
(12, 4476939, 1),
(12, 4476940, 1),
(12, 4476941, 1),
(12, 4476811, 2),
(12, 4476813, 2),
(12, 4476815, 2),
(12, 4476818, 2),
(12, 4476812, 3),
(12, 4476790, 7),
(12, 4476907, 7),
(12, 4476935, 9),
(12, 4476786, 10),
(12, 4477258, 10),
(12, 4476785, 12),
(12, 4476906, 12),
(13, 4476791, 1),
(13, 4476793, 1),
(13, 4476796, 1),
(13, 4476816, 1),
(13, 4476846, 1),
(13, 4476876, 1),
(13, 4476909, 1),
(13, 4476910, 1),
(13, 4476911, 1),
(13, 4476912, 1),
(13, 4476913, 1),
(13, 4476914, 1),
(13, 4476915, 1),
(13, 4476916, 1),
(13, 4476917, 1),
(13, 4476918, 1),
(13, 4476919, 1),
(13, 4476920, 1),
(13, 4476921, 1),
(13, 4476922, 1),
(13, 4476923, 1),
(13, 4476924, 1),
(13, 4476925, 1),
(13, 4476926, 1),
(13, 4476927, 1),
(13, 4476928, 1),
(13, 4476929, 1),
(13, 4476930, 1),
(13, 4476931, 1),
(13, 4476932, 1),
(13, 4476933, 1),
(13, 4476934, 1),
(13, 4476935, 1),
(13, 4476938, 1),
(13, 4476939, 1),
(13, 4476940, 1),
(13, 4476941, 1),
(13, 4476811, 2),
(13, 4476813, 2),
(13, 4476815, 2),
(13, 4476818, 2),
(13, 4476812, 3),
(13, 4476790, 7),
(13, 4476907, 7),
(13, 4476936, 9),
(13, 4476937, 9),
(13, 4476786, 10),
(13, 4477308, 10),
(13, 4476785, 12),
(13, 4476906, 12),
(14, 4476791, 1),
(14, 4476793, 1),
(14, 4476796, 1),
(14, 4476846, 1),
(14, 4476876, 1),
(14, 4476909, 1),
(14, 4476910, 1),
(14, 4476911, 1),
(14, 4476912, 1),
(14, 4476913, 1),
(14, 4476914, 1),
(14, 4476915, 1),
(14, 4476916, 1),
(14, 4476917, 1),
(14, 4476918, 1),
(14, 4476919, 1),
(14, 4476920, 1),
(14, 4476921, 1),
(14, 4476922, 1),
(14, 4476923, 1),
(14, 4476924, 1),
(14, 4476925, 1),
(14, 4476926, 1),
(14, 4476927, 1),
(14, 4476928, 1),
(14, 4476929, 1),
(14, 4476930, 1),
(14, 4476931, 1),
(14, 4476932, 1),
(14, 4476933, 1),
(14, 4476934, 1),
(14, 4476935, 1),
(14, 4476936, 1),
(14, 4476937, 1),
(14, 4476938, 1),
(14, 4476939, 1),
(14, 4476940, 1),
(14, 4476941, 1),
(14, 4476811, 2),
(14, 4476813, 2),
(14, 4476818, 2),
(14, 4477360, 2),
(14, 4476812, 3),
(14, 4476790, 7),
(14, 4476907, 7),
(14, 4477358, 7),
(14, 4476816, 9),
(14, 4476786, 10),
(14, 4477359, 10),
(14, 4476785, 12),
(14, 4476906, 12),
(15, 4476791, 1),
(15, 4476793, 1),
(15, 4476796, 1),
(15, 4476816, 1),
(15, 4476876, 1),
(15, 4476909, 1),
(15, 4476910, 1),
(15, 4476911, 1),
(15, 4476912, 1),
(15, 4476913, 1),
(15, 4476914, 1),
(15, 4476915, 1),
(15, 4476916, 1),
(15, 4476917, 1),
(15, 4476918, 1),
(15, 4476919, 1),
(15, 4476920, 1),
(15, 4476921, 1),
(15, 4476922, 1),
(15, 4476923, 1),
(15, 4476924, 1),
(15, 4476925, 1),
(15, 4476926, 1),
(15, 4476927, 1),
(15, 4476928, 1),
(15, 4476929, 1),
(15, 4476930, 1),
(15, 4476931, 1),
(15, 4476932, 1),
(15, 4476933, 1),
(15, 4476934, 1),
(15, 4476935, 1),
(15, 4476936, 1),
(15, 4476937, 1),
(15, 4476938, 1),
(15, 4476939, 1),
(15, 4476940, 1),
(15, 4476941, 1),
(15, 4476811, 2),
(15, 4476813, 2),
(15, 4476818, 2),
(15, 4476812, 3),
(15, 4476790, 7),
(15, 4476907, 7),
(15, 4476846, 9),
(15, 4477409, 9),
(15, 4476786, 10),
(15, 4477410, 10),
(15, 4476785, 12),
(15, 4476906, 12),
(16, 4476793, 1),
(16, 4476796, 1),
(16, 4476816, 1),
(16, 4476846, 1),
(16, 4476876, 1),
(16, 4476909, 1),
(16, 4476910, 1),
(16, 4476911, 1),
(16, 4476912, 1),
(16, 4476913, 1),
(16, 4476914, 1),
(16, 4476915, 1),
(16, 4476916, 1),
(16, 4476917, 1),
(16, 4476918, 1),
(16, 4476919, 1),
(16, 4476920, 1),
(16, 4476921, 1),
(16, 4476922, 1),
(16, 4476923, 1),
(16, 4476924, 1),
(16, 4476925, 1),
(16, 4476926, 1),
(16, 4476927, 1),
(16, 4476928, 1),
(16, 4476929, 1),
(16, 4476930, 1),
(16, 4476931, 1),
(16, 4476932, 1),
(16, 4476933, 1),
(16, 4476934, 1),
(16, 4476935, 1),
(16, 4476936, 1),
(16, 4476937, 1),
(16, 4476938, 1),
(16, 4476939, 1),
(16, 4476940, 1),
(16, 4476941, 1),
(16, 4476811, 2),
(16, 4476813, 2),
(16, 4476818, 2),
(16, 4476812, 3),
(16, 4476790, 7),
(16, 4476907, 7),
(16, 4476791, 9),
(16, 4477459, 9),
(16, 4476786, 10),
(16, 4477460, 10),
(16, 4476785, 12),
(16, 4476906, 12),
(17, 773513, 1),
(17, 773514, 1),
(17, 772812, 2),
(17, 773516, 2),
(17, 773515, 3),
(17, 772785, 7),
(17, 772786, 7),
(17, 773509, 7),
(17, 773510, 7),
(17, 773511, 7),
(17, 773507, 9),
(17, 773512, 10),
(17, 773508, 12),
(18, 571030, 1),
(18, 571031, 1),
(18, 571746, 1),
(18, 571759, 1),
(18, 571760, 1),
(18, 571761, 1),
(18, 571762, 1),
(18, 571763, 1),
(18, 571764, 1),
(18, 571765, 1),
(18, 571766, 1),
(18, 571767, 1),
(18, 571044, 2),
(18, 571768, 2),
(18, 571747, 3),
(18, 571017, 7),
(18, 571018, 7),
(18, 571743, 7),
(18, 571754, 7),
(18, 571755, 7),
(18, 571739, 9),
(18, 571758, 10),
(18, 571752, 12),
(18, 571753, 12),
(18, 571756, 12),
(18, 571757, 12),
(19, 772798, 1),
(19, 772799, 1),
(19, 773514, 1),
(19, 773527, 1),
(19, 773528, 1),
(19, 773529, 1),
(19, 773530, 1),
(19, 773531, 1),
(19, 773532, 1),
(19, 773533, 1),
(19, 773534, 1),
(19, 773535, 1),
(19, 772812, 2),
(19, 773536, 2),
(19, 773515, 3),
(19, 772785, 7),
(19, 772786, 7),
(19, 773511, 7),
(19, 773522, 7),
(19, 773523, 7),
(19, 773507, 9),
(19, 773526, 10),
(19, 773520, 12),
(19, 773521, 12),
(19, 773524, 12),
(19, 773525, 12),
(20, 772798, 1),
(20, 772799, 1),
(20, 773514, 1),
(20, 773527, 1),
(20, 773531, 1),
(20, 773532, 1),
(20, 773533, 1),
(20, 773534, 1),
(20, 773535, 1),
(20, 773549, 1),
(20, 773550, 1),
(20, 773551, 1),
(20, 772812, 2),
(20, 773552, 2),
(20, 773515, 3),
(20, 772785, 7),
(20, 772786, 7),
(20, 773511, 7),
(20, 773546, 7),
(20, 773547, 7),
(20, 773507, 9),
(20, 773548, 10),
(20, 773520, 12),
(20, 773521, 12),
(20, 773524, 12),
(20, 773525, 12),
(21, 571030, 1),
(21, 571031, 1),
(21, 571746, 1),
(21, 571759, 1),
(21, 571763, 1),
(21, 571764, 1),
(21, 571765, 1),
(21, 571766, 1),
(21, 571767, 1),
(21, 571807, 1),
(21, 571808, 1),
(21, 571809, 1),
(21, 571044, 2),
(21, 571780, 2),
(21, 571747, 3),
(21, 571017, 7),
(21, 571018, 7),
(21, 571743, 7),
(21, 571778, 7),
(21, 571804, 7),
(21, 571739, 9),
(21, 571830, 10),
(21, 571752, 12),
(21, 571753, 12),
(21, 571756, 12),
(21, 571757, 12),
(22, 772793, 1),
(22, 773551, 1),
(22, 773577, 1),
(22, 773578, 1),
(22, 773579, 1),
(22, 773580, 1),
(22, 773581, 1),
(22, 773582, 1),
(22, 773583, 1),
(22, 772812, 2),
(22, 773515, 3),
(22, 773576, 3),
(22, 773520, 5),
(22, 773521, 5),
(22, 773524, 5),
(22, 773525, 5),
(22, 772785, 7),
(22, 772786, 7),
(22, 773507, 7),
(22, 773572, 7),
(22, 773573, 7),
(22, 773574, 7),
(22, 773575, 10),
(23, 4476913, 1),
(23, 4477515, 1),
(23, 4477516, 1),
(23, 4477517, 1),
(23, 4477518, 1),
(23, 4477519, 1),
(23, 4477520, 1),
(23, 4477521, 1),
(23, 4477522, 1),
(23, 4477523, 1),
(23, 4477524, 1),
(23, 4477525, 1),
(23, 4477526, 1),
(23, 4477527, 1),
(23, 4477528, 1),
(23, 4477529, 1),
(23, 4477530, 1),
(23, 4477531, 1),
(23, 4477532, 1),
(23, 4477533, 1),
(23, 4477534, 1),
(23, 4477535, 1),
(23, 4477536, 1),
(23, 4477537, 1),
(23, 4477538, 1),
(23, 4477539, 1),
(23, 4477540, 1),
(23, 4477541, 1),
(23, 4477542, 1),
(23, 4477543, 1),
(23, 4477544, 1),
(23, 4477545, 1),
(23, 4477546, 1),
(23, 4477547, 1),
(23, 4477548, 1),
(23, 4477549, 1),
(23, 4477550, 1),
(23, 4476923, 2),
(23, 4477551, 2),
(23, 4477552, 2),
(23, 4477553, 2),
(23, 4476811, 3),
(23, 4476940, 3),
(23, 4476941, 3),
(23, 4477509, 7),
(23, 4477511, 7),
(23, 4477512, 7),
(23, 4477513, 7),
(23, 4476786, 10),
(23, 4477514, 10),
(23, 4476785, 12),
(23, 4477510, 12),
(24, 4476798, 1),
(24, 4476799, 1),
(24, 4476909, 1),
(24, 4476927, 1),
(24, 4477515, 1),
(24, 4477518, 1),
(24, 4477521, 1),
(24, 4477523, 1),
(24, 4477545, 1),
(24, 4477546, 1),
(24, 4477547, 1),
(24, 4477548, 1),
(24, 4477549, 1),
(24, 4477550, 1),
(24, 4477562, 1),
(24, 4477563, 1),
(24, 4477564, 1),
(24, 4477565, 1),
(24, 4477566, 1),
(24, 4477567, 1),
(24, 4477568, 1),
(24, 4477569, 1),
(24, 4477570, 1),
(24, 4477571, 1),
(24, 4477572, 1),
(24, 4476923, 2),
(24, 4477551, 2),
(24, 4477552, 2),
(24, 4477553, 2),
(24, 4476811, 3),
(24, 4476940, 3),
(24, 4476941, 3),
(24, 4476786, 10),
(24, 4477561, 10),
(24, 4476785, 12),
(24, 4477510, 12),
(25, 4476912, 1),
(25, 4476913, 1),
(25, 4477515, 1),
(25, 4477518, 1),
(25, 4477521, 1),
(25, 4477523, 1),
(25, 4477526, 1),
(25, 4477528, 1),
(25, 4477538, 1),
(25, 4477545, 1),
(25, 4477546, 1),
(25, 4477547, 1),
(25, 4477548, 1),
(25, 4477549, 1),
(25, 4477550, 1),
(25, 4477572, 1),
(25, 4477601, 1),
(25, 4477602, 1),
(25, 4477603, 1),
(25, 4477604, 1),
(25, 4477605, 1),
(25, 4477606, 1),
(25, 4477607, 1),
(25, 4477608, 1),
(25, 4477609, 1),
(25, 4477610, 1),
(25, 4477611, 1),
(25, 4477612, 1),
(25, 4477613, 1),
(25, 4477614, 1),
(25, 4477615, 1),
(25, 4477616, 1),
(25, 4477617, 1),
(25, 4477618, 1),
(25, 4477619, 1),
(25, 4477620, 1),
(25, 4477621, 1),
(25, 4477622, 1),
(25, 4477623, 1),
(25, 4477624, 1),
(25, 4477625, 1),
(25, 4477626, 1),
(25, 4477627, 1),
(25, 4477628, 1),
(25, 4477629, 1),
(25, 4477630, 1),
(25, 4477631, 1),
(25, 4477632, 1),
(25, 4477633, 1),
(25, 4477634, 1),
(25, 4477635, 1),
(25, 4477636, 1),
(25, 4477551, 2),
(25, 4477552, 2),
(25, 4477553, 2),
(25, 4476811, 3),
(25, 4476923, 3),
(25, 4476940, 3),
(25, 4476941, 3),
(25, 4477597, 7),
(25, 4477598, 7),
(25, 4477599, 7),
(25, 4476786, 10),
(25, 4477600, 10),
(25, 4476785, 12),
(25, 4477510, 12),
(26, 4476809, 1),
(26, 4476913, 1),
(26, 4476927, 1),
(26, 4477516, 1),
(26, 4477518, 1),
(26, 4477521, 1),
(26, 4477523, 1),
(26, 4477524, 1),
(26, 4477526, 1),
(26, 4477529, 1),
(26, 4477535, 1),
(26, 4477536, 1),
(26, 4477545, 1),
(26, 4477546, 1),
(26, 4477548, 1),
(26, 4477549, 1),
(26, 4477550, 1),
(26, 4477568, 1),
(26, 4477665, 1),
(26, 4477666, 1),
(26, 4477667, 1),
(26, 4477668, 1),
(26, 4477669, 1),
(26, 4477670, 1),
(26, 4477671, 1),
(26, 4477672, 1),
(26, 4477673, 1),
(26, 4477674, 1),
(26, 4477675, 1),
(26, 4477676, 1),
(26, 4477677, 1),
(26, 4477678, 1),
(26, 4477679, 1),
(26, 4477680, 1),
(26, 4477681, 1),
(26, 4477682, 1),
(26, 4476798, 2),
(26, 4476799, 2),
(26, 4476814, 2),
(26, 4476815, 2),
(26, 4476923, 2),
(26, 4477551, 2),
(26, 4477552, 2),
(26, 4477553, 2),
(26, 4476811, 3),
(26, 4477683, 4),
(26, 4477684, 4),
(26, 4477685, 4),
(26, 4477686, 4),
(26, 4477509, 7),
(26, 4477511, 7),
(26, 4477512, 7),
(26, 4477513, 7),
(26, 4477663, 9),
(26, 4476786, 10),
(26, 4477664, 10),
(26, 4476785, 12),
(26, 4477510, 12),
(27, 4476793, 1),
(27, 4476809, 1),
(27, 4476913, 1),
(27, 4476915, 1),
(27, 4476917, 1),
(27, 4476922, 1),
(27, 4477518, 1),
(27, 4477521, 1),
(27, 4477523, 1),
(27, 4477524, 1),
(27, 4477530, 1),
(27, 4477531, 1),
(27, 4477533, 1),
(27, 4477534, 1),
(27, 4477538, 1),
(27, 4477539, 1),
(27, 4477540, 1),
(27, 4477541, 1),
(27, 4477542, 1),
(27, 4477543, 1),
(27, 4477544, 1),
(27, 4477545, 1),
(27, 4477546, 1),
(27, 4477547, 1),
(27, 4477548, 1),
(27, 4477549, 1),
(27, 4477550, 1),
(27, 4477562, 1),
(27, 4477566, 1),
(27, 4477568, 1),
(27, 4477603, 1),
(27, 4477614, 1),
(27, 4477628, 1),
(27, 4477629, 1),
(27, 4477672, 1),
(27, 4477677, 1),
(27, 4477723, 1),
(27, 4477724, 1),
(27, 4477725, 1),
(27, 4477726, 1),
(27, 4477727, 1),
(27, 4477728, 1),
(27, 4477729, 1),
(27, 4477730, 1),
(27, 4477731, 1),
(27, 4477732, 1),
(27, 4477733, 1),
(27, 4477734, 1),
(27, 4477735, 1),
(27, 4477736, 1),
(27, 4477737, 1),
(27, 4477738, 1),
(27, 4477739, 1),
(27, 4477740, 1),
(27, 4477741, 1),
(27, 4477742, 1),
(27, 4477743, 1),
(27, 4477744, 1),
(27, 4477745, 1),
(27, 4477746, 1),
(27, 4477747, 1),
(27, 4477748, 1),
(27, 4476815, 2),
(27, 4477551, 2),
(27, 4477552, 2),
(27, 4477553, 2),
(27, 4477749, 2),
(27, 4476811, 3),
(27, 4476923, 3),
(27, 4476940, 3),
(27, 4476941, 3),
(27, 4477509, 7),
(27, 4477512, 7),
(27, 4477513, 7),
(27, 4477597, 7),
(27, 4477721, 7),
(27, 4476786, 10),
(27, 4477722, 10),
(27, 4476785, 12),
(27, 4477510, 12),
(28, 4476793, 1),
(28, 4476803, 1),
(28, 4476809, 1),
(28, 4476912, 1),
(28, 4476913, 1),
(28, 4476940, 1),
(28, 4476941, 1),
(28, 4477516, 1),
(28, 4477518, 1),
(28, 4477521, 1),
(28, 4477523, 1),
(28, 4477525, 1),
(28, 4477532, 1),
(28, 4477533, 1),
(28, 4477542, 1),
(28, 4477544, 1),
(28, 4477545, 1),
(28, 4477546, 1),
(28, 4477547, 1),
(28, 4477548, 1),
(28, 4477549, 1),
(28, 4477550, 1),
(28, 4477566, 1),
(28, 4477568, 1),
(28, 4477569, 1),
(28, 4477572, 1),
(28, 4477602, 1),
(28, 4477606, 1),
(28, 4477609, 1),
(28, 4477630, 1),
(28, 4477666, 1),
(28, 4477668, 1),
(28, 4477677, 1),
(28, 4477678, 1),
(28, 4477679, 1),
(28, 4477742, 1),
(28, 4477802, 1),
(28, 4477803, 1),
(28, 4477804, 1),
(28, 4477805, 1),
(28, 4477806, 1),
(28, 4477807, 1),
(28, 4477808, 1),
(28, 4477809, 1),
(28, 4477810, 1),
(28, 4477811, 1),
(28, 4477812, 1),
(28, 4477813, 1),
(28, 4477814, 1),
(28, 4477815, 1),
(28, 4477816, 1),
(28, 4476923, 2),
(28, 4477551, 2),
(28, 4477552, 2),
(28, 4477553, 2),
(28, 4476811, 3),
(28, 4477597, 7),
(28, 4477598, 7),
(28, 4477599, 7),
(28, 4477663, 9),
(28, 4476786, 10),
(28, 4477801, 10),
(28, 4476785, 12),
(28, 4477510, 12),
(29, 4476793, 1),
(29, 4476796, 1),
(29, 4476809, 1),
(29, 4476915, 1),
(29, 4476927, 1),
(29, 4477519, 1),
(29, 4477522, 1),
(29, 4477533, 1),
(29, 4477541, 1),
(29, 4477542, 1),
(29, 4477568, 1),
(29, 4477570, 1),
(29, 4477609, 1),
(29, 4477867, 1),
(29, 4477868, 1),
(29, 4477869, 1),
(29, 4477871, 1),
(29, 4477872, 1),
(29, 4477873, 1),
(29, 4477874, 1),
(29, 4477875, 1),
(29, 4477876, 1),
(29, 4477877, 1),
(29, 4477878, 1),
(29, 4477879, 1),
(29, 4477880, 1),
(29, 4477881, 1),
(29, 4477882, 1),
(29, 4477883, 1),
(29, 4477884, 1),
(29, 4477885, 1),
(29, 4477886, 1),
(29, 4477887, 1),
(29, 4477888, 1),
(29, 4477889, 1),
(29, 4477890, 1),
(29, 4477891, 1),
(29, 4477892, 1),
(29, 4477893, 1),
(29, 4477894, 1),
(29, 4477895, 1),
(29, 4476811, 2),
(29, 4476813, 2),
(29, 4476814, 2),
(29, 4476923, 2),
(29, 4477551, 2),
(29, 4477552, 2),
(29, 4477870, 3),
(29, 4476801, 7),
(29, 4477865, 7),
(29, 4476786, 10),
(29, 4477866, 10),
(29, 4476785, 12),
(29, 4476787, 12),
(29, 4476788, 12),
(30, 4476793, 1),
(30, 4476927, 1),
(30, 4477568, 1),
(30, 4477804, 1),
(30, 4477813, 1),
(30, 4477923, 1),
(30, 4477924, 1),
(30, 4477925, 1),
(30, 4477926, 1),
(30, 4477927, 1),
(30, 4477928, 1),
(30, 4477929, 1),
(30, 4477930, 1),
(30, 4477931, 1),
(30, 4476811, 2),
(30, 4476813, 2),
(30, 4476923, 2),
(30, 4477551, 2),
(30, 4477552, 2),
(30, 4477749, 2),
(30, 4477870, 2),
(30, 4477599, 7),
(30, 4477865, 7),
(30, 4477921, 7),
(30, 4476786, 10),
(30, 4477922, 10),
(30, 4476785, 12),
(30, 4477920, 12),
(31, 4477955, 1),
(31, 4477957, 1),
(31, 4477960, 2),
(31, 4477961, 2),
(31, 4477962, 2),
(31, 4477963, 2),
(31, 4477545, 3),
(31, 4477956, 3),
(31, 4477958, 3),
(31, 4477959, 3),
(31, 4476785, 7),
(31, 4477948, 7),
(31, 4477950, 7),
(31, 4477951, 7),
(31, 4477952, 7),
(31, 4477953, 7),
(31, 4477954, 10),
(31, 4477949, 12),
(32, 4477957, 1),
(32, 4477971, 1),
(32, 4477974, 2),
(32, 4477975, 2),
(32, 4477976, 2),
(32, 4477977, 2),
(32, 4477545, 3),
(32, 4477958, 3),
(32, 4477959, 3),
(32, 4477970, 3),
(32, 4477972, 3),
(32, 4477973, 3),
(32, 4476785, 7),
(32, 4477948, 7),
(32, 4477966, 7),
(32, 4477967, 7),
(32, 4477968, 7),
(32, 4477969, 10),
(32, 4477949, 12),
(33, 2500512, 1),
(33, 2500930, 1),
(33, 2500932, 1),
(33, 2500933, 1),
(33, 2500948, 2),
(33, 2500949, 2),
(33, 2500950, 2),
(33, 2500951, 2),
(33, 2500944, 3),
(33, 2500946, 3),
(33, 2500947, 3),
(33, 2500942, 7),
(33, 2500958, 7),
(33, 2500959, 7),
(33, 2499738, 10),
(33, 2500923, 10),
(33, 2500960, 10),
(33, 2500924, 12),
(34, 2500512, 1),
(34, 2500932, 1),
(34, 2500933, 1),
(34, 2500981, 1),
(34, 2500937, 2),
(34, 2500944, 2),
(34, 2500946, 2),
(34, 2500947, 2),
(34, 2500948, 2),
(34, 2500982, 2),
(34, 2500983, 2),
(34, 2500959, 7),
(34, 2500976, 7),
(34, 2500977, 7),
(34, 2500978, 7),
(34, 2500979, 7),
(34, 2499738, 10),
(34, 2500923, 10),
(34, 2500980, 10),
(34, 2500924, 12),
(35, 3278619, 1),
(35, 3279002, 1),
(35, 3279033, 1),
(35, 3279034, 1),
(35, 3279064, 1),
(35, 3279032, 2),
(35, 3279035, 2),
(35, 3279038, 2),
(35, 3279052, 2),
(35, 3279065, 2),
(35, 3277870, 3),
(35, 3277845, 7),
(35, 3279024, 7),
(35, 3279061, 7),
(35, 3279062, 7),
(35, 3279063, 10),
(35, 3279025, 12),
(36, 1289124, 1),
(36, 1290331, 1),
(36, 1290402, 1),
(36, 1290334, 2),
(36, 1290336, 2),
(36, 1290404, 2),
(36, 1290405, 2),
(36, 1290317, 3),
(36, 1290403, 3),
(36, 1290398, 7),
(36, 1290399, 7),
(36, 1290400, 7),
(36, 1290401, 10),
(36, 1290310, 12),
(37, 4476785, 1),
(37, 4477971, 1),
(37, 4477991, 1),
(37, 4477974, 2),
(37, 4477976, 2),
(37, 4477977, 2),
(37, 4477993, 2),
(37, 4477959, 3),
(37, 4477992, 3),
(37, 4477985, 7),
(37, 4477986, 7),
(37, 4477987, 7),
(37, 4477988, 7),
(37, 4477989, 7),
(37, 4477990, 10),
(37, 4477949, 12),
(38, 4476785, 1),
(38, 4477971, 1),
(38, 4477991, 1),
(38, 4477545, 2),
(38, 4477958, 2),
(38, 4477974, 2),
(38, 4477977, 2),
(38, 4477993, 2),
(38, 4478003, 2),
(38, 4477959, 3),
(38, 4477992, 3),
(38, 4477985, 7),
(38, 4477987, 7),
(38, 4478001, 7),
(38, 4478002, 10),
(38, 4477949, 12),
(39, 3345517, 1),
(39, 3346719, 1),
(39, 3346739, 1),
(39, 3346291, 2),
(39, 3346706, 2),
(39, 3346724, 2),
(39, 3346768, 2),
(39, 3346769, 2),
(39, 3346770, 2),
(39, 3346771, 2),
(39, 3346772, 2),
(39, 3345542, 3),
(39, 3346767, 3),
(39, 3346733, 7),
(39, 3346735, 7),
(39, 3346765, 7),
(39, 3346766, 10),
(39, 3346697, 12),
(40, 4476785, 1),
(40, 4477971, 1),
(40, 4477991, 1),
(40, 4477545, 2),
(40, 4477958, 2),
(40, 4477976, 2),
(40, 4478020, 2),
(40, 4478021, 2),
(40, 4478022, 2),
(40, 4477956, 3),
(40, 4477959, 3),
(40, 4477985, 7),
(40, 4477987, 7),
(40, 4478017, 7),
(40, 4478018, 7),
(40, 4478019, 10),
(40, 4477949, 12),
(41, 4477872, 1),
(41, 4477955, 1),
(41, 4477957, 1),
(41, 4478040, 1),
(41, 4478041, 1),
(41, 4477960, 2),
(41, 4477961, 2),
(41, 4477962, 2),
(41, 4477977, 2),
(41, 4477545, 3),
(41, 4477956, 3),
(41, 4477958, 3),
(41, 4477959, 3),
(41, 4476785, 7),
(41, 4477948, 7),
(41, 4478035, 7),
(41, 4478036, 7),
(41, 4478037, 7),
(41, 4478038, 7),
(41, 4478039, 10),
(41, 4478034, 12),
(42, 4477955, 1),
(42, 4477957, 1),
(42, 4478057, 1),
(42, 4478058, 1),
(42, 4477974, 2),
(42, 4477975, 2),
(42, 4477976, 2),
(42, 4477977, 2),
(42, 4477545, 3),
(42, 4477958, 3),
(42, 4477959, 3),
(42, 4477970, 3),
(42, 4477972, 3),
(42, 4477973, 3),
(42, 4476785, 7),
(42, 4477948, 7),
(42, 4477967, 7),
(42, 4477968, 7),
(42, 4478055, 7),
(42, 4478056, 10),
(42, 4478034, 12),
(43, 4477957, 1),
(43, 4477971, 1),
(43, 4478080, 1),
(43, 4478081, 1),
(43, 4477970, 2),
(43, 4477972, 2),
(43, 4477973, 2),
(43, 4477974, 2),
(43, 4477975, 2),
(43, 4477977, 2),
(43, 4478082, 2),
(43, 4477545, 3),
(43, 4477958, 3),
(43, 4477959, 3),
(43, 4476785, 7),
(43, 4477948, 7),
(43, 4477967, 7),
(43, 4478076, 7),
(43, 4478077, 7),
(43, 4478078, 7),
(43, 4478079, 10),
(43, 4478034, 12),
(44, 2500512, 1),
(44, 2500932, 1),
(44, 2500933, 1),
(44, 2500945, 1),
(44, 2500948, 2),
(44, 2500949, 2),
(44, 2500951, 2),
(44, 2501145, 2),
(44, 2499763, 3),
(44, 2501019, 3),
(44, 2499738, 7),
(44, 2500923, 7),
(44, 2500941, 7),
(44, 2500942, 7),
(44, 2501143, 7),
(44, 2501144, 10),
(44, 2501079, 12),
(45, 1623893, 1),
(45, 1624311, 1),
(45, 1624313, 1),
(45, 1624314, 1),
(45, 1624315, 2),
(45, 1624333, 2),
(45, 1624365, 2),
(45, 1624366, 2),
(45, 1624312, 3),
(45, 1624307, 7),
(45, 1624466, 7),
(45, 1624543, 7),
(45, 1623119, 10),
(45, 1624304, 10),
(45, 1624544, 10),
(45, 1624463, 12),
(46, 2986570, 1),
(46, 2986926, 1),
(46, 2987047, 1),
(46, 2987110, 1),
(46, 2987111, 1),
(46, 2987112, 1),
(46, 2987113, 1),
(46, 2987114, 1),
(46, 2987115, 1),
(46, 2986941, 2),
(46, 2986943, 2),
(46, 2986944, 2),
(46, 2986945, 2),
(46, 2986948, 2),
(46, 2986982, 2),
(46, 2987087, 2),
(46, 2986981, 3),
(46, 2986938, 7),
(46, 2986973, 7),
(46, 2987104, 7),
(46, 2987105, 7),
(46, 2987106, 7),
(46, 2987107, 7),
(46, 2987108, 7),
(46, 2987109, 10),
(46, 2987040, 12),
(47, 4477601, 1),
(47, 4477955, 1),
(47, 4478041, 1),
(47, 4478104, 1),
(47, 4478105, 1),
(47, 4478106, 1),
(47, 4478107, 1),
(47, 4478108, 1),
(47, 4478109, 1),
(47, 4477963, 2),
(47, 4477970, 2),
(47, 4477972, 2),
(47, 4477973, 2),
(47, 4477974, 2),
(47, 4478082, 2),
(47, 4478110, 2),
(47, 4477959, 3),
(47, 4477967, 7),
(47, 4477985, 7),
(47, 4478098, 7),
(47, 4478099, 7),
(47, 4478100, 7),
(47, 4478101, 7),
(47, 4478102, 7),
(47, 4478103, 10),
(47, 4478034, 12),
(48, 2935697, 1),
(48, 2936899, 1),
(48, 2936936, 1),
(48, 2936898, 2),
(48, 2936900, 2),
(48, 2936901, 2),
(48, 2936917, 2),
(48, 2936965, 2),
(48, 2936967, 2),
(48, 2937044, 2),
(48, 2936938, 3),
(48, 2936930, 7),
(48, 2937062, 7),
(48, 2937063, 7),
(48, 2937113, 7),
(48, 2937114, 7),
(48, 2937115, 7),
(48, 2937116, 7),
(48, 2937117, 10),
(48, 2936997, 12),
(49, 4476785, 1),
(49, 4477971, 1),
(49, 4477991, 1),
(49, 4478126, 1),
(49, 4477974, 2),
(49, 4477993, 2),
(49, 4478022, 2),
(49, 4478127, 2),
(49, 4477959, 3),
(49, 4477992, 3),
(49, 4477985, 7),
(49, 4478100, 7),
(49, 4478124, 7),
(49, 4478125, 10),
(49, 4478034, 12),
(50, 4477955, 1),
(50, 4477970, 1),
(50, 4477972, 1),
(50, 4477973, 1),
(50, 4478041, 1),
(50, 4477974, 2),
(50, 4477977, 2),
(50, 4477993, 2),
(50, 4478141, 2),
(50, 4477959, 3),
(50, 4477992, 3),
(50, 4477985, 7),
(50, 4478100, 7),
(50, 4478139, 7),
(50, 4478140, 10),
(50, 4478034, 12),
(51, 4477971, 1),
(51, 4478159, 1),
(51, 4478160, 1),
(51, 4477974, 2),
(51, 4478022, 2),
(51, 4478110, 2),
(51, 4478161, 2),
(51, 4477956, 3),
(51, 4477959, 3),
(51, 4476785, 7),
(51, 4477948, 7),
(51, 4478157, 7),
(51, 4478158, 10),
(51, 4478155, 12),
(51, 4478156, 12),
(52, 4477971, 1),
(52, 4478159, 1),
(52, 4478022, 2),
(52, 4478082, 2),
(52, 4478110, 2),
(52, 4478173, 2),
(52, 4478174, 2),
(52, 4477959, 3),
(52, 4476785, 7),
(52, 4477948, 7),
(52, 4478171, 7),
(52, 4478172, 10),
(52, 4478170, 12),
(53, 4477971, 1),
(53, 4478159, 1),
(53, 4477974, 2),
(53, 4478022, 2),
(53, 4478082, 2),
(53, 4478110, 2),
(53, 4478173, 2),
(53, 4477959, 3),
(53, 4476785, 7),
(53, 4477948, 7),
(53, 4478183, 7),
(53, 4478184, 10),
(53, 4478170, 12),
(54, 4477971, 1),
(54, 4478159, 1),
(54, 4476958, 2),
(54, 4477956, 2),
(54, 4477963, 2),
(54, 4477993, 2),
(54, 4478200, 2),
(54, 4477959, 3),
(54, 4476785, 7),
(54, 4477948, 7),
(54, 4478198, 7),
(54, 4478199, 10),
(54, 4478196, 12),
(54, 4478197, 12),
(55, 4477971, 1),
(55, 4478159, 1),
(55, 4477963, 2),
(55, 4477974, 2),
(55, 4478021, 2),
(55, 4478173, 2),
(55, 4478212, 2),
(55, 4477959, 3),
(55, 4476785, 7),
(55, 4477948, 7),
(55, 4478210, 7),
(55, 4478211, 10),
(55, 4478196, 12),
(55, 4478197, 12),
(56, 4477971, 1),
(56, 4478159, 1),
(56, 4477974, 2),
(56, 4477975, 2),
(56, 4477977, 2),
(56, 4478082, 2),
(56, 4478173, 2),
(56, 4477959, 3),
(56, 4476785, 7),
(56, 4477948, 7),
(56, 4478225, 7),
(56, 4478226, 10),
(56, 4478224, 12),
(57, 4477971, 1),
(57, 4478159, 1),
(57, 4477977, 2),
(57, 4478021, 2),
(57, 4478082, 2),
(57, 4478173, 2),
(57, 4478239, 2),
(57, 4477959, 3),
(57, 4476785, 7),
(57, 4477948, 7),
(57, 4478237, 7),
(57, 4478238, 10),
(57, 4478224, 12),
(58, 4477971, 1),
(58, 4478159, 1),
(58, 4478022, 2),
(58, 4478082, 2),
(58, 4478110, 2),
(58, 4478173, 2),
(58, 4478239, 2),
(58, 4477959, 3),
(58, 4476785, 7),
(58, 4477948, 7),
(58, 4478250, 7),
(58, 4478251, 10),
(58, 4478155, 12),
(58, 4478156, 12),
(59, 4477971, 1),
(59, 4478271, 1),
(59, 4478272, 1),
(59, 4476846, 2),
(59, 4477993, 2),
(59, 4478022, 2),
(59, 4478273, 2),
(59, 4478274, 2),
(59, 4477959, 3),
(59, 4476785, 7),
(59, 4477948, 7),
(59, 4478266, 7),
(59, 4478267, 7),
(59, 4478268, 7),
(59, 4478269, 7),
(59, 4478270, 10),
(59, 4478264, 12),
(59, 4478265, 12),
(60, 2500945, 1),
(60, 2501370, 1),
(60, 2501371, 1),
(60, 2501372, 1),
(60, 2500948, 2),
(60, 2500951, 2),
(60, 2500982, 2),
(60, 2501046, 2),
(60, 2501269, 2),
(60, 2499763, 3),
(60, 2499738, 7),
(60, 2500923, 7),
(60, 2501365, 7),
(60, 2501366, 7),
(60, 2501367, 7),
(60, 2501368, 7),
(60, 2501369, 10),
(60, 2501364, 12),
(61, 4477971, 1),
(61, 4478271, 1),
(61, 4478272, 1),
(61, 4477956, 2),
(61, 4477974, 2),
(61, 4478021, 2),
(61, 4478022, 2),
(61, 4478082, 2),
(61, 4477959, 3),
(61, 4476785, 7),
(61, 4477948, 7),
(61, 4478268, 7),
(61, 4478283, 7),
(61, 4478284, 7),
(61, 4478285, 10),
(61, 4478282, 12),
(62, 4477957, 1),
(62, 4477971, 1),
(62, 4478271, 1),
(62, 4477956, 2),
(62, 4477974, 2),
(62, 4477976, 2),
(62, 4478022, 2),
(62, 4478110, 2),
(62, 4477959, 3),
(62, 4476785, 7),
(62, 4477948, 7),
(62, 4478268, 7),
(62, 4478269, 7),
(62, 4478298, 7),
(62, 4478299, 10),
(62, 4478282, 12),
(63, 3614898, 1),
(63, 3615198, 1),
(63, 3615199, 1),
(63, 3614901, 2),
(63, 3614904, 2),
(63, 3614920, 2),
(63, 3615088, 2),
(63, 3615245, 2),
(63, 3614886, 3),
(63, 3613712, 7),
(63, 3614875, 7),
(63, 3615195, 7),
(63, 3615211, 7),
(63, 3615242, 7),
(63, 3615243, 7),
(63, 3615244, 10),
(63, 3615241, 12),
(64, 4477971, 1),
(64, 4478271, 1),
(64, 4478319, 1),
(64, 4476958, 2),
(64, 4478021, 2),
(64, 4478022, 2),
(64, 4478273, 2),
(64, 4478320, 2),
(64, 4477959, 3),
(64, 4476785, 7),
(64, 4477948, 7),
(64, 4478268, 7),
(64, 4478315, 7),
(64, 4478316, 7),
(64, 4478317, 7),
(64, 4478318, 10),
(64, 4478314, 12),
(65, 2500945, 1),
(65, 2501370, 1),
(65, 2501385, 1),
(65, 2500948, 2),
(65, 2500982, 2),
(65, 2501046, 2),
(65, 2501049, 2),
(65, 2501436, 2),
(65, 2499763, 3),
(65, 2499738, 7),
(65, 2500923, 7),
(65, 2501367, 7),
(65, 2501399, 7),
(65, 2501448, 7),
(65, 2501449, 10),
(65, 2501382, 12),
(66, 4477957, 1),
(66, 4477971, 1),
(66, 4478271, 1),
(66, 4477974, 2),
(66, 4477993, 2),
(66, 4478022, 2),
(66, 4478273, 2),
(66, 4478335, 2),
(66, 4477959, 3),
(66, 4476785, 7),
(66, 4477948, 7),
(66, 4478268, 7),
(66, 4478331, 7),
(66, 4478332, 7),
(66, 4478333, 7),
(66, 4478334, 10),
(66, 4478264, 12),
(66, 4478265, 12),
(67, 4477971, 1),
(67, 4478271, 1),
(67, 4478272, 1),
(67, 4476958, 2),
(67, 4477956, 2),
(67, 4478021, 2),
(67, 4478022, 2),
(67, 4478082, 2),
(67, 4477959, 3),
(67, 4476785, 7),
(67, 4477948, 7),
(67, 4478268, 7),
(67, 4478349, 7),
(67, 4478350, 7),
(67, 4478351, 7),
(67, 4478352, 10),
(67, 4478264, 12),
(67, 4478265, 12),
(68, 1623119, 1),
(68, 1624327, 1),
(68, 1624404, 2),
(68, 1624433, 2),
(68, 1624680, 2),
(68, 1624681, 2),
(68, 1624922, 3),
(68, 1624396, 7),
(68, 1624919, 7),
(68, 1624920, 7),
(68, 1624921, 10),
(68, 1624918, 12),
(69, 4476785, 1),
(69, 4477971, 1),
(69, 4478021, 2),
(69, 4478022, 2),
(69, 4478173, 2),
(69, 4478371, 2),
(69, 4477959, 3),
(69, 4477985, 7),
(69, 4478368, 7),
(69, 4478369, 7),
(69, 4478370, 10),
(69, 4478367, 12),
(70, 4476785, 1),
(70, 4477971, 1),
(70, 4477974, 2),
(70, 4477977, 2),
(70, 4477993, 2),
(70, 4478173, 2),
(70, 4477959, 3),
(70, 4477985, 7),
(70, 4478368, 7),
(70, 4478379, 7),
(70, 4478380, 10),
(70, 4478367, 12),
(71, 4476785, 1),
(71, 4477971, 1),
(71, 4478022, 2),
(71, 4478110, 2),
(71, 4478173, 2),
(71, 4478393, 2),
(71, 4477959, 3),
(71, 4477985, 7),
(71, 4478368, 7),
(71, 4478391, 7),
(71, 4478392, 10),
(71, 4478367, 12),
(72, 2810391, 1),
(72, 2811598, 1),
(72, 2811590, 2),
(72, 2811601, 2),
(72, 2811635, 2),
(72, 2811878, 2),
(72, 2810416, 3),
(72, 2811627, 7),
(72, 2812065, 7),
(72, 2812100, 7),
(72, 2812101, 10),
(72, 2812064, 12),
(73, 4476785, 1),
(73, 4477971, 1),
(73, 4477993, 2),
(73, 4478022, 2),
(73, 4478173, 2),
(73, 4478405, 2),
(73, 4477959, 3),
(73, 4477985, 7),
(73, 4478368, 7),
(73, 4478403, 7),
(73, 4478404, 10),
(73, 4478367, 12),
(74, 4476785, 1),
(74, 4477971, 1),
(74, 4477963, 2),
(74, 4477974, 2),
(74, 4478021, 2),
(74, 4478173, 2),
(74, 4477959, 3),
(74, 4477985, 7),
(74, 4478368, 7),
(74, 4478415, 7),
(74, 4478416, 10),
(74, 4478367, 12),
(75, 4476785, 1),
(75, 4477971, 1),
(75, 4478021, 2),
(75, 4478022, 2),
(75, 4478173, 2),
(75, 4478371, 2),
(75, 4477959, 3),
(75, 4477985, 7),
(75, 4478368, 7),
(75, 4478415, 7),
(75, 4478427, 10),
(75, 4478367, 12),
(76, 4476785, 1),
(76, 4477971, 1),
(76, 4478022, 2),
(76, 4478110, 2),
(76, 4478173, 2),
(76, 4478174, 2),
(76, 4477959, 3),
(76, 4477985, 7),
(76, 4478368, 7),
(76, 4478439, 7),
(76, 4478440, 10),
(76, 4478367, 12),
(77, 4476785, 1),
(77, 4477971, 1),
(77, 4476816, 2),
(77, 4477993, 2),
(77, 4478022, 2),
(77, 4478173, 2),
(77, 4477959, 3),
(77, 4477985, 7),
(77, 4478368, 7),
(77, 4478439, 7),
(77, 4478451, 10),
(77, 4478367, 12),
(78, 4476785, 1),
(78, 4477971, 1),
(78, 4476934, 2),
(78, 4478022, 2),
(78, 4478110, 2),
(78, 4478173, 2),
(78, 4477959, 3),
(78, 4477985, 7),
(78, 4478368, 7),
(78, 4478463, 7),
(78, 4478464, 10),
(78, 4478367, 12),
(79, 4476785, 1),
(79, 4477971, 1),
(79, 4477974, 2),
(79, 4477977, 2),
(79, 4477993, 2),
(79, 4478173, 2),
(79, 4477959, 3),
(79, 4477985, 7),
(79, 4478368, 7),
(79, 4478475, 7),
(79, 4478476, 10),
(79, 4478367, 12),
(80, 4477955, 1),
(80, 4477971, 1),
(80, 4477974, 2),
(80, 4477977, 2),
(80, 4478492, 2),
(80, 4477956, 3),
(80, 4477959, 3),
(80, 4476785, 7),
(80, 4477948, 7),
(80, 4478489, 7),
(80, 4478490, 7),
(80, 4478491, 10),
(80, 4478487, 12),
(80, 4478488, 12),
(81, 4477955, 1),
(81, 4477971, 1),
(81, 4476958, 2),
(81, 4477977, 2),
(81, 4477993, 2),
(81, 4477956, 3),
(81, 4477959, 3),
(81, 4476785, 7),
(81, 4477948, 7),
(81, 4478489, 7),
(81, 4478501, 7),
(81, 4478502, 10),
(81, 4478487, 12),
(81, 4478488, 12),
(82, 4477955, 1),
(82, 4477971, 1),
(82, 4476958, 2),
(82, 4477977, 2),
(82, 4478492, 2),
(82, 4477956, 3),
(82, 4477959, 3),
(82, 4476785, 7),
(82, 4477948, 7),
(82, 4478489, 7),
(82, 4478490, 7),
(82, 4478515, 10),
(82, 4478487, 12),
(82, 4478488, 12),
(83, 4477955, 1),
(83, 4477971, 1),
(83, 4476958, 2),
(83, 4477977, 2),
(83, 4477993, 2),
(83, 4477956, 3),
(83, 4477959, 3),
(83, 4476785, 7),
(83, 4477948, 7),
(83, 4478489, 7),
(83, 4478529, 7),
(83, 4478530, 10),
(83, 4478487, 12),
(83, 4478488, 12),
(84, 4477955, 1),
(84, 4477971, 1),
(84, 4477974, 2),
(84, 4477977, 2),
(84, 4477993, 2),
(84, 4477956, 3),
(84, 4477959, 3),
(84, 4476785, 7),
(84, 4477948, 7),
(84, 4478489, 7),
(84, 4478529, 7),
(84, 4478543, 10),
(84, 4478487, 12),
(84, 4478488, 12),
(85, 2309015, 1),
(85, 2309031, 1),
(85, 2309034, 2),
(85, 2309037, 2),
(85, 2309110, 2),
(85, 2309016, 3),
(85, 2309728, 7),
(85, 2309739, 7),
(85, 2307823, 10),
(85, 2309008, 10),
(85, 2309791, 10),
(85, 2309726, 12),
(85, 2309727, 12),
(86, 4476785, 1),
(86, 4477955, 1),
(86, 4477971, 1),
(86, 4476791, 2),
(86, 4477977, 2),
(86, 4478021, 2),
(86, 4477956, 3),
(86, 4477959, 3),
(86, 4477985, 7),
(86, 4478489, 7),
(86, 4478557, 7),
(86, 4478558, 10),
(86, 4478487, 12),
(86, 4478488, 12),
(87, 4476785, 1),
(87, 4477955, 1),
(87, 4477971, 1),
(87, 4476791, 2),
(87, 4477977, 2),
(87, 4477993, 2),
(87, 4477956, 3),
(87, 4477959, 3),
(87, 4477985, 7),
(87, 4478489, 7),
(87, 4478571, 7),
(87, 4478572, 10),
(87, 4478487, 12),
(87, 4478488, 12),
(88, 4476785, 1),
(88, 4477955, 1),
(88, 4477971, 1),
(88, 4477977, 2),
(88, 4477993, 2),
(88, 4478405, 2),
(88, 4477959, 3),
(88, 4478173, 3),
(88, 4477985, 7),
(88, 4478489, 7),
(88, 4478585, 7),
(88, 4478586, 10),
(88, 4478487, 12),
(88, 4478488, 12),
(89, 4476785, 1),
(89, 4477955, 1),
(89, 4477971, 1),
(89, 4477977, 2),
(89, 4477993, 2),
(89, 4478405, 2),
(89, 4477959, 3),
(89, 4478173, 3),
(89, 4477985, 7),
(89, 4478489, 7),
(89, 4478599, 7),
(89, 4478600, 10),
(89, 4478487, 12),
(89, 4478488, 12),
(90, 4476785, 1),
(90, 4477955, 1),
(90, 4477971, 1),
(90, 4477960, 2),
(90, 4477977, 2),
(90, 4477993, 2),
(90, 4478615, 2),
(90, 4477956, 3),
(90, 4477959, 3),
(90, 4477985, 7),
(90, 4478489, 7),
(90, 4478613, 7),
(90, 4478614, 10),
(90, 4478487, 12),
(90, 4478488, 12),
(91, 4476785, 1),
(91, 4477955, 1),
(91, 4477971, 1),
(91, 4476958, 2),
(91, 4477961, 2),
(91, 4477977, 2),
(91, 4477956, 3),
(91, 4477959, 3),
(91, 4477985, 7),
(91, 4478489, 7),
(91, 4478628, 7),
(91, 4478629, 10),
(91, 4478487, 12),
(91, 4478488, 12),
(92, 2500930, 1),
(92, 2500945, 1),
(92, 2499744, 2),
(92, 2501049, 2),
(92, 2501785, 2),
(92, 2501280, 3),
(92, 2501782, 7),
(92, 2501783, 7),
(92, 2499738, 10),
(92, 2500923, 10),
(92, 2501784, 10),
(92, 2501781, 12),
(93, 1290316, 1),
(93, 1290331, 1),
(93, 1290334, 2),
(93, 1290405, 2),
(93, 1291232, 2),
(93, 1290692, 3),
(93, 1291229, 7),
(93, 1291230, 7),
(93, 1289124, 10),
(93, 1290309, 10),
(93, 1291240, 10),
(93, 1291228, 12),
(94, 1290316, 1),
(94, 1290331, 1),
(94, 1290334, 2),
(94, 1290405, 2),
(94, 1290448, 2),
(94, 1290692, 3),
(94, 1291229, 7),
(94, 1291252, 7),
(94, 1289124, 10),
(94, 1290309, 10),
(94, 1291253, 10),
(94, 1291228, 12),
(95, 4477955, 1),
(95, 4477971, 1),
(95, 4476958, 2),
(95, 4478022, 2),
(95, 4478646, 2),
(95, 4477959, 3),
(95, 4478173, 3),
(95, 4476785, 7),
(95, 4477948, 7),
(95, 4478643, 7),
(95, 4478644, 7),
(95, 4478645, 10),
(95, 4478642, 12),
(96, 4477955, 1),
(96, 4477971, 1),
(96, 4476958, 2),
(96, 4478022, 2),
(96, 4478646, 2),
(96, 4477959, 3),
(96, 4478173, 3),
(96, 4476785, 7),
(96, 4477948, 7),
(96, 4478643, 7),
(96, 4478655, 7),
(96, 4478656, 10),
(96, 4478642, 12),
(97, 4477955, 1),
(97, 4477971, 1),
(97, 4477974, 2),
(97, 4478022, 2),
(97, 4478646, 2),
(97, 4477959, 3),
(97, 4478173, 3),
(97, 4476785, 7),
(97, 4477948, 7),
(97, 4478643, 7),
(97, 4478655, 7),
(97, 4478668, 10),
(97, 4478642, 12),
(98, 4477955, 1),
(98, 4477971, 1),
(98, 4478022, 2),
(98, 4478110, 2),
(98, 4478683, 2),
(98, 4477959, 3),
(98, 4478173, 3),
(98, 4476785, 7),
(98, 4477948, 7),
(98, 4478643, 7),
(98, 4478681, 7),
(98, 4478682, 10),
(98, 4478642, 12),
(99, 4477955, 1),
(99, 4477971, 1),
(99, 4477974, 2),
(99, 4478022, 2),
(99, 4478110, 2),
(99, 4477959, 3),
(99, 4478173, 3),
(99, 4476785, 7),
(99, 4477948, 7),
(99, 4478643, 7),
(99, 4478681, 7),
(99, 4478694, 10),
(99, 4478642, 12),
(100, 1289124, 1),
(100, 1290316, 1),
(100, 1290331, 1),
(100, 1290405, 2),
(100, 1290448, 2),
(100, 1290959, 2),
(100, 1290403, 3),
(100, 1290692, 3),
(100, 1290398, 7),
(100, 1291229, 7),
(100, 1291324, 7),
(100, 1291325, 10),
(100, 1291228, 12),
(101, 4476785, 1),
(101, 4477955, 1),
(101, 4477971, 1),
(101, 4478022, 2),
(101, 4478110, 2),
(101, 4478683, 2),
(101, 4477959, 3),
(101, 4478173, 3),
(101, 4477985, 7),
(101, 4478643, 7),
(101, 4478707, 7),
(101, 4478708, 10),
(101, 4478642, 12),
(102, 1289124, 1),
(102, 1290316, 1),
(102, 1290331, 1),
(102, 1289299, 2),
(102, 1290405, 2),
(102, 1291232, 2),
(102, 1290403, 3),
(102, 1290692, 3),
(102, 1290398, 7),
(102, 1291229, 7),
(102, 1291350, 7),
(102, 1291351, 10),
(102, 1291228, 12),
(103, 4476785, 1),
(103, 4477955, 1),
(103, 4477971, 1),
(103, 4477974, 2),
(103, 4478022, 2),
(103, 4478110, 2),
(103, 4477959, 3),
(103, 4478173, 3),
(103, 4477985, 7),
(103, 4478643, 7),
(103, 4478720, 7),
(103, 4478721, 10),
(103, 4478642, 12),
(104, 4476785, 1),
(104, 4477955, 1),
(104, 4477971, 1),
(104, 4478022, 2),
(104, 4478110, 2),
(104, 4478393, 2),
(104, 4477959, 3),
(104, 4478173, 3),
(104, 4477985, 7),
(104, 4478643, 7),
(104, 4478720, 7),
(104, 4478733, 10),
(104, 4478642, 12),
(105, 4476785, 1),
(105, 4477955, 1),
(105, 4477971, 1),
(105, 4478022, 2),
(105, 4478110, 2),
(105, 4478683, 2),
(105, 4477959, 3),
(105, 4478173, 3),
(105, 4477985, 7),
(105, 4478643, 7),
(105, 4478720, 7),
(105, 4478746, 10),
(105, 4478642, 12),
(106, 4476785, 1),
(106, 4477955, 1),
(106, 4477971, 1),
(106, 4478022, 2),
(106, 4478110, 2),
(106, 4478683, 2),
(106, 4477959, 3),
(106, 4478173, 3),
(106, 4477985, 7),
(106, 4478643, 7),
(106, 4478707, 7),
(106, 4478759, 10),
(106, 4478642, 12),
(107, 4476785, 1),
(107, 4477955, 1),
(107, 4477971, 1),
(107, 4476958, 2),
(107, 4478022, 2),
(107, 4478110, 2),
(107, 4477956, 3),
(107, 4477959, 3),
(107, 4477985, 7),
(107, 4478643, 7),
(107, 4478772, 7),
(107, 4478773, 10),
(107, 4478642, 12),
(108, 1289124, 1),
(108, 1290316, 1),
(108, 1290331, 1),
(108, 1289130, 2),
(108, 1290368, 2),
(108, 1290405, 2),
(108, 1290317, 3),
(108, 1290403, 3),
(108, 1290398, 7),
(108, 1291229, 7),
(108, 1291428, 7),
(108, 1291429, 10),
(108, 1291228, 12),
(109, 4476785, 1),
(109, 4477955, 1),
(109, 4477971, 1),
(109, 4478021, 2),
(109, 4478022, 2),
(109, 4478683, 2),
(109, 4477956, 3),
(109, 4477959, 3),
(109, 4477985, 7),
(109, 4478643, 7),
(109, 4478785, 7),
(109, 4478786, 10),
(109, 4478642, 12),
(110, 4476785, 1),
(110, 4477955, 1),
(110, 4477971, 1),
(110, 4476958, 2),
(110, 4477993, 2),
(110, 4478022, 2),
(110, 4477956, 3),
(110, 4477959, 3),
(110, 4477985, 7),
(110, 4478643, 7),
(110, 4478798, 7),
(110, 4478799, 10),
(110, 4478642, 12),
(111, 4476785, 1),
(111, 4477955, 1),
(111, 4477971, 1),
(111, 4476791, 2),
(111, 4477993, 2),
(111, 4478022, 2),
(111, 4477956, 3),
(111, 4477959, 3),
(111, 4477985, 7),
(111, 4478643, 7),
(111, 4478798, 7),
(111, 4478811, 10),
(111, 4478642, 12),
(112, 2911449, 1),
(112, 2911434, 2),
(112, 2911438, 2),
(112, 2911440, 2),
(112, 2911532, 2),
(112, 2910272, 3),
(112, 2910247, 7),
(112, 2911426, 7),
(112, 2912376, 7),
(112, 2912377, 7),
(112, 2912378, 10),
(112, 2912374, 12),
(112, 2912375, 12),
(113, 4477971, 1),
(113, 4477956, 2),
(113, 4477961, 2),
(113, 4477977, 2),
(113, 4478020, 2),
(113, 4477959, 3),
(113, 4476785, 7),
(113, 4477948, 7),
(113, 4478826, 7),
(113, 4478827, 7),
(113, 4478828, 10),
(113, 4478824, 12),
(113, 4478825, 12),
(114, 3048744, 1),
(114, 3048729, 2),
(114, 3048733, 2),
(114, 3048750, 2),
(114, 3048827, 2),
(114, 3047567, 3),
(114, 3047542, 7),
(114, 3048721, 7),
(114, 3049625, 7),
(114, 3049636, 7),
(114, 3049637, 10),
(114, 3049623, 12),
(114, 3049624, 12),
(115, 3068241, 1),
(115, 3068226, 2),
(115, 3068230, 2),
(115, 3068247, 2),
(115, 3068324, 2),
(115, 3067064, 3),
(115, 3067039, 7),
(115, 3068218, 7),
(115, 3069140, 7),
(115, 3069151, 7),
(115, 3069152, 10),
(115, 3069138, 12),
(115, 3069139, 12),
(116, 4477971, 1),
(116, 4477956, 2),
(116, 4477961, 2),
(116, 4477977, 2),
(116, 4478020, 2),
(116, 4477959, 3),
(116, 4476785, 7),
(116, 4477948, 7),
(116, 4478826, 7),
(116, 4478837, 7),
(116, 4478838, 10),
(116, 4478824, 12),
(116, 4478825, 12),
(117, 4477971, 1),
(117, 4476958, 2),
(117, 4477977, 2),
(117, 4478021, 2),
(117, 4478173, 2),
(117, 4477959, 3),
(117, 4476785, 7),
(117, 4477948, 7),
(117, 4478826, 7),
(117, 4478850, 7),
(117, 4478851, 10),
(117, 4478824, 12),
(117, 4478825, 12),
(118, 4477971, 1),
(118, 4477963, 2),
(118, 4478173, 2),
(118, 4478405, 2),
(118, 4478646, 2),
(118, 4477959, 3),
(118, 4476785, 7),
(118, 4477948, 7),
(118, 4478826, 7),
(118, 4478863, 7),
(118, 4478864, 10),
(118, 4478824, 12),
(118, 4478825, 12),
(119, 4477971, 1),
(119, 4476958, 2),
(119, 4477977, 2),
(119, 4478173, 2),
(119, 4478646, 2),
(119, 4477959, 3),
(119, 4476785, 7),
(119, 4477948, 7),
(119, 4478826, 7),
(119, 4478876, 7),
(119, 4478877, 10),
(119, 4478824, 12),
(119, 4478825, 12),
(120, 3115816, 1),
(120, 3115801, 2),
(120, 3115805, 2),
(120, 3115807, 2),
(120, 3115899, 2),
(120, 3114639, 3),
(120, 3114614, 7),
(120, 3115793, 7),
(120, 3116715, 7),
(120, 3116778, 7),
(120, 3116779, 10),
(120, 3116713, 12),
(120, 3116714, 12),
(121, 4477971, 1),
(121, 4477974, 2),
(121, 4477977, 2),
(121, 4478173, 2),
(121, 4478646, 2),
(121, 4477959, 3),
(121, 4476785, 7),
(121, 4477948, 7),
(121, 4478826, 7),
(121, 4478876, 7),
(121, 4478889, 10),
(121, 4478824, 12),
(121, 4478825, 12),
(122, 4476785, 1),
(122, 4477971, 1),
(122, 4476958, 2),
(122, 4477956, 2),
(122, 4477977, 2),
(122, 4477993, 2),
(122, 4477959, 3),
(122, 4477985, 7),
(122, 4478902, 7),
(122, 4478903, 7),
(122, 4478904, 10),
(122, 4478824, 12),
(122, 4478825, 12),
(123, 4476785, 1),
(123, 4477971, 1),
(123, 4477956, 2),
(123, 4477961, 2),
(123, 4477977, 2),
(123, 4478174, 2),
(123, 4477959, 3),
(123, 4477985, 7),
(123, 4478902, 7),
(123, 4478915, 7),
(123, 4478916, 10),
(123, 4478824, 12),
(123, 4478825, 12),
(124, 4476785, 1),
(124, 4477971, 1),
(124, 4477956, 2),
(124, 4478022, 2),
(124, 4478110, 2),
(124, 4478393, 2),
(124, 4477959, 3),
(124, 4477985, 7),
(124, 4478902, 7),
(124, 4478928, 7),
(124, 4478929, 10),
(124, 4478824, 12),
(124, 4478825, 12),
(125, 4476785, 1),
(125, 4477971, 1),
(125, 4476846, 2),
(125, 4478021, 2),
(125, 4478022, 2),
(125, 4478173, 2),
(125, 4477959, 3),
(125, 4477985, 7),
(125, 4478902, 7),
(125, 4478941, 7),
(125, 4478942, 10),
(125, 4478824, 12),
(125, 4478825, 12),
(126, 4476785, 1),
(126, 4477971, 1),
(126, 4478021, 2),
(126, 4478022, 2),
(126, 4478173, 2),
(126, 4478393, 2),
(126, 4477959, 3),
(126, 4477985, 7),
(126, 4478902, 7),
(126, 4478941, 7),
(126, 4478954, 10),
(126, 4478824, 12),
(126, 4478825, 12),
(127, 4476785, 1),
(127, 4477971, 1),
(127, 4477956, 2),
(127, 4478022, 2),
(127, 4478110, 2),
(127, 4478174, 2),
(127, 4477959, 3),
(127, 4477985, 7),
(127, 4478902, 7),
(127, 4478928, 7),
(127, 4478967, 10),
(127, 4478824, 12),
(127, 4478825, 12),
(128, 4476785, 1),
(128, 4477971, 1),
(128, 4477956, 2),
(128, 4477974, 2),
(128, 4477993, 2),
(128, 4478022, 2),
(128, 4477959, 3),
(128, 4477985, 7),
(128, 4478902, 7),
(128, 4478980, 7),
(128, 4478981, 10),
(128, 4478824, 12),
(128, 4478825, 12),
(129, 4476785, 1),
(129, 4477971, 1),
(129, 4476791, 2),
(129, 4477956, 2),
(129, 4477993, 2),
(129, 4478022, 2),
(129, 4477959, 3),
(129, 4477985, 7),
(129, 4478902, 7),
(129, 4478980, 7),
(129, 4478993, 10),
(129, 4478824, 12),
(129, 4478825, 12),
(130, 4476785, 1),
(130, 4477971, 1),
(130, 4476791, 2),
(130, 4477956, 2),
(130, 4477963, 2),
(130, 4478021, 2),
(130, 4477959, 3),
(130, 4477985, 7),
(130, 4478902, 7),
(130, 4479006, 7),
(130, 4479007, 10),
(130, 4478824, 12),
(130, 4478825, 12),
(131, 4476785, 1),
(131, 4477971, 1),
(131, 4477956, 2),
(131, 4477963, 2),
(131, 4478021, 2),
(131, 4478393, 2),
(131, 4477959, 3),
(131, 4477985, 7),
(131, 4478902, 7),
(131, 4479006, 7),
(131, 4479019, 10),
(131, 4478824, 12),
(131, 4478825, 12),
(132, 4476785, 1),
(132, 4477971, 1),
(132, 4477956, 2),
(132, 4477963, 2),
(132, 4478021, 2),
(132, 4479033, 2),
(132, 4477959, 3),
(132, 4477985, 7),
(132, 4478902, 7),
(132, 4479006, 7),
(132, 4479032, 10),
(132, 4478824, 12),
(132, 4478825, 12),
(133, 4476785, 1),
(133, 4477971, 1),
(133, 4478022, 2),
(133, 4478110, 2),
(133, 4478173, 2),
(133, 4478405, 2),
(133, 4477959, 3),
(133, 4477985, 7),
(133, 4478902, 7),
(133, 4479045, 7),
(133, 4479046, 10),
(133, 4478824, 12),
(133, 4478825, 12),
(134, 4476793, 1),
(134, 4476809, 1),
(134, 4476913, 1),
(134, 4476915, 1),
(134, 4476917, 1),
(134, 4476922, 1),
(134, 4477518, 1),
(134, 4477521, 1),
(134, 4477523, 1),
(134, 4477524, 1),
(134, 4477530, 1),
(134, 4477531, 1),
(134, 4477533, 1),
(134, 4477534, 1),
(134, 4477538, 1),
(134, 4477539, 1),
(134, 4477540, 1),
(134, 4477541, 1),
(134, 4477542, 1),
(134, 4477543, 1),
(134, 4477544, 1),
(134, 4477545, 1),
(134, 4477546, 1),
(134, 4477547, 1),
(134, 4477548, 1),
(134, 4477549, 1),
(134, 4477550, 1),
(134, 4477562, 1),
(134, 4477566, 1),
(134, 4477568, 1),
(134, 4477603, 1),
(134, 4477614, 1),
(134, 4477628, 1),
(134, 4477629, 1),
(134, 4477672, 1),
(134, 4477677, 1),
(134, 4477723, 1),
(134, 4477724, 1),
(134, 4477725, 1),
(134, 4477726, 1),
(134, 4477727, 1),
(134, 4477728, 1),
(134, 4477729, 1),
(134, 4477730, 1),
(134, 4477731, 1),
(134, 4477732, 1),
(134, 4477733, 1),
(134, 4477734, 1),
(134, 4477735, 1),
(134, 4477736, 1),
(134, 4477737, 1),
(134, 4477738, 1),
(134, 4477739, 1),
(134, 4477740, 1),
(134, 4477741, 1),
(134, 4477742, 1),
(134, 4477743, 1),
(134, 4477744, 1),
(134, 4477745, 1),
(134, 4477746, 1),
(134, 4477747, 1),
(134, 4477748, 1),
(134, 4476815, 2),
(134, 4477551, 2),
(134, 4477552, 2),
(134, 4477553, 2),
(134, 4477749, 2),
(134, 4476811, 3),
(134, 4476923, 3),
(134, 4476940, 3),
(134, 4476941, 3),
(134, 4477509, 7),
(134, 4477512, 7),
(134, 4477513, 7),
(134, 4477597, 7),
(134, 4477721, 7),
(134, 4479058, 7),
(134, 4479059, 7),
(134, 4476786, 10),
(134, 4479060, 10),
(134, 4476785, 12),
(134, 4477510, 12),
(135, 4476809, 1),
(135, 4476913, 1),
(135, 4476927, 1),
(135, 4477516, 1),
(135, 4477518, 1),
(135, 4477521, 1),
(135, 4477523, 1),
(135, 4477524, 1),
(135, 4477526, 1),
(135, 4477529, 1),
(135, 4477535, 1),
(135, 4477536, 1),
(135, 4477545, 1),
(135, 4477546, 1),
(135, 4477548, 1),
(135, 4477549, 1),
(135, 4477550, 1),
(135, 4477568, 1),
(135, 4477665, 1),
(135, 4477666, 1),
(135, 4477667, 1),
(135, 4477668, 1),
(135, 4477669, 1),
(135, 4477670, 1),
(135, 4477671, 1),
(135, 4477672, 1),
(135, 4477673, 1),
(135, 4477674, 1),
(135, 4477675, 1),
(135, 4477676, 1),
(135, 4477677, 1),
(135, 4477678, 1),
(135, 4477679, 1),
(135, 4477680, 1),
(135, 4477681, 1),
(135, 4477682, 1),
(135, 4476798, 2),
(135, 4476799, 2),
(135, 4476814, 2),
(135, 4476815, 2),
(135, 4476923, 2),
(135, 4477551, 2),
(135, 4477552, 2),
(135, 4477553, 2),
(135, 4476811, 3),
(135, 4477683, 4),
(135, 4477684, 4),
(135, 4477685, 4),
(135, 4477686, 4),
(135, 4477509, 7),
(135, 4477511, 7),
(135, 4477512, 7),
(135, 4477513, 7),
(135, 4479058, 7),
(135, 4479059, 7),
(135, 4477663, 9),
(135, 4476786, 10),
(135, 4479140, 10),
(135, 4476785, 12),
(135, 4477510, 12),
(136, 4476913, 1),
(136, 4477515, 1),
(136, 4477516, 1),
(136, 4477517, 1),
(136, 4477518, 1),
(136, 4477519, 1),
(136, 4477520, 1),
(136, 4477521, 1),
(136, 4477522, 1),
(136, 4477523, 1),
(136, 4477524, 1),
(136, 4477525, 1),
(136, 4477526, 1),
(136, 4477527, 1),
(136, 4477528, 1),
(136, 4477529, 1),
(136, 4477530, 1),
(136, 4477531, 1),
(136, 4477532, 1),
(136, 4477533, 1),
(136, 4477534, 1),
(136, 4477535, 1),
(136, 4477536, 1),
(136, 4477537, 1),
(136, 4477538, 1),
(136, 4477539, 1),
(136, 4477540, 1),
(136, 4477541, 1),
(136, 4477542, 1),
(136, 4477543, 1),
(136, 4477544, 1),
(136, 4477545, 1),
(136, 4477546, 1),
(136, 4477547, 1),
(136, 4477548, 1),
(136, 4477549, 1),
(136, 4477550, 1),
(136, 4476923, 2),
(136, 4477551, 2),
(136, 4477552, 2),
(136, 4477553, 2),
(136, 4476811, 3),
(136, 4476940, 3),
(136, 4476941, 3),
(136, 4477509, 7),
(136, 4477511, 7),
(136, 4477512, 7),
(136, 4477513, 7),
(136, 4479058, 7),
(136, 4479059, 7),
(136, 4476786, 10),
(136, 4479200, 10),
(136, 4476785, 12),
(136, 4477510, 12),
(137, 4476793, 1),
(137, 4476803, 1),
(137, 4476809, 1),
(137, 4476912, 1),
(137, 4476913, 1),
(137, 4476940, 1),
(137, 4476941, 1),
(137, 4477516, 1),
(137, 4477518, 1),
(137, 4477521, 1),
(137, 4477523, 1),
(137, 4477525, 1),
(137, 4477532, 1),
(137, 4477533, 1),
(137, 4477542, 1),
(137, 4477544, 1),
(137, 4477545, 1),
(137, 4477546, 1),
(137, 4477547, 1),
(137, 4477548, 1),
(137, 4477549, 1),
(137, 4477550, 1),
(137, 4477566, 1),
(137, 4477568, 1),
(137, 4477569, 1),
(137, 4477572, 1),
(137, 4477602, 1),
(137, 4477606, 1),
(137, 4477609, 1),
(137, 4477630, 1),
(137, 4477666, 1),
(137, 4477668, 1),
(137, 4477677, 1),
(137, 4477678, 1),
(137, 4477679, 1),
(137, 4477742, 1),
(137, 4477802, 1),
(137, 4477803, 1),
(137, 4477804, 1),
(137, 4477805, 1),
(137, 4477806, 1),
(137, 4477807, 1),
(137, 4477808, 1),
(137, 4477809, 1),
(137, 4477810, 1),
(137, 4477811, 1),
(137, 4477812, 1),
(137, 4477813, 1),
(137, 4477814, 1),
(137, 4477815, 1),
(137, 4477816, 1),
(137, 4476923, 2),
(137, 4477551, 2),
(137, 4477552, 2),
(137, 4477553, 2),
(137, 4476811, 3),
(137, 4477597, 7),
(137, 4477598, 7),
(137, 4477599, 7),
(137, 4479058, 7),
(137, 4479059, 7),
(137, 4477663, 9),
(137, 4476786, 10),
(137, 4479254, 10),
(137, 4476785, 12),
(137, 4477510, 12),
(138, 379655, 1),
(138, 380323, 1),
(138, 380451, 1),
(138, 382568, 1),
(138, 382569, 1),
(138, 382570, 1),
(138, 382571, 1),
(138, 382572, 1),
(138, 382573, 1),
(138, 382574, 1),
(138, 382575, 1),
(138, 382576, 1),
(138, 382577, 1),
(138, 382578, 1),
(138, 382579, 1),
(138, 382580, 1),
(138, 379541, 2),
(138, 379656, 2),
(138, 379673, 2),
(138, 379674, 2),
(138, 380430, 2),
(138, 380431, 2),
(138, 380432, 2),
(138, 380255, 7),
(138, 380393, 7),
(138, 380396, 7),
(138, 380397, 7);
INSERT INTO `ps_search_index` (`id_product`, `id_word`, `weight`) VALUES
(138, 380483, 7),
(138, 380484, 7),
(138, 380607, 7),
(138, 382566, 7),
(138, 379516, 10),
(138, 380485, 10),
(138, 382567, 10),
(138, 379515, 12),
(138, 380394, 12),
(139, 379655, 1),
(139, 380323, 1),
(139, 380451, 1),
(139, 382568, 1),
(139, 382569, 1),
(139, 382570, 1),
(139, 382571, 1),
(139, 382572, 1),
(139, 382573, 1),
(139, 382574, 1),
(139, 382575, 1),
(139, 382576, 1),
(139, 382577, 1),
(139, 382578, 1),
(139, 382579, 1),
(139, 382580, 1),
(139, 379541, 2),
(139, 379656, 2),
(139, 379673, 2),
(139, 379674, 2),
(139, 380430, 2),
(139, 380431, 2),
(139, 380432, 2),
(139, 380393, 7),
(139, 380395, 7),
(139, 380396, 7),
(139, 380397, 7),
(139, 382566, 7),
(139, 379516, 10),
(139, 380446, 10),
(139, 382602, 10),
(139, 379515, 12),
(139, 380394, 12),
(140, 772785, 1),
(140, 772798, 1),
(140, 772799, 1),
(140, 772915, 1),
(140, 773513, 1),
(140, 773514, 1),
(140, 773527, 1),
(140, 773576, 1),
(140, 773577, 1),
(140, 773580, 1),
(140, 773895, 1),
(140, 775737, 1),
(140, 775738, 1),
(140, 775739, 1),
(140, 775740, 1),
(140, 775741, 1),
(140, 775742, 1),
(140, 775743, 1),
(140, 775744, 1),
(140, 775745, 2),
(140, 773515, 3),
(140, 775732, 7),
(140, 775734, 7),
(140, 775735, 7),
(140, 773507, 9),
(140, 775736, 10),
(140, 775733, 12),
(141, 772785, 1),
(141, 772798, 1),
(141, 772799, 1),
(141, 772915, 1),
(141, 773513, 1),
(141, 773514, 1),
(141, 773527, 1),
(141, 773576, 1),
(141, 773577, 1),
(141, 773580, 1),
(141, 773895, 1),
(141, 775737, 1),
(141, 775738, 1),
(141, 775739, 1),
(141, 775740, 1),
(141, 775741, 1),
(141, 775742, 1),
(141, 775743, 1),
(141, 775744, 1),
(141, 773536, 2),
(141, 775745, 2),
(141, 773515, 3),
(141, 773523, 7),
(141, 775732, 7),
(141, 775734, 7),
(141, 773507, 9),
(141, 775759, 10),
(141, 775733, 12),
(142, 772785, 1),
(142, 772798, 1),
(142, 772799, 1),
(142, 772915, 1),
(142, 773513, 1),
(142, 773514, 1),
(142, 773527, 1),
(142, 773576, 1),
(142, 773577, 1),
(142, 773580, 1),
(142, 773895, 1),
(142, 775737, 1),
(142, 775738, 1),
(142, 775739, 1),
(142, 775740, 1),
(142, 775741, 1),
(142, 775742, 1),
(142, 775743, 1),
(142, 775744, 1),
(142, 775745, 2),
(142, 775789, 2),
(142, 773515, 3),
(142, 775732, 7),
(142, 775734, 7),
(142, 775787, 7),
(142, 773507, 9),
(142, 775788, 10),
(142, 775733, 12),
(143, 772785, 1),
(143, 772798, 1),
(143, 772799, 1),
(143, 772915, 1),
(143, 773513, 1),
(143, 773514, 1),
(143, 773527, 1),
(143, 773576, 1),
(143, 773577, 1),
(143, 773580, 1),
(143, 773895, 1),
(143, 775737, 1),
(143, 775738, 1),
(143, 775739, 1),
(143, 775740, 1),
(143, 775741, 1),
(143, 775742, 1),
(143, 775743, 1),
(143, 775744, 1),
(143, 773516, 2),
(143, 775745, 2),
(143, 773515, 3),
(143, 773510, 7),
(143, 775732, 7),
(143, 775734, 7),
(143, 773507, 9),
(143, 775815, 10),
(143, 775733, 12),
(144, 772785, 1),
(144, 772786, 1),
(144, 773513, 1),
(144, 773514, 1),
(144, 773527, 1),
(144, 773577, 1),
(144, 775739, 1),
(144, 775740, 1),
(144, 775741, 1),
(144, 775742, 1),
(144, 775844, 1),
(144, 775845, 1),
(144, 775745, 2),
(144, 773515, 3),
(144, 773546, 7),
(144, 775732, 7),
(144, 775735, 7),
(144, 773507, 9),
(144, 775843, 10),
(144, 775733, 12),
(145, 772785, 1),
(145, 772786, 1),
(145, 773513, 1),
(145, 773514, 1),
(145, 773527, 1),
(145, 773577, 1),
(145, 775739, 1),
(145, 775740, 1),
(145, 775741, 1),
(145, 775742, 1),
(145, 775844, 1),
(145, 775845, 1),
(145, 773536, 2),
(145, 775745, 2),
(145, 773515, 3),
(145, 773523, 7),
(145, 773546, 7),
(145, 775732, 7),
(145, 773507, 9),
(145, 775863, 10),
(145, 775733, 12),
(146, 772785, 1),
(146, 772786, 1),
(146, 773513, 1),
(146, 773514, 1),
(146, 773527, 1),
(146, 773577, 1),
(146, 775739, 1),
(146, 775740, 1),
(146, 775741, 1),
(146, 775742, 1),
(146, 775844, 1),
(146, 775845, 1),
(146, 775745, 2),
(146, 775789, 2),
(146, 773515, 3),
(146, 773546, 7),
(146, 775732, 7),
(146, 775787, 7),
(146, 773507, 9),
(146, 775884, 10),
(146, 775733, 12),
(147, 772785, 1),
(147, 772786, 1),
(147, 773513, 1),
(147, 773514, 1),
(147, 773527, 1),
(147, 773577, 1),
(147, 775739, 1),
(147, 775740, 1),
(147, 775741, 1),
(147, 775742, 1),
(147, 775844, 1),
(147, 775845, 1),
(147, 773516, 2),
(147, 775745, 2),
(147, 773515, 3),
(147, 773510, 7),
(147, 773546, 7),
(147, 775732, 7),
(147, 773507, 9),
(147, 775905, 10),
(147, 775733, 12),
(148, 772785, 1),
(148, 772786, 1),
(148, 773513, 1),
(148, 773514, 1),
(148, 773527, 1),
(148, 773577, 1),
(148, 775739, 1),
(148, 775740, 1),
(148, 775741, 1),
(148, 775742, 1),
(148, 775844, 1),
(148, 775845, 1),
(148, 775745, 2),
(148, 775928, 2),
(148, 773515, 3),
(148, 773546, 7),
(148, 775732, 7),
(148, 775926, 7),
(148, 773507, 9),
(148, 775927, 10),
(148, 775733, 12),
(149, 772785, 1),
(149, 772786, 1),
(149, 773513, 1),
(149, 773514, 1),
(149, 775741, 1),
(149, 775742, 1),
(149, 775949, 1),
(149, 775950, 1),
(149, 775951, 1),
(149, 773536, 2),
(149, 775745, 2),
(149, 773515, 3),
(149, 773527, 7),
(149, 775947, 7),
(149, 773507, 9),
(149, 775948, 10),
(149, 775733, 12),
(150, 772785, 1),
(150, 772786, 1),
(150, 775742, 1),
(150, 775967, 1),
(150, 773576, 2),
(150, 775745, 2),
(150, 775928, 2),
(150, 773515, 3),
(150, 775926, 7),
(150, 775964, 7),
(150, 775965, 7),
(150, 773507, 9),
(150, 775966, 10),
(150, 775733, 12),
(151, 772785, 1),
(151, 772786, 1),
(151, 772922, 1),
(151, 773551, 1),
(151, 775737, 1),
(151, 775738, 1),
(151, 775981, 1),
(151, 775745, 2),
(151, 773515, 3),
(151, 775978, 7),
(151, 775979, 7),
(151, 773507, 9),
(151, 773576, 9),
(151, 775980, 10),
(151, 775733, 12),
(152, 772785, 1),
(152, 772786, 1),
(152, 772922, 1),
(152, 773551, 1),
(152, 775744, 1),
(152, 775745, 2),
(152, 775928, 2),
(152, 773515, 3),
(152, 773963, 7),
(152, 775978, 7),
(152, 775979, 7),
(152, 775993, 7),
(152, 773507, 9),
(152, 775994, 10),
(152, 775733, 12),
(153, 316873, 1),
(153, 316886, 1),
(153, 316887, 1),
(153, 317007, 1),
(153, 317617, 1),
(153, 317618, 1),
(153, 317631, 1),
(153, 317732, 1),
(153, 317733, 1),
(153, 317736, 1),
(153, 318259, 1),
(153, 320595, 1),
(153, 320597, 1),
(153, 320598, 1),
(153, 320600, 1),
(153, 320601, 1),
(153, 320602, 1),
(153, 320603, 1),
(153, 320604, 1),
(153, 320605, 1),
(153, 320606, 1),
(153, 320607, 1),
(153, 317014, 2),
(153, 317788, 2),
(153, 317789, 2),
(153, 320608, 2),
(153, 317611, 3),
(153, 320596, 6),
(153, 317756, 9),
(153, 320871, 16),
(154, 411773, 2),
(154, 411996, 3),
(154, 408697, 7),
(154, 408698, 7),
(154, 409441, 7),
(154, 411977, 7),
(154, 411978, 7),
(154, 411979, 7),
(154, 412036, 7),
(154, 412037, 7),
(154, 412038, 7),
(154, 409435, 9),
(154, 412039, 10),
(154, 411761, 12),
(155, 4476913, 1),
(155, 4477518, 1),
(155, 4477544, 1),
(155, 4477568, 1),
(155, 4477609, 1),
(155, 4477622, 1),
(155, 4477623, 1),
(155, 4477636, 1),
(155, 4479322, 1),
(155, 4479323, 1),
(155, 4479324, 1),
(155, 4479325, 1),
(155, 4479326, 1),
(155, 4476798, 2),
(155, 4476799, 2),
(155, 4476811, 2),
(155, 4476814, 2),
(155, 4476815, 2),
(155, 4476923, 2),
(155, 4476940, 2),
(155, 4476941, 2),
(155, 4477551, 2),
(155, 4477552, 2),
(155, 4477553, 2),
(155, 4479320, 7),
(155, 4476786, 10),
(155, 4479321, 10),
(155, 4476785, 12),
(155, 4477510, 12),
(156, 4476913, 1),
(156, 4477518, 1),
(156, 4477544, 1),
(156, 4477568, 1),
(156, 4477609, 1),
(156, 4477622, 1),
(156, 4477623, 1),
(156, 4477636, 1),
(156, 4479322, 1),
(156, 4479323, 1),
(156, 4479324, 1),
(156, 4479325, 1),
(156, 4479326, 1),
(156, 4476798, 2),
(156, 4476799, 2),
(156, 4476814, 2),
(156, 4476815, 2),
(156, 4476923, 2),
(156, 4476940, 2),
(156, 4476941, 2),
(156, 4477551, 2),
(156, 4477552, 2),
(156, 4477553, 2),
(156, 4477959, 3),
(156, 4476786, 7),
(156, 4479058, 7),
(156, 4479320, 7),
(156, 4476785, 9),
(156, 4476811, 9),
(156, 4479349, 10),
(156, 4477510, 12),
(157, 4476912, 1),
(157, 4476913, 1),
(157, 4477515, 1),
(157, 4477518, 1),
(157, 4477521, 1),
(157, 4477523, 1),
(157, 4477526, 1),
(157, 4477528, 1),
(157, 4477538, 1),
(157, 4477545, 1),
(157, 4477546, 1),
(157, 4477547, 1),
(157, 4477548, 1),
(157, 4477549, 1),
(157, 4477550, 1),
(157, 4477572, 1),
(157, 4477601, 1),
(157, 4477602, 1),
(157, 4477603, 1),
(157, 4477604, 1),
(157, 4477605, 1),
(157, 4477606, 1),
(157, 4477607, 1),
(157, 4477608, 1),
(157, 4477609, 1),
(157, 4477610, 1),
(157, 4477611, 1),
(157, 4477612, 1),
(157, 4477613, 1),
(157, 4477614, 1),
(157, 4477615, 1),
(157, 4477616, 1),
(157, 4477617, 1),
(157, 4477618, 1),
(157, 4477619, 1),
(157, 4477620, 1),
(157, 4477621, 1),
(157, 4477622, 1),
(157, 4477623, 1),
(157, 4477624, 1),
(157, 4477625, 1),
(157, 4477626, 1),
(157, 4477627, 1),
(157, 4477628, 1),
(157, 4477629, 1),
(157, 4477630, 1),
(157, 4477631, 1),
(157, 4477632, 1),
(157, 4477633, 1),
(157, 4477634, 1),
(157, 4477635, 1),
(157, 4477636, 1),
(157, 4476798, 2),
(157, 4476799, 2),
(157, 4476814, 2),
(157, 4476815, 2),
(157, 4477551, 2),
(157, 4477552, 2),
(157, 4477553, 2),
(157, 4476811, 3),
(157, 4476923, 3),
(157, 4476940, 3),
(157, 4476941, 3),
(157, 4477597, 7),
(157, 4477598, 7),
(157, 4477599, 7),
(157, 4479058, 7),
(157, 4479059, 7),
(157, 4476786, 10),
(157, 4479380, 10),
(157, 4476785, 12),
(157, 4477510, 12),
(158, 317014, 2),
(158, 317788, 2),
(158, 317789, 2),
(158, 320871, 6),
(158, 318441, 9),
(158, 320901, 10),
(159, 4476791, 1),
(159, 4476793, 1),
(159, 4476803, 1),
(159, 4476927, 1),
(159, 4477566, 1),
(159, 4477613, 1),
(159, 4477804, 1),
(159, 4477809, 1),
(159, 4477948, 1),
(159, 4478174, 1),
(159, 4479457, 1),
(159, 4479458, 1),
(159, 4479459, 1),
(159, 4479460, 1),
(159, 4479461, 1),
(159, 4479462, 1),
(159, 4479463, 1),
(159, 4479464, 1),
(159, 4479465, 1),
(159, 4479466, 1),
(159, 4479467, 1),
(159, 4479468, 1),
(159, 4479469, 1),
(159, 4479470, 1),
(159, 4479471, 1),
(159, 4479472, 1),
(159, 4479473, 1),
(159, 4479474, 1),
(159, 4479475, 1),
(159, 4479476, 1),
(159, 4479477, 1),
(159, 4479478, 1),
(159, 4479479, 1),
(159, 4479480, 1),
(159, 4479481, 1),
(159, 4479482, 1),
(159, 4479483, 1),
(159, 4479484, 1),
(159, 4479485, 1),
(159, 4479486, 1),
(159, 4479487, 1),
(159, 4479488, 1),
(159, 4479489, 1),
(159, 4479490, 1),
(159, 4479491, 1),
(159, 4479492, 1),
(159, 4479493, 1),
(159, 4479494, 1),
(159, 4479495, 1),
(159, 4479496, 1),
(159, 4479497, 1),
(159, 4479498, 1),
(159, 4479499, 1),
(159, 4479500, 1),
(159, 4477971, 7),
(159, 4477985, 7),
(159, 4479452, 7),
(159, 4479453, 7),
(159, 4479455, 9),
(159, 4478078, 10),
(159, 4479454, 10),
(159, 4479456, 10),
(160, 4476791, 1),
(160, 4476793, 1),
(160, 4476803, 1),
(160, 4476927, 1),
(160, 4477566, 1),
(160, 4477613, 1),
(160, 4477804, 1),
(160, 4477809, 1),
(160, 4477948, 1),
(160, 4478174, 1),
(160, 4479457, 1),
(160, 4479458, 1),
(160, 4479459, 1),
(160, 4479460, 1),
(160, 4479461, 1),
(160, 4479462, 1),
(160, 4479463, 1),
(160, 4479464, 1),
(160, 4479465, 1),
(160, 4479466, 1),
(160, 4479467, 1),
(160, 4479468, 1),
(160, 4479469, 1),
(160, 4479470, 1),
(160, 4479471, 1),
(160, 4479472, 1),
(160, 4479473, 1),
(160, 4479474, 1),
(160, 4479475, 1),
(160, 4479476, 1),
(160, 4479477, 1),
(160, 4479478, 1),
(160, 4479479, 1),
(160, 4479480, 1),
(160, 4479481, 1),
(160, 4479482, 1),
(160, 4479483, 1),
(160, 4479484, 1),
(160, 4479485, 1),
(160, 4479486, 1),
(160, 4479487, 1),
(160, 4479488, 1),
(160, 4479489, 1),
(160, 4479490, 1),
(160, 4479491, 1),
(160, 4479492, 1),
(160, 4479493, 1),
(160, 4479494, 1),
(160, 4479495, 1),
(160, 4479496, 1),
(160, 4479497, 1),
(160, 4479498, 1),
(160, 4479499, 1),
(160, 4479500, 1),
(160, 4477971, 7),
(160, 4477985, 7),
(160, 4479452, 7),
(160, 4479453, 7),
(160, 4479514, 9),
(160, 4478078, 10),
(160, 4479454, 10),
(160, 4479515, 10),
(161, 4476791, 1),
(161, 4476793, 1),
(161, 4476803, 1),
(161, 4476927, 1),
(161, 4477566, 1),
(161, 4477613, 1),
(161, 4477804, 1),
(161, 4477809, 1),
(161, 4477948, 1),
(161, 4478174, 1),
(161, 4479457, 1),
(161, 4479458, 1),
(161, 4479459, 1),
(161, 4479460, 1),
(161, 4479461, 1),
(161, 4479462, 1),
(161, 4479463, 1),
(161, 4479464, 1),
(161, 4479465, 1),
(161, 4479466, 1),
(161, 4479467, 1),
(161, 4479468, 1),
(161, 4479469, 1),
(161, 4479470, 1),
(161, 4479471, 1),
(161, 4479472, 1),
(161, 4479473, 1),
(161, 4479474, 1),
(161, 4479475, 1),
(161, 4479476, 1),
(161, 4479477, 1),
(161, 4479478, 1),
(161, 4479479, 1),
(161, 4479480, 1),
(161, 4479481, 1),
(161, 4479482, 1),
(161, 4479483, 1),
(161, 4479484, 1),
(161, 4479485, 1),
(161, 4479486, 1),
(161, 4479487, 1),
(161, 4479488, 1),
(161, 4479489, 1),
(161, 4479490, 1),
(161, 4479491, 1),
(161, 4479492, 1),
(161, 4479493, 1),
(161, 4479494, 1),
(161, 4479495, 1),
(161, 4479496, 1),
(161, 4479497, 1),
(161, 4479498, 1),
(161, 4479499, 1),
(161, 4479500, 1),
(161, 4477971, 7),
(161, 4477985, 7),
(161, 4479452, 7),
(161, 4479453, 7),
(161, 4479576, 9),
(161, 4478078, 10),
(161, 4479454, 10),
(161, 4479577, 10),
(162, 4476791, 1),
(162, 4476793, 1),
(162, 4476803, 1),
(162, 4476927, 1),
(162, 4477566, 1),
(162, 4477613, 1),
(162, 4477804, 1),
(162, 4477809, 1),
(162, 4477948, 1),
(162, 4478174, 1),
(162, 4479457, 1),
(162, 4479458, 1),
(162, 4479459, 1),
(162, 4479460, 1),
(162, 4479461, 1),
(162, 4479462, 1),
(162, 4479463, 1),
(162, 4479464, 1),
(162, 4479465, 1),
(162, 4479466, 1),
(162, 4479467, 1),
(162, 4479468, 1),
(162, 4479469, 1),
(162, 4479470, 1),
(162, 4479471, 1),
(162, 4479472, 1),
(162, 4479473, 1),
(162, 4479474, 1),
(162, 4479475, 1),
(162, 4479476, 1),
(162, 4479477, 1),
(162, 4479478, 1),
(162, 4479479, 1),
(162, 4479480, 1),
(162, 4479481, 1),
(162, 4479482, 1),
(162, 4479483, 1),
(162, 4479484, 1),
(162, 4479485, 1),
(162, 4479486, 1),
(162, 4479487, 1),
(162, 4479488, 1),
(162, 4479489, 1),
(162, 4479490, 1),
(162, 4479491, 1),
(162, 4479492, 1),
(162, 4479493, 1),
(162, 4479494, 1),
(162, 4479495, 1),
(162, 4479496, 1),
(162, 4479497, 1),
(162, 4479498, 1),
(162, 4479499, 1),
(162, 4479500, 1),
(162, 4477971, 7),
(162, 4477985, 7),
(162, 4479452, 7),
(162, 4479453, 7),
(162, 4478371, 9),
(162, 4478078, 10),
(162, 4479454, 10),
(162, 4479638, 10),
(163, 4476791, 1),
(163, 4476793, 1),
(163, 4476803, 1),
(163, 4476927, 1),
(163, 4477566, 1),
(163, 4477613, 1),
(163, 4477804, 1),
(163, 4477809, 1),
(163, 4477948, 1),
(163, 4478174, 1),
(163, 4479457, 1),
(163, 4479458, 1),
(163, 4479459, 1),
(163, 4479460, 1),
(163, 4479461, 1),
(163, 4479462, 1),
(163, 4479463, 1),
(163, 4479464, 1),
(163, 4479465, 1),
(163, 4479466, 1),
(163, 4479467, 1),
(163, 4479468, 1),
(163, 4479469, 1),
(163, 4479470, 1),
(163, 4479471, 1),
(163, 4479472, 1),
(163, 4479473, 1),
(163, 4479474, 1),
(163, 4479475, 1),
(163, 4479476, 1),
(163, 4479477, 1),
(163, 4479478, 1),
(163, 4479479, 1),
(163, 4479480, 1),
(163, 4479481, 1),
(163, 4479482, 1),
(163, 4479483, 1),
(163, 4479484, 1),
(163, 4479485, 1),
(163, 4479486, 1),
(163, 4479487, 1),
(163, 4479488, 1),
(163, 4479489, 1),
(163, 4479490, 1),
(163, 4479491, 1),
(163, 4479492, 1),
(163, 4479493, 1),
(163, 4479494, 1),
(163, 4479495, 1),
(163, 4479496, 1),
(163, 4479497, 1),
(163, 4479498, 1),
(163, 4479499, 1),
(163, 4479500, 1),
(163, 4477971, 7),
(163, 4477985, 7),
(163, 4479452, 7),
(163, 4479453, 7),
(163, 4479576, 9),
(163, 4478078, 10),
(163, 4479454, 10),
(163, 4479700, 10),
(164, 4476791, 1),
(164, 4476793, 1),
(164, 4476803, 1),
(164, 4476927, 1),
(164, 4477566, 1),
(164, 4477613, 1),
(164, 4477804, 1),
(164, 4477809, 1),
(164, 4477948, 1),
(164, 4478174, 1),
(164, 4479457, 1),
(164, 4479458, 1),
(164, 4479459, 1),
(164, 4479460, 1),
(164, 4479461, 1),
(164, 4479462, 1),
(164, 4479463, 1),
(164, 4479464, 1),
(164, 4479465, 1),
(164, 4479466, 1),
(164, 4479467, 1),
(164, 4479468, 1),
(164, 4479469, 1),
(164, 4479470, 1),
(164, 4479471, 1),
(164, 4479472, 1),
(164, 4479473, 1),
(164, 4479474, 1),
(164, 4479475, 1),
(164, 4479476, 1),
(164, 4479477, 1),
(164, 4479478, 1),
(164, 4479479, 1),
(164, 4479480, 1),
(164, 4479481, 1),
(164, 4479482, 1),
(164, 4479483, 1),
(164, 4479484, 1),
(164, 4479485, 1),
(164, 4479486, 1),
(164, 4479487, 1),
(164, 4479488, 1),
(164, 4479489, 1),
(164, 4479490, 1),
(164, 4479491, 1),
(164, 4479492, 1),
(164, 4479493, 1),
(164, 4479494, 1),
(164, 4479495, 1),
(164, 4479496, 1),
(164, 4479497, 1),
(164, 4479498, 1),
(164, 4479499, 1),
(164, 4479500, 1),
(164, 4477971, 7),
(164, 4477985, 7),
(164, 4479452, 7),
(164, 4479453, 7),
(164, 4479455, 9),
(164, 4478078, 10),
(164, 4479454, 10),
(164, 4479762, 10),
(165, 4476791, 1),
(165, 4476793, 1),
(165, 4476803, 1),
(165, 4476927, 1),
(165, 4477566, 1),
(165, 4477613, 1),
(165, 4477804, 1),
(165, 4477809, 1),
(165, 4477948, 1),
(165, 4478174, 1),
(165, 4479457, 1),
(165, 4479458, 1),
(165, 4479459, 1),
(165, 4479460, 1),
(165, 4479461, 1),
(165, 4479462, 1),
(165, 4479463, 1),
(165, 4479464, 1),
(165, 4479465, 1),
(165, 4479466, 1),
(165, 4479467, 1),
(165, 4479468, 1),
(165, 4479469, 1),
(165, 4479470, 1),
(165, 4479471, 1),
(165, 4479472, 1),
(165, 4479473, 1),
(165, 4479474, 1),
(165, 4479475, 1),
(165, 4479476, 1),
(165, 4479477, 1),
(165, 4479478, 1),
(165, 4479479, 1),
(165, 4479480, 1),
(165, 4479481, 1),
(165, 4479482, 1),
(165, 4479483, 1),
(165, 4479484, 1),
(165, 4479485, 1),
(165, 4479486, 1),
(165, 4479487, 1),
(165, 4479488, 1),
(165, 4479489, 1),
(165, 4479490, 1),
(165, 4479491, 1),
(165, 4479492, 1),
(165, 4479493, 1),
(165, 4479494, 1),
(165, 4479495, 1),
(165, 4479496, 1),
(165, 4479497, 1),
(165, 4479498, 1),
(165, 4479499, 1),
(165, 4479500, 1),
(165, 4477971, 7),
(165, 4477985, 7),
(165, 4479452, 7),
(165, 4479453, 7),
(165, 4478371, 9),
(165, 4478078, 10),
(165, 4479454, 10),
(165, 4479824, 10),
(166, 4476791, 1),
(166, 4476793, 1),
(166, 4476803, 1),
(166, 4476927, 1),
(166, 4477566, 1),
(166, 4477613, 1),
(166, 4477804, 1),
(166, 4477809, 1),
(166, 4477948, 1),
(166, 4478174, 1),
(166, 4479457, 1),
(166, 4479458, 1),
(166, 4479459, 1),
(166, 4479460, 1),
(166, 4479461, 1),
(166, 4479462, 1),
(166, 4479463, 1),
(166, 4479464, 1),
(166, 4479465, 1),
(166, 4479466, 1),
(166, 4479467, 1),
(166, 4479468, 1),
(166, 4479469, 1),
(166, 4479470, 1),
(166, 4479471, 1),
(166, 4479472, 1),
(166, 4479473, 1),
(166, 4479474, 1),
(166, 4479475, 1),
(166, 4479476, 1),
(166, 4479477, 1),
(166, 4479478, 1),
(166, 4479479, 1),
(166, 4479480, 1),
(166, 4479481, 1),
(166, 4479482, 1),
(166, 4479483, 1),
(166, 4479484, 1),
(166, 4479485, 1),
(166, 4479486, 1),
(166, 4479487, 1),
(166, 4479488, 1),
(166, 4479489, 1),
(166, 4479490, 1),
(166, 4479491, 1),
(166, 4479492, 1),
(166, 4479493, 1),
(166, 4479494, 1),
(166, 4479495, 1),
(166, 4479496, 1),
(166, 4479497, 1),
(166, 4479498, 1),
(166, 4479499, 1),
(166, 4479500, 1),
(166, 4477971, 7),
(166, 4477985, 7),
(166, 4479452, 7),
(166, 4479453, 7),
(166, 4479514, 9),
(166, 4478078, 10),
(166, 4479454, 10),
(166, 4479886, 10),
(167, 4476791, 1),
(167, 4476793, 1),
(167, 4476803, 1),
(167, 4476927, 1),
(167, 4477566, 1),
(167, 4477613, 1),
(167, 4477804, 1),
(167, 4477809, 1),
(167, 4477948, 1),
(167, 4478174, 1),
(167, 4479457, 1),
(167, 4479458, 1),
(167, 4479459, 1),
(167, 4479460, 1),
(167, 4479461, 1),
(167, 4479462, 1),
(167, 4479463, 1),
(167, 4479464, 1),
(167, 4479465, 1),
(167, 4479466, 1),
(167, 4479467, 1),
(167, 4479468, 1),
(167, 4479469, 1),
(167, 4479470, 1),
(167, 4479471, 1),
(167, 4479472, 1),
(167, 4479473, 1),
(167, 4479474, 1),
(167, 4479475, 1),
(167, 4479476, 1),
(167, 4479477, 1),
(167, 4479478, 1),
(167, 4479479, 1),
(167, 4479480, 1),
(167, 4479481, 1),
(167, 4479482, 1),
(167, 4479483, 1),
(167, 4479484, 1),
(167, 4479485, 1),
(167, 4479486, 1),
(167, 4479487, 1),
(167, 4479488, 1),
(167, 4479489, 1),
(167, 4479490, 1),
(167, 4479491, 1),
(167, 4479492, 1),
(167, 4479493, 1),
(167, 4479494, 1),
(167, 4479495, 1),
(167, 4479496, 1),
(167, 4479497, 1),
(167, 4479498, 1),
(167, 4479499, 1),
(167, 4479500, 1),
(167, 4477971, 7),
(167, 4477985, 7),
(167, 4479452, 7),
(167, 4479453, 7),
(167, 4476846, 9),
(167, 4478078, 10),
(167, 4479454, 10),
(167, 4479948, 10),
(168, 4476791, 1),
(168, 4476793, 1),
(168, 4476803, 1),
(168, 4476927, 1),
(168, 4477566, 1),
(168, 4477613, 1),
(168, 4477804, 1),
(168, 4477809, 1),
(168, 4477948, 1),
(168, 4478174, 1),
(168, 4479457, 1),
(168, 4479458, 1),
(168, 4479459, 1),
(168, 4479460, 1),
(168, 4479461, 1),
(168, 4479462, 1),
(168, 4479463, 1),
(168, 4479464, 1),
(168, 4479465, 1),
(168, 4479466, 1),
(168, 4479467, 1),
(168, 4479468, 1),
(168, 4479469, 1),
(168, 4479470, 1),
(168, 4479471, 1),
(168, 4479472, 1),
(168, 4479473, 1),
(168, 4479474, 1),
(168, 4479475, 1),
(168, 4479476, 1),
(168, 4479477, 1),
(168, 4479478, 1),
(168, 4479479, 1),
(168, 4479480, 1),
(168, 4479481, 1),
(168, 4479482, 1),
(168, 4479483, 1),
(168, 4479484, 1),
(168, 4479485, 1),
(168, 4479486, 1),
(168, 4479487, 1),
(168, 4479488, 1),
(168, 4479489, 1),
(168, 4479490, 1),
(168, 4479491, 1),
(168, 4479492, 1),
(168, 4479493, 1),
(168, 4479494, 1),
(168, 4479495, 1),
(168, 4479496, 1),
(168, 4479497, 1),
(168, 4479498, 1),
(168, 4479499, 1),
(168, 4479500, 1),
(168, 4477971, 7),
(168, 4477985, 7),
(168, 4479452, 7),
(168, 4479453, 7),
(168, 4479576, 9),
(168, 4478078, 10),
(168, 4479454, 10),
(168, 4480010, 10),
(169, 4476791, 1),
(169, 4476793, 1),
(169, 4476803, 1),
(169, 4476927, 1),
(169, 4477566, 1),
(169, 4477613, 1),
(169, 4477804, 1),
(169, 4477809, 1),
(169, 4477948, 1),
(169, 4478174, 1),
(169, 4479457, 1),
(169, 4479458, 1),
(169, 4479459, 1),
(169, 4479460, 1),
(169, 4479461, 1),
(169, 4479462, 1),
(169, 4479463, 1),
(169, 4479464, 1),
(169, 4479465, 1),
(169, 4479466, 1),
(169, 4479467, 1),
(169, 4479468, 1),
(169, 4479469, 1),
(169, 4479470, 1),
(169, 4479471, 1),
(169, 4479472, 1),
(169, 4479473, 1),
(169, 4479474, 1),
(169, 4479475, 1),
(169, 4479476, 1),
(169, 4479477, 1),
(169, 4479478, 1),
(169, 4479479, 1),
(169, 4479480, 1),
(169, 4479481, 1),
(169, 4479482, 1),
(169, 4479483, 1),
(169, 4479484, 1),
(169, 4479485, 1),
(169, 4479486, 1),
(169, 4479487, 1),
(169, 4479488, 1),
(169, 4479489, 1),
(169, 4479490, 1),
(169, 4479491, 1),
(169, 4479492, 1),
(169, 4479493, 1),
(169, 4479494, 1),
(169, 4479495, 1),
(169, 4479496, 1),
(169, 4479497, 1),
(169, 4479498, 1),
(169, 4479499, 1),
(169, 4479500, 1),
(169, 4479455, 2),
(169, 4477971, 7),
(169, 4477985, 7),
(169, 4479452, 7),
(169, 4479453, 7),
(169, 4480072, 7),
(169, 4478078, 10),
(169, 4479454, 10),
(169, 4480073, 10),
(170, 4476791, 1),
(170, 4476793, 1),
(170, 4476803, 1),
(170, 4476927, 1),
(170, 4477566, 1),
(170, 4477613, 1),
(170, 4477804, 1),
(170, 4477809, 1),
(170, 4477948, 1),
(170, 4478174, 1),
(170, 4479457, 1),
(170, 4479458, 1),
(170, 4479459, 1),
(170, 4479460, 1),
(170, 4479461, 1),
(170, 4479462, 1),
(170, 4479463, 1),
(170, 4479464, 1),
(170, 4479465, 1),
(170, 4479466, 1),
(170, 4479467, 1),
(170, 4479468, 1),
(170, 4479469, 1),
(170, 4479470, 1),
(170, 4479471, 1),
(170, 4479472, 1),
(170, 4479473, 1),
(170, 4479474, 1),
(170, 4479475, 1),
(170, 4479476, 1),
(170, 4479477, 1),
(170, 4479478, 1),
(170, 4479479, 1),
(170, 4479480, 1),
(170, 4479481, 1),
(170, 4479482, 1),
(170, 4479483, 1),
(170, 4479484, 1),
(170, 4479485, 1),
(170, 4479486, 1),
(170, 4479487, 1),
(170, 4479488, 1),
(170, 4479489, 1),
(170, 4479490, 1),
(170, 4479491, 1),
(170, 4479492, 1),
(170, 4479493, 1),
(170, 4479494, 1),
(170, 4479495, 1),
(170, 4479496, 1),
(170, 4479497, 1),
(170, 4479498, 1),
(170, 4479499, 1),
(170, 4479500, 1),
(170, 4477971, 7),
(170, 4477985, 7),
(170, 4479452, 7),
(170, 4479453, 7),
(170, 4479514, 9),
(170, 4478078, 10),
(170, 4479454, 10),
(170, 4480135, 10),
(171, 4476791, 1),
(171, 4476793, 1),
(171, 4476803, 1),
(171, 4476927, 1),
(171, 4477566, 1),
(171, 4477613, 1),
(171, 4477804, 1),
(171, 4477809, 1),
(171, 4477948, 1),
(171, 4478174, 1),
(171, 4479457, 1),
(171, 4479458, 1),
(171, 4479459, 1),
(171, 4479460, 1),
(171, 4479461, 1),
(171, 4479462, 1),
(171, 4479463, 1),
(171, 4479464, 1),
(171, 4479465, 1),
(171, 4479466, 1),
(171, 4479467, 1),
(171, 4479468, 1),
(171, 4479469, 1),
(171, 4479470, 1),
(171, 4479471, 1),
(171, 4479472, 1),
(171, 4479473, 1),
(171, 4479474, 1),
(171, 4479475, 1),
(171, 4479476, 1),
(171, 4479477, 1),
(171, 4479478, 1),
(171, 4479479, 1),
(171, 4479480, 1),
(171, 4479481, 1),
(171, 4479482, 1),
(171, 4479483, 1),
(171, 4479484, 1),
(171, 4479485, 1),
(171, 4479486, 1),
(171, 4479487, 1),
(171, 4479488, 1),
(171, 4479489, 1),
(171, 4479490, 1),
(171, 4479491, 1),
(171, 4479492, 1),
(171, 4479493, 1),
(171, 4479494, 1),
(171, 4479495, 1),
(171, 4479496, 1),
(171, 4479497, 1),
(171, 4479498, 1),
(171, 4479499, 1),
(171, 4479500, 1),
(171, 4477971, 7),
(171, 4477985, 7),
(171, 4479452, 7),
(171, 4479453, 7),
(171, 4479455, 9),
(171, 4478078, 10),
(171, 4479454, 10),
(171, 4480197, 10),
(172, 4476791, 1),
(172, 4476793, 1),
(172, 4476803, 1),
(172, 4476927, 1),
(172, 4477566, 1),
(172, 4477613, 1),
(172, 4477804, 1),
(172, 4477809, 1),
(172, 4477948, 1),
(172, 4478174, 1),
(172, 4479457, 1),
(172, 4479458, 1),
(172, 4479459, 1),
(172, 4479460, 1),
(172, 4479461, 1),
(172, 4479462, 1),
(172, 4479463, 1),
(172, 4479464, 1),
(172, 4479465, 1),
(172, 4479466, 1),
(172, 4479467, 1),
(172, 4479468, 1),
(172, 4479469, 1),
(172, 4479470, 1),
(172, 4479471, 1),
(172, 4479472, 1),
(172, 4479473, 1),
(172, 4479474, 1),
(172, 4479475, 1),
(172, 4479476, 1),
(172, 4479477, 1),
(172, 4479478, 1),
(172, 4479479, 1),
(172, 4479480, 1),
(172, 4479481, 1),
(172, 4479482, 1),
(172, 4479483, 1),
(172, 4479484, 1),
(172, 4479485, 1),
(172, 4479486, 1),
(172, 4479487, 1),
(172, 4479488, 1),
(172, 4479489, 1),
(172, 4479490, 1),
(172, 4479491, 1),
(172, 4479492, 1),
(172, 4479493, 1),
(172, 4479494, 1),
(172, 4479495, 1),
(172, 4479496, 1),
(172, 4479497, 1),
(172, 4479498, 1),
(172, 4479499, 1),
(172, 4479500, 1),
(172, 4477971, 7),
(172, 4477985, 7),
(172, 4479452, 7),
(172, 4479453, 7),
(172, 4479576, 9),
(172, 4478078, 10),
(172, 4479454, 10),
(172, 4480259, 10),
(173, 4476791, 1),
(173, 4476793, 1),
(173, 4476803, 1),
(173, 4476927, 1),
(173, 4477566, 1),
(173, 4477613, 1),
(173, 4477804, 1),
(173, 4477809, 1),
(173, 4477948, 1),
(173, 4478174, 1),
(173, 4479457, 1),
(173, 4479458, 1),
(173, 4479459, 1),
(173, 4479460, 1),
(173, 4479461, 1),
(173, 4479462, 1),
(173, 4479463, 1),
(173, 4479464, 1),
(173, 4479465, 1),
(173, 4479466, 1),
(173, 4479467, 1),
(173, 4479468, 1),
(173, 4479469, 1),
(173, 4479470, 1),
(173, 4479471, 1),
(173, 4479472, 1),
(173, 4479473, 1),
(173, 4479474, 1),
(173, 4479475, 1),
(173, 4479476, 1),
(173, 4479477, 1),
(173, 4479478, 1),
(173, 4479479, 1),
(173, 4479480, 1),
(173, 4479481, 1),
(173, 4479482, 1),
(173, 4479483, 1),
(173, 4479484, 1),
(173, 4479485, 1),
(173, 4479486, 1),
(173, 4479487, 1),
(173, 4479488, 1),
(173, 4479489, 1),
(173, 4479490, 1),
(173, 4479491, 1),
(173, 4479492, 1),
(173, 4479493, 1),
(173, 4479494, 1),
(173, 4479495, 1),
(173, 4479496, 1),
(173, 4479497, 1),
(173, 4479498, 1),
(173, 4479499, 1),
(173, 4479500, 1),
(173, 4477971, 7),
(173, 4477985, 7),
(173, 4479452, 7),
(173, 4479453, 7),
(173, 4479514, 9),
(173, 4478078, 10),
(173, 4479454, 10),
(173, 4480321, 10),
(174, 4476791, 1),
(174, 4476793, 1),
(174, 4476803, 1),
(174, 4476927, 1),
(174, 4477566, 1),
(174, 4477613, 1),
(174, 4477804, 1),
(174, 4477809, 1),
(174, 4477948, 1),
(174, 4478174, 1),
(174, 4479457, 1),
(174, 4479458, 1),
(174, 4479459, 1),
(174, 4479460, 1),
(174, 4479461, 1),
(174, 4479462, 1),
(174, 4479463, 1),
(174, 4479464, 1),
(174, 4479465, 1),
(174, 4479466, 1),
(174, 4479467, 1),
(174, 4479468, 1),
(174, 4479469, 1),
(174, 4479470, 1),
(174, 4479471, 1),
(174, 4479472, 1),
(174, 4479473, 1),
(174, 4479474, 1),
(174, 4479475, 1),
(174, 4479476, 1),
(174, 4479477, 1),
(174, 4479478, 1),
(174, 4479479, 1),
(174, 4479480, 1),
(174, 4479481, 1),
(174, 4479482, 1),
(174, 4479483, 1),
(174, 4479484, 1),
(174, 4479485, 1),
(174, 4479486, 1),
(174, 4479487, 1),
(174, 4479488, 1),
(174, 4479489, 1),
(174, 4479490, 1),
(174, 4479491, 1),
(174, 4479492, 1),
(174, 4479493, 1),
(174, 4479494, 1),
(174, 4479495, 1),
(174, 4479496, 1),
(174, 4479497, 1),
(174, 4479498, 1),
(174, 4479499, 1),
(174, 4479500, 1),
(174, 4477971, 7),
(174, 4477985, 7),
(174, 4479452, 7),
(174, 4479453, 7),
(174, 4477974, 9),
(174, 4478078, 10),
(174, 4479454, 10),
(174, 4480383, 10),
(175, 4476791, 1),
(175, 4476793, 1),
(175, 4476803, 1),
(175, 4476927, 1),
(175, 4477566, 1),
(175, 4477613, 1),
(175, 4477804, 1),
(175, 4477809, 1),
(175, 4477948, 1),
(175, 4478174, 1),
(175, 4479457, 1),
(175, 4479458, 1),
(175, 4479459, 1),
(175, 4479460, 1),
(175, 4479461, 1),
(175, 4479462, 1),
(175, 4479463, 1),
(175, 4479464, 1),
(175, 4479465, 1),
(175, 4479466, 1),
(175, 4479467, 1),
(175, 4479468, 1),
(175, 4479469, 1),
(175, 4479470, 1),
(175, 4479471, 1),
(175, 4479472, 1),
(175, 4479473, 1),
(175, 4479474, 1),
(175, 4479475, 1),
(175, 4479476, 1),
(175, 4479477, 1),
(175, 4479478, 1),
(175, 4479479, 1),
(175, 4479480, 1),
(175, 4479481, 1),
(175, 4479482, 1),
(175, 4479483, 1),
(175, 4479484, 1),
(175, 4479485, 1),
(175, 4479486, 1),
(175, 4479487, 1),
(175, 4479488, 1),
(175, 4479489, 1),
(175, 4479490, 1),
(175, 4479491, 1),
(175, 4479492, 1),
(175, 4479493, 1),
(175, 4479494, 1),
(175, 4479495, 1),
(175, 4479496, 1),
(175, 4479497, 1),
(175, 4479498, 1),
(175, 4479499, 1),
(175, 4479500, 1),
(175, 4477971, 7),
(175, 4477985, 7),
(175, 4479452, 7),
(175, 4479453, 7),
(175, 4478371, 9),
(175, 4478078, 10),
(175, 4479454, 10),
(175, 4480445, 10),
(176, 4476791, 1),
(176, 4476793, 1),
(176, 4476803, 1),
(176, 4476927, 1),
(176, 4477566, 1),
(176, 4477613, 1),
(176, 4477804, 1),
(176, 4477809, 1),
(176, 4477948, 1),
(176, 4478174, 1),
(176, 4479457, 1),
(176, 4479458, 1),
(176, 4479459, 1),
(176, 4479460, 1),
(176, 4479461, 1),
(176, 4479462, 1),
(176, 4479463, 1),
(176, 4479464, 1),
(176, 4479465, 1),
(176, 4479466, 1),
(176, 4479467, 1),
(176, 4479468, 1),
(176, 4479469, 1),
(176, 4479470, 1),
(176, 4479471, 1),
(176, 4479472, 1),
(176, 4479473, 1),
(176, 4479474, 1),
(176, 4479475, 1),
(176, 4479476, 1),
(176, 4479477, 1),
(176, 4479478, 1),
(176, 4479479, 1),
(176, 4479480, 1),
(176, 4479481, 1),
(176, 4479482, 1),
(176, 4479483, 1),
(176, 4479484, 1),
(176, 4479485, 1),
(176, 4479486, 1),
(176, 4479487, 1),
(176, 4479488, 1),
(176, 4479489, 1),
(176, 4479490, 1),
(176, 4479491, 1),
(176, 4479492, 1),
(176, 4479493, 1),
(176, 4479494, 1),
(176, 4479495, 1),
(176, 4479496, 1),
(176, 4479497, 1),
(176, 4479498, 1),
(176, 4479499, 1),
(176, 4479500, 1),
(176, 4477971, 7),
(176, 4477985, 7),
(176, 4479452, 7),
(176, 4479453, 7),
(176, 4479455, 9),
(176, 4478078, 10),
(176, 4479454, 10),
(176, 4480507, 10),
(177, 4476927, 1),
(177, 4477542, 1),
(177, 4477610, 1),
(177, 4477617, 1),
(177, 4477742, 1),
(177, 4477948, 1),
(177, 4479464, 1),
(177, 4479480, 1),
(177, 4479481, 1),
(177, 4480571, 1),
(177, 4480572, 1),
(177, 4480573, 1),
(177, 4480574, 1),
(177, 4480575, 1),
(177, 4480576, 1),
(177, 4480577, 1),
(177, 4480578, 1),
(177, 4480579, 1),
(177, 4480580, 1),
(177, 4480581, 1),
(177, 4480582, 1),
(177, 4480583, 1),
(177, 4476811, 2),
(177, 4476940, 2),
(177, 4476941, 2),
(177, 4477551, 2),
(177, 4477552, 2),
(177, 4477553, 2),
(177, 4480584, 2),
(177, 4476923, 3),
(177, 4477597, 7),
(177, 4480569, 7),
(177, 4476786, 10),
(177, 4480570, 10),
(177, 4476785, 12),
(177, 4477510, 12),
(178, 4476927, 1),
(178, 4477542, 1),
(178, 4477610, 1),
(178, 4477617, 1),
(178, 4477742, 1),
(178, 4477948, 1),
(178, 4479464, 1),
(178, 4479480, 1),
(178, 4479481, 1),
(178, 4480571, 1),
(178, 4480572, 1),
(178, 4480573, 1),
(178, 4480574, 1),
(178, 4480575, 1),
(178, 4480576, 1),
(178, 4480577, 1),
(178, 4480578, 1),
(178, 4480579, 1),
(178, 4480580, 1),
(178, 4480581, 1),
(178, 4480582, 1),
(178, 4480583, 1),
(178, 4476798, 2),
(178, 4476799, 2),
(178, 4476811, 2),
(178, 4476814, 2),
(178, 4476815, 2),
(178, 4476940, 2),
(178, 4476941, 2),
(178, 4477551, 2),
(178, 4477552, 2),
(178, 4477553, 2),
(178, 4480584, 2),
(178, 4476923, 3),
(178, 4477597, 7),
(178, 4479058, 7),
(178, 4479059, 7),
(178, 4480569, 7),
(178, 4476786, 10),
(178, 4480605, 10),
(178, 4476785, 12),
(178, 4477510, 12),
(179, 4477956, 2),
(179, 4477960, 2),
(179, 4477963, 2),
(179, 4477959, 3),
(179, 4477949, 5),
(179, 4477985, 7),
(179, 4478100, 7),
(179, 4480647, 7),
(179, 4480648, 7),
(179, 4480649, 10),
(180, 4477956, 2),
(180, 4477960, 2),
(180, 4477963, 2),
(180, 4477959, 3),
(180, 4477949, 5),
(180, 4477985, 7),
(180, 4478100, 7),
(180, 4480647, 7),
(180, 4480657, 10),
(181, 4477956, 2),
(181, 4477960, 2),
(181, 4477963, 2),
(181, 4477959, 3),
(181, 4477949, 5),
(181, 4477985, 7),
(181, 4478100, 7),
(181, 4480647, 7),
(181, 4480666, 7),
(181, 4480667, 10),
(182, 4477956, 2),
(182, 4477963, 2),
(182, 4478020, 2),
(182, 4477959, 3),
(182, 4477949, 5),
(182, 4477985, 7),
(182, 4478100, 7),
(182, 4480647, 7),
(182, 4480676, 10),
(183, 3346710, 2),
(183, 3346722, 2),
(183, 3346918, 2),
(183, 3349431, 2),
(183, 3345542, 3),
(183, 3346697, 5),
(183, 3346715, 7),
(183, 3346733, 7),
(183, 3346823, 7),
(183, 3349425, 7),
(183, 3349426, 7),
(183, 3349427, 7),
(183, 3349428, 7),
(183, 3349429, 7),
(183, 3349430, 10),
(184, 2871516, 2),
(184, 2871527, 2),
(184, 2871804, 2),
(184, 2872016, 2),
(184, 2871561, 3),
(184, 2871503, 5),
(184, 2871520, 7),
(184, 2871553, 7),
(184, 2874360, 7),
(184, 2874361, 7),
(184, 2874362, 7),
(184, 2874363, 7),
(184, 2874364, 7),
(184, 2874375, 7),
(184, 2874376, 10),
(185, 2911440, 2),
(185, 2911452, 2),
(185, 2911731, 2),
(185, 2914304, 2),
(185, 2911488, 3),
(185, 2911427, 5),
(185, 2911445, 7),
(185, 2911480, 7),
(185, 2914287, 7),
(185, 2914288, 7),
(185, 2914289, 7),
(185, 2914290, 7),
(185, 2914291, 7),
(185, 2914302, 7),
(185, 2914303, 10),
(186, 4477963, 2),
(186, 4478173, 2),
(186, 4480693, 2),
(186, 4477959, 3),
(186, 4477949, 5),
(186, 4477985, 7),
(186, 4480685, 7),
(186, 4480686, 7),
(186, 4480687, 7),
(186, 4480688, 7),
(186, 4480689, 7),
(186, 4480690, 7),
(186, 4480691, 7),
(186, 4480692, 10),
(187, 3006202, 2),
(187, 3006214, 2),
(187, 3006447, 2),
(187, 3008996, 2),
(187, 3006250, 3),
(187, 3006189, 5),
(187, 3006207, 7),
(187, 3006242, 7),
(187, 3006353, 7),
(187, 3008991, 7),
(187, 3008992, 7),
(187, 3008993, 7),
(187, 3008994, 7),
(187, 3009019, 7),
(187, 3009020, 10),
(188, 3029449, 2),
(188, 3030611, 2),
(188, 3030623, 2),
(188, 3030856, 2),
(188, 3030659, 3),
(188, 3030598, 5),
(188, 3030616, 7),
(188, 3030651, 7),
(188, 3033400, 7),
(188, 3033401, 7),
(188, 3033402, 7),
(188, 3033403, 7),
(188, 3033428, 7),
(188, 3033429, 7),
(188, 3033430, 10),
(189, 4477963, 2),
(189, 4477974, 2),
(189, 4478173, 2),
(189, 4477959, 3),
(189, 4477949, 5),
(189, 4477967, 7),
(189, 4477985, 7),
(189, 4477987, 7),
(189, 4480689, 7),
(189, 4480699, 7),
(189, 4480700, 7),
(189, 4480701, 7),
(189, 4480702, 7),
(189, 4480703, 10),
(190, 3115807, 2),
(190, 3115819, 2),
(190, 3116052, 2),
(190, 3116282, 2),
(190, 3115855, 3),
(190, 3115794, 5),
(190, 3115812, 7),
(190, 3115847, 7),
(190, 3118588, 7),
(190, 3118589, 7),
(190, 3118590, 7),
(190, 3118591, 7),
(190, 3118616, 7),
(190, 3118630, 7),
(190, 3118631, 10),
(191, 2911440, 2),
(191, 2911731, 2),
(191, 2914393, 2),
(191, 2911488, 3),
(191, 2911427, 5),
(191, 2911480, 7),
(191, 2911482, 7),
(191, 2914390, 7),
(191, 2914391, 7),
(191, 2914392, 10),
(192, 3165584, 2),
(192, 3165829, 2),
(192, 3168372, 2),
(192, 3164416, 3),
(192, 3165571, 5),
(192, 3165624, 7),
(192, 3165626, 7),
(192, 3168394, 7),
(192, 3168395, 7),
(192, 3168396, 10),
(193, 3036713, 2),
(193, 3036958, 2),
(193, 3039571, 2),
(193, 3036761, 3),
(193, 3036700, 5),
(193, 3036753, 7),
(193, 3036755, 7),
(193, 3039559, 7),
(193, 3039569, 7),
(193, 3039570, 10),
(194, 3030611, 2),
(194, 3030623, 2),
(194, 3030856, 2),
(194, 3030659, 3),
(194, 3030598, 5),
(194, 3030616, 6),
(194, 3030651, 6),
(194, 3030653, 6),
(194, 3033472, 6),
(194, 3033492, 10),
(195, 4477963, 2),
(195, 4477974, 2),
(195, 4478173, 2),
(195, 4480715, 2),
(195, 4477959, 3),
(195, 4477949, 5),
(195, 4477967, 6),
(195, 4477985, 6),
(195, 4478078, 6),
(195, 4480689, 6),
(195, 4480700, 6),
(195, 4480701, 6),
(195, 4480702, 6),
(195, 4480713, 6),
(195, 4480714, 10),
(196, 4476816, 2),
(196, 4477963, 2),
(196, 4477974, 2),
(196, 4478173, 2),
(196, 4477959, 3),
(196, 4477949, 5),
(196, 4477967, 6),
(196, 4477985, 6),
(196, 4480689, 6),
(196, 4480700, 6),
(196, 4480701, 6),
(196, 4480702, 6),
(196, 4480713, 6),
(196, 4480728, 6),
(196, 4480729, 10),
(197, 2911440, 2),
(197, 2911452, 2),
(197, 2911731, 2),
(197, 2911943, 2),
(197, 2911488, 3),
(197, 2911427, 5),
(197, 2911445, 6),
(197, 2911480, 6),
(197, 2914288, 6),
(197, 2914289, 6),
(197, 2914290, 6),
(197, 2914291, 6),
(197, 2914375, 6),
(197, 2914430, 6),
(197, 2914460, 10),
(198, 4477963, 2),
(198, 4478173, 2),
(198, 4480693, 2),
(198, 4477959, 3),
(198, 4477949, 5),
(198, 4477985, 6),
(198, 4480687, 6),
(198, 4480688, 6),
(198, 4480689, 6),
(198, 4480713, 6),
(198, 4480743, 6),
(198, 4480744, 6),
(198, 4480745, 6),
(198, 4480746, 10),
(199, 4477956, 2),
(199, 4477960, 2),
(199, 4477963, 2),
(199, 4477959, 3),
(199, 4477949, 5),
(199, 4477985, 6),
(199, 4477987, 6),
(199, 4480757, 6),
(199, 4480758, 10),
(200, 4476791, 2),
(200, 4477956, 2),
(200, 4477963, 2),
(200, 4477959, 3),
(200, 4477949, 5),
(200, 4477985, 6),
(200, 4477987, 6),
(200, 4480757, 6),
(200, 4480766, 6),
(200, 4480767, 10),
(201, 4477956, 2),
(201, 4477960, 2),
(201, 4477963, 2),
(201, 4477959, 3),
(201, 4477949, 5),
(201, 4477985, 6),
(201, 4477987, 6),
(201, 4480648, 6),
(201, 4480757, 6),
(201, 4480776, 10),
(202, 4477956, 2),
(202, 4477960, 2),
(202, 4477963, 2),
(202, 4477959, 3),
(202, 4477949, 5),
(202, 4477985, 6),
(202, 4477987, 6),
(202, 4480757, 6),
(202, 4480786, 10),
(203, 4477956, 2),
(203, 4477963, 2),
(203, 4478020, 2),
(203, 4477959, 3),
(203, 4477949, 5),
(203, 4477985, 6),
(203, 4477987, 6),
(203, 4480757, 6),
(203, 4480795, 6),
(203, 4480796, 10),
(204, 2910253, 2),
(204, 2911440, 2),
(204, 2911731, 2),
(204, 2911488, 3),
(204, 2911427, 5),
(204, 2911480, 6),
(204, 2911482, 6),
(204, 2914537, 6),
(204, 2914538, 6),
(204, 2914539, 6),
(204, 2914540, 10),
(205, 4476846, 2),
(205, 4477963, 2),
(205, 4478173, 2),
(205, 4477959, 3),
(205, 4477949, 5),
(205, 4477985, 6),
(205, 4477987, 6),
(205, 4480700, 6),
(205, 4480805, 6),
(205, 4480806, 6),
(205, 4480807, 6),
(205, 4480808, 6),
(205, 4480809, 6),
(205, 4480810, 10),
(206, 2980703, 2),
(206, 2980715, 2),
(206, 2980974, 2),
(206, 2980751, 3),
(206, 2980690, 5),
(206, 2980708, 6),
(206, 2980743, 6),
(206, 2980745, 6),
(206, 2983727, 6),
(206, 2983728, 6),
(206, 2983741, 10),
(207, 4476791, 2),
(207, 4477963, 2),
(207, 4478173, 2),
(207, 4477959, 3),
(207, 4477949, 5),
(207, 4477967, 6),
(207, 4477985, 6),
(207, 4477987, 6),
(207, 4480805, 6),
(207, 4480806, 6),
(207, 4480819, 6),
(207, 4480820, 6),
(207, 4480821, 6),
(207, 4480822, 10),
(208, 3030611, 2),
(208, 3030623, 2),
(208, 3030856, 2),
(208, 3030659, 3),
(208, 3030598, 5),
(208, 3030651, 6),
(208, 3030653, 6),
(208, 3033400, 6),
(208, 3033594, 6),
(208, 3033595, 6),
(208, 3033622, 10),
(209, 2998899, 2),
(209, 3000086, 2),
(209, 3000331, 2),
(209, 3000134, 3),
(209, 3000073, 5),
(209, 3000126, 6),
(209, 3000128, 6),
(209, 3002875, 6),
(209, 3003123, 6),
(209, 3003124, 6),
(209, 3003125, 6),
(209, 3003126, 6),
(209, 3003127, 10),
(210, 3006202, 2),
(210, 3006447, 2),
(210, 3006671, 2),
(210, 3006250, 3),
(210, 3006189, 5),
(210, 3006242, 6),
(210, 3006244, 6),
(210, 3008991, 6),
(210, 3009239, 6),
(210, 3009240, 6),
(210, 3009241, 6),
(210, 3009242, 6),
(210, 3009243, 10),
(211, 3608702, 2),
(211, 3608713, 2),
(211, 3608912, 2),
(211, 3608698, 3),
(211, 3608688, 5),
(211, 3608706, 6),
(211, 3608724, 6),
(211, 3608726, 6),
(211, 3611589, 6),
(211, 3611590, 10),
(212, 4476791, 2),
(212, 4477963, 2),
(212, 4478173, 2),
(212, 4477959, 3),
(212, 4477949, 5),
(212, 4477967, 6),
(212, 4477985, 6),
(212, 4477987, 6),
(212, 4480819, 6),
(212, 4480820, 6),
(212, 4480821, 6),
(212, 4480833, 6),
(212, 4480834, 10),
(213, 3153799, 2),
(213, 3153811, 2),
(213, 3154044, 2),
(213, 3152631, 3),
(213, 3153786, 5),
(213, 3153839, 6),
(213, 3153841, 6),
(213, 3156567, 6),
(213, 3156739, 6),
(213, 3156762, 10),
(214, 4477963, 2),
(214, 4478173, 2),
(214, 4480851, 2),
(214, 4477959, 3),
(214, 4478034, 5),
(214, 4477967, 6),
(214, 4477985, 6),
(214, 4478100, 6),
(214, 4480846, 6),
(214, 4480847, 6),
(214, 4480848, 6),
(214, 4480849, 6),
(214, 4480850, 10),
(215, 3029480, 2),
(215, 3030611, 2),
(215, 3030856, 2),
(215, 3030659, 3),
(215, 3030718, 5),
(215, 3030616, 6),
(215, 3030651, 6),
(215, 3030784, 6),
(215, 3033666, 6),
(215, 3033679, 6),
(215, 3033680, 6),
(215, 3033681, 6),
(215, 3033682, 10),
(216, 2936890, 2),
(216, 2937181, 2),
(216, 2937405, 2),
(216, 2936938, 3),
(216, 2936997, 5),
(216, 2936930, 6),
(216, 2937063, 6),
(216, 2940043, 6),
(216, 2940069, 6),
(216, 2940070, 10),
(217, 2936890, 2),
(217, 2936902, 2),
(217, 2937181, 2),
(217, 2936938, 3),
(217, 2936997, 5),
(217, 2936895, 6),
(217, 2936930, 6),
(217, 2937063, 6),
(217, 2940043, 6),
(217, 2940079, 10),
(218, 4477956, 2),
(218, 4477960, 2),
(218, 4477963, 2),
(218, 4477959, 3),
(218, 4478034, 5),
(218, 4477985, 6),
(218, 4478100, 6),
(218, 4480859, 6),
(218, 4480860, 10),
(219, 4477956, 2),
(219, 4477963, 2),
(219, 4478393, 2),
(219, 4477959, 3),
(219, 4478034, 5),
(219, 4477985, 6),
(219, 4478100, 6),
(219, 4480859, 6),
(219, 4480868, 10),
(220, 4477956, 2),
(220, 4477960, 2),
(220, 4477963, 2),
(220, 4477959, 3),
(220, 4478034, 5),
(220, 4477985, 6),
(220, 4478100, 6),
(220, 4480648, 6),
(220, 4480859, 6),
(220, 4480877, 10),
(221, 4477956, 2),
(221, 4477960, 2),
(221, 4477963, 2),
(221, 4477959, 3),
(221, 4478034, 5),
(221, 4477985, 6),
(221, 4478100, 6),
(221, 4480859, 6),
(221, 4480887, 10),
(222, 4477956, 2),
(222, 4477963, 2),
(222, 4478020, 2),
(222, 4477959, 3),
(222, 4478034, 5),
(222, 4477985, 6),
(222, 4478100, 6),
(222, 4480795, 6),
(222, 4480859, 6),
(222, 4480896, 10),
(223, 4477963, 2),
(223, 4478173, 2),
(223, 4480851, 2),
(223, 4477959, 3),
(223, 4478034, 5),
(223, 4477985, 6),
(223, 4478100, 6),
(223, 4480906, 6),
(223, 4480907, 6),
(223, 4480908, 10),
(224, 4476846, 2),
(224, 4477963, 2),
(224, 4478173, 2),
(224, 4477959, 3),
(224, 4478034, 5),
(224, 4477985, 6),
(224, 4478100, 6),
(224, 4480906, 6),
(224, 4480916, 6),
(224, 4480917, 10),
(225, 4477963, 2),
(225, 4478173, 2),
(225, 4478405, 2),
(225, 4477959, 3),
(225, 4478034, 5),
(225, 4477985, 6),
(225, 4478100, 6),
(225, 4480906, 6),
(225, 4480926, 6),
(225, 4480927, 10),
(226, 4477963, 2),
(226, 4477974, 2),
(226, 4478173, 2),
(226, 4477959, 3),
(226, 4478034, 5),
(226, 4477967, 6),
(226, 4477985, 6),
(226, 4478100, 6),
(226, 4480906, 6),
(226, 4480936, 10),
(227, 4477963, 2),
(227, 4477974, 2),
(227, 4478173, 2),
(227, 4477959, 3),
(227, 4478034, 5),
(227, 4477985, 6),
(227, 4478100, 6),
(227, 4480700, 6),
(227, 4480906, 6),
(227, 4480946, 10),
(228, 4477963, 2),
(228, 4477959, 3),
(228, 4478034, 5),
(228, 4477951, 7),
(228, 4477985, 7),
(228, 4478035, 7),
(228, 4478037, 7),
(228, 4480956, 7),
(228, 4480957, 7),
(228, 4480958, 10),
(229, 4477963, 2),
(229, 4477959, 3),
(229, 4478034, 5),
(229, 4477985, 7),
(229, 4478035, 7),
(229, 4478037, 7),
(229, 4480956, 7),
(229, 4480966, 7),
(229, 4480967, 10),
(230, 4477963, 2),
(230, 4477959, 3),
(230, 4478034, 5),
(230, 4477985, 7),
(230, 4478035, 7),
(230, 4478037, 7),
(230, 4480956, 7),
(230, 4480957, 7),
(230, 4480975, 7),
(230, 4480976, 10),
(231, 2642683, 3),
(231, 2644261, 6),
(231, 2647277, 6),
(232, 2499763, 3),
(232, 3199548, 3),
(232, 2501364, 7),
(232, 2504445, 7),
(232, 2504446, 7),
(232, 2504447, 7),
(232, 2504448, 7),
(232, 3201095, 7),
(232, 3203808, 7),
(232, 3203809, 7),
(232, 3203810, 7),
(232, 3203811, 7),
(232, 3203812, 10),
(233, 4477959, 3),
(233, 4477974, 7),
(233, 4478314, 7),
(233, 4480985, 7),
(233, 4480986, 7),
(233, 4480987, 10),
(234, 3152606, 3),
(234, 3153785, 3),
(234, 3152781, 7),
(234, 3154178, 7),
(234, 3154195, 7),
(234, 3154196, 7),
(234, 3156924, 7),
(234, 3156925, 10),
(235, 4477959, 3),
(235, 4478314, 7),
(235, 4480991, 7),
(235, 4480992, 7),
(235, 4480993, 7),
(235, 4480994, 10),
(236, 2642683, 3),
(236, 2643868, 6),
(236, 2644261, 6),
(236, 2647307, 6),
(236, 2647308, 6),
(236, 2647309, 6),
(237, 3614886, 3),
(237, 3614901, 6),
(237, 3615241, 6),
(237, 3617941, 6),
(237, 3617942, 6),
(237, 3617943, 6),
(237, 3617944, 6),
(237, 3617945, 10),
(238, 2642683, 3),
(238, 2642664, 6),
(238, 2644261, 6),
(238, 2647307, 6),
(238, 2647308, 6),
(238, 2647321, 6),
(238, 2647322, 6),
(239, 4477959, 3),
(239, 4478314, 6),
(239, 4480991, 6),
(239, 4480997, 6),
(239, 4480998, 6),
(239, 4480999, 6),
(239, 4481000, 6),
(239, 4481001, 10),
(240, 3029443, 3),
(240, 3030623, 6),
(240, 3030972, 6),
(240, 3033831, 6),
(240, 3033861, 6),
(240, 3033862, 6),
(240, 3033863, 10),
(241, 3614886, 3),
(241, 3613885, 6),
(241, 3615241, 6),
(241, 3617935, 6),
(241, 3617943, 6),
(241, 3617957, 6),
(241, 3617958, 6),
(241, 3617959, 10),
(242, 4477959, 3),
(242, 4478314, 7),
(242, 4481005, 7),
(242, 4481006, 7),
(242, 4481007, 7),
(242, 4481008, 10),
(243, 2935697, 3),
(243, 2936876, 3),
(243, 2937182, 7),
(243, 2937297, 7),
(243, 2940273, 7),
(243, 2940274, 7),
(243, 2940280, 10),
(244, 4477959, 3),
(244, 4476791, 7),
(244, 4478314, 7),
(244, 4481011, 7),
(244, 4481012, 7),
(244, 4481013, 7),
(244, 4481014, 10),
(245, 4477959, 3),
(245, 4477974, 6),
(245, 4478314, 6),
(245, 4481011, 6),
(245, 4481012, 6),
(245, 4481013, 6),
(245, 4481018, 10),
(246, 4477959, 3),
(246, 4477974, 6),
(246, 4478314, 6),
(246, 4481011, 6),
(246, 4481012, 6),
(246, 4481013, 6),
(246, 4481025, 10),
(247, 4477959, 3),
(247, 4478314, 7),
(247, 4481032, 7),
(247, 4481033, 7),
(247, 4481034, 7),
(247, 4481035, 7),
(247, 4481036, 10),
(248, 3614886, 3),
(248, 3614901, 7),
(248, 3615241, 7),
(248, 3617999, 7),
(248, 3618000, 7),
(248, 3618001, 10),
(249, 3199548, 3),
(249, 3201095, 7),
(249, 3203810, 7),
(249, 3203811, 7),
(249, 3203821, 7),
(249, 3203892, 7),
(249, 3203893, 7),
(249, 3203894, 10),
(250, 2979535, 3),
(250, 2979516, 7),
(250, 2981090, 7),
(250, 2984001, 7),
(250, 2984088, 7),
(250, 2984089, 7),
(250, 2984096, 10),
(251, 2960823, 3),
(251, 2960973, 7),
(251, 2962378, 7),
(251, 2965289, 7),
(251, 2965376, 7),
(251, 2965377, 7),
(251, 2965391, 10),
(252, 3259166, 3),
(252, 3260345, 3),
(252, 3260743, 7),
(252, 3261882, 7),
(252, 3263444, 7),
(252, 3263523, 7),
(252, 3263524, 7),
(252, 3263525, 10),
(253, 4477959, 3),
(253, 4476791, 7),
(253, 4478314, 7),
(253, 4480991, 7),
(253, 4481039, 7),
(253, 4481040, 7),
(253, 4481041, 10),
(254, 3345517, 3),
(254, 3346696, 3),
(254, 3347056, 7),
(254, 3349757, 7),
(254, 3349844, 7),
(254, 3349845, 7),
(254, 3349846, 7),
(254, 3349847, 10),
(255, 4477959, 3),
(255, 4478314, 7),
(255, 4480991, 7),
(255, 4481046, 7),
(255, 4481047, 7),
(255, 4481048, 7),
(255, 4481049, 10),
(256, 4477959, 3),
(256, 4476816, 7),
(256, 4478314, 7),
(256, 4480991, 7),
(256, 4481046, 7),
(256, 4481047, 7),
(256, 4481053, 10),
(257, 4477959, 3),
(257, 4478174, 7),
(257, 4478314, 7),
(257, 4478315, 7),
(257, 4478316, 7),
(257, 4480991, 7),
(257, 4481060, 10),
(258, 4477959, 3),
(258, 4478314, 7),
(258, 4479455, 7),
(258, 4480991, 7),
(258, 4480992, 7),
(258, 4480993, 7),
(258, 4481067, 10),
(259, 4477959, 3),
(259, 4478174, 7),
(259, 4478314, 7),
(259, 4480991, 7),
(259, 4481074, 7),
(259, 4481075, 7),
(259, 4481076, 10),
(260, 4477959, 3),
(260, 4476791, 7),
(260, 4478314, 7),
(260, 4480991, 7),
(260, 4481074, 7),
(260, 4481075, 7),
(260, 4481081, 10),
(261, 4477959, 3),
(261, 4476816, 7),
(261, 4478314, 7),
(261, 4480991, 7),
(261, 4481074, 7),
(261, 4481075, 7),
(261, 4481088, 10),
(262, 4477963, 2),
(262, 4477959, 3),
(262, 4477949, 5),
(262, 4477985, 7),
(262, 4477987, 7),
(262, 4480700, 7),
(262, 4481095, 7),
(262, 4481096, 7),
(262, 4481097, 7),
(262, 4481098, 7),
(262, 4481099, 10),
(263, 4477963, 2),
(263, 4477959, 3),
(263, 4477949, 5),
(263, 4477967, 7),
(263, 4477985, 7),
(263, 4477987, 7),
(263, 4481095, 7),
(263, 4481106, 10),
(264, 4477963, 2),
(264, 4477959, 3),
(264, 4477949, 5),
(264, 4477967, 7),
(264, 4477985, 7),
(264, 4477987, 7),
(264, 4481114, 7),
(264, 4481115, 10),
(265, 4477963, 2),
(265, 4477959, 3),
(265, 4477949, 5),
(265, 4477967, 7),
(265, 4477985, 7),
(265, 4477987, 7),
(265, 4481114, 7),
(265, 4481122, 7),
(265, 4481123, 7),
(265, 4481124, 7),
(265, 4481125, 10),
(266, 4477963, 2),
(266, 4477959, 3),
(266, 4477949, 5),
(266, 4477985, 7),
(266, 4477987, 7),
(266, 4480700, 7),
(266, 4481096, 7),
(266, 4481097, 7),
(266, 4481098, 7),
(266, 4481114, 7),
(266, 4481133, 10),
(267, 2936890, 2),
(267, 2936938, 3),
(267, 2936877, 5),
(267, 2936895, 7),
(267, 2936930, 7),
(267, 2936932, 7),
(267, 2940463, 7),
(267, 2940464, 10),
(268, 4477963, 2),
(268, 4477959, 3),
(268, 4477949, 5),
(268, 4477985, 7),
(268, 4477987, 7),
(268, 4480956, 7),
(268, 4481144, 7),
(268, 4481145, 7),
(268, 4481146, 10),
(269, 3068232, 2),
(269, 3067064, 3),
(269, 3068219, 5),
(269, 3068237, 7),
(269, 3068272, 7),
(269, 3071041, 7),
(269, 3071613, 7),
(269, 3071614, 10),
(270, 4477963, 2),
(270, 4477959, 3),
(270, 4477949, 5),
(270, 4477985, 7),
(270, 4478037, 7),
(270, 4481153, 7),
(270, 4481154, 7),
(270, 4481155, 7),
(270, 4481156, 10),
(271, 4477963, 2),
(271, 4477959, 3),
(271, 4477949, 5),
(271, 4477956, 7),
(271, 4477985, 7),
(271, 4481153, 7),
(271, 4481162, 7),
(271, 4481163, 7),
(271, 4481164, 7),
(271, 4481165, 10),
(272, 2911440, 2),
(272, 2910272, 3),
(272, 2911427, 5),
(272, 2911480, 7),
(272, 2911549, 7),
(272, 2911550, 7),
(272, 2914801, 7),
(272, 2915102, 7),
(272, 2915121, 10),
(273, 4477963, 2),
(273, 4477959, 3),
(273, 4477949, 5),
(273, 4477951, 7),
(273, 4477985, 7),
(273, 4478037, 7),
(273, 4480957, 7),
(273, 4481153, 7),
(273, 4481172, 10),
(274, 4477963, 2),
(274, 4477959, 3),
(274, 4477949, 5),
(274, 4477985, 7),
(274, 4478037, 7),
(274, 4480966, 7),
(274, 4481153, 7),
(274, 4481181, 10),
(275, 4477963, 2),
(275, 4477959, 3),
(275, 4477949, 5),
(275, 4477985, 7),
(275, 4478078, 7),
(275, 4480728, 7),
(275, 4481189, 7),
(275, 4481190, 7),
(275, 4481191, 7),
(275, 4481192, 10),
(276, 4477963, 2),
(276, 4477959, 3),
(276, 4477949, 5),
(276, 4477967, 7),
(276, 4477968, 7),
(276, 4477985, 7),
(276, 4478037, 7),
(276, 4481095, 7),
(276, 4481199, 10),
(277, 4477963, 2),
(277, 4477959, 3),
(277, 4477949, 5),
(277, 4477968, 7),
(277, 4477985, 7),
(277, 4478037, 7),
(277, 4480700, 7),
(277, 4481095, 7),
(277, 4481208, 10),
(278, 4477963, 2),
(278, 4477959, 3),
(278, 4477949, 5),
(278, 4477985, 7),
(278, 4478078, 7),
(278, 4480819, 7),
(278, 4480916, 7),
(278, 4481095, 7),
(278, 4481217, 7),
(278, 4481218, 7),
(278, 4481219, 10),
(279, 4477963, 2),
(279, 4477959, 3),
(279, 4477949, 5),
(279, 4477967, 7),
(279, 4477985, 7),
(279, 4478036, 7),
(279, 4480956, 7),
(279, 4481095, 7),
(279, 4481228, 7),
(279, 4481229, 7),
(279, 4481230, 7),
(279, 4481231, 10),
(280, 4477963, 2),
(280, 4477959, 3),
(280, 4477949, 5),
(280, 4477985, 7),
(280, 4480700, 7),
(280, 4480956, 7),
(280, 4481114, 7),
(280, 4481240, 7),
(280, 4481241, 7),
(280, 4481242, 7),
(280, 4481243, 7),
(280, 4481244, 10),
(281, 4477963, 2),
(281, 4477959, 3),
(281, 4477949, 5),
(281, 4477967, 7),
(281, 4477985, 7),
(281, 4478037, 7),
(281, 4480687, 7),
(281, 4481114, 7),
(281, 4481252, 7),
(281, 4481253, 7),
(281, 4481254, 10),
(282, 4477963, 2),
(282, 4477959, 3),
(282, 4477949, 5),
(282, 4477985, 7),
(282, 4480728, 7),
(282, 4481263, 7),
(282, 4481264, 7),
(282, 4481265, 10),
(283, 4477963, 2),
(283, 4477959, 3),
(283, 4477949, 5),
(283, 4477967, 7),
(283, 4477968, 7),
(283, 4477985, 7),
(283, 4481189, 7),
(283, 4481271, 7),
(283, 4481272, 7),
(283, 4481273, 7),
(283, 4481274, 10),
(284, 4477963, 2),
(284, 4477959, 3),
(284, 4477949, 5),
(284, 4477968, 7),
(284, 4477985, 7),
(284, 4481189, 7),
(284, 4481190, 7),
(284, 4481282, 7),
(284, 4481283, 7),
(284, 4481284, 7),
(284, 4481285, 10),
(285, 4477963, 2),
(285, 4477959, 3),
(285, 4477949, 5),
(285, 4477985, 7),
(285, 4478037, 7),
(285, 4481293, 7),
(285, 4481294, 7),
(285, 4481295, 10),
(286, 4477963, 2),
(286, 4477959, 3),
(286, 4477949, 5),
(286, 4477985, 7),
(286, 4481241, 7),
(286, 4481301, 7),
(286, 4481302, 10),
(287, 4477963, 2),
(287, 4477959, 3),
(287, 4477949, 5),
(287, 4477967, 7),
(287, 4477968, 7),
(287, 4477985, 7),
(287, 4481293, 7),
(287, 4481308, 10),
(288, 2961991, 2),
(288, 2960823, 3),
(288, 2961978, 5),
(288, 2962031, 7),
(288, 2965487, 7),
(288, 2965697, 7),
(288, 2965698, 10),
(289, 4477963, 2),
(289, 4477959, 3),
(289, 4477949, 5),
(289, 4477968, 7),
(289, 4477985, 7),
(289, 4478037, 7),
(289, 4480700, 7),
(289, 4481114, 7),
(289, 4481316, 10),
(290, 4477963, 2),
(290, 4477959, 3),
(290, 4477949, 5),
(290, 4477951, 7),
(290, 4477985, 7),
(290, 4481114, 7),
(290, 4481325, 7),
(290, 4481326, 7),
(290, 4481327, 7),
(290, 4481328, 10),
(291, 4477963, 2),
(291, 4477959, 3),
(291, 4477949, 5),
(291, 4477967, 7),
(291, 4477985, 7),
(291, 4481335, 7),
(291, 4481336, 7),
(291, 4481337, 7),
(291, 4481338, 10),
(292, 4477963, 2),
(292, 4477959, 3),
(292, 4477949, 5),
(292, 4477967, 7),
(292, 4477968, 7),
(292, 4477985, 7),
(292, 4478037, 7),
(292, 4481335, 7),
(292, 4481344, 10),
(293, 4477963, 2),
(293, 4477959, 3),
(293, 4477949, 5),
(293, 4477968, 7),
(293, 4477985, 7),
(293, 4478037, 7),
(293, 4480700, 7),
(293, 4481335, 7),
(293, 4481353, 10),
(294, 2917880, 2),
(294, 2916712, 3),
(294, 2917867, 5),
(294, 2917885, 7),
(294, 2917920, 7),
(294, 2921667, 7),
(294, 2921694, 7),
(294, 2921695, 10),
(295, 4477963, 2),
(295, 4477959, 3),
(295, 4477949, 5),
(295, 4477985, 7),
(295, 4480700, 7),
(295, 4481362, 7),
(295, 4481363, 7),
(295, 4481364, 10),
(296, 4477963, 2),
(296, 4477959, 3),
(296, 4477949, 5),
(296, 4477985, 7),
(296, 4481362, 7),
(296, 4481370, 7),
(296, 4481371, 7),
(296, 4481372, 7),
(296, 4481373, 10),
(297, 2986933, 2),
(297, 2985765, 3),
(297, 2986920, 5),
(297, 2986938, 7),
(297, 2986973, 7),
(297, 2987083, 7),
(297, 2987084, 7),
(297, 2990660, 7),
(297, 2990677, 10),
(298, 4477963, 2),
(298, 4477959, 3),
(298, 4477949, 5),
(298, 4477985, 7),
(298, 4480700, 7),
(298, 4481363, 7),
(298, 4481379, 7),
(298, 4481380, 10),
(299, 2871516, 2),
(299, 2870348, 3),
(299, 2871503, 5),
(299, 2871553, 7),
(299, 2875459, 7),
(299, 2875467, 7),
(299, 2875468, 7),
(299, 2875469, 10),
(300, 4477963, 2),
(300, 4477959, 3),
(300, 4477949, 5),
(300, 4477985, 7),
(300, 4478037, 7),
(300, 4481294, 7),
(300, 4481379, 7),
(300, 4481387, 7),
(300, 4481388, 10),
(301, 3030611, 2),
(301, 3029443, 3),
(301, 3030598, 5),
(301, 3030651, 7),
(301, 3034272, 7),
(301, 3034288, 7),
(301, 3034305, 7),
(301, 3034306, 10),
(302, 3068232, 2),
(302, 3067064, 3),
(302, 3068219, 5),
(302, 3068272, 7),
(302, 3068342, 7),
(302, 3071108, 7),
(302, 3071199, 7),
(302, 3071864, 7),
(302, 3071865, 7),
(302, 3071866, 10),
(303, 3048735, 2),
(303, 3047567, 3),
(303, 3048722, 5),
(303, 3048740, 7),
(303, 3048775, 7),
(303, 3048845, 7),
(303, 3048886, 7),
(303, 3052363, 7),
(303, 3052373, 7),
(303, 3052374, 7),
(303, 3052375, 7),
(303, 3052376, 10),
(304, 2986933, 2),
(304, 2985765, 3),
(304, 2986920, 5),
(304, 2986938, 7),
(304, 2986939, 7),
(304, 2986973, 7),
(304, 2987043, 7),
(304, 2990711, 7),
(304, 2990721, 7),
(304, 2990733, 10),
(305, 3030611, 2),
(305, 3029443, 3),
(305, 3030598, 5),
(305, 3030617, 7),
(305, 3030651, 7),
(305, 3030721, 7),
(305, 3033400, 7),
(305, 3034313, 7),
(305, 3034335, 7),
(305, 3034336, 10),
(306, 3080187, 2),
(306, 3079019, 3),
(306, 3080174, 5),
(306, 3080192, 7),
(306, 3080193, 7),
(306, 3080227, 7),
(306, 3080297, 7),
(306, 3083798, 7),
(306, 3083799, 7),
(306, 3083800, 10),
(307, 2986933, 2),
(307, 2985765, 3),
(307, 2986920, 5),
(307, 2986938, 7),
(307, 2986973, 7),
(307, 2987043, 7),
(307, 2990721, 7),
(307, 2990753, 7),
(307, 2990763, 7),
(307, 2990764, 10),
(308, 2871516, 2),
(308, 2870348, 3),
(308, 2871503, 5),
(308, 2871553, 7),
(308, 2871623, 7);
INSERT INTO `ps_search_index` (`id_product`, `id_word`, `weight`) VALUES
(308, 2874434, 7),
(308, 2874661, 7),
(308, 2875534, 7),
(308, 2875554, 10),
(309, 4477963, 2),
(309, 4477959, 3),
(309, 4477949, 5),
(309, 4477968, 7),
(309, 4477985, 7),
(309, 4478037, 7),
(309, 4480819, 7),
(309, 4481396, 7),
(309, 4481397, 7),
(309, 4481398, 10),
(310, 4477963, 2),
(310, 4477959, 3),
(310, 4477949, 5),
(310, 4477967, 7),
(310, 4477968, 7),
(310, 4477985, 7),
(310, 4478037, 7),
(310, 4481397, 7),
(310, 4481406, 7),
(310, 4481407, 10),
(311, 2911440, 2),
(311, 2910272, 3),
(311, 2911427, 5),
(311, 2911445, 7),
(311, 2911480, 7),
(311, 2911550, 7),
(311, 2911591, 7),
(311, 2915396, 7),
(311, 2915458, 7),
(311, 2915468, 10),
(312, 4477963, 2),
(312, 4477959, 3),
(312, 4477949, 5),
(312, 4477985, 7),
(312, 4478037, 7),
(312, 4480728, 7),
(312, 4480819, 7),
(312, 4481406, 7),
(312, 4481416, 7),
(312, 4481417, 10),
(313, 3153799, 2),
(313, 3152631, 3),
(313, 3153786, 5),
(313, 3153839, 7),
(313, 3153909, 7),
(313, 3156582, 7),
(313, 3156725, 7),
(313, 3157383, 7),
(313, 3157392, 7),
(313, 3157412, 10),
(314, 4477963, 2),
(314, 4477959, 3),
(314, 4477949, 5),
(314, 4477967, 7),
(314, 4477985, 7),
(314, 4478037, 7),
(314, 4481114, 7),
(314, 4481426, 7),
(314, 4481427, 10),
(315, 4477963, 2),
(315, 4477959, 3),
(315, 4477949, 5),
(315, 4477967, 7),
(315, 4477985, 7),
(315, 4478078, 7),
(315, 4481144, 7),
(315, 4481435, 10),
(316, 4477963, 2),
(316, 4477959, 3),
(316, 4477949, 5),
(316, 4477985, 7),
(316, 4480700, 7),
(316, 4481144, 7),
(316, 4481336, 7),
(316, 4481443, 10),
(317, 3030611, 2),
(317, 3029443, 3),
(317, 3030598, 5),
(317, 3030651, 7),
(317, 3030721, 7),
(317, 3033400, 7),
(317, 3034045, 7),
(317, 3034420, 7),
(317, 3034421, 7),
(317, 3034422, 7),
(317, 3034423, 7),
(317, 3034424, 10),
(318, 4477963, 2),
(318, 4477959, 3),
(318, 4477949, 5),
(318, 4477985, 7),
(318, 4480956, 7),
(318, 4481144, 7),
(318, 4481145, 7),
(318, 4481451, 7),
(318, 4481452, 10),
(319, 4477963, 2),
(319, 4477959, 3),
(319, 4477949, 5),
(319, 4477967, 7),
(319, 4477968, 7),
(319, 4477985, 7),
(319, 4478037, 7),
(319, 4480833, 7),
(319, 4481460, 10),
(320, 4477963, 2),
(320, 4477959, 3),
(320, 4477949, 5),
(320, 4477967, 7),
(320, 4477985, 7),
(320, 4480819, 7),
(320, 4480820, 7),
(320, 4480821, 7),
(320, 4480833, 7),
(320, 4481469, 7),
(320, 4481470, 7),
(320, 4481471, 10),
(321, 2915568, 1),
(321, 2911440, 2),
(321, 2910272, 3),
(321, 2911427, 5),
(321, 2915565, 6),
(321, 2911480, 7),
(321, 2915199, 7),
(321, 2915566, 7),
(321, 2915567, 10),
(322, 4481485, 1),
(322, 4477963, 2),
(322, 4477959, 3),
(322, 4477949, 5),
(322, 4481481, 6),
(322, 4477985, 7),
(322, 4480926, 7),
(322, 4480975, 7),
(322, 4481294, 7),
(322, 4481482, 7),
(322, 4481483, 7),
(322, 4481484, 10),
(323, 4477963, 2),
(323, 4477959, 3),
(323, 4477949, 5),
(323, 4477985, 7),
(323, 4481282, 7),
(323, 4481481, 7),
(323, 4481493, 7),
(323, 4481494, 7),
(323, 4481495, 7),
(323, 4481496, 10),
(324, 3608702, 2),
(324, 3608698, 3),
(324, 3608688, 5),
(324, 3608724, 7),
(324, 3612269, 7),
(324, 3612291, 7),
(324, 3612292, 7),
(324, 3612293, 10),
(325, 2917880, 2),
(325, 2916712, 3),
(325, 2917867, 5),
(325, 2917886, 7),
(325, 2917920, 7),
(325, 2917990, 7),
(325, 2920715, 7),
(325, 2921922, 7),
(325, 2921952, 10),
(326, 4477963, 2),
(326, 4477959, 3),
(326, 4477949, 5),
(326, 4477968, 7),
(326, 4477985, 7),
(326, 4480700, 7),
(326, 4481503, 7),
(326, 4481504, 10),
(327, 4477963, 2),
(327, 4477959, 3),
(327, 4477949, 5),
(327, 4477967, 7),
(327, 4477985, 7),
(327, 4481336, 7),
(327, 4481337, 7),
(327, 4481503, 7),
(327, 4481511, 10),
(328, 3194859, 2),
(328, 3193691, 3),
(328, 3194846, 5),
(328, 3194864, 7),
(328, 3194899, 7),
(328, 3198289, 7),
(328, 3198529, 7),
(328, 3198546, 10),
(329, 2936890, 2),
(329, 2935722, 3),
(329, 2936877, 5),
(329, 2936895, 7),
(329, 2936930, 7),
(329, 2940678, 7),
(329, 2940679, 7),
(329, 2940979, 7),
(329, 2940980, 10),
(330, 4477963, 2),
(330, 4477959, 3),
(330, 4477949, 5),
(330, 4477967, 7),
(330, 4477985, 7),
(330, 4478077, 7),
(330, 4478078, 7),
(330, 4481520, 7),
(330, 4481521, 10),
(331, 4477963, 2),
(331, 4477959, 3),
(331, 4477949, 5),
(331, 4477985, 7),
(331, 4481362, 7),
(331, 4481529, 7),
(331, 4481530, 10),
(332, 4477963, 2),
(332, 4477959, 3),
(332, 4478034, 5),
(332, 4477985, 7),
(332, 4480700, 7),
(332, 4481536, 7),
(332, 4481537, 7),
(332, 4481538, 10),
(333, 4477963, 2),
(333, 4477959, 3),
(333, 4478034, 5),
(333, 4477985, 7),
(333, 4478078, 7),
(333, 4481371, 7),
(333, 4481544, 7),
(333, 4481545, 7),
(333, 4481546, 10),
(334, 4477963, 2),
(334, 4477959, 3),
(334, 4478034, 5),
(334, 4477968, 7),
(334, 4477985, 7),
(334, 4481282, 7),
(334, 4481371, 7),
(334, 4481544, 7),
(334, 4481553, 10),
(335, 4477963, 2),
(335, 4477959, 3),
(335, 4478034, 5),
(335, 4477985, 7),
(335, 4481562, 7),
(335, 4481563, 7),
(335, 4481564, 7),
(335, 4481565, 7),
(335, 4481566, 10),
(336, 4477963, 2),
(336, 4477959, 3),
(336, 4478034, 5),
(336, 4477967, 7),
(336, 4477968, 7),
(336, 4477985, 7),
(336, 4478037, 7),
(336, 4481562, 7),
(336, 4481563, 7),
(336, 4481571, 10),
(337, 2500937, 2),
(337, 2499763, 3),
(337, 2501079, 5),
(337, 2501012, 7),
(337, 2505361, 7),
(337, 2505362, 7),
(337, 2505363, 10),
(338, 4477963, 2),
(338, 4477959, 3),
(338, 4478034, 5),
(338, 4477985, 7),
(338, 4481581, 7),
(338, 4481582, 7),
(338, 4481583, 10),
(339, 4477963, 2),
(339, 4477959, 3),
(339, 4478034, 5),
(339, 4477985, 7),
(339, 4481581, 7),
(339, 4481582, 7),
(339, 4481588, 10),
(340, 2630966, 2),
(340, 2629792, 3),
(340, 2631070, 5),
(340, 2631003, 7),
(340, 2635301, 7),
(340, 2635302, 7),
(340, 2635315, 10),
(341, 4477963, 2),
(341, 4477959, 3),
(341, 4478034, 5),
(341, 4477985, 7),
(341, 4481595, 7),
(341, 4481596, 10),
(342, 2500937, 2),
(342, 2499763, 3),
(342, 2501079, 5),
(342, 2501012, 7),
(342, 2505389, 7),
(342, 2505395, 10),
(343, 4477963, 2),
(343, 4477959, 3),
(343, 4478034, 5),
(343, 4477985, 7),
(343, 4481595, 7),
(343, 4481601, 10),
(344, 4477963, 2),
(344, 4477959, 3),
(344, 4478034, 5),
(344, 4477985, 7),
(344, 4481595, 7),
(344, 4481607, 10),
(345, 4477963, 2),
(345, 4477959, 3),
(345, 4478034, 5),
(345, 4477985, 7),
(345, 4481372, 7),
(345, 4481613, 7),
(345, 4481614, 7),
(345, 4481615, 10),
(346, 4477963, 2),
(346, 4477959, 3),
(346, 4478034, 5),
(346, 4477967, 7),
(346, 4477985, 7),
(346, 4481294, 7),
(346, 4481326, 7),
(346, 4481613, 7),
(346, 4481621, 7),
(346, 4481622, 7),
(346, 4481623, 10),
(347, 4477963, 2),
(347, 4477959, 3),
(347, 4478034, 5),
(347, 4477967, 7),
(347, 4477985, 7),
(347, 4478037, 7),
(347, 4478099, 7),
(347, 4478101, 7),
(347, 4478102, 7),
(347, 4481613, 7),
(347, 4481632, 7),
(347, 4481633, 10),
(348, 4477963, 2),
(348, 4477959, 3),
(348, 4478034, 5),
(348, 4477985, 7),
(348, 4478037, 7),
(348, 4478099, 7),
(348, 4480700, 7),
(348, 4481613, 7),
(348, 4481644, 7),
(348, 4481645, 7),
(348, 4481646, 7),
(348, 4481647, 10),
(349, 4477963, 2),
(349, 4477959, 3),
(349, 4478034, 5),
(349, 4477985, 7),
(349, 4481326, 7),
(349, 4481613, 7),
(349, 4481656, 7),
(349, 4481657, 7),
(349, 4481658, 7),
(349, 4481659, 7),
(349, 4481660, 10),
(350, 4477963, 2),
(350, 4477959, 3),
(350, 4478034, 5),
(350, 4477985, 7),
(350, 4480926, 7),
(350, 4481294, 7),
(350, 4481613, 7),
(350, 4481614, 7),
(350, 4481667, 7),
(350, 4481668, 7),
(350, 4481669, 10),
(351, 4477963, 2),
(351, 4477959, 3),
(351, 4478034, 5),
(351, 4477967, 7),
(351, 4477985, 7),
(351, 4481326, 7),
(351, 4481621, 7),
(351, 4481622, 7),
(351, 4481678, 7),
(351, 4481679, 7),
(351, 4481680, 10),
(352, 4477963, 2),
(352, 4477959, 3),
(352, 4478034, 5),
(352, 4477985, 7),
(352, 4478037, 7),
(352, 4480926, 7),
(352, 4481614, 7),
(352, 4481667, 7),
(352, 4481668, 7),
(352, 4481678, 7),
(352, 4481689, 7),
(352, 4481690, 10),
(353, 4477963, 2),
(353, 4477959, 3),
(353, 4478034, 5),
(353, 4477985, 7),
(353, 4478037, 7),
(353, 4478099, 7),
(353, 4481426, 7),
(353, 4481678, 7),
(353, 4481701, 7),
(353, 4481702, 7),
(353, 4481703, 7),
(353, 4481704, 10),
(354, 4477963, 2),
(354, 4477959, 3),
(354, 4478034, 5),
(354, 4477985, 7),
(354, 4480957, 7),
(354, 4481363, 7),
(354, 4481678, 7),
(354, 4481713, 7),
(354, 4481714, 7),
(354, 4481715, 7),
(354, 4481716, 10),
(355, 4477963, 2),
(355, 4477959, 3),
(355, 4478034, 5),
(355, 4477967, 7),
(355, 4477985, 7),
(355, 4481336, 7),
(355, 4481724, 7),
(355, 4481725, 10),
(356, 4477963, 2),
(356, 4477959, 3),
(356, 4478034, 5),
(356, 4477985, 7),
(356, 4480700, 7),
(356, 4481336, 7),
(356, 4481724, 7),
(356, 4481732, 10),
(357, 4477963, 2),
(357, 4477959, 3),
(357, 4478034, 5),
(357, 4477985, 7),
(357, 4481724, 7),
(357, 4481740, 7),
(357, 4481741, 7),
(357, 4481742, 10),
(358, 4477963, 2),
(358, 4477959, 3),
(358, 4478034, 5),
(358, 4477985, 7),
(358, 4481240, 7),
(358, 4481336, 7),
(358, 4481724, 7),
(358, 4481748, 7),
(358, 4481749, 7),
(358, 4481750, 7),
(358, 4481751, 10),
(359, 4477963, 2),
(359, 4477959, 3),
(359, 4478034, 5),
(359, 4477985, 7),
(359, 4480700, 7),
(359, 4481536, 7),
(359, 4481759, 7),
(359, 4481760, 7),
(359, 4481761, 7),
(359, 4481762, 10),
(360, 4477963, 2),
(360, 4477959, 3),
(360, 4478034, 5),
(360, 4477985, 7),
(360, 4480926, 7),
(360, 4481769, 7),
(360, 4481770, 7),
(360, 4481771, 7),
(360, 4481772, 10),
(361, 4477963, 2),
(361, 4477959, 3),
(361, 4478034, 5),
(361, 4477985, 7),
(361, 4478037, 7),
(361, 4480926, 7),
(361, 4481294, 7),
(361, 4481769, 7),
(361, 4481770, 7),
(361, 4481778, 10),
(362, 2985765, 3),
(362, 2987040, 5),
(362, 2986938, 7),
(362, 2986973, 7),
(362, 2990634, 7),
(362, 2991184, 7),
(362, 2991185, 7),
(362, 2991203, 10),
(363, 2979535, 3),
(363, 2980810, 5),
(363, 2980743, 7),
(363, 2983518, 7),
(363, 2984972, 7),
(363, 2984973, 7),
(363, 2984999, 7),
(363, 2985000, 10),
(364, 4477959, 3),
(364, 4478034, 5),
(364, 4477967, 7),
(364, 4477968, 7),
(364, 4477985, 7),
(364, 4478037, 7),
(364, 4481788, 7),
(364, 4481789, 10),
(365, 4477959, 3),
(365, 4478034, 5),
(365, 4477968, 7),
(365, 4477985, 7),
(365, 4480700, 7),
(365, 4481788, 7),
(365, 4481796, 10),
(366, 4477959, 3),
(366, 4478034, 5),
(366, 4477985, 7),
(366, 4480926, 7),
(366, 4481336, 7),
(366, 4481788, 7),
(366, 4481803, 10),
(367, 3114639, 3),
(367, 3115914, 5),
(367, 3115847, 7),
(367, 3115917, 7),
(367, 3119316, 7),
(367, 3119836, 7),
(367, 3119858, 7),
(367, 3119859, 10),
(368, 4477959, 3),
(368, 4478034, 5),
(368, 4477985, 7),
(368, 4480926, 7),
(368, 4481271, 7),
(368, 4481810, 7),
(368, 4481811, 7),
(368, 4481812, 10),
(369, 4477959, 3),
(369, 4478034, 5),
(369, 4477968, 7),
(369, 4477985, 7),
(369, 4478037, 7),
(369, 4480700, 7),
(369, 4481818, 7),
(369, 4481819, 10),
(370, 4477959, 3),
(370, 4478034, 5),
(370, 4477985, 7),
(370, 4480926, 7),
(370, 4481818, 7),
(370, 4481826, 7),
(370, 4481827, 10),
(371, 4477959, 3),
(371, 4478034, 5),
(371, 4477985, 7),
(371, 4481818, 7),
(371, 4481833, 7),
(371, 4481834, 7),
(371, 4481835, 10),
(372, 4477959, 3),
(372, 4478034, 5),
(372, 4477967, 7),
(372, 4477968, 7),
(372, 4477985, 7),
(372, 4478037, 7),
(372, 4481562, 7),
(372, 4481563, 7),
(372, 4481840, 10),
(373, 4477959, 3),
(373, 4478034, 5),
(373, 4477967, 7),
(373, 4477968, 7),
(373, 4477985, 7),
(373, 4478037, 7),
(373, 4481849, 7),
(373, 4481850, 10),
(374, 2979535, 3),
(374, 2980810, 5),
(374, 2980708, 7),
(374, 2980743, 7),
(374, 2980813, 7),
(374, 2984847, 7),
(374, 2985076, 7),
(374, 2985084, 10),
(375, 4477959, 3),
(375, 4478034, 5),
(375, 4477985, 7),
(375, 4480926, 7),
(375, 4481849, 7),
(375, 4481857, 7),
(375, 4481858, 10),
(376, 3164416, 3),
(376, 3165691, 5),
(376, 3165590, 7),
(376, 3165624, 7),
(376, 3168352, 7),
(376, 3169633, 7),
(376, 3169634, 10),
(377, 4477959, 3),
(377, 4478034, 5),
(377, 4477967, 7),
(377, 4477968, 7),
(377, 4477985, 7),
(377, 4481864, 7),
(377, 4481865, 10),
(378, 4477959, 3),
(378, 4478034, 5),
(378, 4477985, 7),
(378, 4481565, 7),
(378, 4481864, 7),
(378, 4481871, 7),
(378, 4481872, 10),
(379, 4477959, 3),
(379, 4478034, 5),
(379, 4477985, 7),
(379, 4480956, 7),
(379, 4481741, 7),
(379, 4481864, 7),
(379, 4481878, 7),
(379, 4481879, 10),
(380, 4477959, 3),
(380, 4478034, 5),
(380, 4477967, 7),
(380, 4477985, 7),
(380, 4481336, 7),
(380, 4481886, 7),
(380, 4481887, 7),
(380, 4481888, 7),
(380, 4481889, 7),
(380, 4481890, 7),
(380, 4481891, 7),
(380, 4481892, 10),
(394, 4477963, 2),
(394, 4477959, 3),
(394, 4478034, 5),
(394, 4477967, 7),
(394, 4477985, 7),
(394, 4478100, 7),
(394, 4481536, 7),
(394, 4481898, 10),
(395, 4477959, 3),
(395, 4478034, 5),
(395, 4477985, 7),
(395, 4478100, 7),
(395, 4481282, 7),
(395, 4481562, 7),
(395, 4481563, 7),
(395, 4481906, 10),
(396, 4477959, 3),
(396, 4478034, 5),
(396, 4477985, 7),
(396, 4478100, 7),
(396, 4481864, 7),
(396, 4481914, 7),
(396, 4481915, 10),
(397, 4477959, 3),
(397, 4478034, 5),
(397, 4477985, 7),
(397, 4478100, 7),
(397, 4480926, 7),
(397, 4481864, 7),
(397, 4481921, 10),
(398, 4477959, 3),
(398, 4478034, 5),
(398, 4477985, 7),
(398, 4478100, 7),
(398, 4481864, 7),
(398, 4481878, 7),
(398, 4481928, 10),
(399, 4477959, 3),
(399, 4478034, 5),
(399, 4477985, 7),
(399, 4478100, 7),
(399, 4481864, 7),
(399, 4481871, 7),
(399, 4481935, 10),
(400, 2949480, 2),
(400, 2948312, 3),
(400, 2949492, 7),
(400, 2952937, 7),
(400, 2953975, 7),
(400, 2953976, 10),
(400, 2949867, 12),
(401, 2936890, 2),
(401, 2935722, 3),
(401, 2935703, 7),
(401, 2936902, 7),
(401, 2940394, 7),
(401, 2941449, 7),
(401, 2941456, 10),
(401, 2937297, 12),
(402, 2961991, 2),
(402, 2960823, 3),
(402, 2960829, 7),
(402, 2962003, 7),
(402, 2965448, 7),
(402, 2966486, 7),
(402, 2966487, 10),
(402, 2962378, 12),
(403, 2980703, 2),
(403, 2979535, 3),
(403, 2979572, 7),
(403, 2981408, 7),
(403, 2984018, 7),
(403, 2985184, 7),
(403, 2985185, 10),
(403, 2981090, 12),
(404, 4477963, 2),
(404, 4477959, 3),
(404, 4476791, 7),
(404, 4478615, 7),
(404, 4481013, 7),
(404, 4481942, 7),
(404, 4481943, 10),
(404, 4478314, 12),
(405, 3614890, 2),
(405, 3614886, 3),
(405, 3614901, 7),
(405, 3615559, 7),
(405, 3617944, 7),
(405, 3618908, 7),
(405, 3618916, 10),
(405, 3615241, 12),
(406, 4477963, 2),
(406, 4477959, 3),
(406, 4479455, 7),
(406, 4480991, 7),
(406, 4481950, 7),
(406, 4481951, 7),
(406, 4481952, 10),
(406, 4478314, 12),
(407, 4477963, 2),
(407, 4477959, 3),
(407, 4480991, 7),
(407, 4481950, 7),
(407, 4481958, 7),
(407, 4481959, 7),
(407, 4481960, 10),
(407, 4478314, 12),
(408, 4477963, 2),
(408, 4477959, 3),
(408, 4478174, 7),
(408, 4480991, 7),
(408, 4481950, 7),
(408, 4481951, 7),
(408, 4481966, 10),
(408, 4478314, 12),
(409, 4477963, 2),
(409, 4477959, 3),
(409, 4480715, 7),
(409, 4480991, 7),
(409, 4481950, 7),
(409, 4481951, 7),
(409, 4481974, 10),
(409, 4478314, 12),
(410, 4477963, 2),
(410, 4477959, 3),
(410, 4476791, 7),
(410, 4478615, 7),
(410, 4481013, 7),
(410, 4481982, 7),
(410, 4481983, 10),
(410, 4478314, 12),
(411, 4477963, 2),
(411, 4477959, 3),
(411, 4476846, 7),
(411, 4478615, 7),
(411, 4481982, 7),
(411, 4481990, 7),
(411, 4481991, 10),
(411, 4478314, 12),
(412, 4477963, 2),
(412, 4477959, 3),
(412, 4476958, 7),
(412, 4480991, 7),
(412, 4481998, 7),
(412, 4481999, 10),
(412, 4478314, 12),
(413, 4477963, 2),
(413, 4477959, 3),
(413, 4476958, 7),
(413, 4480991, 7),
(413, 4481998, 7),
(413, 4482005, 10),
(413, 4478314, 12),
(414, 4477963, 2),
(414, 4477959, 3),
(414, 4482012, 7),
(414, 4482013, 7),
(414, 4482014, 7),
(414, 4482015, 10),
(414, 4478314, 12),
(415, 4476807, 1),
(415, 4477518, 1),
(415, 4477521, 1),
(415, 4477523, 1),
(415, 4477566, 1),
(415, 4477623, 1),
(415, 4477636, 1),
(415, 4479324, 1),
(415, 4479325, 1),
(415, 4479326, 1),
(415, 4482020, 1),
(415, 4482021, 1),
(415, 4482022, 1),
(415, 4482023, 1),
(415, 4482024, 1),
(415, 4482025, 1),
(415, 4476811, 2),
(415, 4476923, 2),
(415, 4477551, 2),
(415, 4477552, 2),
(415, 4477553, 2),
(415, 4477963, 2),
(415, 4480584, 2),
(415, 4476786, 4),
(415, 4476785, 6),
(415, 4479320, 7),
(415, 4477663, 9),
(415, 4482019, 10),
(415, 4477510, 12),
(416, 4477963, 2),
(416, 4477959, 3),
(416, 4476785, 7),
(416, 4477948, 7),
(416, 4482050, 7),
(416, 4482051, 7),
(416, 4482052, 10),
(416, 4482048, 12),
(416, 4482049, 12),
(417, 2980703, 2),
(417, 2979535, 3),
(417, 2979510, 7),
(417, 2980689, 7),
(417, 2985308, 7),
(417, 2985309, 7),
(417, 2985315, 10),
(417, 2985306, 12),
(417, 2985307, 12),
(418, 3599573, 2),
(418, 3599569, 3),
(418, 3598396, 7),
(418, 3599558, 7),
(418, 3603516, 7),
(418, 3603517, 7),
(418, 3603523, 10),
(418, 3603514, 12),
(418, 3603515, 12),
(419, 4477963, 2),
(419, 4477959, 3),
(419, 4476785, 7),
(419, 4477948, 7),
(419, 4482051, 7),
(419, 4482057, 7),
(419, 4482058, 10),
(419, 4482048, 12),
(419, 4482049, 12),
(420, 4477963, 2),
(420, 4477959, 3),
(420, 4476785, 7),
(420, 4477948, 7),
(420, 4482051, 7),
(420, 4482057, 7),
(420, 4482066, 10),
(420, 4482048, 12),
(420, 4482049, 12),
(421, 4477963, 2),
(421, 4477959, 3),
(421, 4476785, 7),
(421, 4477948, 7),
(421, 4482051, 7),
(421, 4482057, 7),
(421, 4482075, 7),
(421, 4482076, 10),
(421, 4482048, 12),
(421, 4482049, 12),
(422, 4477963, 2),
(422, 4477959, 3),
(422, 4476785, 7),
(422, 4477948, 7),
(422, 4482051, 7),
(422, 4482085, 7),
(422, 4482086, 10),
(422, 4482048, 12),
(422, 4482049, 12),
(423, 4477963, 2),
(423, 4477959, 3),
(423, 4476785, 7),
(423, 4477948, 7),
(423, 4482051, 7),
(423, 4482085, 7),
(423, 4482094, 10),
(423, 4482048, 12),
(423, 4482049, 12),
(424, 4477963, 2),
(424, 4477959, 3),
(424, 4476785, 7),
(424, 4477948, 7),
(424, 4482051, 7),
(424, 4482085, 7),
(424, 4482103, 10),
(424, 4482048, 12),
(424, 4482049, 12),
(425, 4477963, 2),
(425, 4477959, 3),
(425, 4476785, 7),
(425, 4477948, 7),
(425, 4482051, 7),
(425, 4482112, 7),
(425, 4482113, 10),
(425, 4482048, 12),
(425, 4482049, 12),
(426, 4477963, 2),
(426, 4477959, 3),
(426, 4476785, 7),
(426, 4477948, 7),
(426, 4482051, 7),
(426, 4482112, 7),
(426, 4482121, 10),
(426, 4482048, 12),
(426, 4482049, 12),
(427, 4477963, 2),
(427, 4477959, 3),
(427, 4476785, 7),
(427, 4477948, 7),
(427, 4482051, 7),
(427, 4482112, 7),
(427, 4482130, 10),
(427, 4482048, 12),
(427, 4482049, 12),
(428, 4477963, 2),
(428, 4477959, 3),
(428, 4476785, 7),
(428, 4477948, 7),
(428, 4482051, 7),
(428, 4482139, 7),
(428, 4482140, 10),
(428, 4482048, 12),
(428, 4482049, 12),
(429, 3080187, 2),
(429, 3079019, 3),
(429, 3078994, 7),
(429, 3080173, 7),
(429, 3084512, 7),
(429, 3084609, 7),
(429, 3084618, 10),
(429, 3084509, 12),
(429, 3084510, 12),
(430, 3068232, 2),
(430, 3067064, 3),
(430, 3067039, 7),
(430, 3068218, 7),
(430, 3072588, 7),
(430, 3072621, 7),
(430, 3072685, 7),
(430, 3072703, 10),
(430, 3072585, 12),
(430, 3072586, 12),
(431, 4477963, 2),
(431, 4477959, 3),
(431, 4476785, 7),
(431, 4477948, 7),
(431, 4482051, 7),
(431, 4482148, 7),
(431, 4482149, 10),
(431, 4482048, 12),
(431, 4482049, 12),
(432, 4477963, 2),
(432, 4477959, 3),
(432, 4476785, 7),
(432, 4477948, 7),
(432, 4482051, 7),
(432, 4482148, 7),
(432, 4482157, 10),
(432, 4482048, 12),
(432, 4482049, 12),
(433, 4477963, 2),
(433, 4477959, 3),
(433, 4476785, 7),
(433, 4477948, 7),
(433, 4482051, 7),
(433, 4482166, 7),
(433, 4482167, 10),
(433, 4482048, 12),
(433, 4482049, 12),
(434, 4477963, 2),
(434, 4477959, 3),
(434, 4476785, 7),
(434, 4477948, 7),
(434, 4482051, 7),
(434, 4482075, 7),
(434, 4482166, 7),
(434, 4482175, 10),
(434, 4482048, 12),
(434, 4482049, 12),
(435, 4477963, 2),
(435, 4477959, 3),
(435, 4476785, 7),
(435, 4477948, 7),
(435, 4482051, 7),
(435, 4482166, 7),
(435, 4482185, 10),
(435, 4482048, 12),
(435, 4482049, 12),
(436, 4477963, 2),
(436, 4477959, 3),
(436, 4476785, 7),
(436, 4477948, 7),
(436, 4482051, 7),
(436, 4482148, 7),
(436, 4482194, 10),
(436, 4482048, 12),
(436, 4482049, 12),
(437, 4477963, 2),
(437, 4477959, 3),
(437, 4476785, 7),
(437, 4477948, 7),
(437, 4478037, 7),
(437, 4481282, 7),
(437, 4481644, 7),
(437, 4482203, 7),
(437, 4482204, 10),
(437, 4478034, 12),
(438, 4477963, 2),
(438, 4477959, 3),
(438, 4476785, 7),
(438, 4477948, 7),
(438, 4478037, 7),
(438, 4478078, 7),
(438, 4481294, 7),
(438, 4481545, 7),
(438, 4482203, 7),
(438, 4482213, 10),
(438, 4478034, 12),
(439, 4476785, 1),
(439, 4476800, 1),
(439, 4476807, 1),
(439, 4476911, 1),
(439, 4476927, 1),
(439, 4477534, 1),
(439, 4477542, 1),
(439, 4477609, 1),
(439, 4477723, 1),
(439, 4477948, 1),
(439, 4477959, 1),
(439, 4478080, 1),
(439, 4482228, 1),
(439, 4482229, 1),
(439, 4482231, 1),
(439, 4482232, 1),
(439, 4482233, 1),
(439, 4482234, 1),
(439, 4482235, 1),
(439, 4482236, 1),
(439, 4482237, 1),
(439, 4482238, 1),
(439, 4482239, 1),
(439, 4482240, 1),
(439, 4482241, 1),
(439, 4482242, 1),
(439, 4482243, 1),
(439, 4482244, 1),
(439, 4482245, 1),
(439, 4482246, 1),
(439, 4482247, 1),
(439, 4482248, 1),
(439, 4482249, 1),
(439, 4482250, 1),
(439, 4482251, 1),
(439, 4482252, 1),
(439, 4482253, 1),
(439, 4482254, 1),
(439, 4482255, 1),
(439, 4482256, 1),
(439, 4482257, 1),
(439, 4482258, 1),
(439, 4482259, 1),
(439, 4482260, 1),
(439, 4482261, 1),
(439, 4482262, 1),
(439, 4482263, 1),
(439, 4482264, 1),
(439, 4482265, 1),
(439, 4482266, 1),
(439, 4482267, 1),
(439, 4482268, 1),
(439, 4482269, 1),
(439, 4482270, 1),
(439, 4482271, 1),
(439, 4482272, 1),
(439, 4482273, 1),
(439, 4482274, 1),
(439, 4482275, 1),
(439, 4482276, 1),
(439, 4482277, 1),
(439, 4482278, 1),
(439, 4482279, 1),
(439, 4482280, 1),
(439, 4482281, 1),
(439, 4482282, 1),
(439, 4482283, 1),
(439, 4477963, 2),
(439, 4482226, 6),
(439, 4482230, 6),
(439, 4482224, 10),
(439, 4482225, 10),
(439, 4482227, 10),
(440, 4476785, 1),
(440, 4476800, 1),
(440, 4476807, 1),
(440, 4476911, 1),
(440, 4476927, 1),
(440, 4477534, 1),
(440, 4477542, 1),
(440, 4477609, 1),
(440, 4477723, 1),
(440, 4477948, 1),
(440, 4477959, 1),
(440, 4478080, 1),
(440, 4482228, 1),
(440, 4482229, 1),
(440, 4482231, 1),
(440, 4482232, 1),
(440, 4482233, 1),
(440, 4482234, 1),
(440, 4482235, 1),
(440, 4482236, 1),
(440, 4482237, 1),
(440, 4482238, 1),
(440, 4482239, 1),
(440, 4482240, 1),
(440, 4482241, 1),
(440, 4482242, 1),
(440, 4482243, 1),
(440, 4482244, 1),
(440, 4482245, 1),
(440, 4482246, 1),
(440, 4482247, 1),
(440, 4482248, 1),
(440, 4482249, 1),
(440, 4482250, 1),
(440, 4482251, 1),
(440, 4482252, 1),
(440, 4482253, 1),
(440, 4482254, 1),
(440, 4482255, 1),
(440, 4482256, 1),
(440, 4482257, 1),
(440, 4482258, 1),
(440, 4482259, 1),
(440, 4482260, 1),
(440, 4482261, 1),
(440, 4482262, 1),
(440, 4482263, 1),
(440, 4482264, 1),
(440, 4482265, 1),
(440, 4482266, 1),
(440, 4482267, 1),
(440, 4482268, 1),
(440, 4482269, 1),
(440, 4482270, 1),
(440, 4482271, 1),
(440, 4482272, 1),
(440, 4482273, 1),
(440, 4482274, 1),
(440, 4482275, 1),
(440, 4482276, 1),
(440, 4482277, 1),
(440, 4482278, 1),
(440, 4482279, 1),
(440, 4482280, 1),
(440, 4482281, 1),
(440, 4482282, 1),
(440, 4482283, 1),
(440, 4477963, 2),
(440, 4482230, 6),
(440, 4482297, 7),
(440, 4482224, 10),
(440, 4482225, 10),
(440, 4482298, 10),
(441, 4476785, 1),
(441, 4476800, 1),
(441, 4476807, 1),
(441, 4476911, 1),
(441, 4476927, 1),
(441, 4477534, 1),
(441, 4477542, 1),
(441, 4477609, 1),
(441, 4477723, 1),
(441, 4477948, 1),
(441, 4477959, 1),
(441, 4478080, 1),
(441, 4482228, 1),
(441, 4482229, 1),
(441, 4482231, 1),
(441, 4482232, 1),
(441, 4482233, 1),
(441, 4482234, 1),
(441, 4482235, 1),
(441, 4482236, 1),
(441, 4482237, 1),
(441, 4482238, 1),
(441, 4482239, 1),
(441, 4482240, 1),
(441, 4482241, 1),
(441, 4482242, 1),
(441, 4482243, 1),
(441, 4482244, 1),
(441, 4482245, 1),
(441, 4482246, 1),
(441, 4482247, 1),
(441, 4482248, 1),
(441, 4482249, 1),
(441, 4482250, 1),
(441, 4482251, 1),
(441, 4482252, 1),
(441, 4482253, 1),
(441, 4482254, 1),
(441, 4482255, 1),
(441, 4482256, 1),
(441, 4482257, 1),
(441, 4482258, 1),
(441, 4482259, 1),
(441, 4482260, 1),
(441, 4482261, 1),
(441, 4482262, 1),
(441, 4482263, 1),
(441, 4482264, 1),
(441, 4482265, 1),
(441, 4482266, 1),
(441, 4482267, 1),
(441, 4482268, 1),
(441, 4482269, 1),
(441, 4482270, 1),
(441, 4482271, 1),
(441, 4482272, 1),
(441, 4482273, 1),
(441, 4482274, 1),
(441, 4482275, 1),
(441, 4482276, 1),
(441, 4482277, 1),
(441, 4482278, 1),
(441, 4482279, 1),
(441, 4482280, 1),
(441, 4482281, 1),
(441, 4482282, 1),
(441, 4482283, 1),
(441, 4477963, 2),
(441, 4482230, 6),
(441, 4482370, 6),
(441, 4482224, 10),
(441, 4482225, 10),
(441, 4482371, 10),
(442, 4476807, 1),
(442, 4477518, 1),
(442, 4477521, 1),
(442, 4477523, 1),
(442, 4477566, 1),
(442, 4477623, 1),
(442, 4477636, 1),
(442, 4479324, 1),
(442, 4479325, 1),
(442, 4479326, 1),
(442, 4482020, 1),
(442, 4482021, 1),
(442, 4482022, 1),
(442, 4482023, 1),
(442, 4482024, 1),
(442, 4482025, 1),
(442, 4476923, 2),
(442, 4477551, 2),
(442, 4477552, 2),
(442, 4477963, 2),
(442, 4477959, 3),
(442, 4482230, 5),
(442, 4476785, 7),
(442, 4476786, 7),
(442, 4476811, 7),
(442, 4477510, 7),
(442, 4479058, 7),
(442, 4479320, 7),
(442, 4477663, 9),
(442, 4482443, 10),
(443, 4477963, 2),
(443, 4477959, 3),
(443, 4478034, 5),
(443, 4477967, 7),
(443, 4477985, 7),
(443, 4478100, 7),
(443, 4480819, 7),
(443, 4480820, 7),
(443, 4480821, 7),
(443, 4482473, 7),
(443, 4482474, 10),
(444, 4477963, 2),
(444, 4477959, 3),
(444, 4478034, 5),
(444, 4477985, 7),
(444, 4478100, 7),
(444, 4480700, 7),
(444, 4482473, 7),
(444, 4482484, 10),
(445, 4477963, 2),
(445, 4477959, 3),
(445, 4478034, 5),
(445, 4477985, 7),
(445, 4478100, 7),
(445, 4481871, 7),
(445, 4482492, 7),
(445, 4482493, 10),
(446, 4477963, 2),
(446, 4477959, 3),
(446, 4478034, 5),
(446, 4477985, 7),
(446, 4478100, 7),
(446, 4480700, 7),
(446, 4481545, 7),
(446, 4482492, 7),
(446, 4482500, 7),
(446, 4482501, 7),
(446, 4482502, 7),
(446, 4482503, 10),
(447, 4477963, 2),
(447, 4477959, 3),
(447, 4478034, 5),
(447, 4477967, 7),
(447, 4477985, 7),
(447, 4478100, 7),
(447, 4482492, 7),
(447, 4482512, 10),
(448, 4477963, 2),
(448, 4477959, 3),
(448, 4478034, 5),
(448, 4477985, 7),
(448, 4478100, 7),
(448, 4480700, 7),
(448, 4482492, 7),
(448, 4482520, 10),
(449, 4477963, 2),
(449, 4477959, 3),
(449, 4478034, 5),
(449, 4477985, 7),
(449, 4481122, 7),
(449, 4482528, 7),
(449, 4482529, 7),
(449, 4482530, 7),
(449, 4482531, 7),
(449, 4482532, 10),
(450, 4477963, 2),
(450, 4477959, 3),
(450, 4478034, 5),
(450, 4477985, 7),
(450, 4478100, 7),
(450, 4482538, 7),
(450, 4482539, 10),
(451, 4477963, 2),
(451, 4477959, 3),
(451, 4478034, 5),
(451, 4477985, 7),
(451, 4478100, 7),
(451, 4482538, 7),
(451, 4482545, 10),
(452, 4477963, 2),
(452, 4477959, 3),
(452, 4478034, 5),
(452, 4477967, 7),
(452, 4477985, 7),
(452, 4478100, 7),
(452, 4482552, 7),
(452, 4482553, 7),
(452, 4482554, 7),
(452, 4482555, 10),
(453, 4477963, 2),
(453, 4477959, 3),
(453, 4478034, 5),
(453, 4477985, 7),
(453, 4478100, 7),
(453, 4482552, 7),
(453, 4482562, 7),
(453, 4482563, 7),
(453, 4482564, 7),
(453, 4482565, 10),
(454, 4477963, 2),
(454, 4477959, 3),
(454, 4478034, 5),
(454, 4477985, 7),
(454, 4478099, 7),
(454, 4478100, 7),
(454, 4482552, 7),
(454, 4482572, 7),
(454, 4482573, 7),
(454, 4482574, 7),
(454, 4482575, 10),
(455, 4477963, 2),
(455, 4477959, 3),
(455, 4478034, 5),
(455, 4477985, 7),
(455, 4478100, 7),
(455, 4480700, 7),
(455, 4482552, 7),
(455, 4482583, 7),
(455, 4482584, 7),
(455, 4482585, 10),
(456, 4477963, 2),
(456, 4477959, 3),
(456, 4478034, 5),
(456, 4477985, 7),
(456, 4478078, 7),
(456, 4478100, 7),
(456, 4481371, 7),
(456, 4482593, 7),
(456, 4482594, 7),
(456, 4482595, 7),
(456, 4482596, 10),
(457, 4482605, 1),
(457, 4477963, 2),
(457, 4477959, 3),
(457, 4478034, 5),
(457, 4477967, 7),
(457, 4477985, 7),
(457, 4478099, 7),
(457, 4478100, 7),
(457, 4478101, 7),
(457, 4478102, 7),
(457, 4482593, 7),
(457, 4482604, 10),
(458, 4477963, 2),
(458, 4477959, 3),
(458, 4478034, 5),
(458, 4477985, 7),
(458, 4482616, 7),
(458, 4482617, 7),
(458, 4482618, 10),
(459, 4477963, 2),
(459, 4477959, 3),
(459, 4478034, 5),
(459, 4477967, 7),
(459, 4477985, 7),
(459, 4482616, 7),
(459, 4482623, 10),
(460, 4477963, 2),
(460, 4477959, 3),
(460, 4478034, 5),
(460, 4477985, 7),
(460, 4478098, 7),
(460, 4478099, 7),
(460, 4478100, 7),
(460, 4482630, 7),
(460, 4482631, 7),
(460, 4482632, 7),
(460, 4482633, 10),
(461, 4477963, 2),
(461, 4477959, 3),
(461, 4478034, 5),
(461, 4477985, 7),
(461, 4478100, 7),
(461, 4482641, 7),
(461, 4482642, 7),
(461, 4482643, 10),
(462, 4477963, 2),
(462, 4477959, 3),
(462, 4478034, 5),
(462, 4477985, 7),
(462, 4478100, 7),
(462, 4480700, 7),
(462, 4482529, 7),
(462, 4482641, 7),
(462, 4482649, 7),
(462, 4482650, 7),
(462, 4482651, 10),
(463, 4477963, 2),
(463, 4477959, 3),
(463, 4478034, 5),
(463, 4477985, 7),
(463, 4478100, 7),
(463, 4482617, 7),
(463, 4482660, 7),
(463, 4482661, 10),
(464, 4477963, 2),
(464, 4477959, 3),
(464, 4478034, 5),
(464, 4477985, 7),
(464, 4478100, 7),
(464, 4482660, 7),
(464, 4482668, 7),
(464, 4482669, 10),
(465, 4477963, 2),
(465, 4477959, 3),
(465, 4478034, 5),
(465, 4477967, 7),
(465, 4477985, 7),
(465, 4478100, 7),
(465, 4482660, 7),
(465, 4482676, 10),
(466, 4477963, 2),
(466, 4477959, 3),
(466, 4478034, 5),
(466, 4477985, 7),
(466, 4478100, 7),
(466, 4482684, 7),
(466, 4482685, 7),
(466, 4482686, 10),
(467, 4477963, 2),
(467, 4477959, 3),
(467, 4478034, 5),
(467, 4477985, 7),
(467, 4482617, 7),
(467, 4482692, 7),
(467, 4482693, 10),
(468, 4477959, 3),
(468, 4478034, 5),
(468, 4477985, 7),
(468, 4482668, 7),
(468, 4482692, 7),
(468, 4482699, 10),
(469, 4477959, 3),
(469, 4478034, 5),
(469, 4477967, 7),
(469, 4477985, 7),
(469, 4482692, 7),
(469, 4482705, 10),
(470, 4477959, 3),
(470, 4478034, 5),
(470, 4477985, 7),
(470, 4478100, 7),
(470, 4480859, 7),
(470, 4480860, 10),
(471, 4477959, 3),
(471, 4478034, 5),
(471, 4477985, 7),
(471, 4478100, 7),
(471, 4480859, 7),
(471, 4480868, 10),
(472, 4477959, 3),
(472, 4478034, 5),
(472, 4477985, 7),
(472, 4478100, 7),
(472, 4480648, 7),
(472, 4480859, 7),
(472, 4480877, 10),
(473, 4477959, 3),
(473, 4478034, 5),
(473, 4477985, 7),
(473, 4478100, 7),
(473, 4480859, 7),
(473, 4480887, 10),
(474, 4477959, 3),
(474, 4478034, 5),
(474, 4477985, 7),
(474, 4478100, 7),
(474, 4480926, 7),
(474, 4482736, 7),
(474, 4482737, 10),
(475, 4477959, 3),
(475, 4478034, 5),
(475, 4477985, 7),
(475, 4478100, 7),
(475, 4482736, 7),
(475, 4482743, 7),
(475, 4482744, 10),
(476, 4477959, 3),
(476, 4478034, 5),
(476, 4477985, 7),
(476, 4478100, 7),
(476, 4481326, 7),
(476, 4482750, 7),
(476, 4482751, 10),
(477, 4477959, 3),
(477, 4478034, 5),
(477, 4477985, 7),
(477, 4478100, 7),
(477, 4481326, 7),
(477, 4481371, 7),
(477, 4482757, 10),
(478, 4477959, 3),
(478, 4478034, 5),
(478, 4477985, 7),
(478, 4478100, 7),
(478, 4481371, 7),
(478, 4481834, 7),
(478, 4482764, 10),
(479, 4477959, 3),
(479, 4478034, 5),
(479, 4477985, 7),
(479, 4478078, 7),
(479, 4480926, 7),
(479, 4482771, 7),
(479, 4482772, 7),
(479, 4482773, 10),
(480, 4477959, 3),
(480, 4478034, 5),
(480, 4477985, 7),
(480, 4478100, 7),
(480, 4480926, 7),
(480, 4482779, 7),
(480, 4482780, 7),
(480, 4482781, 7),
(480, 4482782, 7),
(480, 4482783, 10),
(481, 4477959, 3),
(481, 4478034, 5),
(481, 4477985, 7),
(481, 4478100, 7),
(481, 4482789, 7),
(481, 4482790, 10),
(482, 4477959, 3),
(482, 4478034, 5),
(482, 4477985, 7),
(482, 4478100, 7),
(482, 4482789, 7),
(482, 4482795, 10),
(483, 4477959, 3),
(483, 4478034, 5),
(483, 4477985, 7),
(483, 4478100, 7),
(483, 4482789, 7),
(483, 4482801, 10),
(484, 4477959, 3),
(484, 4478034, 5),
(484, 4477985, 7),
(484, 4478100, 7),
(484, 4482789, 7),
(484, 4482807, 10),
(485, 4477959, 3),
(485, 4478034, 5),
(485, 4477985, 7),
(485, 4478100, 7),
(485, 4482789, 7),
(485, 4482813, 10),
(486, 4477959, 3),
(486, 4478034, 5),
(486, 4477967, 7),
(486, 4477985, 7),
(486, 4478100, 7),
(486, 4480906, 7),
(486, 4480936, 10),
(487, 4477959, 3),
(487, 4478034, 5),
(487, 4477985, 7),
(487, 4478100, 7),
(487, 4480700, 7),
(487, 4480906, 7),
(487, 4480946, 10),
(488, 4477959, 3),
(488, 4478034, 5),
(488, 4477985, 7),
(488, 4480916, 7),
(488, 4482833, 7),
(488, 4482834, 7),
(488, 4482835, 10),
(489, 4477959, 3),
(489, 4478034, 5),
(489, 4477985, 7),
(489, 4478100, 7),
(489, 4480926, 7),
(489, 4482840, 7),
(489, 4482841, 10),
(490, 4477959, 3),
(490, 4478034, 5),
(490, 4477985, 7),
(490, 4478100, 7),
(490, 4482840, 7),
(490, 4482847, 7),
(490, 4482848, 10),
(491, 4477959, 3),
(491, 4478034, 5),
(491, 4477985, 7),
(491, 4478100, 7),
(491, 4480700, 7),
(491, 4482840, 7),
(491, 4482854, 10),
(492, 4477959, 3),
(492, 4478034, 5),
(492, 4477985, 7),
(492, 4477987, 7),
(492, 4480805, 7),
(492, 4480806, 7),
(492, 4482861, 7),
(492, 4482862, 10),
(493, 4476798, 1),
(493, 4476799, 1),
(493, 4476909, 1),
(493, 4476927, 1),
(493, 4476940, 1),
(493, 4476941, 1),
(493, 4477515, 1),
(493, 4477518, 1),
(493, 4477521, 1),
(493, 4477523, 1),
(493, 4477545, 1),
(493, 4477546, 1),
(493, 4477547, 1),
(493, 4477548, 1),
(493, 4477549, 1),
(493, 4477550, 1),
(493, 4477562, 1),
(493, 4477563, 1),
(493, 4477564, 1),
(493, 4477565, 1),
(493, 4477566, 1),
(493, 4477567, 1),
(493, 4477568, 1),
(493, 4477569, 1),
(493, 4477570, 1),
(493, 4477571, 1),
(493, 4477572, 1),
(493, 4476923, 2),
(493, 4477551, 2),
(493, 4477552, 2),
(493, 4477963, 2),
(493, 4477959, 3),
(493, 4482230, 5),
(493, 4476785, 7),
(493, 4476786, 7),
(493, 4476811, 7),
(493, 4477510, 7),
(493, 4479058, 7),
(493, 4482869, 10);

-- --------------------------------------------------------

--
-- Estructura de tabla para la tabla `ps_search_word`
--

CREATE TABLE `ps_search_word` (
  `id_word` int(10) UNSIGNED NOT NULL,
  `id_shop` int(11) UNSIGNED NOT NULL DEFAULT 1,
  `id_lang` int(10) UNSIGNED NOT NULL,
  `word` varchar(15) NOT NULL
) ENGINE=InnoDB DEFAULT CHARSET=utf8;

--
-- Volcado de datos para la tabla `ps_search_word`
--

INSERT INTO `ps_search_word` (`id_word`, `id_shop`, `id_lang`, `word`) VALUES
(3346772, 1, 1, '-17'),
(4481096, 1, 1, '0006'),
(4481098, 1, 1, '0006-sblk'),
(4481097, 1, 1, '0006sblk'),
(4478333, 1, 1, '001'),
(4481145, 1, 1, '0016'),
(2505362, 1, 1, '00166208'),
(4478284, 1, 1, '002'),
(3034305, 1, 1, '0023'),
(4478269, 1, 1, '003'),
(4481701, 1, 1, '0030'),
(4481703, 1, 1, '0030-gun'),
(4481702, 1, 1, '0030gun'),
(4478317, 1, 1, '004'),
(4481228, 1, 1, '0045'),
(4481230, 1, 1, '0045-mblk'),
(4481229, 1, 1, '0045mblk'),
(4478351, 1, 1, '005'),
(3003124, 1, 1, '0096'),
(3003126, 1, 1, '0096-sblk'),
(4482861, 1, 1, '0096670'),
(3003125, 1, 1, '0096sblk'),
(4481370, 1, 1, '0179'),
(2914391, 1, 1, '0292'),
(2965697, 1, 1, '0292902'),
(2875467, 1, 1, '0298'),
(4481387, 1, 1, '0309'),
(4481713, 1, 1, '0384'),
(4481715, 1, 1, '0384-lgold'),
(4481714, 1, 1, '0384lgold'),
(4481529, 1, 1, '04466208'),
(4482529, 1, 1, '046'),
(4481888, 1, 1, '053'),
(4482834, 1, 1, '056'),
(4481264, 1, 1, '0827'),
(4480072, 1, 1, '0r0'),
(4477513, 1, 1, '1-day'),
(4477958, 1, 1, '100'),
(4482605, 1, 1, '10100'),
(4478463, 1, 1, '1055'),
(1624920, 1, 1, '1068'),
(4478475, 1, 1, '1069'),
(4478369, 1, 1, '1070'),
(4478403, 1, 1, '1073'),
(4478391, 1, 1, '1075'),
(4478379, 1, 1, '1078'),
(4478439, 1, 1, '1079'),
(2812100, 1, 1, '1081'),
(4478415, 1, 1, '1082'),
(4481748, 1, 1, '1127'),
(4481750, 1, 1, '1127-f223'),
(4481749, 1, 1, '1127f223'),
(2500977, 1, 1, '118'),
(773536, 1, 1, '120'),
(773523, 1, 1, '120ml'),
(4482025, 1, 1, '123'),
(320901, 1, 1, '1234'),
(4477962, 1, 1, '135'),
(4478274, 1, 1, '137'),
(4478127, 1, 1, '138'),
(4477976, 1, 1, '140'),
(2501145, 1, 1, '141'),
(4478161, 1, 1, '142'),
(4478320, 1, 1, '143'),
(4478141, 1, 1, '144'),
(4478082, 1, 1, '145'),
(4478335, 1, 1, '146'),
(4478003, 1, 1, '148'),
(4478212, 1, 1, '150'),
(775979, 1, 1, '15ml'),
(4478250, 1, 1, '1618'),
(4478157, 1, 1, '1637'),
(3346771, 1, 1, '17'),
(3617941, 1, 1, '177'),
(4480997, 1, 1, '186'),
(3617957, 1, 1, '197'),
(4481122, 1, 1, '198k'),
(4482531, 1, 1, '198k-046'),
(4481124, 1, 1, '198k-mblk'),
(4482530, 1, 1, '198k046'),
(4481123, 1, 1, '198kmblk'),
(4481005, 1, 1, '199'),
(4477512, 1, 1, '1day'),
(4477664, 1, 1, '1daymosta'),
(4479140, 1, 1, '1daymostapack'),
(4481011, 1, 1, '224'),
(4481032, 1, 1, '229'),
(2501365, 1, 1, '232'),
(3617999, 1, 1, '233'),
(3263523, 1, 1, '238'),
(775789, 1, 1, '240'),
(775787, 1, 1, '240ml'),
(4481039, 1, 1, '241'),
(4481046, 1, 1, '242'),
(4478315, 1, 1, '243'),
(4480985, 1, 1, '246'),
(4480992, 1, 1, '250'),
(4481074, 1, 1, '251'),
(3615242, 1, 1, '255'),
(2966486, 1, 1, '259'),
(4481942, 1, 1, '260'),
(4481950, 1, 1, '261'),
(4481982, 1, 1, '266'),
(4481998, 1, 1, '272'),
(4481656, 1, 1, '296'),
(4481659, 1, 1, '296-l'),
(3168395, 1, 1, '296k'),
(4481658, 1, 1, '296l'),
(571768, 1, 1, '300'),
(4482226, 1, 1, '3000'),
(2921694, 1, 1, '300ce'),
(571755, 1, 1, '300ml'),
(4480907, 1, 1, '315'),
(2501783, 1, 1, '3260'),
(1291252, 1, 1, '3270'),
(4478644, 1, 1, '3272'),
(4478655, 1, 1, '3288'),
(4478681, 1, 1, '3291'),
(4478171, 1, 1, '3520'),
(4478183, 1, 1, '3521'),
(773552, 1, 1, '355'),
(773547, 1, 1, '355ml'),
(412038, 1, 1, '35ml'),
(773516, 1, 1, '360'),
(773510, 1, 1, '360ml'),
(4481325, 1, 1, '373k'),
(1291350, 1, 1, '4381'),
(4478772, 1, 1, '4440'),
(4478720, 1, 1, '4446'),
(4478707, 1, 1, '4447'),
(4478798, 1, 1, '4460'),
(4478785, 1, 1, '4461'),
(4480847, 1, 1, '447'),
(4480849, 1, 1, '447-mblk'),
(4482642, 1, 1, '447046'),
(4480848, 1, 1, '447mblk'),
(4482685, 1, 1, '451046'),
(4478237, 1, 1, '4520'),
(4478225, 1, 1, '4525'),
(775928, 1, 1, '500'),
(4482297, 1, 1, '5000'),
(775926, 1, 1, '500ml'),
(4478200, 1, 1, '5121145'),
(4478557, 1, 1, '5326'),
(4478628, 1, 1, '5349'),
(4478571, 1, 1, '5352'),
(4478613, 1, 1, '5358'),
(4478585, 1, 1, '5360'),
(4478599, 1, 1, '5361'),
(4478198, 1, 1, '5552'),
(4478210, 1, 1, '5556'),
(4478266, 1, 1, '6051'),
(775735, 1, 1, '60ml'),
(2501448, 1, 1, '6101'),
(4478331, 1, 1, '6120'),
(4478529, 1, 1, '6171'),
(4478501, 1, 1, '6172'),
(4478490, 1, 1, '6174'),
(2647277, 1, 1, '620017700001500'),
(4481759, 1, 1, '663118'),
(4480807, 1, 1, '669'),
(4480809, 1, 1, '669-sblk'),
(4481740, 1, 1, '669k'),
(3034423, 1, 1, '669k-sblk'),
(3034422, 1, 1, '669ksblk'),
(4480808, 1, 1, '669sblk'),
(4480916, 1, 1, '670'),
(3033681, 1, 1, '670-mblk'),
(3033680, 1, 1, '670mblk'),
(4478349, 1, 1, '7246'),
(4478283, 1, 1, '7252'),
(4478298, 1, 1, '7298'),
(4482370, 1, 1, '8000'),
(4478915, 1, 1, '8488'),
(4478903, 1, 1, '8540'),
(4478980, 1, 1, '8565'),
(4478928, 1, 1, '8571'),
(4478941, 1, 1, '8573'),
(4479006, 1, 1, '8577'),
(4479045, 1, 1, '8580'),
(4481469, 1, 1, '904'),
(4478827, 1, 1, '9380'),
(3116778, 1, 1, '9381'),
(4478837, 1, 1, '9382'),
(2984999, 1, 1, '940'),
(4478850, 1, 1, '9548'),
(4478863, 1, 1, '9551'),
(4478876, 1, 1, '9561'),
(4476810, 1, 1, '9669'),
(3263524, 1, 1, 'abby'),
(4482274, 1, 1, 'abonando'),
(4478106, 1, 1, 'acero'),
(4478273, 1, 1, 'acetato'),
(4477816, 1, 1, 'acompanado'),
(4477618, 1, 1, 'acondicionado'),
(4482248, 1, 1, 'acreditado'),
(4482279, 1, 1, 'acreditar'),
(4482253, 1, 1, 'activacion'),
(4477742, 1, 1, 'actividades'),
(4477814, 1, 1, 'activo'),
(4477734, 1, 1, 'actuando'),
(4482019, 1, 1, 'acuvitaast'),
(4482443, 1, 1, 'acuvitaastpack'),
(4477510, 1, 1, 'acuvue'),
(4477514, 1, 1, 'acuvue1dm'),
(4479200, 1, 1, 'acuvue1dmpack'),
(382602, 1, 1, 'acuvue1dmset'),
(4477561, 1, 1, 'acuvue2'),
(4482869, 1, 1, 'acuvue2pack'),
(4477600, 1, 1, 'acuvueo'),
(4477801, 1, 1, 'acuvueoa'),
(4479254, 1, 1, 'acuvueoapack'),
(4479380, 1, 1, 'acuvueopack'),
(4480570, 1, 1, 'acuvueot'),
(4480605, 1, 1, 'acuvueotpack'),
(4479321, 1, 1, 'acuvuevita'),
(4479349, 1, 1, 'acuvuevitapack'),
(4480571, 1, 1, 'adapta'),
(4477571, 1, 1, 'adaptan'),
(4477884, 1, 1, 'adaptar'),
(4477882, 1, 1, 'adiciones'),
(3617942, 1, 1, 'aerial'),
(4480846, 1, 1, 'again'),
(4482232, 1, 1, 'agasajar'),
(4477535, 1, 1, 'agente'),
(4476815, 1, 1, 'agua'),
(4477565, 1, 1, 'agudeza'),
(4481301, 1, 1, 'ahimsa'),
(4476787, 1, 1, 'air'),
(4477617, 1, 1, 'aire'),
(4480583, 1, 1, 'ajustan'),
(4476792, 1, 1, 'al0097'),
(4476817, 1, 1, 'al0098'),
(4476847, 1, 1, 'al0099'),
(4476877, 1, 1, 'al0100'),
(4476908, 1, 1, 'al2637'),
(4476957, 1, 1, 'al2638'),
(4477008, 1, 1, 'al2639'),
(4477058, 1, 1, 'al2640'),
(4477108, 1, 1, 'al2641'),
(4477158, 1, 1, 'al2642'),
(4477208, 1, 1, 'al2643'),
(4477258, 1, 1, 'al2644'),
(4477308, 1, 1, 'al2645'),
(4477359, 1, 1, 'al2646'),
(4477410, 1, 1, 'al2647'),
(4477460, 1, 1, 'al2648'),
(773512, 1, 1, 'al9002'),
(571758, 1, 1, 'al9003'),
(773526, 1, 1, 'al9004'),
(773548, 1, 1, 'al9005'),
(571830, 1, 1, 'al9006'),
(773575, 1, 1, 'al9007'),
(4476813, 1, 1, 'alcon'),
(4477686, 1, 1, 'algodon'),
(4477741, 1, 1, 'alivio'),
(4477809, 1, 1, 'alta'),
(4477926, 1, 1, 'alternativa'),
(3615245, 1, 1, 'aluminio'),
(4480851, 1, 1, 'amarillo'),
(4476933, 1, 1, 'amatista'),
(2259306, 1, 1, 'amazon'),
(4477603, 1, 1, 'ambientes'),
(4482473, 1, 1, 'angelo'),
(4481810, 1, 1, 'anima'),
(4481889, 1, 1, 'ant'),
(4478080, 1, 1, 'anteojos'),
(4481337, 1, 1, 'antifog'),
(4477866, 1, 1, 'aom'),
(773508, 1, 1, 'aosept'),
(4482260, 1, 1, 'aplicar'),
(4481565, 1, 1, 'aq31'),
(4476801, 1, 1, 'aqua'),
(4477921, 1, 1, 'aquacomfort'),
(4476802, 1, 1, 'aquellas'),
(775736, 1, 1, 'ar0001'),
(775759, 1, 1, 'ar0002'),
(775788, 1, 1, 'ar0003'),
(775815, 1, 1, 'ar0004'),
(775843, 1, 1, 'ar0005'),
(775863, 1, 1, 'ar0006'),
(775884, 1, 1, 'ar0007'),
(775905, 1, 1, 'ar0008'),
(775927, 1, 1, 'ar0009'),
(775948, 1, 1, 'ar0010'),
(775966, 1, 1, 'ar0011'),
(775980, 1, 1, 'ar0012'),
(775994, 1, 1, 'ar0013'),
(412039, 1, 1, 'ar0015'),
(4481951, 1, 1, 'aren'),
(775733, 1, 1, 'arlyt'),
(4477985, 1, 1, 'armazon'),
(3433300, 1, 1, 'armazones'),
(4481849, 1, 1, 'arvin'),
(4479495, 1, 1, 'asociada'),
(4477663, 1, 1, 'astigmatismo'),
(4477738, 1, 1, 'aun'),
(4476937, 1, 1, 'avellana'),
(4477961, 1, 1, 'aviador'),
(4481379, 1, 1, 'ayreid'),
(4477630, 1, 1, 'ayuda'),
(4477726, 1, 1, 'ayudar'),
(4476791, 1, 1, 'azul'),
(4479500, 1, 1, 'azul-violeta'),
(4479499, 1, 1, 'azulvioleta'),
(4477951, 1, 1, 'b10'),
(4481826, 1, 1, 'b19'),
(4482492, 1, 1, 'banyin'),
(4478040, 1, 1, 'barra'),
(4478055, 1, 1, 'baztu'),
(4482241, 1, 1, 'beneficiario'),
(4481657, 1, 1, 'bg22'),
(4481426, 1, 1, 'bg26'),
(4482528, 1, 1, 'biller'),
(4482048, 1, 1, 'black'),
(4481959, 1, 1, 'blanco'),
(775845, 1, 1, 'blandas'),
(773535, 1, 1, 'blandos'),
(4477678, 1, 1, 'blink'),
(4482772, 1, 1, 'block'),
(4478078, 1, 1, 'blue'),
(4482595, 1, 1, 'blue-matt'),
(4482594, 1, 1, 'bluematt'),
(382580, 1, 1, 'bonificamos'),
(4479033, 1, 1, 'bordo'),
(4482230, 1, 1, 'brera'),
(4481035, 1, 1, 'brill'),
(4477358, 1, 1, 'brillante'),
(4476915, 1, 1, 'brinda'),
(4481493, 1, 1, 'brown'),
(4481495, 1, 1, 'brown-l'),
(4481494, 1, 1, 'brownl'),
(4477925, 1, 1, 'buena'),
(4477516, 1, 1, 'buscan'),
(4482075, 1, 1, 'c10'),
(3617943, 1, 1, 'c11'),
(4478038, 1, 1, 'c13'),
(2647321, 1, 1, 'c14'),
(4480999, 1, 1, 'c19'),
(4481741, 1, 1, 'c8b15'),
(4476938, 1, 1, 'cafe'),
(4476811, 1, 1, 'caja'),
(4479059, 1, 1, 'cajas'),
(4481153, 1, 1, 'cake'),
(4482014, 1, 1, 'cal53'),
(4477802, 1, 1, 'calidad'),
(4482267, 1, 1, 'canje'),
(4482255, 1, 1, 'canjearla'),
(4477625, 1, 1, 'cansados'),
(4477744, 1, 1, 'cansancio'),
(775743, 1, 1, 'capacidad'),
(4482225, 1, 1, 'card'),
(4478156, 1, 1, 'cardin'),
(4478683, 1, 1, 'carey'),
(4478350, 1, 1, 'carola'),
(4478196, 1, 1, 'carolina'),
(4482273, 1, 1, 'caso'),
(4478110, 1, 1, 'cat'),
(4479498, 1, 1, 'cataratas'),
(4477620, 1, 1, 'causar'),
(4478332, 1, 1, 'cecile'),
(4482538, 1, 1, 'ceiz'),
(4482049, 1, 1, 'celebration'),
(4480715, 1, 1, 'celeste'),
(4479474, 1, 1, 'celulas'),
(4477931, 1, 1, 'cerca'),
(4481363, 1, 1, 'cg17'),
(4478158, 1, 1, 'ch0028'),
(4478172, 1, 1, 'ch0038'),
(4478184, 1, 1, 'ch0039'),
(4478199, 1, 1, 'ch0040'),
(4478211, 1, 1, 'ch0041'),
(4478226, 1, 1, 'ch0042'),
(4478238, 1, 1, 'ch0043'),
(4478251, 1, 1, 'ch0044'),
(4481451, 1, 1, 'ch74'),
(4481537, 1, 1, 'ch79'),
(1290399, 1, 1, 'charm'),
(2501366, 1, 1, 'choppy'),
(4482057, 1, 1, 'cinvek'),
(4478124, 1, 1, 'civett'),
(4477569, 1, 1, 'clara'),
(4481990, 1, 1, 'claro'),
(4477546, 1, 1, 'clase'),
(412036, 1, 1, 'clean'),
(4478126, 1, 1, 'clems'),
(4482236, 1, 1, 'click'),
(4481033, 1, 1, 'coco'),
(4482252, 1, 1, 'codigo'),
(4477675, 1, 1, 'colchon'),
(4476790, 1, 1, 'color'),
(4476907, 1, 1, 'colorblends'),
(4476789, 1, 1, 'colors'),
(4477670, 1, 1, 'combinacion'),
(4476931, 1, 1, 'combinan'),
(4476808, 1, 1, 'comfort'),
(4477610, 1, 1, 'como'),
(4477570, 1, 1, 'comoda'),
(4477924, 1, 1, 'comodas'),
(4477518, 1, 1, 'comodidad'),
(4477728, 1, 1, 'comodos'),
(4482239, 1, 1, 'completas'),
(4477876, 1, 1, 'componente'),
(4482261, 1, 1, 'compra'),
(382578, 1, 1, 'comprando'),
(4477615, 1, 1, 'computadora'),
(4482266, 1, 1, 'confirmacion'),
(4477736, 1, 1, 'confort'),
(4479466, 1, 1, 'consecuencia'),
(773534, 1, 1, 'conserva'),
(775741, 1, 1, 'conservadora'),
(4477807, 1, 1, 'constante'),
(4476786, 1, 1, 'contacto'),
(4482552, 1, 1, 'contax'),
(4479454, 1, 1, 'control'),
(4479457, 1, 1, 'controlblue'),
(4476805, 1, 1, 'convencionales'),
(4477517, 1, 1, 'conveniencia'),
(4481048, 1, 1, 'coral'),
(4482021, 1, 1, 'correccion'),
(4479323, 1, 1, 'corregir'),
(4476812, 1, 1, 'cosmeticas'),
(4478272, 1, 1, 'cr39'),
(4482593, 1, 1, 'cratur'),
(4477674, 1, 1, 'crea'),
(4480688, 1, 1, 'cream'),
(4476910, 1, 1, 'crear'),
(3349846, 1, 1, 'crema'),
(4481034, 1, 1, 'cristal'),
(4479453, 1, 1, 'cristales'),
(4478271, 1, 1, 'crx'),
(4480926, 1, 1, 'cry'),
(4481483, 1, 1, 'cry-l'),
(4481668, 1, 1, 'cry-nickel'),
(4481482, 1, 1, 'cryl'),
(4481667, 1, 1, 'crynickel'),
(4478646, 1, 1, 'cuadrado'),
(4482256, 1, 1, 'cualquiera'),
(4482023, 1, 1, 'cuatro'),
(382570, 1, 1, 'cuidado'),
(4481595, 1, 1, 'cursed'),
(2259318, 1, 1, 'cvs'),
(3612292, 1, 1, 'cvs01'),
(4477989, 1, 1, 'd-lian'),
(4477922, 1, 1, 'dacpmf'),
(4477920, 1, 1, 'dailies'),
(4476919, 1, 1, 'dandote'),
(4482240, 1, 1, 'datos'),
(4477509, 1, 1, 'day'),
(4481582, 1, 1, 'dear'),
(4482268, 1, 1, 'debe'),
(4482013, 1, 1, 'deckhand'),
(4482246, 1, 1, 'dedicarle'),
(4481075, 1, 1, 'deg'),
(4479493, 1, 1, 'degeneracion'),
(4477542, 1, 1, 'del'),
(4482616, 1, 1, 'demand'),
(4477739, 1, 1, 'demandantes'),
(320871, 1, 1, 'demo'),
(4480575, 1, 1, 'deportes'),
(4477604, 1, 1, 'desafiantes'),
(4479460, 1, 1, 'desarrollado'),
(4477665, 1, 1, 'descartable'),
(382576, 1, 1, 'descartables'),
(4477672, 1, 1, 'desempeno'),
(773533, 1, 1, 'desinfecta'),
(773514, 1, 1, 'desinfectante'),
(4478098, 1, 1, 'destry'),
(4478108, 1, 1, 'detalles'),
(4476809, 1, 1, 'dia'),
(4477804, 1, 1, 'diarias'),
(4477524, 1, 1, 'diario'),
(382577, 1, 1, 'diarios'),
(4477723, 1, 1, 'dias'),
(4482275, 1, 1, 'diferencia'),
(4477552, 1, 1, 'diferentes'),
(4480573, 1, 1, 'dificiles'),
(4482228, 1, 1, 'digital'),
(4479481, 1, 1, 'digitales'),
(4477808, 1, 1, 'dinamicas'),
(4477883, 1, 1, 'disenado'),
(4477623, 1, 1, 'disenados'),
(4477677, 1, 1, 'diseno'),
(4477681, 1, 1, 'disfrutar'),
(4482641, 1, 1, 'disot'),
(4477682, 1, 1, 'disponible'),
(4477550, 1, 1, 'disponibles'),
(4479478, 1, 1, 'dispositivos'),
(4477874, 1, 1, 'distancias'),
(4477890, 1, 1, 'distintas'),
(4477988, 1, 1, 'dlian'),
(4479497, 1, 1, 'dmae'),
(4482278, 1, 1, 'dni'),
(4481012, 1, 1, 'dock'),
(4480577, 1, 1, 'donde'),
(4477960, 1, 1, 'dorado'),
(4482085, 1, 1, 'dreew'),
(773574, 1, 1, 'drops'),
(4481520, 1, 1, 'dulins'),
(4477676, 1, 1, 'duradera'),
(4482148, 1, 1, 'ecxan'),
(4479496, 1, 1, 'edad'),
(4476916, 1, 1, 'efecto'),
(4476797, 1, 1, 'elaboradas'),
(4476926, 1, 1, 'elegir'),
(4482283, 1, 1, 'elegirnos'),
(4482237, 1, 1, 'eliges'),
(4478197, 1, 1, 'emanuel'),
(4478367, 1, 1, 'embo'),
(4481811, 1, 1, 'emerald'),
(4479476, 1, 1, 'emitida'),
(4478368, 1, 1, 'emr'),
(1624921, 1, 1, 'emr003'),
(4478370, 1, 1, 'emr013'),
(4478380, 1, 1, 'emr038'),
(4478392, 1, 1, 'emr066'),
(2812101, 1, 1, 'emr067'),
(4478404, 1, 1, 'emr068'),
(4478416, 1, 1, 'emr069'),
(4478427, 1, 1, 'emr070'),
(4478440, 1, 1, 'emr071'),
(4478451, 1, 1, 'emr072'),
(4478464, 1, 1, 'emr073'),
(4478476, 1, 1, 'emr074'),
(4479471, 1, 1, 'energia'),
(773532, 1, 1, 'enjuaga'),
(775742, 1, 1, 'enjuague'),
(4480572, 1, 1, 'entornos'),
(4482243, 1, 1, 'escribir'),
(3071864, 1, 1, 'eslav'),
(4477360, 1, 1, 'esmeralda'),
(4482245, 1, 1, 'especial'),
(4479459, 1, 1, 'especialmente'),
(4477803, 1, 1, 'estabilidad'),
(4477631, 1, 1, 'estabilizar'),
(4477668, 1, 1, 'estable'),
(4477622, 1, 1, 'estan'),
(4477534, 1, 1, 'este'),
(775739, 1, 1, 'esteril'),
(4476912, 1, 1, 'estilo'),
(4481503, 1, 1, 'esvep'),
(4477891, 1, 1, 'etapas'),
(4478076, 1, 1, 'ethereal'),
(4478316, 1, 1, 'eve'),
(4477562, 1, 1, 'excelente'),
(4477671, 1, 1, 'excepcional'),
(4479486, 1, 1, 'excesiva'),
(4477607, 1, 1, 'exige'),
(4477730, 1, 1, 'exigencias'),
(4477724, 1, 1, 'exigentes'),
(4476795, 1, 1, 'existen'),
(4477805, 1, 1, 'existentes'),
(4477885, 1, 1, 'exito'),
(4480578, 1, 1, 'expone'),
(4479485, 1, 1, 'exposicion'),
(773546, 1, 1, 'express'),
(4479463, 1, 1, 'expuestos'),
(4478081, 1, 1, 'eyewear'),
(4481240, 1, 1, 'f223'),
(4481243, 1, 1, 'f223-sblk'),
(4481242, 1, 1, 'f223sblk'),
(4477563, 1, 1, 'facilidad'),
(2987104, 1, 1, 'fagott'),
(4479467, 1, 1, 'fatiga'),
(4482265, 1, 1, 'fecha'),
(4477684, 1, 1, 'fiesta'),
(4477541, 1, 1, 'final'),
(4482259, 1, 1, 'fisicas'),
(775964, 1, 1, 'fisiologica'),
(4477970, 1, 1, 'flex'),
(4481470, 1, 1, 'fm3'),
(2501143, 1, 1, 'forest'),
(4477892, 1, 1, 'forma'),
(4481581, 1, 1, 'found'),
(4479469, 1, 1, 'franja'),
(4477815, 1, 1, 'frecuencia'),
(773521, 1, 1, 'free'),
(4477614, 1, 1, 'frente'),
(4477539, 1, 1, 'frescura'),
(775993, 1, 1, 'fresh'),
(4476906, 1, 1, 'freshlook'),
(4479458, 1, 1, 'fue'),
(4477627, 1, 1, 'funcionamiento'),
(4482660, 1, 1, 'fyis'),
(4477973, 1, 1, 'g-flex'),
(4478036, 1, 1, 'g15'),
(3034421, 1, 1, 'g91'),
(4477927, 1, 1, 'gafas'),
(4481362, 1, 1, 'gainz'),
(775950, 1, 1, 'gas'),
(4481241, 1, 1, 'gb1'),
(4481155, 1, 1, 'gb10'),
(4482227, 1, 1, 'gc3000'),
(4482298, 1, 1, 'gc5000'),
(4482371, 1, 1, 'gc8000'),
(4479488, 1, 1, 'generar'),
(4482203, 1, 1, 'genie'),
(4477972, 1, 1, 'gflex'),
(4482224, 1, 1, 'gift'),
(4481326, 1, 1, 'gold'),
(4481871, 1, 1, 'goldenrod'),
(4478109, 1, 1, 'goma'),
(4482282, 1, 1, 'gracias'),
(4477549, 1, 1, 'graduaciones'),
(4476928, 1, 1, 'gran'),
(4481834, 1, 1, 'gray'),
(4480728, 1, 1, 'green'),
(4477992, 1, 1, 'grilamid'),
(4476846, 1, 1, 'gris'),
(4478099, 1, 1, 'gun'),
(4480685, 1, 1, 'guux'),
(4478239, 1, 1, 'habano'),
(3615243, 1, 1, 'handy'),
(4480647, 1, 1, 'hangy'),
(4481536, 1, 1, 'harry'),
(4480699, 1, 1, 'heal'),
(3168394, 1, 1, 'herin'),
(775737, 1, 1, 'hialuronato'),
(4479325, 1, 1, 'hidratacion'),
(4477532, 1, 1, 'hidratado'),
(4477877, 1, 1, 'hidratante'),
(4476798, 1, 1, 'hidrogel'),
(4476941, 1, 1, 'hipermetropia'),
(4477977, 1, 1, 'hombre'),
(4477613, 1, 1, 'horas'),
(773549, 1, 1, 'humecta'),
(4477526, 1, 1, 'humectacion'),
(4477748, 1, 1, 'humectado'),
(4477536, 1, 1, 'humectante'),
(4477531, 1, 1, 'humedad'),
(773581, 1, 1, 'humedece'),
(4481678, 1, 1, 'hurv'),
(4477598, 1, 1, 'hydraclear'),
(4477721, 1, 1, 'hydraluxe'),
(4479322, 1, 1, 'hydramax'),
(4477725, 1, 1, 'ideal'),
(4476909, 1, 1, 'ideales'),
(4482280, 1, 1, 'identidad'),
(4476800, 1, 1, 'igual'),
(4477551, 1, 1, 'iguales'),
(4480580, 1, 1, 'iluminacion'),
(382569, 1, 1, 'importa'),
(773550, 1, 1, 'incluidos'),
(4477602, 1, 1, 'incluso'),
(4477875, 1, 1, 'incluye'),
(4480581, 1, 1, 'incomoda'),
(4477621, 1, 1, 'incomodidad'),
(4477869, 1, 1, 'incorporacion'),
(4477745, 1, 1, 'incorporada'),
(4477673, 1, 1, 'incorporado'),
(2500958, 1, 1, 'indian'),
(4477540, 1, 1, 'inicio'),
(4478104, 1, 1, 'injesteel'),
(4477868, 1, 1, 'innovadora'),
(4478107, 1, 1, 'inoxidable'),
(4479468, 1, 1, 'insomnio'),
(4477626, 1, 1, 'inspirados'),
(4477409, 1, 1, 'intenso'),
(4479462, 1, 1, 'interiores'),
(382572, 1, 1, 'invitamos'),
(4477528, 1, 1, 'irritacion'),
(775740, 1, 1, 'isotonica'),
(4477950, 1, 1, 'jimmy'),
(2875468, 1, 1, 'jl08'),
(4477553, 1, 1, 'johnson'),
(4480584, 1, 1, 'jonhson'),
(4477886, 1, 1, 'jovenes'),
(4477735, 1, 1, 'junto'),
(4482012, 1, 1, 'k216'),
(4481864, 1, 1, 'kabu'),
(2505361, 1, 1, 'katleen'),
(4480689, 1, 1, 'kids'),
(4482684, 1, 1, 'korna'),
(4478035, 1, 1, 'krown'),
(4477529, 1, 1, 'lacreon'),
(4477632, 1, 1, 'lagrima'),
(4477629, 1, 1, 'lagrimal'),
(4477733, 1, 1, 'lagrimas'),
(4477612, 1, 1, 'largas'),
(4479491, 1, 1, 'largo'),
(4476793, 1, 1, 'las'),
(4481771, 1, 1, 'lb59'),
(4481632, 1, 1, 'lbs57'),
(4477928, 1, 1, 'lectura'),
(4479483, 1, 1, 'led'),
(4477930, 1, 1, 'lejos'),
(4481878, 1, 1, 'lemon'),
(4477521, 1, 1, 'lente'),
(4476785, 1, 1, 'lentes'),
(4478267, 1, 1, 'leonore'),
(4477953, 1, 1, 'lg-b10'),
(4477952, 1, 1, 'lgb10'),
(4480957, 1, 1, 'lgold'),
(4477986, 1, 1, 'lian'),
(4477519, 1, 1, 'libertad'),
(4480576, 1, 1, 'libre'),
(4476939, 1, 1, 'liderando'),
(4480993, 1, 1, 'lift'),
(4478105, 1, 1, 'ligeros'),
(4481545, 1, 1, 'light'),
(773531, 1, 1, 'limpia'),
(773513, 1, 1, 'limpiadora'),
(773515, 1, 1, 'liquidos'),
(4477609, 1, 1, 'los'),
(4476814, 1, 1, 'lotrafilcon'),
(4481689, 1, 1, 'lp66'),
(4480956, 1, 1, 'ltd'),
(775981, 1, 1, 'lubricacion'),
(773576, 1, 1, 'lubricante'),
(4479482, 1, 1, 'luces'),
(4479464, 1, 1, 'luz'),
(4482692, 1, 1, 'lvi'),
(4482617, 1, 1, 'm011'),
(4482668, 1, 1, 'm022'),
(4479456, 1, 1, 'ma0016'),
(4479577, 1, 1, 'ma0093'),
(4479700, 1, 1, 'ma0095'),
(4479762, 1, 1, 'ma0096'),
(4480073, 1, 1, 'ma0099'),
(4480135, 1, 1, 'ma0100'),
(4480197, 1, 1, 'ma0103'),
(4480259, 1, 1, 'ma0105'),
(4480507, 1, 1, 'ma0109'),
(4479515, 1, 1, 'ma0115'),
(4479824, 1, 1, 'ma0117'),
(4479886, 1, 1, 'ma0118'),
(4479948, 1, 1, 'ma0119'),
(4480010, 1, 1, 'ma0120'),
(4480321, 1, 1, 'ma0121'),
(4480383, 1, 1, 'ma0122'),
(4480445, 1, 1, 'ma0123'),
(4479638, 1, 1, 'ma0124'),
(4479494, 1, 1, 'macular'),
(4482251, 1, 1, 'mail'),
(4480806, 1, 1, 'make'),
(4481040, 1, 1, 'malibu'),
(3617958, 1, 1, 'mamanuca'),
(4477564, 1, 1, 'manipulacion'),
(4477812, 1, 1, 'mantener'),
(4477636, 1, 1, 'manteniendo'),
(4477747, 1, 1, 'manteniendolo'),
(4477525, 1, 1, 'mantiene'),
(2500981, 1, 1, 'marca'),
(4478160, 1, 1, 'marco'),
(4477955, 1, 1, 'marcos'),
(4476956, 1, 1, 'marr'),
(4476958, 1, 1, 'marron'),
(4478615, 1, 1, 'mate'),
(4477746, 1, 1, 'material'),
(4481371, 1, 1, 'matt'),
(4479324, 1, 1, 'maximizando'),
(4476807, 1, 1, 'mayor'),
(4478265, 1, 1, 'mazza'),
(4477967, 1, 1, 'mblk'),
(4481891, 1, 1, 'mblk-053'),
(4478102, 1, 1, 'mblk-gun'),
(4481622, 1, 1, 'mblk-l'),
(4482554, 1, 1, 'mblk-lg'),
(4481253, 1, 1, 'mblk-pink'),
(4481273, 1, 1, 'mblk-red'),
(4481890, 1, 1, 'mblk053'),
(4478101, 1, 1, 'mblkgun'),
(4481621, 1, 1, 'mblkl'),
(4482553, 1, 1, 'mblklg'),
(4481252, 1, 1, 'mblkpink'),
(4481272, 1, 1, 'mblkred'),
(4480819, 1, 1, 'mblu'),
(4481218, 1, 1, 'mblu-670'),
(4480821, 1, 1, 'mblu-mblk'),
(4481217, 1, 1, 'mblu670'),
(4481190, 1, 1, 'mblue'),
(4481191, 1, 1, 'mblue-'),
(4481284, 1, 1, 'mblue-orange'),
(4481283, 1, 1, 'mblueorange'),
(4480820, 1, 1, 'mblumblk'),
(4482562, 1, 1, 'mdemiye'),
(4482564, 1, 1, 'mdemiye-lg'),
(4482563, 1, 1, 'mdemiyelg'),
(4476911, 1, 1, 'mejor'),
(4482244, 1, 1, 'mensaje'),
(4482020, 1, 1, 'mensual'),
(4480713, 1, 1, 'meq'),
(4476796, 1, 1, 'mercado'),
(4479326, 1, 1, 'mes'),
(4477956, 1, 1, 'metal'),
(4481154, 1, 1, 'mgold'),
(4476876, 1, 1, 'miel'),
(4477633, 1, 1, 'minimizando'),
(4477810, 1, 1, 'minimizar'),
(4476940, 1, 1, 'miopia'),
(4476918, 1, 1, 'mirada'),
(4481327, 1, 1, 'mirror'),
(4481544, 1, 1, 'mitras'),
(4480666, 1, 1, 'mlb'),
(4480766, 1, 1, 'mob'),
(4478268, 1, 1, 'mod'),
(4477971, 1, 1, 'modelo'),
(4476921, 1, 1, 'modificar'),
(4477511, 1, 1, 'moist'),
(773583, 1, 1, 'molestias'),
(4477879, 1, 1, 'momento'),
(3618000, 1, 1, 'montezuma'),
(4482270, 1, 1, 'monto'),
(4477520, 1, 1, 'movimiento'),
(4477811, 1, 1, 'movimientos'),
(4480648, 1, 1, 'mrg'),
(4478170, 1, 1, 'muaa'),
(4482281, 1, 1, 'muchas'),
(4478022, 1, 1, 'mujer'),
(4477865, 1, 1, 'multifocal'),
(4477923, 1, 1, 'multifocales'),
(4477729, 1, 1, 'multiples'),
(773527, 1, 1, 'multiproposito'),
(775732, 1, 1, 'multiuso'),
(4481007, 1, 1, 'naranja'),
(4476917, 1, 1, 'natural'),
(4480986, 1, 1, 'navy'),
(4477974, 1, 1, 'negro'),
(4477749, 1, 1, 'nelfilcon'),
(4481562, 1, 1, 'never'),
(4481614, 1, 1, 'nickel'),
(4481958, 1, 1, 'niq'),
(4479514, 1, 1, 'niquel'),
(4477813, 1, 1, 'nitida'),
(4481613, 1, 1, 'nocking'),
(382568, 1, 1, 'nos'),
(4482257, 1, 1, 'nuestras'),
(4477806, 1, 1, 'nuevos'),
(4480859, 1, 1, 'numb'),
(4477597, 1, 1, 'oasys'),
(4477722, 1, 1, 'oasys1d'),
(4479060, 1, 1, 'oasys1dpack'),
(382567, 1, 1, 'oasys1dset'),
(2914393, 1, 1, 'ocre'),
(4477635, 1, 1, 'ocular'),
(4480582, 1, 1, 'oficina'),
(773572, 1, 1, 'ofpm'),
(4482022, 1, 1, 'ofrecer'),
(775978, 1, 1, 'oftalmica'),
(4476923, 1, 1, 'ojos'),
(4482139, 1, 1, 'okuy'),
(4482231, 1, 1, 'opcion'),
(773520, 1, 1, 'opti'),
(773525, 1, 1, 'opti-free'),
(4482229, 1, 1, 'optica'),
(4477987, 1, 1, 'optical'),
(4478100, 1, 1, 'optics'),
(773524, 1, 1, 'optifree'),
(4477737, 1, 1, 'optimo'),
(4476788, 1, 1, 'optix'),
(4481282, 1, 1, 'orange'),
(4479455, 1, 1, 'oro'),
(4478282, 1, 1, 'ossira'),
(4477537, 1, 1, 'otorga'),
(4477740, 1, 1, 'otorgando'),
(4482736, 1, 1, 'ouflas'),
(4478492, 1, 1, 'ovalado'),
(4476794, 1, 1, 'oxigenacion'),
(4478825, 1, 1, 'pacific'),
(4479058, 1, 1, 'pack'),
(4482249, 1, 1, 'pago'),
(4479480, 1, 1, 'pantallas'),
(4477608, 1, 1, 'parte'),
(4482264, 1, 1, 'partir'),
(4481770, 1, 1, 'pas'),
(4479461, 1, 1, 'pasan'),
(4476914, 1, 1, 'patentada'),
(4481144, 1, 1, 'patien'),
(4478041, 1, 1, 'patillas'),
(4478487, 1, 1, 'paul'),
(4477628, 1, 1, 'pelicula'),
(4479576, 1, 1, 'peltre'),
(4476932, 1, 1, 'perfectamente'),
(4477543, 1, 1, 'periodo'),
(4479473, 1, 1, 'perjudicial'),
(775951, 1, 1, 'permeable'),
(4477680, 1, 1, 'permite'),
(4476803, 1, 1, 'personas'),
(4476818, 1, 1, 'phemfilcon'),
(4478155, 1, 1, 'pierre'),
(4480687, 1, 1, 'pink'),
(4478020, 1, 1, 'plateado'),
(4477966, 1, 1, 'play'),
(4479492, 1, 1, 'plazo'),
(4477599, 1, 1, 'plus'),
(4482254, 1, 1, 'podran'),
(4476925, 1, 1, 'podras'),
(4479487, 1, 1, 'podria'),
(775745, 1, 1, 'poen'),
(4478037, 1, 1, 'pol'),
(3052375, 1, 1, 'pol-yell'),
(2501372, 1, 1, 'polarizado'),
(4478159, 1, 1, 'polarizados'),
(4477957, 1, 1, 'policarbonato'),
(3052374, 1, 1, 'polyell'),
(4477880, 1, 1, 'pones'),
(4477605, 1, 1, 'poseen'),
(4476920, 1, 1, 'posibilidad'),
(4478491, 1, 1, 'pr0003'),
(4478502, 1, 1, 'pr0005'),
(4478515, 1, 1, 'pr0011'),
(4478530, 1, 1, 'pr0017'),
(4478543, 1, 1, 'pr0021'),
(2309791, 1, 1, 'pr0022'),
(4480574, 1, 1, 'practican'),
(4477669, 1, 1, 'practicidad'),
(775734, 1, 1, 'premium'),
(4477870, 1, 1, 'presbicia'),
(4477887, 1, 1, 'presbitas'),
(4477547, 1, 1, 'presentacion'),
(4482277, 1, 1, 'presentar'),
(4482750, 1, 1, 'press'),
(4481189, 1, 1, 'pro13'),
(382575, 1, 1, 'probar'),
(4479489, 1, 1, 'problemas'),
(4477959, 1, 1, 'productos'),
(773580, 1, 1, 'prolongado'),
(4479452, 1, 1, 'promo'),
(4477731, 1, 1, 'propiedades'),
(4481818, 1, 1, 'prossima'),
(4477545, 1, 1, 'proteccion'),
(4477743, 1, 1, 'provocan'),
(4478558, 1, 1, 'prr031'),
(4478572, 1, 1, 'prr032'),
(4478586, 1, 1, 'prr033'),
(4478600, 1, 1, 'prr034'),
(4478614, 1, 1, 'prr035'),
(4478629, 1, 1, 'prr43'),
(4478489, 1, 1, 'prs'),
(4477893, 1, 1, 'puedan'),
(4477619, 1, 1, 'pueden'),
(4482242, 1, 1, 'puedes'),
(773522, 1, 1, 'puremoist'),
(4476936, 1, 1, 'puro'),
(4482233, 1, 1, 'quien'),
(4477515, 1, 1, 'quienes'),
(4482234, 1, 1, 'quieras'),
(4477572, 1, 1, 'quincenal'),
(4482112, 1, 1, 'quindel'),
(4481857, 1, 1, 'r1225'),
(4478270, 1, 1, 'ra0067'),
(2501369, 1, 1, 'ra0076'),
(4478285, 1, 1, 'ra0096'),
(4478299, 1, 1, 'ra0161'),
(3615244, 1, 1, 'ra0178'),
(4478318, 1, 1, 'ra0202'),
(2501449, 1, 1, 'ra0203'),
(4478334, 1, 1, 'ra0204'),
(4478352, 1, 1, 'ra0205'),
(3203812, 1, 1, 'ra351'),
(4480987, 1, 1, 'ra353'),
(3156925, 1, 1, 'ra389'),
(4480994, 1, 1, 'ra391'),
(3617945, 1, 1, 'ra438'),
(4481001, 1, 1, 'ra440'),
(3033863, 1, 1, 'ra442'),
(3617959, 1, 1, 'ra443'),
(4481008, 1, 1, 'ra444'),
(2940280, 1, 1, 'ra445'),
(4481014, 1, 1, 'ra446'),
(4481018, 1, 1, 'ra447'),
(4481025, 1, 1, 'ra448'),
(4481036, 1, 1, 'ra449'),
(3618001, 1, 1, 'ra450'),
(3203894, 1, 1, 'ra451'),
(2984096, 1, 1, 'ra452'),
(2965391, 1, 1, 'ra453'),
(3263525, 1, 1, 'ra454'),
(4481041, 1, 1, 'ra455'),
(3349847, 1, 1, 'ra456'),
(4481049, 1, 1, 'ra457'),
(4481053, 1, 1, 'ra458'),
(4481060, 1, 1, 'ra459'),
(4481067, 1, 1, 'ra460'),
(4481076, 1, 1, 'ra461'),
(4481081, 1, 1, 'ra462'),
(4481088, 1, 1, 'ra463'),
(2953976, 1, 1, 'ra465'),
(2941456, 1, 1, 'ra466'),
(2966487, 1, 1, 'ra467'),
(2985185, 1, 1, 'ra468'),
(4481943, 1, 1, 'ra469'),
(3618916, 1, 1, 'ra470'),
(4481952, 1, 1, 'ra471'),
(4481960, 1, 1, 'ra472'),
(4481966, 1, 1, 'ra473'),
(4481974, 1, 1, 'ra474'),
(4481983, 1, 1, 'ra475'),
(4481991, 1, 1, 'ra476'),
(4481999, 1, 1, 'ra477'),
(4482005, 1, 1, 'ra478'),
(4482015, 1, 1, 'ra479'),
(2990763, 1, 1, 'rblue'),
(773528, 1, 1, 'reacondiciona'),
(4477991, 1, 1, 'receta'),
(4482262, 1, 1, 'recetados'),
(4482250, 1, 1, 'recibiras'),
(4477993, 1, 1, 'rectangular'),
(4481271, 1, 1, 'red'),
(4478021, 1, 1, 'redondo'),
(773582, 1, 1, 'reduce'),
(4477624, 1, 1, 'reducir'),
(4478314, 1, 1, 'reef'),
(4477523, 1, 1, 'reemplazo'),
(4478319, 1, 1, 'reff'),
(4482238, 1, 1, 'regalo'),
(382573, 1, 1, 'reponer'),
(4476806, 1, 1, 'requieren'),
(4476924, 1, 1, 'resaltando'),
(4478058, 1, 1, 'resistentes'),
(4479472, 1, 1, 'resultar'),
(4477530, 1, 1, 'retiene'),
(4479475, 1, 1, 'retina'),
(382574, 1, 1, 'reusables'),
(4478077, 1, 1, 'revo'),
(4481335, 1, 1, 'rew'),
(773573, 1, 1, 'rewetting'),
(412037, 1, 1, 'rgp'),
(775947, 1, 1, 'rgpm120ml'),
(775949, 1, 1, 'rigidas'),
(4478488, 1, 1, 'riviere'),
(4478393, 1, 1, 'rojo'),
(4478371, 1, 1, 'rosa'),
(4480693, 1, 1, 'rosado'),
(4480975, 1, 1, 'rose'),
(4482743, 1, 1, 'rosy'),
(4477954, 1, 1, 'ru0022'),
(4477969, 1, 1, 'ru0263'),
(2500960, 1, 1, 'ru0482'),
(2500980, 1, 1, 'ru0567'),
(3279063, 1, 1, 'ru0948'),
(3071614, 1, 1, 'ru0953'),
(4481156, 1, 1, 'ru0957'),
(4481165, 1, 1, 'ru0958'),
(2915121, 1, 1, 'ru0962'),
(4481172, 1, 1, 'ru0963'),
(4481181, 1, 1, 'ru0966'),
(4481192, 1, 1, 'ru0971'),
(4481199, 1, 1, 'ru0979'),
(4481208, 1, 1, 'ru0980'),
(4481219, 1, 1, 'ru0981'),
(4481231, 1, 1, 'ru0982'),
(4481244, 1, 1, 'ru0983'),
(4481254, 1, 1, 'ru0984'),
(4481265, 1, 1, 'ru0985'),
(4481274, 1, 1, 'ru0986'),
(4481285, 1, 1, 'ru0987'),
(4481295, 1, 1, 'ru0988'),
(4481302, 1, 1, 'ru0989'),
(4481308, 1, 1, 'ru0990'),
(2965698, 1, 1, 'ru0991'),
(4481316, 1, 1, 'ru0992'),
(4481328, 1, 1, 'ru0993'),
(4481338, 1, 1, 'ru0994'),
(4481344, 1, 1, 'ru0995'),
(4481353, 1, 1, 'ru0996'),
(2921695, 1, 1, 'ru0997'),
(4481364, 1, 1, 'ru0998'),
(4481373, 1, 1, 'ru0999'),
(2990677, 1, 1, 'ru1000'),
(4481380, 1, 1, 'ru1001'),
(2875469, 1, 1, 'ru1002'),
(4481388, 1, 1, 'ru1003'),
(3034306, 1, 1, 'ru1004'),
(3071866, 1, 1, 'ru1005'),
(3052376, 1, 1, 'ru1006'),
(2990733, 1, 1, 'ru1007'),
(3034336, 1, 1, 'ru1008'),
(3083800, 1, 1, 'ru1009'),
(2990764, 1, 1, 'ru1010'),
(2875554, 1, 1, 'ru1011'),
(4481398, 1, 1, 'ru1012'),
(4481407, 1, 1, 'ru1013'),
(2915468, 1, 1, 'ru1014'),
(4481417, 1, 1, 'ru1015'),
(3157412, 1, 1, 'ru1016'),
(4481427, 1, 1, 'ru1017'),
(4481435, 1, 1, 'ru1018'),
(4481443, 1, 1, 'ru1019'),
(3034424, 1, 1, 'ru1020'),
(4481452, 1, 1, 'ru1021'),
(4481460, 1, 1, 'ru1022'),
(4481471, 1, 1, 'ru1023'),
(2915567, 1, 1, 'ru1024'),
(4481484, 1, 1, 'ru1025'),
(4481496, 1, 1, 'ru1026'),
(3612293, 1, 1, 'ru1027'),
(2921952, 1, 1, 'ru1028'),
(4481504, 1, 1, 'ru1029'),
(4481511, 1, 1, 'ru1030'),
(3198546, 1, 1, 'ru1031'),
(2940980, 1, 1, 'ru1032'),
(4481521, 1, 1, 'ru1033'),
(4481530, 1, 1, 'ru1034'),
(4482847, 1, 1, 'ruby'),
(1290401, 1, 1, 'rur214'),
(4477990, 1, 1, 'rur238'),
(4478002, 1, 1, 'rur280'),
(3346766, 1, 1, 'rur388'),
(4478019, 1, 1, 'rur515'),
(3168396, 1, 1, 'rur591'),
(3009243, 1, 1, 'rur600'),
(3003127, 1, 1, 'rur601'),
(3156762, 1, 1, 'rur602'),
(3611590, 1, 1, 'rur603'),
(2983741, 1, 1, 'rur604'),
(3033622, 1, 1, 'rur605'),
(4480822, 1, 1, 'rur606'),
(4480692, 1, 1, 'rur607'),
(4480810, 1, 1, 'rur608'),
(2914392, 1, 1, 'rur609'),
(4480746, 1, 1, 'rur610'),
(4480714, 1, 1, 'rur611'),
(2914460, 1, 1, 'rur612'),
(3033492, 1, 1, 'rur613'),
(4482862, 1, 1, 'rur614'),
(3349430, 1, 1, 'rur615'),
(2914303, 1, 1, 'rur616'),
(2874376, 1, 1, 'rur617'),
(4480703, 1, 1, 'rur618'),
(3033430, 1, 1, 'rur619'),
(3118631, 1, 1, 'rur620'),
(3009020, 1, 1, 'rur621'),
(4480729, 1, 1, 'rur622'),
(4480786, 1, 1, 'rur623'),
(4480796, 1, 1, 'rur624'),
(4480776, 1, 1, 'rur625'),
(4480834, 1, 1, 'rur626'),
(4480767, 1, 1, 'rur627'),
(3039570, 1, 1, 'rur628'),
(4480758, 1, 1, 'rur629'),
(4480667, 1, 1, 'rur630'),
(4480649, 1, 1, 'rur631'),
(4480657, 1, 1, 'rur632'),
(4480676, 1, 1, 'rur633'),
(4481099, 1, 1, 'rur635'),
(4481106, 1, 1, 'rur636'),
(4481115, 1, 1, 'rur637'),
(4481125, 1, 1, 'rur638'),
(4481133, 1, 1, 'rur639'),
(2940464, 1, 1, 'rur640'),
(4481146, 1, 1, 'rur641'),
(4477949, 1, 1, 'rusty'),
(4481164, 1, 1, 's-tur45-metal'),
(4477968, 1, 1, 's10'),
(4481336, 1, 1, 's15'),
(4481372, 1, 1, 's17'),
(4481769, 1, 1, 'sai'),
(775965, 1, 1, 'salina'),
(382571, 1, 1, 'salud'),
(4482780, 1, 1, 'sand'),
(4482782, 1, 1, 'sand-cry'),
(4482781, 1, 1, 'sandcry'),
(4480998, 1, 1, 'sandy'),
(4480795, 1, 1, 'sblack'),
(4480700, 1, 1, 'sblk'),
(4482650, 1, 1, 'sblk-046'),
(2500979, 1, 1, 'sblk-118'),
(4481761, 1, 1, 'sblk-663118'),
(4481646, 1, 1, 'sblk-gun'),
(4480702, 1, 1, 'sblk-mblk'),
(4482584, 1, 1, 'sblk-mv'),
(4482649, 1, 1, 'sblk046'),
(2500978, 1, 1, 'sblk118'),
(4481760, 1, 1, 'sblk663118'),
(4482572, 1, 1, 'sblkdemi'),
(4482574, 1, 1, 'sblkdemi-gun'),
(4482573, 1, 1, 'sblkdemigun'),
(4481645, 1, 1, 'sblkgun'),
(4480701, 1, 1, 'sblkmblk'),
(4482583, 1, 1, 'sblkmv'),
(4482500, 1, 1, 'sblue'),
(4482502, 1, 1, 'sblue-sblk'),
(4482501, 1, 1, 'sbluesblk'),
(2937114, 1, 1, 'scrose'),
(2937116, 1, 1, 'scrose-gun'),
(2937115, 1, 1, 'scrosegun'),
(4482630, 1, 1, 'sdemivio'),
(4482632, 1, 1, 'sdemivio-gun'),
(4482631, 1, 1, 'sdemiviogun'),
(4477878, 1, 1, 'sea'),
(4477616, 1, 1, 'secos'),
(4477894, 1, 1, 'seguir'),
(4477871, 1, 1, 'seguridad'),
(4481788, 1, 1, 'sehun'),
(4478001, 1, 1, 'senator'),
(4481006, 1, 1, 'senoritas'),
(4477538, 1, 1, 'sensacion'),
(4477727, 1, 1, 'sentirse'),
(4481724, 1, 1, 'senza'),
(4477634, 1, 1, 'sequedad'),
(382566, 1, 1, 'set'),
(4481294, 1, 1, 'sg91'),
(4477929, 1, 1, 'siempre'),
(4481833, 1, 1, 'sienna'),
(4480966, 1, 1, 'sil'),
(4476799, 1, 1, 'silicona'),
(4478018, 1, 1, 'silver'),
(4477732, 1, 1, 'similares'),
(4477527, 1, 1, 'sin'),
(4477881, 1, 1, 'sistema'),
(4480757, 1, 1, 'sive'),
(4481914, 1, 1, 'snlkdemi'),
(775738, 1, 1, 'sodio'),
(4477948, 1, 1, 'sol'),
(4481013, 1, 1, 'solido'),
(4482235, 1, 1, 'solo'),
(773507, 1, 1, 'solucion'),
(773511, 1, 1, 'soluciones'),
(4481396, 1, 1, 'sotion'),
(4481095, 1, 1, 'spell'),
(4480686, 1, 1, 'spink'),
(4480691, 1, 1, 'spink-pink-crea'),
(4480690, 1, 1, 'spinkpinkcream'),
(4480743, 1, 1, 'sprink'),
(4480745, 1, 1, 'sprink-pink-cre'),
(4480744, 1, 1, 'sprinkpinkcream'),
(4477679, 1, 1, 'stabilized'),
(3119858, 1, 1, 'steelblue'),
(4481263, 1, 1, 'sthep'),
(4482771, 1, 1, 'stray'),
(4482779, 1, 1, 'strewn'),
(4481163, 1, 1, 'stur45metal'),
(4477889, 1, 1, 'suave'),
(4482258, 1, 1, 'sucursales'),
(4479465, 1, 1, 'sufren'),
(4478057, 1, 1, 'super'),
(4477872, 1, 1, 'superior'),
(4482789, 1, 1, 'suxe'),
(2501371, 1, 1, 'tac'),
(4482051, 1, 1, 'taiwan'),
(4479477, 1, 1, 'tambien'),
(4481564, 1, 1, 'tan'),
(4478224, 1, 1, 'tascani'),
(4476913, 1, 1, 'tecnologia'),
(4479479, 1, 1, 'tecnologicos'),
(4482276, 1, 1, 'tendra'),
(4477667, 1, 1, 'tener'),
(4481886, 1, 1, 'the'),
(2501784, 1, 1, 'ti0043'),
(1291240, 1, 1, 'ti0044'),
(1291253, 1, 1, 'ti0048'),
(4478645, 1, 1, 'ti0068'),
(4478656, 1, 1, 'ti0075'),
(4478668, 1, 1, 'ti0091'),
(4478682, 1, 1, 'ti0092'),
(4478694, 1, 1, 'ti0093'),
(4477533, 1, 1, 'tiempo'),
(4478642, 1, 1, 'tiffany'),
(775844, 1, 1, 'tipo'),
(1291325, 1, 1, 'tir121'),
(4478708, 1, 1, 'tir131'),
(1291351, 1, 1, 'tir139'),
(4478721, 1, 1, 'tir140'),
(4478733, 1, 1, 'tir141'),
(4478746, 1, 1, 'tir142'),
(4478759, 1, 1, 'tir143'),
(4478773, 1, 1, 'tir144'),
(1291429, 1, 1, 'tir145'),
(4478786, 1, 1, 'tir146'),
(4478799, 1, 1, 'tir147'),
(4478811, 1, 1, 'tir148'),
(4478643, 1, 1, 'tis'),
(4477873, 1, 1, 'todas'),
(4476804, 1, 1, 'toleran'),
(4476930, 1, 1, 'tonos'),
(4482271, 1, 1, 'total'),
(4480906, 1, 1, 'tour'),
(4480579, 1, 1, 'trabaja'),
(4477611, 1, 1, 'trabajar'),
(2647322, 1, 1, 'tran'),
(4477888, 1, 1, 'transicion'),
(4480569, 1, 1, 'transitions'),
(4478405, 1, 1, 'transparente'),
(3346765, 1, 1, 'tregus'),
(4481887, 1, 1, 'trial'),
(4481162, 1, 1, 'tur45'),
(4476934, 1, 1, 'turquesa'),
(4476922, 1, 1, 'tus'),
(4477867, 1, 1, 'ultima'),
(4477601, 1, 1, 'ultra'),
(4476927, 1, 1, 'una'),
(4477522, 1, 1, 'unico'),
(4477548, 1, 1, 'unidades'),
(4478824, 1, 1, 'union'),
(4477963, 1, 1, 'unisex'),
(2912378, 1, 1, 'up0050'),
(4478828, 1, 1, 'up0051'),
(3049637, 1, 1, 'up0055'),
(3069152, 1, 1, 'up0056'),
(4478838, 1, 1, 'up0057'),
(4478851, 1, 1, 'up0087'),
(4478864, 1, 1, 'up0091'),
(4478877, 1, 1, 'up0108'),
(3116779, 1, 1, 'up0122'),
(4478889, 1, 1, 'up0133'),
(4478902, 1, 1, 'upr'),
(4478904, 1, 1, 'upr069'),
(4478916, 1, 1, 'upr134'),
(4478929, 1, 1, 'upr143'),
(4478942, 1, 1, 'upr146'),
(4478954, 1, 1, 'upr147'),
(4478967, 1, 1, 'upr148'),
(4478981, 1, 1, 'upr149'),
(4478993, 1, 1, 'upr150'),
(4479007, 1, 1, 'upr151'),
(4479019, 1, 1, 'upr152'),
(4479032, 1, 1, 'upr153'),
(4479046, 1, 1, 'upr154'),
(4478826, 1, 1, 'ups'),
(4477544, 1, 1, 'uso'),
(4477666, 1, 1, 'usuarios'),
(4477895, 1, 1, 'utilizando'),
(4482269, 1, 1, 'utilizar'),
(4481644, 1, 1, 'uv05'),
(4481679, 1, 1, 'uv14'),
(4478264, 1, 1, 'valeria'),
(4482263, 1, 1, 'validez'),
(4482272, 1, 1, 'valor'),
(4476929, 1, 1, 'variedad'),
(4482024, 1, 1, 'veces'),
(4476816, 1, 1, 'verde'),
(2500976, 1, 1, 'verlaine'),
(4477567, 1, 1, 'versatil'),
(4481293, 1, 1, 'vertig'),
(4477683, 1, 1, 'vestido'),
(4477685, 1, 1, 'vestidos'),
(4482247, 1, 1, 'vez'),
(4477459, 1, 1, 'vibrante'),
(4477606, 1, 1, 'vida'),
(4478017, 1, 1, 'vienet'),
(4481000, 1, 1, 'vino'),
(4478174, 1, 1, 'violeta'),
(4478139, 1, 1, 'virok'),
(4479470, 1, 1, 'visible'),
(4477568, 1, 1, 'vision'),
(4479490, 1, 1, 'vison'),
(4477566, 1, 1, 'visual'),
(4479320, 1, 1, 'vita'),
(4482833, 1, 1, 'vize'),
(4481481, 1, 1, 'vriviant'),
(4481485, 1, 1, 'vriviarmazon'),
(4478039, 1, 1, 'vu0055'),
(4478056, 1, 1, 'vu0198'),
(4478079, 1, 1, 'vu0219'),
(2501144, 1, 1, 'vu0479'),
(1624544, 1, 1, 'vu1172'),
(4480958, 1, 1, 'vu1181'),
(4480967, 1, 1, 'vu1194'),
(4480976, 1, 1, 'vu1195'),
(4481538, 1, 1, 'vu1215'),
(4481546, 1, 1, 'vu1216'),
(4481553, 1, 1, 'vu1217'),
(4481566, 1, 1, 'vu1218'),
(4481571, 1, 1, 'vu1219'),
(2505363, 1, 1, 'vu1220'),
(4481583, 1, 1, 'vu1221'),
(4481588, 1, 1, 'vu1222'),
(2635315, 1, 1, 'vu1223'),
(4481596, 1, 1, 'vu1224'),
(2505395, 1, 1, 'vu1225'),
(4481601, 1, 1, 'vu1226'),
(4481607, 1, 1, 'vu1227'),
(4481615, 1, 1, 'vu1228'),
(4481623, 1, 1, 'vu1229'),
(4481633, 1, 1, 'vu1230'),
(4481647, 1, 1, 'vu1231'),
(4481660, 1, 1, 'vu1232'),
(4481669, 1, 1, 'vu1233'),
(4481680, 1, 1, 'vu1234'),
(4481690, 1, 1, 'vu1235'),
(4481704, 1, 1, 'vu1236'),
(4481716, 1, 1, 'vu1237'),
(4481725, 1, 1, 'vu1238'),
(4481732, 1, 1, 'vu1239'),
(4481742, 1, 1, 'vu1240'),
(4481751, 1, 1, 'vu1241'),
(4481762, 1, 1, 'vu1242'),
(4481772, 1, 1, 'vu1243'),
(4481778, 1, 1, 'vu1244'),
(2991203, 1, 1, 'vu1245'),
(2985000, 1, 1, 'vu1246'),
(4481789, 1, 1, 'vu1247'),
(4481796, 1, 1, 'vu1248'),
(4481803, 1, 1, 'vu1249'),
(3119859, 1, 1, 'vu1250'),
(4481812, 1, 1, 'vu1251'),
(4481819, 1, 1, 'vu1252'),
(4481827, 1, 1, 'vu1253'),
(4481835, 1, 1, 'vu1254'),
(4481840, 1, 1, 'vu1255'),
(4481850, 1, 1, 'vu1256'),
(2985084, 1, 1, 'vu1257'),
(4481858, 1, 1, 'vu1258'),
(3169634, 1, 1, 'vu1259'),
(4481865, 1, 1, 'vu1260'),
(4481872, 1, 1, 'vu1261'),
(4481879, 1, 1, 'vu1262'),
(4481892, 1, 1, 'vu1263'),
(4482052, 1, 1, 'vu1267'),
(2985315, 1, 1, 'vu1268'),
(3603523, 1, 1, 'vu1269'),
(4482058, 1, 1, 'vu1270'),
(4482066, 1, 1, 'vu1271'),
(4482076, 1, 1, 'vu1272'),
(4482086, 1, 1, 'vu1273'),
(4482094, 1, 1, 'vu1274'),
(4482103, 1, 1, 'vu1275'),
(4482113, 1, 1, 'vu1276'),
(4482121, 1, 1, 'vu1277'),
(4482130, 1, 1, 'vu1278'),
(4482140, 1, 1, 'vu1279'),
(3084618, 1, 1, 'vu1280'),
(3072703, 1, 1, 'vu1281'),
(4482149, 1, 1, 'vu1285'),
(4482157, 1, 1, 'vu1286'),
(4482167, 1, 1, 'vu1287'),
(4482175, 1, 1, 'vu1288'),
(4482185, 1, 1, 'vu1289'),
(4482194, 1, 1, 'vu1290'),
(4482204, 1, 1, 'vu1295'),
(4482213, 1, 1, 'vu1296'),
(4478034, 1, 1, 'vulk'),
(2987109, 1, 1, 'vur061'),
(4482555, 1, 1, 'vur072'),
(4482585, 1, 1, 'vur073'),
(4482575, 1, 1, 'vur074'),
(4482565, 1, 1, 'vur077'),
(4478103, 1, 1, 'vur093'),
(4482633, 1, 1, 'vur097'),
(2937117, 1, 1, 'vur103'),
(4478125, 1, 1, 'vur137'),
(4482484, 1, 1, 'vur151'),
(4482474, 1, 1, 'vur156'),
(4478140, 1, 1, 'vur225'),
(4482790, 1, 1, 'vur234'),
(4482795, 1, 1, 'vur235'),
(4482801, 1, 1, 'vur236'),
(4482807, 1, 1, 'vur237'),
(4482813, 1, 1, 'vur238'),
(4482539, 1, 1, 'vur291'),
(4482545, 1, 1, 'vur293'),
(4482751, 1, 1, 'vur552'),
(4482757, 1, 1, 'vur562'),
(4482764, 1, 1, 'vur563'),
(4482705, 1, 1, 'vur564'),
(4482693, 1, 1, 'vur565'),
(4482532, 1, 1, 'vur581'),
(4482699, 1, 1, 'vur591'),
(4482618, 1, 1, 'vur593'),
(4482623, 1, 1, 'vur597'),
(4482643, 1, 1, 'vur607'),
(3033682, 1, 1, 'vur611'),
(4480877, 1, 1, 'vur612'),
(4480896, 1, 1, 'vur613'),
(4480936, 1, 1, 'vur614'),
(4480908, 1, 1, 'vur615'),
(2940070, 1, 1, 'vur616'),
(4480850, 1, 1, 'vur617'),
(4480927, 1, 1, 'vur618'),
(4480917, 1, 1, 'vur619'),
(4480946, 1, 1, 'vur620'),
(4480887, 1, 1, 'vur621'),
(2940079, 1, 1, 'vur622'),
(4480868, 1, 1, 'vur623'),
(4480860, 1, 1, 'vur624'),
(4481906, 1, 1, 'vur626'),
(4481915, 1, 1, 'vur627'),
(4481921, 1, 1, 'vur628'),
(4481928, 1, 1, 'vur629'),
(4481935, 1, 1, 'vur630'),
(4481898, 1, 1, 'vur631'),
(4482596, 1, 1, 'vur640'),
(4482604, 1, 1, 'vur641'),
(4482661, 1, 1, 'vur649'),
(4482669, 1, 1, 'vur650'),
(4482676, 1, 1, 'vur651'),
(4482686, 1, 1, 'vur656'),
(4482737, 1, 1, 'vur658'),
(4482773, 1, 1, 'vur661'),
(4482783, 1, 1, 'vur666'),
(4482835, 1, 1, 'vur671'),
(4482841, 1, 1, 'vur675'),
(4482848, 1, 1, 'vur676'),
(4482854, 1, 1, 'vur677'),
(4482493, 1, 1, 'vur681'),
(4482503, 1, 1, 'vur682'),
(4482512, 1, 1, 'vur683'),
(4482520, 1, 1, 'vur684'),
(4482651, 1, 1, 'vur685'),
(4482744, 1, 1, 'vur686'),
(4481047, 1, 1, 'wahine'),
(4481563, 1, 1, 'was'),
(4477975, 1, 1, 'wayfarer'),
(4480991, 1, 1, 'woman'),
(4481114, 1, 1, 'xold'),
(4481406, 1, 1, 'yau'),
(3071865, 1, 1, 'yel'),
(3052373, 1, 1, 'yell'),
(4481416, 1, 1, 'yello'),
(4481397, 1, 1, 'yellow'),
(4482840, 1, 1, 'yenosid'),
(4482166, 1, 1, 'ylodin'),
(4480805, 1, 1, 'you'),
(4482050, 1, 1, 'ysy'),
(4476935, 1, 1, 'zafiro'),
(4478173, 1, 1, 'zilo'),
(4480833, 1, 1, 'zinz'),
(4479484, 1, 1, 'ﬂuorescentes');

-- --------------------------------------------------------

--
-- Estructura de tabla para la tabla `ps_sekeyword`
--

CREATE TABLE `ps_sekeyword` (
  `id_sekeyword` int(10) UNSIGNED NOT NULL,
  `id_shop` int(10) UNSIGNED NOT NULL DEFAULT 1,
  `id_shop_group` int(10) UNSIGNED NOT NULL DEFAULT 1,
  `keyword` varchar(256) NOT NULL,
  `date_add` datetime NOT NULL
) ENGINE=InnoDB DEFAULT CHARSET=utf8;

-- --------------------------------------------------------

--
-- Estructura de tabla para la tabla `ps_shop`
--

CREATE TABLE `ps_shop` (
  `id_shop` int(11) NOT NULL,
  `id_shop_group` int(11) NOT NULL,
  `name` varchar(64) COLLATE utf8_unicode_ci NOT NULL,
  `id_category` int(11) NOT NULL,
  `theme_name` varchar(255) COLLATE utf8_unicode_ci NOT NULL,
  `active` tinyint(1) NOT NULL,
  `deleted` tinyint(1) NOT NULL
) ENGINE=InnoDB DEFAULT CHARSET=utf8 COLLATE=utf8_unicode_ci;

--
-- Volcado de datos para la tabla `ps_shop`
--

INSERT INTO `ps_shop` (`id_shop`, `id_shop_group`, `name`, `id_category`, `theme_name`, `active`, `deleted`) VALUES
(1, 1, 'Optica Brera', 2, 'optica', 1, 0);

-- --------------------------------------------------------

--
-- Estructura de tabla para la tabla `ps_shop_group`
--

CREATE TABLE `ps_shop_group` (
  `id_shop_group` int(11) NOT NULL,
  `name` varchar(64) COLLATE utf8_unicode_ci NOT NULL,
  `share_customer` tinyint(1) NOT NULL,
  `share_order` tinyint(1) NOT NULL,
  `share_stock` tinyint(1) NOT NULL,
  `active` tinyint(1) NOT NULL,
  `deleted` tinyint(1) NOT NULL
) ENGINE=InnoDB DEFAULT CHARSET=utf8 COLLATE=utf8_unicode_ci;

--
-- Volcado de datos para la tabla `ps_shop_group`
--

INSERT INTO `ps_shop_group` (`id_shop_group`, `name`, `share_customer`, `share_order`, `share_stock`, `active`, `deleted`) VALUES
(1, 'Default', 0, 0, 0, 1, 0);

-- --------------------------------------------------------

--
-- Estructura de tabla para la tabla `ps_shop_url`
--

CREATE TABLE `ps_shop_url` (
  `id_shop_url` int(11) UNSIGNED NOT NULL,
  `id_shop` int(11) UNSIGNED NOT NULL,
  `domain` varchar(150) NOT NULL,
  `domain_ssl` varchar(150) NOT NULL,
  `physical_uri` varchar(64) NOT NULL,
  `virtual_uri` varchar(64) NOT NULL,
  `main` tinyint(1) NOT NULL,
  `active` tinyint(1) NOT NULL
) ENGINE=InnoDB DEFAULT CHARSET=utf8;

--
-- Volcado de datos para la tabla `ps_shop_url`
--

INSERT INTO `ps_shop_url` (`id_shop_url`, `id_shop`, `domain`, `domain_ssl`, `physical_uri`, `virtual_uri`, `main`, `active`) VALUES
(1, 1, 'opticabrera.com.ar', 'opticabrera.com.ar', '/', '', 1, 1);

-- --------------------------------------------------------

--
-- Estructura de tabla para la tabla `ps_smarty_cache`
--

CREATE TABLE `ps_smarty_cache` (
  `id_smarty_cache` char(40) NOT NULL,
  `name` char(40) NOT NULL,
  `cache_id` varchar(254) DEFAULT NULL,
  `modified` timestamp NOT NULL DEFAULT current_timestamp(),
  `content` longtext NOT NULL
) ENGINE=InnoDB DEFAULT CHARSET=utf8;

-- --------------------------------------------------------

--
-- Estructura de tabla para la tabla `ps_smarty_last_flush`
--

CREATE TABLE `ps_smarty_last_flush` (
  `type` enum('compile','template') NOT NULL,
  `last_flush` datetime NOT NULL DEFAULT '0000-00-00 00:00:00'
) ENGINE=InnoDB DEFAULT CHARSET=utf8;

-- --------------------------------------------------------

--
-- Estructura de tabla para la tabla `ps_smarty_lazy_cache`
--

CREATE TABLE `ps_smarty_lazy_cache` (
  `template_hash` varchar(32) NOT NULL DEFAULT '',
  `cache_id` varchar(255) NOT NULL DEFAULT '',
  `compile_id` varchar(32) NOT NULL DEFAULT '',
  `filepath` varchar(255) NOT NULL DEFAULT '',
  `last_update` datetime NOT NULL DEFAULT '0000-00-00 00:00:00'
) ENGINE=InnoDB DEFAULT CHARSET=utf8;

-- --------------------------------------------------------

--
-- Estructura de tabla para la tabla `ps_smart_blog_category`
--

CREATE TABLE `ps_smart_blog_category` (
  `id_smart_blog_category` int(11) NOT NULL,
  `level_depth` tinyint(3) UNSIGNED NOT NULL DEFAULT 0,
  `id_parent` varchar(45) DEFAULT NULL,
  `position` varchar(45) DEFAULT NULL,
  `desc_limit` varchar(45) DEFAULT NULL,
  `active` int(11) DEFAULT NULL,
  `created` datetime NOT NULL,
  `modified` datetime DEFAULT NULL
) ENGINE=InnoDB DEFAULT CHARSET=utf8;

--
-- Volcado de datos para la tabla `ps_smart_blog_category`
--

INSERT INTO `ps_smart_blog_category` (`id_smart_blog_category`, `level_depth`, `id_parent`, `position`, `desc_limit`, `active`, `created`, `modified`) VALUES
(1, 0, '0', NULL, NULL, 1, '0000-00-00 00:00:00', NULL),
(2, 1, '1', '0', '0', 1, '0000-00-00 00:00:00', '0000-00-00 00:00:00');

-- --------------------------------------------------------

--
-- Estructura de tabla para la tabla `ps_smart_blog_category_lang`
--

CREATE TABLE `ps_smart_blog_category_lang` (
  `id_smart_blog_category` int(11) NOT NULL,
  `id_lang` int(11) NOT NULL,
  `name` varchar(128) NOT NULL,
  `meta_title` varchar(150) DEFAULT NULL,
  `meta_keyword` varchar(200) DEFAULT NULL,
  `meta_description` varchar(350) DEFAULT NULL,
  `description` varchar(500) DEFAULT NULL,
  `link_rewrite` varchar(100) DEFAULT NULL
) ENGINE=InnoDB DEFAULT CHARSET=utf8;

--
-- Volcado de datos para la tabla `ps_smart_blog_category_lang`
--

INSERT INTO `ps_smart_blog_category_lang` (`id_smart_blog_category`, `id_lang`, `name`, `meta_title`, `meta_keyword`, `meta_description`, `description`, `link_rewrite`) VALUES
(1, 1, 'Home', 'Home', NULL, NULL, NULL, 'home'),
(2, 1, 'Politics', 'Politics', NULL, NULL, NULL, 'politics');

-- --------------------------------------------------------

--
-- Estructura de tabla para la tabla `ps_smart_blog_category_shop`
--

CREATE TABLE `ps_smart_blog_category_shop` (
  `id_smart_blog_category` int(11) NOT NULL,
  `id_shop` int(11) NOT NULL
) ENGINE=InnoDB DEFAULT CHARSET=utf8;

--
-- Volcado de datos para la tabla `ps_smart_blog_category_shop`
--

INSERT INTO `ps_smart_blog_category_shop` (`id_smart_blog_category`, `id_shop`) VALUES
(1, 1),
(2, 1);

-- --------------------------------------------------------

--
-- Estructura de tabla para la tabla `ps_smart_blog_comment`
--

CREATE TABLE `ps_smart_blog_comment` (
  `id_smart_blog_comment` int(11) NOT NULL,
  `id_parent` int(11) DEFAULT NULL,
  `id_customer` int(11) DEFAULT NULL,
  `id_post` int(11) DEFAULT NULL,
  `name` varchar(256) DEFAULT NULL,
  `email` varchar(90) DEFAULT NULL,
  `website` varchar(128) DEFAULT NULL,
  `content` text DEFAULT NULL,
  `active` int(11) DEFAULT NULL,
  `created` datetime NOT NULL
) ENGINE=InnoDB DEFAULT CHARSET=utf8;

-- --------------------------------------------------------

--
-- Estructura de tabla para la tabla `ps_smart_blog_comment_shop`
--

CREATE TABLE `ps_smart_blog_comment_shop` (
  `id_smart_blog_comment` int(11) NOT NULL,
  `id_shop` int(11) NOT NULL
) ENGINE=InnoDB DEFAULT CHARSET=utf8;

-- --------------------------------------------------------

--
-- Estructura de tabla para la tabla `ps_smart_blog_imagetype`
--

CREATE TABLE `ps_smart_blog_imagetype` (
  `id_smart_blog_imagetype` int(11) NOT NULL,
  `type_name` varchar(45) DEFAULT NULL,
  `width` varchar(45) DEFAULT NULL,
  `height` varchar(45) DEFAULT NULL,
  `type` varchar(45) DEFAULT NULL,
  `active` int(11) DEFAULT NULL
) ENGINE=InnoDB DEFAULT CHARSET=utf8;

--
-- Volcado de datos para la tabla `ps_smart_blog_imagetype`
--

INSERT INTO `ps_smart_blog_imagetype` (`id_smart_blog_imagetype`, `type_name`, `width`, `height`, `type`, `active`) VALUES
(1, 'home-default', '570', '354', 'post', 1),
(2, 'home-small', '65', '40', 'post', 1),
(3, 'single-default', '870', '541', 'post', 1),
(4, 'home-small', '65', '40', 'Category', 1),
(5, 'home-default', '240', '149', 'Category', 1),
(6, 'single-default', '770', '478', 'Category', 1),
(7, 'author-default', '54', '34', 'Author', 1);

-- --------------------------------------------------------

--
-- Estructura de tabla para la tabla `ps_smart_blog_media`
--

CREATE TABLE `ps_smart_blog_media` (
  `id_media` int(11) NOT NULL,
  `id_post` int(11) DEFAULT NULL,
  `id_parent` int(11) DEFAULT NULL,
  `position` int(11) DEFAULT NULL,
  `media_path` varchar(45) DEFAULT NULL,
  `media_name` varchar(45) DEFAULT NULL,
  `media_description` varchar(45) DEFAULT NULL
) ENGINE=InnoDB DEFAULT CHARSET=utf8;

-- --------------------------------------------------------

--
-- Estructura de tabla para la tabla `ps_smart_blog_post`
--

CREATE TABLE `ps_smart_blog_post` (
  `id_smart_blog_post` int(11) NOT NULL,
  `id_author` int(11) DEFAULT NULL,
  `id_category` int(11) DEFAULT NULL,
  `position` int(11) DEFAULT NULL,
  `active` int(11) DEFAULT NULL,
  `available` int(11) DEFAULT NULL,
  `created` datetime NOT NULL,
  `modified` datetime DEFAULT NULL,
  `viewed` int(11) DEFAULT NULL,
  `is_featured` int(11) DEFAULT NULL,
  `comment_status` int(11) DEFAULT NULL,
  `image` varchar(245) DEFAULT NULL,
  `associations` text DEFAULT NULL
) ENGINE=InnoDB DEFAULT CHARSET=utf8;

--
-- Volcado de datos para la tabla `ps_smart_blog_post`
--

INSERT INTO `ps_smart_blog_post` (`id_smart_blog_post`, `id_author`, `id_category`, `position`, `active`, `available`, `created`, `modified`, `viewed`, `is_featured`, `comment_status`, `image`, `associations`) VALUES
(1, 1, 1, 0, 1, 1, '2019-11-02 12:28:13', NULL, 0, NULL, 1, NULL, NULL),
(2, 1, 1, 0, 1, 1, '2019-11-02 12:28:13', NULL, 0, NULL, 1, NULL, NULL),
(3, 1, 1, 0, 1, 1, '2019-11-02 12:28:13', NULL, 0, NULL, 1, NULL, NULL),
(4, 1, 1, 0, 1, 1, '2019-11-02 12:28:13', NULL, 0, NULL, 1, NULL, NULL);

-- --------------------------------------------------------

--
-- Estructura de tabla para la tabla `ps_smart_blog_post_category`
--

CREATE TABLE `ps_smart_blog_post_category` (
  `id_smart_blog_category` int(11) NOT NULL,
  `id_smart_blog_post` int(11) NOT NULL
) ENGINE=InnoDB DEFAULT CHARSET=utf8;

-- --------------------------------------------------------

--
-- Estructura de tabla para la tabla `ps_smart_blog_post_lang`
--

CREATE TABLE `ps_smart_blog_post_lang` (
  `id_smart_blog_post` int(11) NOT NULL,
  `id_lang` varchar(45) NOT NULL,
  `meta_title` varchar(150) DEFAULT NULL,
  `meta_keyword` varchar(200) DEFAULT NULL,
  `meta_description` varchar(450) DEFAULT NULL,
  `short_description` varchar(450) DEFAULT NULL,
  `content` text DEFAULT NULL,
  `link_rewrite` varchar(45) DEFAULT NULL
) ENGINE=InnoDB DEFAULT CHARSET=utf8;

--
-- Volcado de datos para la tabla `ps_smart_blog_post_lang`
--

INSERT INTO `ps_smart_blog_post_lang` (`id_smart_blog_post`, `id_lang`, `meta_title`, `meta_keyword`, `meta_description`, `short_description`, `content`, `link_rewrite`) VALUES
(1, '1', 'From Now we are certified web agency', NULL, 'Smartdatasoft is an offshore web development company located in Bangladesh. We are serving this sector since 2010. Our team is committed to develop high quality web based application and theme for our clients and also for the global marketplace. As your web development partner we will assist you in planning, development, implementation and upgrade! Why Smartdatasoft? Smartdatasoft released their first prestashop theme in November 2012. Till now w', 'Smartdatasoft is an offshore web development company located in Bangladesh. We are serving this sector since 2010. Our team is committed to develop high quality web based application and theme for our', 'Smartdatasoft is an offshore web development company located in Bangladesh. We are serving this sector since 2010. Our team is committed to develop high quality web based application and theme for our clients and also for the global marketplace. As your web development partner we will assist you in planning, development, implementation and upgrade! Why Smartdatasoft? Smartdatasoft released their first prestashop theme in November 2012. Till now we have 6+ prestashop theme which are getting sold on global renowned marketplace. Those themes are getting used in more than 400 customers eCommerce websites. Those themes are very user friendly and highly customize able from admin dashboard. For these reason these theme are very popular among the end users and developers', 'from-now-we-are-certified-web-agency'),
(2, '1', 'What is Bootstrap? – The History and the Hype', NULL, 'Lorem Ipsum is simply dummy text of the printing and typesetting industry. Lorem Ipsum has been the industrys standard dummy text ever since the 1500s, when an unknown printer took a galley of type and scrambled it to make a type specimen book. It has survived not only five centuries, but also the leap into electronic typesetting, remaining essentially unchanged.', 'Lorem Ipsum is simply dummy text of the printing and typesetting industry. Lorem Ipsum has been the industrys standard dummy text ever since the 1500s, when an unknown printer took a galley of type an', 'Lorem Ipsum is simply dummy text of the printing and typesetting industry. Lorem Ipsum has been the industrys standard dummy text ever since the 1500s, when an unknown printer took a galley of type and scrambled it to make a type specimen book. It has survived not only five centuries, but also the leap into electronic typesetting, remaining essentially unchanged.', 'what-is-bootstrap'),
(3, '1', 'Answers to your Questions about PrestaShop 1.6', NULL, 'Lorem Ipsum is simply dummy text of the printing and typesetting industry. Lorem Ipsum has been the industrys standard dummy text ever since the 1500s, when an unknown printer took a galley of type and scrambled it to make a type specimen book. It has survived not only five centuries, but also the leap into electronic typesetting, remaining essentially unchanged.', 'Lorem Ipsum is simply dummy text of the printing and typesetting industry. Lorem Ipsum has been the industrys standard dummy text ever since the 1500s, when an unknown printer took a galley of type an', 'Lorem Ipsum is simply dummy text of the printing and typesetting industry. Lorem Ipsum has been the industrys standard dummy text ever since the 1500s, when an unknown printer took a galley of type and scrambled it to make a type specimen book. It has survived not only five centuries, but also the leap into electronic typesetting, remaining essentially unchanged.', 'question-about-prestashop'),
(4, '1', 'Share the Love for PrestaShop 1.6', NULL, 'Lorem Ipsum is simply dummy text of the printing and typesetting industry. Lorem Ipsum has been the industrys standard dummy text ever since the 1500s, when an unknown printer took a galley of type and scrambled it to make a type specimen book. It has survived not only five centuries, but also the leap into electronic typesetting, remaining essentially unchanged.', 'Lorem Ipsum is simply dummy text of the printing and typesetting industry. Lorem Ipsum has been the industrys standard dummy text ever since the 1500s, when an unknown printer took a galley of type an', 'Lorem Ipsum is simply dummy text of the printing and typesetting industry. Lorem Ipsum has been the industrys standard dummy text ever since the 1500s, when an unknown printer took a galley of type and scrambled it to make a type specimen book. It has survived not only five centuries, but also the leap into electronic typesetting, remaining essentially unchanged.', 'share-love-for-prestashop');

-- --------------------------------------------------------

--
-- Estructura de tabla para la tabla `ps_smart_blog_post_meta`
--

CREATE TABLE `ps_smart_blog_post_meta` (
  `id_smart_blog_post_meta` int(11) NOT NULL,
  `id_smart_blog_post` int(11) NOT NULL,
  `meta_key` varchar(50) NOT NULL,
  `meta_value` longtext DEFAULT NULL
) ENGINE=InnoDB DEFAULT CHARSET=utf8;

-- --------------------------------------------------------

--
-- Estructura de tabla para la tabla `ps_smart_blog_post_shop`
--

CREATE TABLE `ps_smart_blog_post_shop` (
  `id_smart_blog_post` int(11) NOT NULL,
  `id_shop` int(11) NOT NULL
) ENGINE=InnoDB DEFAULT CHARSET=utf8;

--
-- Volcado de datos para la tabla `ps_smart_blog_post_shop`
--

INSERT INTO `ps_smart_blog_post_shop` (`id_smart_blog_post`, `id_shop`) VALUES
(1, 1),
(2, 1),
(3, 1),
(4, 1);

-- --------------------------------------------------------

--
-- Estructura de tabla para la tabla `ps_smart_blog_post_tag`
--

CREATE TABLE `ps_smart_blog_post_tag` (
  `id_tag` int(11) NOT NULL,
  `id_post` int(11) DEFAULT NULL
) ENGINE=InnoDB DEFAULT CHARSET=utf8;

-- --------------------------------------------------------

--
-- Estructura de tabla para la tabla `ps_smart_blog_tag`
--

CREATE TABLE `ps_smart_blog_tag` (
  `id_tag` int(11) NOT NULL,
  `id_lang` int(11) DEFAULT NULL,
  `name` varchar(45) DEFAULT NULL
) ENGINE=InnoDB DEFAULT CHARSET=utf8;

-- --------------------------------------------------------

--
-- Estructura de tabla para la tabla `ps_specific_price`
--

CREATE TABLE `ps_specific_price` (
  `id_specific_price` int(10) UNSIGNED NOT NULL,
  `id_specific_price_rule` int(11) UNSIGNED NOT NULL,
  `id_cart` int(11) UNSIGNED NOT NULL,
  `id_product` int(10) UNSIGNED NOT NULL,
  `id_shop` int(11) UNSIGNED NOT NULL DEFAULT 1,
  `id_shop_group` int(11) UNSIGNED NOT NULL,
  `id_currency` int(10) UNSIGNED NOT NULL,
  `id_country` int(10) UNSIGNED NOT NULL,
  `id_group` int(10) UNSIGNED NOT NULL,
  `id_customer` int(10) UNSIGNED NOT NULL,
  `id_product_attribute` int(10) UNSIGNED NOT NULL,
  `price` decimal(20,6) NOT NULL,
  `from_quantity` mediumint(8) UNSIGNED NOT NULL,
  `reduction` decimal(20,6) NOT NULL,
  `reduction_tax` tinyint(1) NOT NULL DEFAULT 1,
  `reduction_type` enum('amount','percentage') NOT NULL,
  `from` datetime NOT NULL,
  `to` datetime NOT NULL
) ENGINE=InnoDB DEFAULT CHARSET=utf8;

--
-- Volcado de datos para la tabla `ps_specific_price`
--

INSERT INTO `ps_specific_price` (`id_specific_price`, `id_specific_price_rule`, `id_cart`, `id_product`, `id_shop`, `id_shop_group`, `id_currency`, `id_country`, `id_group`, `id_customer`, `id_product_attribute`, `price`, `from_quantity`, `reduction`, `reduction_tax`, `reduction_type`, `from`, `to`) VALUES
(18, 0, 0, 27, 1, 0, 0, 0, 0, 0, 0, '-1.000000', 1, '357.000000', 1, 'amount', '0000-00-00 00:00:00', '2020-09-03 00:00:00'),
(22, 0, 0, 24, 1, 0, 0, 0, 0, 0, 0, '-1.000000', 1, '281.000000', 1, 'amount', '0000-00-00 00:00:00', '2020-09-03 00:00:00'),
(23, 0, 0, 25, 1, 0, 0, 0, 0, 0, 0, '-1.000000', 1, '357.000000', 1, 'amount', '0000-00-00 00:00:00', '2020-09-03 00:00:00'),
(24, 0, 0, 26, 1, 0, 0, 0, 0, 0, 0, '-1.000000', 1, '440.000000', 1, 'amount', '0000-00-00 00:00:00', '2020-09-03 00:00:00'),
(30, 0, 0, 138, 1, 0, 0, 0, 0, 0, 0, '-1.000000', 1, '4900.000000', 1, 'amount', '0000-00-00 00:00:00', '0000-00-00 00:00:00'),
(31, 0, 0, 139, 1, 0, 0, 0, 0, 0, 0, '-1.000000', 1, '3900.000000', 1, 'amount', '0000-00-00 00:00:00', '0000-00-00 00:00:00'),
(50, 0, 0, 150, 1, 0, 0, 0, 0, 0, 0, '-1.000000', 1, '0.150000', 1, 'percentage', '0000-00-00 00:00:00', '0000-00-00 00:00:00'),
(51, 0, 0, 152, 1, 0, 0, 0, 0, 0, 0, '-1.000000', 1, '0.150000', 1, 'percentage', '0000-00-00 00:00:00', '0000-00-00 00:00:00'),
(52, 0, 0, 151, 1, 0, 0, 0, 0, 0, 0, '-1.000000', 1, '0.150000', 1, 'percentage', '0000-00-00 00:00:00', '0000-00-00 00:00:00'),
(53, 0, 0, 149, 1, 0, 0, 0, 0, 0, 0, '-1.000000', 1, '0.150000', 1, 'percentage', '0000-00-00 00:00:00', '0000-00-00 00:00:00'),
(54, 0, 0, 148, 1, 0, 0, 0, 0, 0, 0, '-1.000000', 1, '0.150000', 1, 'percentage', '0000-00-00 00:00:00', '0000-00-00 00:00:00'),
(55, 0, 0, 147, 1, 0, 0, 0, 0, 0, 0, '-1.000000', 1, '0.150000', 1, 'percentage', '0000-00-00 00:00:00', '0000-00-00 00:00:00'),
(56, 0, 0, 146, 1, 0, 0, 0, 0, 0, 0, '-1.000000', 1, '0.150000', 1, 'percentage', '0000-00-00 00:00:00', '0000-00-00 00:00:00'),
(57, 0, 0, 145, 1, 0, 0, 0, 0, 0, 0, '-1.000000', 1, '0.150000', 1, 'percentage', '0000-00-00 00:00:00', '0000-00-00 00:00:00'),
(58, 0, 0, 144, 1, 0, 0, 0, 0, 0, 0, '-1.000000', 1, '0.150000', 1, 'percentage', '0000-00-00 00:00:00', '0000-00-00 00:00:00'),
(59, 0, 0, 143, 1, 0, 0, 0, 0, 0, 0, '-1.000000', 1, '0.150000', 1, 'percentage', '0000-00-00 00:00:00', '0000-00-00 00:00:00'),
(60, 0, 0, 142, 1, 0, 0, 0, 0, 0, 0, '-1.000000', 1, '0.150000', 1, 'percentage', '0000-00-00 00:00:00', '0000-00-00 00:00:00'),
(61, 0, 0, 141, 1, 0, 0, 0, 0, 0, 0, '-1.000000', 1, '0.150000', 1, 'percentage', '0000-00-00 00:00:00', '0000-00-00 00:00:00'),
(62, 0, 0, 140, 1, 0, 0, 0, 0, 0, 0, '-1.000000', 1, '0.150000', 1, 'percentage', '0000-00-00 00:00:00', '0000-00-00 00:00:00'),
(63, 0, 0, 153, 1, 0, 0, 0, 0, 0, 0, '-1.000000', 1, '0.150000', 1, 'percentage', '0000-00-00 00:00:00', '0000-00-00 00:00:00'),
(65, 0, 0, 156, 1, 0, 0, 0, 0, 0, 0, '-1.000000', 1, '0.250000', 1, 'percentage', '0000-00-00 00:00:00', '0000-00-00 00:00:00'),
(66, 0, 0, 134, 1, 0, 0, 0, 0, 0, 0, '-1.000000', 1, '0.333333', 1, 'percentage', '0000-00-00 00:00:00', '0000-00-00 00:00:00'),
(67, 0, 0, 135, 1, 0, 0, 0, 0, 0, 0, '-1.000000', 1, '0.333333', 1, 'percentage', '0000-00-00 00:00:00', '0000-00-00 00:00:00'),
(68, 0, 0, 136, 1, 0, 0, 0, 0, 0, 0, '-1.000000', 1, '0.333333', 1, 'percentage', '0000-00-00 00:00:00', '0000-00-00 00:00:00'),
(69, 0, 0, 157, 1, 0, 0, 0, 0, 0, 0, '-1.000000', 1, '0.250000', 1, 'percentage', '0000-00-00 00:00:00', '0000-00-00 00:00:00'),
(70, 0, 0, 137, 1, 0, 0, 0, 0, 0, 0, '-1.000000', 1, '0.250000', 1, 'percentage', '0000-00-00 00:00:00', '0000-00-00 00:00:00'),
(71, 0, 0, 178, 1, 0, 0, 0, 0, 0, 0, '-1.000000', 1, '0.250000', 1, 'percentage', '0000-00-00 00:00:00', '0000-00-00 00:00:00'),
(72, 0, 0, 442, 1, 0, 0, 0, 0, 0, 0, '-1.000000', 1, '0.250000', 1, 'percentage', '0000-00-00 00:00:00', '0000-00-00 00:00:00'),
(73, 0, 0, 493, 1, 0, 0, 0, 0, 0, 0, '-1.000000', 1, '0.250000', 1, 'percentage', '0000-00-00 00:00:00', '0000-00-00 00:00:00');

-- --------------------------------------------------------

--
-- Estructura de tabla para la tabla `ps_specific_price_priority`
--

CREATE TABLE `ps_specific_price_priority` (
  `id_specific_price_priority` int(11) NOT NULL,
  `id_product` int(11) NOT NULL,
  `priority` varchar(80) NOT NULL
) ENGINE=InnoDB DEFAULT CHARSET=utf8;

--
-- Volcado de datos para la tabla `ps_specific_price_priority`
--

INSERT INTO `ps_specific_price_priority` (`id_specific_price_priority`, `id_product`, `priority`) VALUES
(1, 1, 'id_shop;id_currency;id_country;id_group'),
(14, 22, 'id_shop;id_currency;id_country;id_group'),
(16, 16, 'id_shop;id_currency;id_country;id_group'),
(24, 15, 'id_shop;id_currency;id_country;id_group'),
(26, 4, 'id_shop;id_currency;id_country;id_group'),
(27, 7, 'id_shop;id_currency;id_country;id_group'),
(28, 8, 'id_shop;id_currency;id_country;id_group'),
(34, 2, 'id_shop;id_currency;id_country;id_group'),
(35, 5, 'id_shop;id_currency;id_country;id_group'),
(36, 6, 'id_shop;id_currency;id_country;id_group'),
(47, 3, 'id_shop;id_currency;id_country;id_group'),
(52, 9, 'id_shop;id_currency;id_country;id_group'),
(53, 10, 'id_shop;id_currency;id_country;id_group'),
(54, 11, 'id_shop;id_currency;id_country;id_group'),
(55, 12, 'id_shop;id_currency;id_country;id_group'),
(56, 13, 'id_shop;id_currency;id_country;id_group'),
(60, 14, 'id_shop;id_currency;id_country;id_group'),
(61, 23, 'id_shop;id_currency;id_country;id_group'),
(64, 24, 'id_shop;id_currency;id_country;id_group'),
(65, 25, 'id_shop;id_currency;id_country;id_group'),
(66, 26, 'id_shop;id_currency;id_country;id_group'),
(67, 27, 'id_shop;id_currency;id_country;id_group'),
(68, 28, 'id_shop;id_currency;id_country;id_group'),
(148, 67, 'id_shop;id_currency;id_country;id_group'),
(156, 29, 'id_shop;id_currency;id_country;id_group'),
(157, 30, 'id_shop;id_currency;id_country;id_group'),
(158, 44, 'id_shop;id_currency;id_country;id_group'),
(274, 115, 'id_shop;id_currency;id_country;id_group'),
(300, 17, 'id_shop;id_currency;id_country;id_group'),
(303, 33, 'id_shop;id_currency;id_country;id_group'),
(310, 134, 'id_shop;id_currency;id_country;id_group'),
(346, 135, 'id_shop;id_currency;id_country;id_group'),
(348, 136, 'id_shop;id_currency;id_country;id_group'),
(351, 137, 'id_shop;id_currency;id_country;id_group'),
(355, 138, 'id_shop;id_currency;id_country;id_group'),
(360, 139, 'id_shop;id_currency;id_country;id_group'),
(453, 140, 'id_shop;id_currency;id_country;id_group'),
(474, 21, 'id_shop;id_currency;id_country;id_group'),
(475, 20, 'id_shop;id_currency;id_country;id_group'),
(476, 19, 'id_shop;id_currency;id_country;id_group'),
(477, 18, 'id_shop;id_currency;id_country;id_group'),
(492, 150, 'id_shop;id_currency;id_country;id_group'),
(494, 152, 'id_shop;id_currency;id_country;id_group'),
(495, 151, 'id_shop;id_currency;id_country;id_group'),
(496, 149, 'id_shop;id_currency;id_country;id_group'),
(497, 148, 'id_shop;id_currency;id_country;id_group'),
(498, 147, 'id_shop;id_currency;id_country;id_group'),
(499, 146, 'id_shop;id_currency;id_country;id_group'),
(500, 145, 'id_shop;id_currency;id_country;id_group'),
(502, 144, 'id_shop;id_currency;id_country;id_group'),
(503, 143, 'id_shop;id_currency;id_country;id_group'),
(504, 142, 'id_shop;id_currency;id_country;id_group'),
(505, 141, 'id_shop;id_currency;id_country;id_group'),
(512, 153, 'id_shop;id_currency;id_country;id_group'),
(525, 154, 'id_shop;id_currency;id_country;id_group'),
(547, 155, 'id_shop;id_currency;id_country;id_group'),
(549, 156, 'id_shop;id_currency;id_country;id_group'),
(550, 157, 'id_shop;id_currency;id_country;id_group'),
(552, 158, 'id_shop;id_currency;id_country;id_group'),
(566, 159, 'id_shop;id_currency;id_country;id_group'),
(740, 125, 'id_shop;id_currency;id_country;id_group'),
(770, 35, 'id_shop;id_currency;id_country;id_group'),
(907, 51, 'id_shop;id_currency;id_country;id_group'),
(909, 52, 'id_shop;id_currency;id_country;id_group'),
(911, 53, 'id_shop;id_currency;id_country;id_group'),
(913, 54, 'id_shop;id_currency;id_country;id_group'),
(916, 55, 'id_shop;id_currency;id_country;id_group'),
(918, 56, 'id_shop;id_currency;id_country;id_group'),
(920, 57, 'id_shop;id_currency;id_country;id_group'),
(922, 58, 'id_shop;id_currency;id_country;id_group'),
(943, 176, 'id_shop;id_currency;id_country;id_group'),
(944, 175, 'id_shop;id_currency;id_country;id_group'),
(945, 174, 'id_shop;id_currency;id_country;id_group'),
(946, 172, 'id_shop;id_currency;id_country;id_group'),
(948, 171, 'id_shop;id_currency;id_country;id_group'),
(949, 170, 'id_shop;id_currency;id_country;id_group'),
(950, 169, 'id_shop;id_currency;id_country;id_group'),
(951, 168, 'id_shop;id_currency;id_country;id_group'),
(952, 167, 'id_shop;id_currency;id_country;id_group'),
(953, 166, 'id_shop;id_currency;id_country;id_group'),
(954, 165, 'id_shop;id_currency;id_country;id_group'),
(955, 164, 'id_shop;id_currency;id_country;id_group'),
(956, 173, 'id_shop;id_currency;id_country;id_group'),
(1013, 177, 'id_shop;id_currency;id_country;id_group'),
(1016, 178, 'id_shop;id_currency;id_country;id_group'),
(1023, 183, 'id_shop;id_currency;id_country;id_group'),
(1025, 191, 'id_shop;id_currency;id_country;id_group'),
(1027, 45, 'id_shop;id_currency;id_country;id_group'),
(1056, 59, 'id_shop;id_currency;id_country;id_group'),
(1060, 258, 'id_shop;id_currency;id_country;id_group'),
(1062, 325, 'id_shop;id_currency;id_country;id_group'),
(1063, 324, 'id_shop;id_currency;id_country;id_group'),
(1064, 323, 'id_shop;id_currency;id_country;id_group'),
(1072, 415, 'id_shop;id_currency;id_country;id_group'),
(1075, 441, 'id_shop;id_currency;id_country;id_group'),
(1077, 440, 'id_shop;id_currency;id_country;id_group'),
(1078, 439, 'id_shop;id_currency;id_country;id_group'),
(1101, 436, 'id_shop;id_currency;id_country;id_group'),
(1102, 435, 'id_shop;id_currency;id_country;id_group'),
(1104, 432, 'id_shop;id_currency;id_country;id_group'),
(1105, 431, 'id_shop;id_currency;id_country;id_group'),
(1106, 430, 'id_shop;id_currency;id_country;id_group'),
(1107, 429, 'id_shop;id_currency;id_country;id_group'),
(1108, 428, 'id_shop;id_currency;id_country;id_group'),
(1109, 424, 'id_shop;id_currency;id_country;id_group'),
(1110, 423, 'id_shop;id_currency;id_country;id_group'),
(1111, 422, 'id_shop;id_currency;id_country;id_group'),
(1112, 420, 'id_shop;id_currency;id_country;id_group'),
(1113, 419, 'id_shop;id_currency;id_country;id_group'),
(1114, 418, 'id_shop;id_currency;id_country;id_group'),
(1115, 417, 'id_shop;id_currency;id_country;id_group'),
(1116, 416, 'id_shop;id_currency;id_country;id_group'),
(1117, 433, 'id_shop;id_currency;id_country;id_group'),
(1118, 434, 'id_shop;id_currency;id_country;id_group'),
(1119, 427, 'id_shop;id_currency;id_country;id_group'),
(1120, 426, 'id_shop;id_currency;id_country;id_group'),
(1121, 425, 'id_shop;id_currency;id_country;id_group'),
(1122, 421, 'id_shop;id_currency;id_country;id_group'),
(1126, 322, 'id_shop;id_currency;id_country;id_group'),
(1127, 321, 'id_shop;id_currency;id_country;id_group'),
(1132, 73, 'id_shop;id_currency;id_country;id_group'),
(1133, 74, 'id_shop;id_currency;id_country;id_group'),
(1143, 442, 'id_shop;id_currency;id_country;id_group'),
(1169, 372, 'id_shop;id_currency;id_country;id_group'),
(1170, 89, 'id_shop;id_currency;id_country;id_group'),
(1171, 361, 'id_shop;id_currency;id_country;id_group'),
(1172, 371, 'id_shop;id_currency;id_country;id_group'),
(1174, 493, 'id_shop;id_currency;id_country;id_group');

-- --------------------------------------------------------

--
-- Estructura de tabla para la tabla `ps_specific_price_rule`
--

CREATE TABLE `ps_specific_price_rule` (
  `id_specific_price_rule` int(10) UNSIGNED NOT NULL,
  `name` varchar(255) NOT NULL,
  `id_shop` int(11) UNSIGNED NOT NULL DEFAULT 1,
  `id_currency` int(10) UNSIGNED NOT NULL,
  `id_country` int(10) UNSIGNED NOT NULL,
  `id_group` int(10) UNSIGNED NOT NULL,
  `from_quantity` mediumint(8) UNSIGNED NOT NULL,
  `price` decimal(20,6) DEFAULT NULL,
  `reduction` decimal(20,6) NOT NULL,
  `reduction_tax` tinyint(1) NOT NULL DEFAULT 1,
  `reduction_type` enum('amount','percentage') NOT NULL,
  `from` datetime NOT NULL,
  `to` datetime NOT NULL
) ENGINE=InnoDB DEFAULT CHARSET=utf8;

-- --------------------------------------------------------

--
-- Estructura de tabla para la tabla `ps_specific_price_rule_condition`
--

CREATE TABLE `ps_specific_price_rule_condition` (
  `id_specific_price_rule_condition` int(11) UNSIGNED NOT NULL,
  `id_specific_price_rule_condition_group` int(11) UNSIGNED NOT NULL,
  `type` varchar(255) NOT NULL,
  `value` varchar(255) NOT NULL
) ENGINE=InnoDB DEFAULT CHARSET=utf8;

-- --------------------------------------------------------

--
-- Estructura de tabla para la tabla `ps_specific_price_rule_condition_group`
--

CREATE TABLE `ps_specific_price_rule_condition_group` (
  `id_specific_price_rule_condition_group` int(11) UNSIGNED NOT NULL,
  `id_specific_price_rule` int(11) UNSIGNED NOT NULL
) ENGINE=InnoDB DEFAULT CHARSET=utf8;

-- --------------------------------------------------------

--
-- Estructura de tabla para la tabla `ps_state`
--

CREATE TABLE `ps_state` (
  `id_state` int(10) UNSIGNED NOT NULL,
  `id_country` int(11) UNSIGNED NOT NULL,
  `id_zone` int(11) UNSIGNED NOT NULL,
  `name` varchar(64) NOT NULL,
  `iso_code` varchar(7) NOT NULL,
  `tax_behavior` smallint(1) NOT NULL DEFAULT 0,
  `active` tinyint(1) NOT NULL DEFAULT 0
) ENGINE=InnoDB DEFAULT CHARSET=utf8;

--
-- Volcado de datos para la tabla `ps_state`
--

INSERT INTO `ps_state` (`id_state`, `id_country`, `id_zone`, `name`, `iso_code`, `tax_behavior`, `active`) VALUES
(1, 21, 2, 'AA', 'AA', 0, 1),
(2, 21, 2, 'AE', 'AE', 0, 1),
(3, 21, 2, 'AP', 'AP', 0, 1),
(4, 21, 2, 'Alabama', 'AL', 0, 1),
(5, 21, 2, 'Alaska', 'AK', 0, 1),
(6, 21, 2, 'Arizona', 'AZ', 0, 1),
(7, 21, 2, 'Arkansas', 'AR', 0, 1),
(8, 21, 2, 'California', 'CA', 0, 1),
(9, 21, 2, 'Colorado', 'CO', 0, 1),
(10, 21, 2, 'Connecticut', 'CT', 0, 1),
(11, 21, 2, 'Delaware', 'DE', 0, 1),
(12, 21, 2, 'Florida', 'FL', 0, 1),
(13, 21, 2, 'Georgia', 'GA', 0, 1),
(14, 21, 2, 'Hawaii', 'HI', 0, 1),
(15, 21, 2, 'Idaho', 'ID', 0, 1),
(16, 21, 2, 'Illinois', 'IL', 0, 1),
(17, 21, 2, 'Indiana', 'IN', 0, 1),
(18, 21, 2, 'Iowa', 'IA', 0, 1),
(19, 21, 2, 'Kansas', 'KS', 0, 1),
(20, 21, 2, 'Kentucky', 'KY', 0, 1),
(21, 21, 2, 'Louisiana', 'LA', 0, 1),
(22, 21, 2, 'Maine', 'ME', 0, 1),
(23, 21, 2, 'Maryland', 'MD', 0, 1),
(24, 21, 2, 'Massachusetts', 'MA', 0, 1),
(25, 21, 2, 'Michigan', 'MI', 0, 1),
(26, 21, 2, 'Minnesota', 'MN', 0, 1),
(27, 21, 2, 'Mississippi', 'MS', 0, 1),
(28, 21, 2, 'Missouri', 'MO', 0, 1),
(29, 21, 2, 'Montana', 'MT', 0, 1),
(30, 21, 2, 'Nebraska', 'NE', 0, 1),
(31, 21, 2, 'Nevada', 'NV', 0, 1),
(32, 21, 2, 'New Hampshire', 'NH', 0, 1),
(33, 21, 2, 'New Jersey', 'NJ', 0, 1),
(34, 21, 2, 'New Mexico', 'NM', 0, 1),
(35, 21, 2, 'New York', 'NY', 0, 1),
(36, 21, 2, 'North Carolina', 'NC', 0, 1),
(37, 21, 2, 'North Dakota', 'ND', 0, 1),
(38, 21, 2, 'Ohio', 'OH', 0, 1),
(39, 21, 2, 'Oklahoma', 'OK', 0, 1),
(40, 21, 2, 'Oregon', 'OR', 0, 1),
(41, 21, 2, 'Pennsylvania', 'PA', 0, 1),
(42, 21, 2, 'Rhode Island', 'RI', 0, 1),
(43, 21, 2, 'South Carolina', 'SC', 0, 1),
(44, 21, 2, 'South Dakota', 'SD', 0, 1),
(45, 21, 2, 'Tennessee', 'TN', 0, 1),
(46, 21, 2, 'Texas', 'TX', 0, 1),
(47, 21, 2, 'Utah', 'UT', 0, 1),
(48, 21, 2, 'Vermont', 'VT', 0, 1),
(49, 21, 2, 'Virginia', 'VA', 0, 1),
(50, 21, 2, 'Washington', 'WA', 0, 1),
(51, 21, 2, 'West Virginia', 'WV', 0, 1),
(52, 21, 2, 'Wisconsin', 'WI', 0, 1),
(53, 21, 2, 'Wyoming', 'WY', 0, 1),
(54, 21, 2, 'Puerto Rico', 'PR', 0, 1),
(55, 21, 2, 'US Virgin Islands', 'VI', 0, 1),
(56, 21, 2, 'District of Columbia', 'DC', 0, 1),
(57, 145, 2, 'Aguascalientes', 'AGS', 0, 1),
(58, 145, 2, 'Baja California', 'BCN', 0, 1),
(59, 145, 2, 'Baja California Sur', 'BCS', 0, 1),
(60, 145, 2, 'Campeche', 'CAM', 0, 1),
(61, 145, 2, 'Chiapas', 'CHP', 0, 1),
(62, 145, 2, 'Chihuahua', 'CHH', 0, 1),
(63, 145, 2, 'Coahuila', 'COA', 0, 1),
(64, 145, 2, 'Colima', 'COL', 0, 1),
(65, 145, 2, 'Distrito Federal', 'DIF', 0, 1),
(66, 145, 2, 'Durango', 'DUR', 0, 1),
(67, 145, 2, 'Guanajuato', 'GUA', 0, 1),
(68, 145, 2, 'Guerrero', 'GRO', 0, 1),
(69, 145, 2, 'Hidalgo', 'HID', 0, 1),
(70, 145, 2, 'Jalisco', 'JAL', 0, 1),
(71, 145, 2, 'Estado de México', 'MEX', 0, 1),
(72, 145, 2, 'Michoacán', 'MIC', 0, 1),
(73, 145, 2, 'Morelos', 'MOR', 0, 1),
(74, 145, 2, 'Nayarit', 'NAY', 0, 1),
(75, 145, 2, 'Nuevo León', 'NLE', 0, 1),
(76, 145, 2, 'Oaxaca', 'OAX', 0, 1),
(77, 145, 2, 'Puebla', 'PUE', 0, 1),
(78, 145, 2, 'Querétaro', 'QUE', 0, 1),
(79, 145, 2, 'Quintana Roo', 'ROO', 0, 1),
(80, 145, 2, 'San Luis Potosí', 'SLP', 0, 1),
(81, 145, 2, 'Sinaloa', 'SIN', 0, 1),
(82, 145, 2, 'Sonora', 'SON', 0, 1),
(83, 145, 2, 'Tabasco', 'TAB', 0, 1),
(84, 145, 2, 'Tamaulipas', 'TAM', 0, 1),
(85, 145, 2, 'Tlaxcala', 'TLA', 0, 1),
(86, 145, 2, 'Veracruz', 'VER', 0, 1),
(87, 145, 2, 'Yucatán', 'YUC', 0, 1),
(88, 145, 2, 'Zacatecas', 'ZAC', 0, 1),
(89, 4, 2, 'Ontario', 'ON', 0, 1),
(90, 4, 2, 'Quebec', 'QC', 0, 1),
(91, 4, 2, 'British Columbia', 'BC', 0, 1),
(92, 4, 2, 'Alberta', 'AB', 0, 1),
(93, 4, 2, 'Manitoba', 'MB', 0, 1),
(94, 4, 2, 'Saskatchewan', 'SK', 0, 1),
(95, 4, 2, 'Nova Scotia', 'NS', 0, 1),
(96, 4, 2, 'New Brunswick', 'NB', 0, 1),
(97, 4, 2, 'Newfoundland and Labrador', 'NL', 0, 1),
(98, 4, 2, 'Prince Edward Island', 'PE', 0, 1),
(99, 4, 2, 'Northwest Territories', 'NT', 0, 1),
(100, 4, 2, 'Yukon', 'YT', 0, 1),
(101, 4, 2, 'Nunavut', 'NU', 0, 1),
(102, 44, 10, 'Buenos Aires (GBA)', 'B', 0, 1),
(103, 44, 11, 'Catamarca', 'K', 0, 1),
(104, 44, 11, 'Chaco', 'H', 0, 1),
(105, 44, 11, 'Chubut', 'U', 0, 1),
(106, 44, 9, 'CABA - Ciudad de Bs As', 'C', 0, 1),
(107, 44, 10, 'Córdoba', 'X', 0, 1),
(108, 44, 11, 'Corrientes', 'W', 0, 1),
(109, 44, 10, 'Entre Ríos', 'E', 0, 1),
(110, 44, 11, 'Formosa', 'P', 0, 1),
(111, 44, 12, 'Jujuy', 'Y', 0, 1),
(112, 44, 10, 'La Pampa', 'L', 0, 1),
(113, 44, 11, 'La Rioja', 'F', 0, 1),
(114, 44, 11, 'Mendoza', 'M', 0, 1),
(115, 44, 11, 'Misiones', 'N', 0, 1),
(116, 44, 11, 'Neuquén', 'Q', 0, 1),
(117, 44, 11, 'Río Negro', 'R', 0, 1),
(118, 44, 11, 'Salta', 'A', 0, 1),
(119, 44, 11, 'San Juan', 'J', 0, 1),
(120, 44, 10, 'San Luis', 'D', 0, 1),
(121, 44, 12, 'Santa Cruz', 'Z', 0, 1),
(122, 44, 10, 'Santa Fe', 'S', 0, 1),
(123, 44, 11, 'Santiago del Estero', 'G', 0, 1),
(124, 44, 12, 'Tierra del Fuego', 'V', 0, 1),
(125, 44, 12, 'Tucumán', 'T', 0, 1),
(126, 10, 1, 'Agrigento', 'AG', 0, 1),
(127, 10, 1, 'Alessandria', 'AL', 0, 1),
(128, 10, 1, 'Ancona', 'AN', 0, 1),
(129, 10, 1, 'Aosta', 'AO', 0, 1),
(130, 10, 1, 'Arezzo', 'AR', 0, 1),
(131, 10, 1, 'Ascoli Piceno', 'AP', 0, 1),
(132, 10, 1, 'Asti', 'AT', 0, 1),
(133, 10, 1, 'Avellino', 'AV', 0, 1),
(134, 10, 1, 'Bari', 'BA', 0, 1),
(135, 10, 1, 'Barletta-Andria-Trani', 'BT', 0, 1),
(136, 10, 1, 'Belluno', 'BL', 0, 1),
(137, 10, 1, 'Benevento', 'BN', 0, 1),
(138, 10, 1, 'Bergamo', 'BG', 0, 1),
(139, 10, 1, 'Biella', 'BI', 0, 1),
(140, 10, 1, 'Bologna', 'BO', 0, 1),
(141, 10, 1, 'Bolzano', 'BZ', 0, 1),
(142, 10, 1, 'Brescia', 'BS', 0, 1),
(143, 10, 1, 'Brindisi', 'BR', 0, 1),
(144, 10, 1, 'Cagliari', 'CA', 0, 1),
(145, 10, 1, 'Caltanissetta', 'CL', 0, 1),
(146, 10, 1, 'Campobasso', 'CB', 0, 1),
(147, 10, 1, 'Carbonia-Iglesias', 'CI', 0, 1),
(148, 10, 1, 'Caserta', 'CE', 0, 1),
(149, 10, 1, 'Catania', 'CT', 0, 1),
(150, 10, 1, 'Catanzaro', 'CZ', 0, 1),
(151, 10, 1, 'Chieti', 'CH', 0, 1),
(152, 10, 1, 'Como', 'CO', 0, 1),
(153, 10, 1, 'Cosenza', 'CS', 0, 1),
(154, 10, 1, 'Cremona', 'CR', 0, 1),
(155, 10, 1, 'Crotone', 'KR', 0, 1),
(156, 10, 1, 'Cuneo', 'CN', 0, 1),
(157, 10, 1, 'Enna', 'EN', 0, 1),
(158, 10, 1, 'Fermo', 'FM', 0, 1),
(159, 10, 1, 'Ferrara', 'FE', 0, 1),
(160, 10, 1, 'Firenze', 'FI', 0, 1),
(161, 10, 1, 'Foggia', 'FG', 0, 1),
(162, 10, 1, 'Forlì-Cesena', 'FC', 0, 1),
(163, 10, 1, 'Frosinone', 'FR', 0, 1),
(164, 10, 1, 'Genova', 'GE', 0, 1),
(165, 10, 1, 'Gorizia', 'GO', 0, 1),
(166, 10, 1, 'Grosseto', 'GR', 0, 1),
(167, 10, 1, 'Imperia', 'IM', 0, 1),
(168, 10, 1, 'Isernia', 'IS', 0, 1),
(169, 10, 1, 'L\'Aquila', 'AQ', 0, 1),
(170, 10, 1, 'La Spezia', 'SP', 0, 1),
(171, 10, 1, 'Latina', 'LT', 0, 1),
(172, 10, 1, 'Lecce', 'LE', 0, 1),
(173, 10, 1, 'Lecco', 'LC', 0, 1),
(174, 10, 1, 'Livorno', 'LI', 0, 1),
(175, 10, 1, 'Lodi', 'LO', 0, 1),
(176, 10, 1, 'Lucca', 'LU', 0, 1),
(177, 10, 1, 'Macerata', 'MC', 0, 1),
(178, 10, 1, 'Mantova', 'MN', 0, 1),
(179, 10, 1, 'Massa', 'MS', 0, 1),
(180, 10, 1, 'Matera', 'MT', 0, 1),
(181, 10, 1, 'Medio Campidano', 'VS', 0, 1),
(182, 10, 1, 'Messina', 'ME', 0, 1),
(183, 10, 1, 'Milano', 'MI', 0, 1),
(184, 10, 1, 'Modena', 'MO', 0, 1),
(185, 10, 1, 'Monza e della Brianza', 'MB', 0, 1),
(186, 10, 1, 'Napoli', 'NA', 0, 1),
(187, 10, 1, 'Novara', 'NO', 0, 1),
(188, 10, 1, 'Nuoro', 'NU', 0, 1),
(189, 10, 1, 'Ogliastra', 'OG', 0, 1),
(190, 10, 1, 'Olbia-Tempio', 'OT', 0, 1),
(191, 10, 1, 'Oristano', 'OR', 0, 1),
(192, 10, 1, 'Padova', 'PD', 0, 1),
(193, 10, 1, 'Palermo', 'PA', 0, 1),
(194, 10, 1, 'Parma', 'PR', 0, 1),
(195, 10, 1, 'Pavia', 'PV', 0, 1),
(196, 10, 1, 'Perugia', 'PG', 0, 1),
(197, 10, 1, 'Pesaro-Urbino', 'PU', 0, 1),
(198, 10, 1, 'Pescara', 'PE', 0, 1),
(199, 10, 1, 'Piacenza', 'PC', 0, 1),
(200, 10, 1, 'Pisa', 'PI', 0, 1),
(201, 10, 1, 'Pistoia', 'PT', 0, 1),
(202, 10, 1, 'Pordenone', 'PN', 0, 1),
(203, 10, 1, 'Potenza', 'PZ', 0, 1),
(204, 10, 1, 'Prato', 'PO', 0, 1),
(205, 10, 1, 'Ragusa', 'RG', 0, 1),
(206, 10, 1, 'Ravenna', 'RA', 0, 1),
(207, 10, 1, 'Reggio Calabria', 'RC', 0, 1),
(208, 10, 1, 'Reggio Emilia', 'RE', 0, 1),
(209, 10, 1, 'Rieti', 'RI', 0, 1),
(210, 10, 1, 'Rimini', 'RN', 0, 1),
(211, 10, 1, 'Roma', 'RM', 0, 1),
(212, 10, 1, 'Rovigo', 'RO', 0, 1),
(213, 10, 1, 'Salerno', 'SA', 0, 1),
(214, 10, 1, 'Sassari', 'SS', 0, 1),
(215, 10, 1, 'Savona', 'SV', 0, 1),
(216, 10, 1, 'Siena', 'SI', 0, 1),
(217, 10, 1, 'Siracusa', 'SR', 0, 1),
(218, 10, 1, 'Sondrio', 'SO', 0, 1),
(219, 10, 1, 'Taranto', 'TA', 0, 1),
(220, 10, 1, 'Teramo', 'TE', 0, 1),
(221, 10, 1, 'Terni', 'TR', 0, 1),
(222, 10, 1, 'Torino', 'TO', 0, 1),
(223, 10, 1, 'Trapani', 'TP', 0, 1),
(224, 10, 1, 'Trento', 'TN', 0, 1),
(225, 10, 1, 'Treviso', 'TV', 0, 1),
(226, 10, 1, 'Trieste', 'TS', 0, 1),
(227, 10, 1, 'Udine', 'UD', 0, 1),
(228, 10, 1, 'Varese', 'VA', 0, 1),
(229, 10, 1, 'Venezia', 'VE', 0, 1),
(230, 10, 1, 'Verbano-Cusio-Ossola', 'VB', 0, 1),
(231, 10, 1, 'Vercelli', 'VC', 0, 1),
(232, 10, 1, 'Verona', 'VR', 0, 1),
(233, 10, 1, 'Vibo Valentia', 'VV', 0, 1),
(234, 10, 1, 'Vicenza', 'VI', 0, 1),
(235, 10, 1, 'Viterbo', 'VT', 0, 1),
(236, 111, 3, 'Aceh', 'ID-AC', 0, 1),
(237, 111, 3, 'Bali', 'ID-BA', 0, 1),
(238, 111, 3, 'Banten', 'ID-BT', 0, 1),
(239, 111, 3, 'Bengkulu', 'ID-BE', 0, 1),
(240, 111, 3, 'Gorontalo', 'ID-GO', 0, 1),
(241, 111, 3, 'Jakarta', 'ID-JK', 0, 1),
(242, 111, 3, 'Jambi', 'ID-JA', 0, 1),
(243, 111, 3, 'Jawa Barat', 'ID-JB', 0, 1),
(244, 111, 3, 'Jawa Tengah', 'ID-JT', 0, 1),
(245, 111, 3, 'Jawa Timur', 'ID-JI', 0, 1),
(246, 111, 3, 'Kalimantan Barat', 'ID-KB', 0, 1),
(247, 111, 3, 'Kalimantan Selatan', 'ID-KS', 0, 1),
(248, 111, 3, 'Kalimantan Tengah', 'ID-KT', 0, 1),
(249, 111, 3, 'Kalimantan Timur', 'ID-KI', 0, 1),
(250, 111, 3, 'Kalimantan Utara', 'ID-KU', 0, 1),
(251, 111, 3, 'Kepulauan Bangka Belitug', 'ID-BB', 0, 1),
(252, 111, 3, 'Kepulauan Riau', 'ID-KR', 0, 1),
(253, 111, 3, 'Lampung', 'ID-LA', 0, 1),
(254, 111, 3, 'Maluku', 'ID-MA', 0, 1),
(255, 111, 3, 'Maluku Utara', 'ID-MU', 0, 1),
(256, 111, 3, 'Nusa Tengara Barat', 'ID-NB', 0, 1),
(257, 111, 3, 'Nusa Tenggara Timur', 'ID-NT', 0, 1),
(258, 111, 3, 'Papua', 'ID-PA', 0, 1),
(259, 111, 3, 'Papua Barat', 'ID-PB', 0, 1),
(260, 111, 3, 'Riau', 'ID-RI', 0, 1),
(261, 111, 3, 'Sulawesi Barat', 'ID-SR', 0, 1),
(262, 111, 3, 'Sulawesi Selatan', 'ID-SN', 0, 1),
(263, 111, 3, 'Sulawesi Tengah', 'ID-ST', 0, 1),
(264, 111, 3, 'Sulawesi Tenggara', 'ID-SG', 0, 1),
(265, 111, 3, 'Sulawesi Utara', 'ID-SA', 0, 1),
(266, 111, 3, 'Sumatera Barat', 'ID-SB', 0, 1),
(267, 111, 3, 'Sumatera Selatan', 'ID-SS', 0, 1),
(268, 111, 3, 'Sumatera Utara', 'ID-SU', 0, 1),
(269, 111, 3, 'Yogyakarta', 'ID-YO', 0, 1),
(270, 11, 3, 'Aichi', '23', 0, 1),
(271, 11, 3, 'Akita', '05', 0, 1),
(272, 11, 3, 'Aomori', '02', 0, 1),
(273, 11, 3, 'Chiba', '12', 0, 1),
(274, 11, 3, 'Ehime', '38', 0, 1),
(275, 11, 3, 'Fukui', '18', 0, 1),
(276, 11, 3, 'Fukuoka', '40', 0, 1),
(277, 11, 3, 'Fukushima', '07', 0, 1),
(278, 11, 3, 'Gifu', '21', 0, 1),
(279, 11, 3, 'Gunma', '10', 0, 1),
(280, 11, 3, 'Hiroshima', '34', 0, 1),
(281, 11, 3, 'Hokkaido', '01', 0, 1),
(282, 11, 3, 'Hyogo', '28', 0, 1),
(283, 11, 3, 'Ibaraki', '08', 0, 1),
(284, 11, 3, 'Ishikawa', '17', 0, 1),
(285, 11, 3, 'Iwate', '03', 0, 1),
(286, 11, 3, 'Kagawa', '37', 0, 1),
(287, 11, 3, 'Kagoshima', '46', 0, 1),
(288, 11, 3, 'Kanagawa', '14', 0, 1),
(289, 11, 3, 'Kochi', '39', 0, 1),
(290, 11, 3, 'Kumamoto', '43', 0, 1),
(291, 11, 3, 'Kyoto', '26', 0, 1),
(292, 11, 3, 'Mie', '24', 0, 1),
(293, 11, 3, 'Miyagi', '04', 0, 1),
(294, 11, 3, 'Miyazaki', '45', 0, 1),
(295, 11, 3, 'Nagano', '20', 0, 1),
(296, 11, 3, 'Nagasaki', '42', 0, 1),
(297, 11, 3, 'Nara', '29', 0, 1),
(298, 11, 3, 'Niigata', '15', 0, 1),
(299, 11, 3, 'Oita', '44', 0, 1),
(300, 11, 3, 'Okayama', '33', 0, 1),
(301, 11, 3, 'Okinawa', '47', 0, 1),
(302, 11, 3, 'Osaka', '27', 0, 1),
(303, 11, 3, 'Saga', '41', 0, 1),
(304, 11, 3, 'Saitama', '11', 0, 1),
(305, 11, 3, 'Shiga', '25', 0, 1),
(306, 11, 3, 'Shimane', '32', 0, 1),
(307, 11, 3, 'Shizuoka', '22', 0, 1),
(308, 11, 3, 'Tochigi', '09', 0, 1),
(309, 11, 3, 'Tokushima', '36', 0, 1),
(310, 11, 3, 'Tokyo', '13', 0, 1),
(311, 11, 3, 'Tottori', '31', 0, 1),
(312, 11, 3, 'Toyama', '16', 0, 1),
(313, 11, 3, 'Wakayama', '30', 0, 1),
(314, 11, 3, 'Yamagata', '06', 0, 1),
(315, 11, 3, 'Yamaguchi', '35', 0, 1),
(316, 11, 3, 'Yamanashi', '19', 0, 1),
(317, 24, 5, 'Australian Capital Territory', 'ACT', 0, 1),
(318, 24, 5, 'New South Wales', 'NSW', 0, 1),
(319, 24, 5, 'Northern Territory', 'NT', 0, 1),
(320, 24, 5, 'Queensland', 'QLD', 0, 1),
(321, 24, 5, 'South Australia', 'SA', 0, 1),
(322, 24, 5, 'Tasmania', 'TAS', 0, 1),
(323, 24, 5, 'Victoria', 'VIC', 0, 1),
(324, 24, 5, 'Western Australia', 'WA', 0, 1),
(325, 44, 6, 'Buenos Aires (Interior)', 'B1', 0, 0);

-- --------------------------------------------------------

--
-- Estructura de tabla para la tabla `ps_statssearch`
--

