CREATE TABLE `ps_mailalert_customer_oos` (
  `id_customer` int(10) UNSIGNED NOT NULL,
  `customer_email` varchar(128) NOT NULL,
  `id_product` int(10) UNSIGNED NOT NULL,
  `id_product_attribute` int(10) UNSIGNED NOT NULL,
  `id_shop` int(10) UNSIGNED NOT NULL,
  `id_lang` int(10) UNSIGNED NOT NULL
) ENGINE=InnoDB DEFAULT CHARSET=utf8;

--
-- Volcado de datos para la tabla `ps_mailalert_customer_oos`
--

INSERT INTO `ps_mailalert_customer_oos` (`id_customer`, `customer_email`, `id_product`, `id_product_attribute`, `id_shop`, `id_lang`) VALUES
(2, 'dtolcha@skyson.com.ar', 27, 37, 1, 1);

-- --------------------------------------------------------

--
-- Estructura de tabla para la tabla `ps_manufacturer`
--

CREATE TABLE `ps_manufacturer` (
  `id_manufacturer` int(10) UNSIGNED NOT NULL,
  `name` varchar(64) NOT NULL,
  `date_add` datetime NOT NULL,
  `date_upd` datetime NOT NULL,
  `active` tinyint(1) NOT NULL DEFAULT 0
) ENGINE=InnoDB DEFAULT CHARSET=utf8;

--
-- Volcado de datos para la tabla `ps_manufacturer`
--

INSERT INTO `ps_manufacturer` (`id_manufacturer`, `name`, `date_add`, `date_upd`, `active`) VALUES
(1, 'Alcon', '2020-05-08 12:56:15', '2020-05-08 12:56:15', 1),
(2, 'Acuvue', '2020-05-30 11:08:49', '2020-07-04 09:42:40', 1),
(3, 'Air Optix', '2020-05-30 11:10:21', '2020-07-04 09:44:31', 1),
(4, 'Freshlook', '2020-05-30 11:10:22', '2020-05-30 11:10:22', 1),
(5, 'Aosept', '2020-05-30 11:10:23', '2020-05-30 11:10:23', 1),
(6, 'Opti-Free', '2020-05-30 11:10:23', '2020-05-30 11:10:23', 1),
(7, 'Rusty', '2020-06-19 00:54:39', '2020-06-19 00:54:39', 1),
(8, 'Vulk', '2020-06-19 00:54:48', '2020-06-19 00:54:48', 1),
(9, 'Pierre Cardin', '2020-06-19 00:54:59', '2020-06-19 00:54:59', 1),
(10, 'Muaa', '2020-06-19 00:55:00', '2020-06-19 00:55:00', 1),
(11, 'Carolina Emanuel', '2020-06-19 00:55:04', '2020-06-19 00:55:04', 1),
(12, 'Tascani', '2020-06-19 00:55:05', '2020-06-19 00:55:05', 1),
(13, 'Valeria Mazza', '2020-06-19 00:55:09', '2020-06-19 00:55:09', 1),
(14, 'Reef', '2020-06-19 00:55:10', '2020-06-19 00:55:10', 1),
(15, 'Ossira', '2020-06-19 00:55:10', '2020-07-04 09:42:01', 1),
(16, 'Dailies', '2020-06-19 16:56:53', '2020-06-19 16:56:53', 1),
(17, 'Embo', '2020-06-22 23:10:35', '2020-06-22 23:10:35', 1),
(18, 'Paul Riviere', '2020-06-22 23:10:39', '2020-06-22 23:10:39', 1),
(19, 'Tiffany', '2020-06-22 23:10:46', '2020-06-22 23:10:46', 1),
(20, 'Union Pacific', '2020-06-22 23:10:53', '2020-06-22 23:10:53', 1),
(21, 'Arlyt', '2020-08-11 15:49:10', '2020-08-11 15:49:10', 1),
(22, 'Black Celebration', '2021-12-10 14:20:26', '2021-12-10 14:20:26', 1),
(23, 'Brera', '2021-12-13 14:09:56', '2021-12-13 14:09:56', 1);

-- --------------------------------------------------------

--
-- Estructura de tabla para la tabla `ps_manufacturer_lang`
--

CREATE TABLE `ps_manufacturer_lang` (
  `id_manufacturer` int(10) UNSIGNED NOT NULL,
  `id_lang` int(10) UNSIGNED NOT NULL,
  `description` text DEFAULT NULL,
  `short_description` text DEFAULT NULL,
  `meta_title` varchar(255) DEFAULT NULL,
  `meta_keywords` varchar(255) DEFAULT NULL,
  `meta_description` varchar(512) DEFAULT NULL
) ENGINE=InnoDB DEFAULT CHARSET=utf8;

--
-- Volcado de datos para la tabla `ps_manufacturer_lang`
--

INSERT INTO `ps_manufacturer_lang` (`id_manufacturer`, `id_lang`, `description`, `short_description`, `meta_title`, `meta_keywords`, `meta_description`) VALUES
(1, 1, '', '', '', '', ''),
(2, 1, '', '', '', '', ''),
(3, 1, '', '', '', '', ''),
(4, 1, '', '', '', '', ''),
(5, 1, '', '', '', '', ''),
(6, 1, '', '', '', '', ''),
(7, 1, '', '', '', '', ''),
(8, 1, '', '', '', '', ''),
(9, 1, '', '', '', '', ''),
(10, 1, '', '', '', '', ''),
(11, 1, '', '', '', '', ''),
(12, 1, '', '', '', '', ''),
(13, 1, '', '', '', '', ''),
(14, 1, '', '', '', '', ''),
(15, 1, '', '', '', '', ''),
(16, 1, '', '', '', '', ''),
(17, 1, '', '', '', '', ''),
(18, 1, '', '', '', '', ''),
(19, 1, '', '', '', '', ''),
(20, 1, '', '', '', '', ''),
(21, 1, '', '', '', '', ''),
(22, 1, '', '', '', '', ''),
(23, 1, '', '', '', '', '');

-- --------------------------------------------------------

--
-- Estructura de tabla para la tabla `ps_manufacturer_shop`
--

CREATE TABLE `ps_manufacturer_shop` (
  `id_manufacturer` int(11) UNSIGNED NOT NULL,
  `id_shop` int(11) UNSIGNED NOT NULL
) ENGINE=InnoDB DEFAULT CHARSET=utf8;

--
-- Volcado de datos para la tabla `ps_manufacturer_shop`
--

INSERT INTO `ps_manufacturer_shop` (`id_manufacturer`, `id_shop`) VALUES
(1, 1),
(2, 1),
(3, 1),
(4, 1),
(5, 1),
(6, 1),
(7, 1),
(8, 1),
(9, 1),
(10, 1),
(11, 1),
(12, 1),
(13, 1),
(14, 1),
(15, 1),
(16, 1),
(17, 1),
(18, 1),
(19, 1),
(20, 1),
(21, 1),
(22, 1),
(23, 1);

-- --------------------------------------------------------

--
-- Estructura de tabla para la tabla `ps_memcached_servers`
--

CREATE TABLE `ps_memcached_servers` (
  `id_memcached_server` int(11) UNSIGNED NOT NULL,
  `ip` varchar(254) NOT NULL,
  `port` int(11) UNSIGNED NOT NULL,
  `weight` int(11) UNSIGNED NOT NULL
) ENGINE=InnoDB DEFAULT CHARSET=utf8;

-- --------------------------------------------------------

--
-- Estructura de tabla para la tabla `ps_message`
--

CREATE TABLE `ps_message` (
  `id_message` int(10) UNSIGNED NOT NULL,
  `id_cart` int(10) UNSIGNED DEFAULT NULL,
  `id_customer` int(10) UNSIGNED NOT NULL,
  `id_employee` int(10) UNSIGNED DEFAULT NULL,
  `id_order` int(10) UNSIGNED NOT NULL,
  `message` text NOT NULL,
  `private` tinyint(1) UNSIGNED NOT NULL DEFAULT 1,
  `date_add` datetime NOT NULL
) ENGINE=InnoDB DEFAULT CHARSET=utf8;

--
-- Volcado de datos para la tabla `ps_message`
--

INSERT INTO `ps_message` (`id_message`, `id_cart`, `id_customer`, `id_employee`, `id_order`, `message`, `private`, `date_add`) VALUES
(1, 18, 2, 0, 1, 'Probando formulario de cierre de venta', 0, '2020-05-20 20:27:16'),
(2, 18, 2, 0, 1, 'Precio del pedido en PrestaShop: 1700 ARS\n\nPrecio del pedido en PrestaShop con comisión: 1700 ARS\n\nCosto de la comisión: 0 ARS\nPrecio de MercadoEnvios: 0 ARS\nPagado: 1700 ARS\n\n', 1, '2020-05-20 21:56:22'),
(3, 18, 2, 0, 1, 'Precio del pedido en PrestaShop: 1700 ARS\n\nPrecio del pedido en PrestaShop con comisión: 1700 ARS\n\nCosto de la comisión: 0 ARS\nPrecio de MercadoEnvios: 0 ARS\nPagado: 1700 ARS\n\n', 0, '2020-05-20 21:56:22'),
(4, 15, 1, 0, 2, 'Esperando pago en MercadoPago', 1, '2020-05-21 10:27:45'),
(5, 21, 2, 0, 3, 'Probando pedido con Optica B', 0, '2020-05-21 12:27:36'),
(6, 21, 2, 0, 3, 'Precio de la Orden en Prestashop: 610 ARS\n\nPrecio de la Orden en Prestashop con comisión: 610 ARS\n\nPrecio de la comisión: 0 ARS\nCosto de MercadoEnvios: 0 ARS\nPagado 610 ARS\n\n', 1, '2020-05-21 12:30:52'),
(7, 21, 2, 0, 3, 'Precio de la Orden en Prestashop: 610 ARS\n\nPrecio de la Orden en Prestashop con comisión: 610 ARS\n\nPrecio de la comisión: 0 ARS\nCosto de MercadoEnvios: 0 ARS\nPagado 610 ARS\n\n', 1, '2020-05-21 12:30:53'),
(8, 18, 2, 0, 1, 'Precio del pedido en PrestaShop: 1700 ARS\n\nPrecio del pedido en PrestaShop con comisión: 1700 ARS\n\nCosto de la comisión: 0 ARS\nPrecio de MercadoEnvios: 0 ARS\nPagado: 1700 ARS\n\n', 0, '2020-06-19 22:00:11'),
(9, 69, 14, 0, 11, 'Precio del pedido en PrestaShop: 6815.14 ARS\n\nPrecio del pedido en PrestaShop con comisión: 6815.14 ARS\n\nCosto de la comisión: 0 ARS\nPrecio de MercadoEnvios: 0 ARS\nPagado: 6815.14 ARS\n\n', 1, '2020-06-23 10:46:55'),
(10, 69, 14, 0, 11, 'Precio del pedido en PrestaShop: 6815.14 ARS\n\nPrecio del pedido en PrestaShop con comisión: 6815.14 ARS\n\nCosto de la comisión: 0 ARS\nPrecio de MercadoEnvios: 0 ARS\nPagado: 6815.14 ARS\n\n', 0, '2020-06-23 10:46:59'),
(11, 73, 16, 0, 12, 'Precio del pedido en PrestaShop: 10030.14 ARS\n\nPrecio del pedido en PrestaShop con comisión: 10030.14 ARS\n\nCosto de la comisión: 0 ARS\nPrecio de MercadoEnvios: 0 ARS\nPagado: 10030.14 ARS\n\n', 1, '2020-06-25 15:46:48'),
(12, 73, 16, 0, 12, 'Precio del pedido en PrestaShop: 10030.14 ARS\n\nPrecio del pedido en PrestaShop con comisión: 10030.14 ARS\n\nCosto de la comisión: 0 ARS\nPrecio de MercadoEnvios: 0 ARS\nPagado: 10030.14 ARS\n\n', 0, '2020-06-25 15:46:49'),
(13, 89, 18, 0, 13, 'Precio del pedido en PrestaShop: 1775.14 ARS\n\nPrecio del pedido en PrestaShop con comisión: 1775.14 ARS\n\nCosto de la comisión: 0 ARS\nPrecio de MercadoEnvios: 0 ARS\nPagado: 1775.14 ARS\n\n', 1, '2020-07-05 01:30:53'),
(14, 89, 18, 0, 13, 'Precio del pedido en PrestaShop: 1775.14 ARS\n\nPrecio del pedido en PrestaShop con comisión: 1775.14 ARS\n\nCosto de la comisión: 0 ARS\nPrecio de MercadoEnvios: 0 ARS\nPagado: 1775.14 ARS\n\n', 0, '2020-07-05 01:30:59'),
(15, 109, 21, 0, 14, 'MI GRADUACION ES PWR +3.00 y solicito que sean grises.', 0, '2020-07-18 15:47:37'),
(16, 109, 21, 0, 14, 'Precio del pedido en PrestaShop: 2255.85 ARS\n\nPrecio del pedido en PrestaShop con comisión: 2255.85 ARS\n\nCosto de la comisión: 0 ARS\nPrecio de MercadoEnvios: 0 ARS\nPagado: 2255.85 ARS\n\n', 1, '2020-07-18 16:00:09'),
(17, 109, 21, 0, 14, 'Precio del pedido en PrestaShop: 2255.85 ARS\n\nPrecio del pedido en PrestaShop con comisión: 2255.85 ARS\n\nCosto de la comisión: 0 ARS\nPrecio de MercadoEnvios: 0 ARS\nPagado: 2255.85 ARS\n\n', 0, '2020-07-18 16:00:11'),
(18, 112, 22, 0, 15, 'Quer&iacute;a consultar y corroborar, dado que tengo graduaciones diferentes, para hacer 2 cajas de cada graduaci&oacute;n.', 0, '2020-07-29 20:04:25'),
(19, 112, 22, 0, 15, 'Precio del pedido en PrestaShop: 6898.84 ARS\n\nPrecio del pedido en PrestaShop con comisión: 6898.84 ARS\n\nCosto de la comisión: 0 ARS\nPrecio de MercadoEnvios: 0 ARS\nPagado: 6898.84 ARS\n\n', 1, '2020-07-29 20:05:14'),
(20, 112, 22, 0, 15, 'Precio del pedido en PrestaShop: 6898.84 ARS\n\nPrecio del pedido en PrestaShop con comisión: 6898.84 ARS\n\nCosto de la comisión: 0 ARS\nPrecio de MercadoEnvios: 0 ARS\nPagado: 6898.84 ARS\n\n', 0, '2020-07-29 20:05:16'),
(21, 133, 27, 0, 17, 'Mande las fotos de las graduaciones ... ojo Izquierdo (-3,75 -2,75 030) ojo derecho (-3,50 -2,25 020) Gracias!!!', 0, '2020-08-22 18:24:03'),
(22, 133, 27, 0, 17, 'Precio del pedido en PrestaShop: 6924.85 ARS\n\nPrecio del pedido en PrestaShop con comisión: 6924.85 ARS\n\nCosto de la comisión: 0 ARS\nPrecio de MercadoEnvios: 0 ARS\nPagado: 6924.85 ARS\n\n', 1, '2020-08-22 18:28:30'),
(23, 133, 27, 0, 17, 'Precio del pedido en PrestaShop: 6924.85 ARS\n\nPrecio del pedido en PrestaShop con comisión: 6924.85 ARS\n\nCosto de la comisión: 0 ARS\nPrecio de MercadoEnvios: 0 ARS\nPagado: 6924.85 ARS\n\n', 0, '2020-08-22 18:28:31'),
(24, 137, 28, 0, 18, 'Precio del pedido en PrestaShop: 3284.85 ARS\n\nPrecio del pedido en PrestaShop con comisión: 3284.85 ARS\n\nCosto de la comisión: 0 ARS\nPrecio de MercadoEnvios: 0 ARS\nPagado: 3284.85 ARS\n\n', 1, '2020-08-25 12:36:12'),
(25, 137, 28, 0, 18, 'Precio del pedido en PrestaShop: 3284.85 ARS\n\nPrecio del pedido en PrestaShop con comisión: 3284.85 ARS\n\nCosto de la comisión: 0 ARS\nPrecio de MercadoEnvios: 0 ARS\nPagado: 3284.85 ARS\n\n', 0, '2020-08-25 12:36:14'),
(26, 158, 2, 0, 30, 'test for Knowband', 0, '2020-09-02 05:39:51'),
(27, 175, 34, 0, 36, 'Precio del pedido en PrestaShop: 1765.85 ARS\n\nPrecio del pedido en PrestaShop con comisión: 1765.85 ARS\n\nCosto de la comisión: 0 ARS\nPrecio de MercadoEnvios: 0 ARS\nPagado: 1765.85 ARS\n\n', 1, '2020-09-24 19:21:56'),
(28, 175, 34, 0, 36, 'Precio del pedido en PrestaShop: 1765.85 ARS\n\nPrecio del pedido en PrestaShop con comisión: 1765.85 ARS\n\nCosto de la comisión: 0 ARS\nPrecio de MercadoEnvios: 0 ARS\nPagado: 1765.85 ARS\n\n', 0, '2020-09-24 19:22:02'),
(29, 176, 35, 0, 37, 'No funcionan los timbres . En lo posible llamar cuando estan en el domicilio. Muchas gracias', 0, '2020-09-27 14:59:11'),
(30, 176, 35, 0, 37, 'Precio del pedido en PrestaShop: 1741.04 ARS\n\nPrecio del pedido en PrestaShop con comisión: 1741.04 ARS\n\nCosto de la comisión: 0 ARS\nPrecio de MercadoEnvios: 0 ARS\nPagado: 1741.04 ARS\n\n', 1, '2020-09-27 15:01:51'),
(31, 176, 35, 0, 37, 'Precio del pedido en PrestaShop: 1741.04 ARS\n\nPrecio del pedido en PrestaShop con comisión: 1741.04 ARS\n\nCosto de la comisión: 0 ARS\nPrecio de MercadoEnvios: 0 ARS\nPagado: 1741.04 ARS\n\n', 0, '2020-09-27 15:01:52'),
(32, 213, 39, 0, 39, 'porfavor si estan leeyendo esto exijo pagar a domicilio es la tercera vez que lo pido y en todas ellas me dicen que mi producto no me peetenece', 0, '2020-10-26 00:25:18'),
(33, 213, 39, 0, 39, 'Precio del pedido en PrestaShop: 1470 ARS\n\nPrecio del pedido en PrestaShop con comisión: 1470 ARS\n\nCosto de la comisión: 0 ARS\nPrecio de MercadoEnvios: 0 ARS\nPagado: 1470 ARS\n\n', 1, '2020-10-26 00:26:23'),
(34, 213, 39, 0, 39, 'Precio del pedido en PrestaShop: 1470 ARS\n\nPrecio del pedido en PrestaShop con comisión: 1470 ARS\n\nCosto de la comisión: 0 ARS\nPrecio de MercadoEnvios: 0 ARS\nPagado: 1470 ARS\n\n', 0, '2020-10-26 00:26:24'),
(35, 214, 40, 0, 40, 'Precio del pedido en PrestaShop: 5550 ARS\n\nPrecio del pedido en PrestaShop con comisión: 5550 ARS\n\nCosto de la comisión: 0 ARS\nPrecio de MercadoEnvios: 0 ARS\nPagado: 5550 ARS\n\n', 1, '2020-10-27 13:29:31'),
(36, 214, 40, 0, 40, 'Precio del pedido en PrestaShop: 5550 ARS\n\nPrecio del pedido en PrestaShop con comisión: 5550 ARS\n\nCosto de la comisión: 0 ARS\nPrecio de MercadoEnvios: 0 ARS\nPagado: 5550 ARS\n\n', 0, '2020-10-27 13:29:32'),
(37, 215, 41, 0, 41, 'Precio del pedido en PrestaShop: 1470 ARS\n\nPrecio del pedido en PrestaShop con comisión: 1470 ARS\n\nCosto de la comisión: 0 ARS\nPrecio de MercadoEnvios: 0 ARS\nPagado: 1470 ARS\n\n', 1, '2020-10-27 18:34:41'),
(38, 215, 41, 0, 41, 'Precio del pedido en PrestaShop: 1470 ARS\n\nPrecio del pedido en PrestaShop con comisión: 1470 ARS\n\nCosto de la comisión: 0 ARS\nPrecio de MercadoEnvios: 0 ARS\nPagado: 1470 ARS\n\n', 0, '2020-10-27 18:34:45'),
(39, 219, 44, 0, 43, 'Precio del pedido en PrestaShop: 1470 ARS\n\nPrecio del pedido en PrestaShop con comisión: 1470 ARS\n\nCosto de la comisión: 0 ARS\nPrecio de MercadoEnvios: 0 ARS\nPagado: 1470 ARS\n\n', 1, '2020-10-28 15:05:35'),
(40, 219, 44, 0, 43, 'Precio del pedido en PrestaShop: 1470 ARS\n\nPrecio del pedido en PrestaShop con comisión: 1470 ARS\n\nCosto de la comisión: 0 ARS\nPrecio de MercadoEnvios: 0 ARS\nPagado: 1470 ARS\n\n', 0, '2020-10-28 15:05:37'),
(41, 230, 46, 0, 44, 'que el vencimiento sea lo mas lejos posible , gracias ', 0, '2020-11-02 14:21:50'),
(42, 230, 46, 0, 44, 'Precio del pedido en PrestaShop: 1040 ARS\n\nPrecio del pedido en PrestaShop con comisión: 1040 ARS\n\nCosto de la comisión: 0 ARS\nPrecio de MercadoEnvios: 0 ARS\nPagado: 1040 ARS\n\n', 1, '2020-11-02 14:25:10'),
(43, 239, 47, 0, 46, 'Precio del pedido en PrestaShop: 5970 ARS\n\nPrecio del pedido en PrestaShop con comisión: 5970 ARS\n\nCosto de la comisión: 0 ARS\nPrecio de MercadoEnvios: 0 ARS\nPagado: 5970 ARS\n\n', 1, '2020-11-16 15:06:13'),
(44, 239, 47, 0, 46, 'Precio del pedido en PrestaShop: 5970 ARS\n\nPrecio del pedido en PrestaShop con comisión: 5970 ARS\n\nCosto de la comisión: 0 ARS\nPrecio de MercadoEnvios: 0 ARS\nPagado: 5970 ARS\n\n', 0, '2020-11-16 15:06:16'),
(45, 271, 52, 0, 47, 'Hola, estuve hablando con ustedes por Whatsapp, por favor podran enviarme dos casas -0,50 y otras dos -0,75. Gracias!!', 0, '2020-11-30 22:48:51'),
(46, 277, 56, 0, 48, 'Lugar de entrega: Banco Nacion, enviar por correo argentino preferentemente, otra forma de env&iacute;o no llega', 0, '2020-12-02 08:45:58'),
(47, 291, 60, 0, 50, 'Precio del pedido en PrestaShop: 2500 ARS\n\nPrecio del pedido en PrestaShop con comisión: 2500 ARS\n\nCosto de la comisión: 0 ARS\nPrecio de MercadoEnvios: 0 ARS\nPagado: 2500 ARS\n\n', 1, '2020-12-04 13:01:07'),
(48, 291, 60, 0, 50, 'Precio del pedido en PrestaShop: 2500 ARS\n\nPrecio del pedido en PrestaShop con comisión: 2500 ARS\n\nCosto de la comisión: 0 ARS\nPrecio de MercadoEnvios: 0 ARS\nPagado: 2500 ARS\n\n', 0, '2020-12-04 13:01:11'),
(49, 269, 61, 0, 51, 'Precio del pedido en PrestaShop: 5357 ARS\n\nPrecio del pedido en PrestaShop con comisión: 5357 ARS\n\nCosto de la comisión: 0 ARS\nPrecio de MercadoEnvios: 0 ARS\nPagado: 5357 ARS\n\n', 1, '2020-12-10 13:51:43'),
(50, 269, 61, 0, 51, 'Precio del pedido en PrestaShop: 5357 ARS\n\nPrecio del pedido en PrestaShop con comisión: 5357 ARS\n\nCosto de la comisión: 0 ARS\nPrecio de MercadoEnvios: 0 ARS\nPagado: 5357 ARS\n\n', 0, '2020-12-10 13:51:44'),
(51, 308, 62, 0, 52, '1 caja 2,50\r\n1 caja 4,59', 0, '2020-12-21 10:46:19'),
(52, 308, 62, 0, 52, 'Precio del pedido en PrestaShop: 5000 ARS\n\nPrecio del pedido en PrestaShop con comisión: 5000 ARS\n\nCosto de la comisión: 0 ARS\nPrecio de MercadoEnvios: 0 ARS\nPagado: 5000 ARS\n\n', 1, '2020-12-21 10:48:56'),
(53, 308, 62, 0, 52, 'Precio del pedido en PrestaShop: 5000 ARS\n\nPrecio del pedido en PrestaShop con comisión: 5000 ARS\n\nCosto de la comisión: 0 ARS\nPrecio de MercadoEnvios: 0 ARS\nPagado: 5000 ARS\n\n', 0, '2020-12-21 10:48:58'),
(54, 322, 66, 0, 0, 'Hola a quien corresponda quisiera retirar la caja de lentes de contacto por la sucursal que se encuentra en el Walmart de camino Bancalari cerca de panamericana ser&aacute; posible si hay stock.', 0, '2020-12-30 22:16:04'),
(55, 334, 69, 0, 0, 'Lentes de contacto y l&iacute;quido para lentes ', 0, '2021-01-12 14:59:27'),
(56, 337, 71, 0, 53, 'Lentes de contacto.  L&iacute;quido para lentes', 0, '2021-01-12 15:58:24'),
(57, 337, 71, 0, 53, 'Precio del pedido en PrestaShop: 2690 ARS\n\nPrecio del pedido en PrestaShop con comisión: 2690 ARS\n\nCosto de la comisión: 0 ARS\nPrecio de MercadoEnvios: 0 ARS\nPagado: 2690 ARS\n\n', 1, '2021-01-12 17:59:49'),
(58, 337, 71, 0, 53, 'Precio del pedido en PrestaShop: 2690 ARS\n\nPrecio del pedido en PrestaShop con comisión: 2690 ARS\n\nCosto de la comisión: 0 ARS\nPrecio de MercadoEnvios: 0 ARS\nPagado: 2690 ARS\n\n', 0, '2021-01-12 17:59:51'),
(59, 346, 75, 0, 54, 'Precio del pedido en PrestaShop: 4030 ARS\n\nPrecio del pedido en PrestaShop con comisión: 4030 ARS\n\nCosto de la comisión: 0 ARS\nPrecio de MercadoEnvios: 0 ARS\nPagado: 4030 ARS\n\n', 1, '2021-01-18 21:14:29'),
(60, 346, 75, 0, 54, 'Precio del pedido en PrestaShop: 4030 ARS\n\nPrecio del pedido en PrestaShop con comisión: 4030 ARS\n\nCosto de la comisión: 0 ARS\nPrecio de MercadoEnvios: 0 ARS\nPagado: 4030 ARS\n\n', 0, '2021-01-18 21:14:31'),
(61, 355, 79, 0, 55, 'Precio del pedido en PrestaShop: 4030 ARS\n\nPrecio del pedido en PrestaShop con comisión: 4030 ARS\n\nCosto de la comisión: 0 ARS\nPrecio de MercadoEnvios: 0 ARS\nPagado: 4030 ARS\n\n', 1, '2021-01-25 17:32:56'),
(62, 355, 79, 0, 55, 'Precio del pedido en PrestaShop: 4030 ARS\n\nPrecio del pedido en PrestaShop con comisión: 4030 ARS\n\nCosto de la comisión: 0 ARS\nPrecio de MercadoEnvios: 0 ARS\nPagado: 4030 ARS\n\n', 0, '2021-01-25 17:32:58'),
(63, 362, 80, 0, 56, 'Precio del pedido en PrestaShop: 4440 ARS\n\nPrecio del pedido en PrestaShop con comisión: 4440 ARS\n\nCosto de la comisión: 0 ARS\nPrecio de MercadoEnvios: 0 ARS\nPagado: 4440 ARS\n\n', 1, '2021-02-01 21:31:23'),
(64, 362, 80, 0, 56, 'Precio del pedido en PrestaShop: 4440 ARS\n\nPrecio del pedido en PrestaShop con comisión: 4440 ARS\n\nCosto de la comisión: 0 ARS\nPrecio de MercadoEnvios: 0 ARS\nPagado: 4440 ARS\n\n', 0, '2021-02-01 21:31:25'),
(65, 373, 85, 0, 0, 'expres&oacute; so 34', 0, '2021-02-22 12:00:50'),
(66, 378, 86, 0, 58, 'Local de ropa XD abierto de 10 a 13hs y de 17 a 21hs', 0, '2021-02-25 18:06:27'),
(67, 378, 86, 0, 58, 'Precio del pedido en PrestaShop: 7350 ARS\n\nPrecio del pedido en PrestaShop con comisión: 7350 ARS\n\nCosto de la comisión: 0 ARS\nPrecio de MercadoEnvios: 0 ARS\nPagado: 7350 ARS\n\n', 1, '2021-02-25 18:19:20'),
(68, 378, 86, 0, 58, 'Precio del pedido en PrestaShop: 7350 ARS\n\nPrecio del pedido en PrestaShop con comisión: 7350 ARS\n\nCosto de la comisión: 0 ARS\nPrecio de MercadoEnvios: 0 ARS\nPagado: 7350 ARS\n\n', 0, '2021-02-25 18:19:22'),
(69, 370, 84, 0, 59, 'Precio del pedido en PrestaShop: 4030 ARS\n\nPrecio del pedido en PrestaShop con comisión: 4030 ARS\n\nCosto de la comisión: 0 ARS\nPrecio de MercadoEnvios: 0 ARS\nPagado: 4030 ARS\n\n', 1, '2021-03-10 16:14:33'),
(70, 370, 84, 0, 59, 'Precio del pedido en PrestaShop: 4030 ARS\n\nPrecio del pedido en PrestaShop con comisión: 4030 ARS\n\nCosto de la comisión: 0 ARS\nPrecio de MercadoEnvios: 0 ARS\nPagado: 4030 ARS\n\n', 0, '2021-03-10 16:14:34'),
(71, 390, 88, 0, 60, 'Precio del pedido en PrestaShop: 8370 ARS\n\nPrecio del pedido en PrestaShop con comisión: 8370 ARS\n\nCosto de la comisión: 0 ARS\nPrecio de MercadoEnvios: 0 ARS\nPagado: 8370 ARS\n\n', 1, '2021-03-11 14:42:02'),
(72, 390, 88, 0, 60, 'Precio del pedido en PrestaShop: 8370 ARS\n\nPrecio del pedido en PrestaShop con comisión: 8370 ARS\n\nCosto de la comisión: 0 ARS\nPrecio de MercadoEnvios: 0 ARS\nPagado: 8370 ARS\n\n', 0, '2021-03-11 14:42:02'),
(73, 391, 89, 0, 61, 'Es un barrio cerrado. Porfavor dejar el paquete en la entrada', 0, '2021-03-11 16:34:23'),
(74, 391, 89, 0, 61, 'Precio del pedido en PrestaShop: 3130 ARS\n\nPrecio del pedido en PrestaShop con comisión: 3130 ARS\n\nCosto de la comisión: 0 ARS\nPrecio de MercadoEnvios: 0 ARS\nPagado: 3130 ARS\n\n', 1, '2021-03-11 16:36:17'),
(75, 391, 89, 0, 61, 'Precio del pedido en PrestaShop: 3130 ARS\n\nPrecio del pedido en PrestaShop con comisión: 3130 ARS\n\nCosto de la comisión: 0 ARS\nPrecio de MercadoEnvios: 0 ARS\nPagado: 3130 ARS\n\n', 0, '2021-03-11 16:36:19'),
(76, 396, 90, 0, 62, 'Precio del pedido en PrestaShop: 2790 ARS\n\nPrecio del pedido en PrestaShop con comisión: 2790 ARS\n\nCosto de la comisión: 0 ARS\nPrecio de MercadoEnvios: 0 ARS\nPagado: 2790 ARS\n\n', 1, '2021-03-11 21:28:21'),
(77, 396, 90, 0, 62, 'Precio del pedido en PrestaShop: 2790 ARS\n\nPrecio del pedido en PrestaShop con comisión: 2790 ARS\n\nCosto de la comisión: 0 ARS\nPrecio de MercadoEnvios: 0 ARS\nPagado: 2790 ARS\n\n', 0, '2021-03-11 21:28:23'),
(78, 403, 91, 0, 63, 'Precio del pedido en PrestaShop: 8370 ARS\n\nPrecio del pedido en PrestaShop con comisión: 8370 ARS\n\nCosto de la comisión: 0 ARS\nPrecio de MercadoEnvios: 0 ARS\nPagado: 8370 ARS\n\n', 1, '2021-03-19 13:13:19'),
(79, 403, 91, 0, 63, 'Precio del pedido en PrestaShop: 8370 ARS\n\nPrecio del pedido en PrestaShop con comisión: 8370 ARS\n\nCosto de la comisión: 0 ARS\nPrecio de MercadoEnvios: 0 ARS\nPagado: 8370 ARS\n\n', 0, '2021-03-19 13:13:21'),
(80, 408, 92, 0, 64, 'Precio del pedido en PrestaShop: 6900 ARS\n\nPrecio del pedido en PrestaShop con comisión: 6900 ARS\n\nCosto de la comisión: 0 ARS\nPrecio de MercadoEnvios: 0 ARS\nPagado: 6900 ARS\n\n', 1, '2021-03-25 14:56:36'),
(81, 408, 92, 0, 64, 'Precio del pedido en PrestaShop: 6900 ARS\n\nPrecio del pedido en PrestaShop con comisión: 6900 ARS\n\nCosto de la comisión: 0 ARS\nPrecio de MercadoEnvios: 0 ARS\nPagado: 6900 ARS\n\n', 0, '2021-03-25 14:56:38'),
(82, 412, 94, 0, 65, 'Dejar en Guardia ', 0, '2021-03-26 08:45:48'),
(83, 412, 94, 0, 65, 'Precio del pedido en PrestaShop: 2750 ARS\n\nPrecio del pedido en PrestaShop con comisión: 2750 ARS\n\nCosto de la comisión: 0 ARS\nPrecio de MercadoEnvios: 0 ARS\nPagado: 2750 ARS\n\n', 1, '2021-03-26 08:48:29'),
(84, 412, 94, 0, 65, 'Precio del pedido en PrestaShop: 2750 ARS\n\nPrecio del pedido en PrestaShop con comisión: 2750 ARS\n\nCosto de la comisión: 0 ARS\nPrecio de MercadoEnvios: 0 ARS\nPagado: 2750 ARS\n\n', 0, '2021-03-26 08:48:30'),
(85, 442, 100, 0, 66, 'Atender graduaci&oacute;n\r\n+ 2,50\r\n+ 4,50', 0, '2021-05-04 15:23:54'),
(86, 442, 100, 0, 66, 'Precio del pedido en PrestaShop: 5500 ARS\n\nPrecio del pedido en PrestaShop con comisión: 5500 ARS\n\nCosto de la comisión: 0 ARS\nPrecio de MercadoEnvios: 0 ARS\nPagado: 5500 ARS\n\n', 1, '2021-05-04 15:30:55'),
(87, 442, 100, 0, 66, 'Precio del pedido en PrestaShop: 5500 ARS\n\nPrecio del pedido en PrestaShop con comisión: 5500 ARS\n\nCosto de la comisión: 0 ARS\nPrecio de MercadoEnvios: 0 ARS\nPagado: 5500 ARS\n\n', 0, '2021-05-04 15:30:57'),
(88, 448, 102, 0, 67, 'Precio del pedido en PrestaShop: 2750 ARS\n\nPrecio del pedido en PrestaShop con comisión: 2750 ARS\n\nCosto de la comisión: 0 ARS\nPrecio de MercadoEnvios: 0 ARS\nPagado: 2750 ARS\n\n', 1, '2021-05-10 12:35:58'),
(89, 448, 102, 0, 67, 'Precio del pedido en PrestaShop: 2750 ARS\n\nPrecio del pedido en PrestaShop con comisión: 2750 ARS\n\nCosto de la comisión: 0 ARS\nPrecio de MercadoEnvios: 0 ARS\nPagado: 2750 ARS\n\n', 0, '2021-05-10 12:36:04'),
(90, 471, 109, 0, 68, 'Precio del pedido en PrestaShop: 3460 ARS\n\nPrecio del pedido en PrestaShop con comisión: 3460 ARS\n\nCosto de la comisión: 0 ARS\nPrecio de MercadoEnvios: 0 ARS\nPagado: 3460 ARS\n\n', 1, '2021-05-29 23:43:40'),
(91, 471, 109, 0, 68, 'Precio del pedido en PrestaShop: 3460 ARS\n\nPrecio del pedido en PrestaShop con comisión: 3460 ARS\n\nCosto de la comisión: 0 ARS\nPrecio de MercadoEnvios: 0 ARS\nPagado: 3460 ARS\n\n', 0, '2021-05-29 23:43:42'),
(92, 521, 120, 0, 70, 'Precio del pedido en PrestaShop: 10650 ARS\n\nPrecio del pedido en PrestaShop con comisión: 10650 ARS\n\nCosto de la comisión: 0 ARS\nPrecio de MercadoEnvios: 0 ARS\nPagado: 10650 ARS\n\n', 1, '2021-07-28 21:06:07'),
(93, 521, 120, 0, 70, 'Precio del pedido en PrestaShop: 10650 ARS\n\nPrecio del pedido en PrestaShop con comisión: 10650 ARS\n\nCosto de la comisión: 0 ARS\nPrecio de MercadoEnvios: 0 ARS\nPagado: 10650 ARS\n\n', 0, '2021-07-28 21:06:12'),
(94, 529, 121, 0, 72, 'Si no estoy dejar al portero Juan', 0, '2021-08-07 17:19:17'),
(95, 529, 121, 0, 72, 'Precio del pedido en PrestaShop: 4000 ARS\n\nPrecio del pedido en PrestaShop con comisión: 4000 ARS\n\nCosto de la comisión: 0 ARS\nPrecio de MercadoEnvios: 0 ARS\nPagado: 4000 ARS\n\n', 1, '2021-08-07 17:28:40'),
(96, 529, 121, 0, 72, 'Precio del pedido en PrestaShop: 4000 ARS\n\nPrecio del pedido en PrestaShop con comisión: 4000 ARS\n\nCosto de la comisión: 0 ARS\nPrecio de MercadoEnvios: 0 ARS\nPagado: 4000 ARS\n\n', 0, '2021-08-07 17:28:42'),
(97, 544, 124, 0, 73, 'Precio del pedido en PrestaShop: 4570 ARS\n\nPrecio del pedido en PrestaShop con comisión: 4570 ARS\n\nCosto de la comisión: 0 ARS\nPrecio de MercadoEnvios: 0 ARS\nPagado: 4570 ARS\n\n', 1, '2021-08-28 14:33:02'),
(98, 544, 124, 0, 73, 'Precio del pedido en PrestaShop: 4570 ARS\n\nPrecio del pedido en PrestaShop con comisión: 4570 ARS\n\nCosto de la comisión: 0 ARS\nPrecio de MercadoEnvios: 0 ARS\nPagado: 4570 ARS\n\n', 0, '2021-08-28 14:33:04'),
(99, 569, 130, 0, 74, 'Precio del pedido en PrestaShop: 17498 ARS\n\nPrecio del pedido en PrestaShop con comisión: 17498 ARS\n\nCosto de la comisión: 0 ARS\nPrecio de MercadoEnvios: 0 ARS\nPagado: 17498 ARS\n\n', 1, '2021-09-27 20:23:45'),
(100, 569, 130, 0, 74, 'Precio del pedido en PrestaShop: 17498 ARS\n\nPrecio del pedido en PrestaShop con comisión: 17498 ARS\n\nCosto de la comisión: 0 ARS\nPrecio de MercadoEnvios: 0 ARS\nPagado: 17498 ARS\n\n', 0, '2021-09-27 20:23:51'),
(101, 567, 131, 0, 75, 'prueba', 0, '2021-09-28 11:25:04'),
(102, 584, 135, 0, 77, 'Precio del pedido en PrestaShop: 3550 ARS\n\nPrecio del pedido en PrestaShop con comisión: 3550 ARS\n\nCosto de la comisión: 0 ARS\nPrecio de MercadoEnvios: 0 ARS\nPagado: 3550 ARS\n\n', 1, '2021-10-06 15:11:02'),
(103, 584, 135, 0, 77, 'Precio del pedido en PrestaShop: 3550 ARS\n\nPrecio del pedido en PrestaShop con comisión: 3550 ARS\n\nCosto de la comisión: 0 ARS\nPrecio de MercadoEnvios: 0 ARS\nPagado: 3550 ARS\n\n', 0, '2021-10-06 15:11:03'),
(104, 580, 137, 0, 0, 'Perfil de prueba web', 0, '2021-10-12 12:13:34'),
(105, 602, 139, 0, 79, 'Precio del pedido en PrestaShop: 8890 ARS\n\nPrecio del pedido en PrestaShop con comisión: 8890 ARS\n\nCosto de la comisión: 0 ARS\nPrecio de MercadoEnvios: 0 ARS\nPagado: 8890 ARS\n\n', 1, '2021-10-22 14:59:26'),
(106, 602, 139, 0, 79, 'Precio del pedido en PrestaShop: 8890 ARS\n\nPrecio del pedido en PrestaShop con comisión: 8890 ARS\n\nCosto de la comisión: 0 ARS\nPrecio de MercadoEnvios: 0 ARS\nPagado: 8890 ARS\n\n', 0, '2021-10-22 14:59:27'),
(107, 606, 141, 0, 80, 'Precio del pedido en PrestaShop: 3990 ARS\n\nPrecio del pedido en PrestaShop con comisión: 3990 ARS\n\nCosto de la comisión: 0 ARS\nPrecio de MercadoEnvios: 0 ARS\nPagado: 3990 ARS\n\n', 1, '2021-10-25 11:15:42'),
(108, 606, 141, 0, 80, 'Precio del pedido en PrestaShop: 3990 ARS\n\nPrecio del pedido en PrestaShop con comisión: 3990 ARS\n\nCosto de la comisión: 0 ARS\nPrecio de MercadoEnvios: 0 ARS\nPagado: 3990 ARS\n\n', 0, '2021-10-25 11:15:44'),
(109, 626, 145, 0, 82, 'Precio del pedido en PrestaShop: 4370 ARS\n\nPrecio del pedido en PrestaShop con comisión: 4370 ARS\n\nCosto de la comisión: 0 ARS\nPrecio de MercadoEnvios: 0 ARS\nPagado: 4370 ARS\n\n', 1, '2021-11-06 17:32:35'),
(110, 626, 145, 0, 82, 'Precio del pedido en PrestaShop: 4370 ARS\n\nPrecio del pedido en PrestaShop con comisión: 4370 ARS\n\nCosto de la comisión: 0 ARS\nPrecio de MercadoEnvios: 0 ARS\nPagado: 4370 ARS\n\n', 0, '2021-11-06 17:32:38'),
(111, 624, 147, 0, 84, 'es la direcci&oacute;n del trabajo,preguntar por FERNANDO FLORES', 0, '2021-11-09 12:58:22'),
(112, 646, 150, 0, 87, 'Precio del pedido en PrestaShop: 6060 ARS\n\nPrecio del pedido en PrestaShop con comisión: 6060 ARS\n\nCosto de la comisión: 0 ARS\nPrecio de MercadoEnvios: 0 ARS\nPagado: 6060 ARS\n\n', 1, '2021-11-24 12:30:41'),
(113, 646, 150, 0, 87, 'Precio del pedido en PrestaShop: 6060 ARS\n\nPrecio del pedido en PrestaShop con comisión: 6060 ARS\n\nCosto de la comisión: 0 ARS\nPrecio de MercadoEnvios: 0 ARS\nPagado: 6060 ARS\n\n', 0, '2021-11-24 12:30:42'),
(114, 647, 151, 0, 88, 'Precio del pedido en PrestaShop: 7220 ARS\n\nPrecio del pedido en PrestaShop con comisión: 7220 ARS\n\nCosto de la comisión: 0 ARS\nPrecio de MercadoEnvios: 0 ARS\nPagado: 7220 ARS\n\n', 1, '2021-11-26 22:37:00'),
(115, 647, 151, 0, 88, 'Precio del pedido en PrestaShop: 7220 ARS\n\nPrecio del pedido en PrestaShop con comisión: 7220 ARS\n\nCosto de la comisión: 0 ARS\nPrecio de MercadoEnvios: 0 ARS\nPagado: 7220 ARS\n\n', 0, '2021-11-26 22:37:04'),
(116, 652, 153, 0, 89, 'Precio del pedido en PrestaShop: 6460 ARS\n\nPrecio del pedido en PrestaShop con comisión: 6460 ARS\n\nCosto de la comisión: 0 ARS\nPrecio de MercadoEnvios: 0 ARS\nPagado: 6460 ARS\n\n', 1, '2021-11-28 22:16:28'),
(117, 652, 153, 0, 89, 'Precio del pedido en PrestaShop: 6460 ARS\n\nPrecio del pedido en PrestaShop con comisión: 6460 ARS\n\nCosto de la comisión: 0 ARS\nPrecio de MercadoEnvios: 0 ARS\nPagado: 6460 ARS\n\n', 0, '2021-11-28 22:16:29'),
(118, 662, 156, 0, 90, 'Precio del pedido en PrestaShop: 6120 ARS\n\nPrecio del pedido en PrestaShop con comisión: 6120 ARS\n\nCosto de la comisión: 0 ARS\nPrecio de MercadoEnvios: 0 ARS\nPagado: 6120 ARS\n\n', 1, '2021-12-13 17:39:18'),
(119, 662, 156, 0, 90, 'Precio del pedido en PrestaShop: 6120 ARS\n\nPrecio del pedido en PrestaShop con comisión: 6120 ARS\n\nCosto de la comisión: 0 ARS\nPrecio de MercadoEnvios: 0 ARS\nPagado: 6120 ARS\n\n', 0, '2021-12-13 17:39:21'),
(120, 667, 157, 0, 91, 'Precio del pedido en PrestaShop: 8890 ARS\n\nPrecio del pedido en PrestaShop con comisión: 8890 ARS\n\nCosto de la comisión: 0 ARS\nPrecio de MercadoEnvios: 0 ARS\nPagado: 8890 ARS\n\n', 1, '2021-12-14 11:58:33'),
(121, 667, 157, 0, 91, 'Precio del pedido en PrestaShop: 8890 ARS\n\nPrecio del pedido en PrestaShop con comisión: 8890 ARS\n\nCosto de la comisión: 0 ARS\nPrecio de MercadoEnvios: 0 ARS\nPagado: 8890 ARS\n\n', 0, '2021-12-14 11:58:39'),
(122, 695, 163, 0, 92, 'La paz 4181 entre guatemala y centenera, casa de paredon amarillo y porton negro', 0, '2021-12-31 10:47:19'),
(123, 695, 163, 0, 92, 'Precio del pedido en PrestaShop: 6400 ARS\n\nPrecio del pedido en PrestaShop con comisión: 6400 ARS\n\nCosto de la comisión: 0 ARS\nPrecio de MercadoEnvios: 0 ARS\nPagado: 6400 ARS\n\n', 1, '2021-12-31 10:48:15'),
(124, 695, 163, 0, 92, 'Precio del pedido en PrestaShop: 6400 ARS\n\nPrecio del pedido en PrestaShop con comisión: 6400 ARS\n\nCosto de la comisión: 0 ARS\nPrecio de MercadoEnvios: 0 ARS\nPagado: 6400 ARS\n\n', 0, '2021-12-31 10:48:16'),
(125, 698, 165, 0, 93, 'Precio del pedido en PrestaShop: 7300 ARS\n\nPrecio del pedido en PrestaShop con comisión: 7300 ARS\n\nCosto de la comisión: 0 ARS\nPrecio de MercadoEnvios: 0 ARS\nPagado: 7300 ARS\n\n', 1, '2022-01-03 13:22:01'),
(126, 698, 165, 0, 93, 'Precio del pedido en PrestaShop: 7300 ARS\n\nPrecio del pedido en PrestaShop con comisión: 7300 ARS\n\nCosto de la comisión: 0 ARS\nPrecio de MercadoEnvios: 0 ARS\nPagado: 7300 ARS\n\n', 0, '2022-01-03 13:22:03'),
(127, 699, 165, 0, 94, 'Precio del pedido en PrestaShop: 7300 ARS\n\nPrecio del pedido en PrestaShop con comisión: 7300 ARS\n\nCosto de la comisión: 0 ARS\nPrecio de MercadoEnvios: 0 ARS\nPagado: 7300 ARS\n\n', 1, '2022-01-03 13:26:26'),
(128, 699, 165, 0, 94, 'Precio del pedido en PrestaShop: 7300 ARS\n\nPrecio del pedido en PrestaShop con comisión: 7300 ARS\n\nCosto de la comisión: 0 ARS\nPrecio de MercadoEnvios: 0 ARS\nPagado: 7300 ARS\n\n', 0, '2022-01-03 13:26:28'),
(129, 727, 169, 0, 96, 'Precio del pedido en PrestaShop: 8000 ARS\n\nPrecio del pedido en PrestaShop con comisión: 8000 ARS\n\nCosto de la comisión: 0 ARS\nPrecio de MercadoEnvios: 0 ARS\nPagado: 8000 ARS\n\n', 1, '2022-01-10 11:28:12'),
(130, 727, 169, 0, 96, 'Precio del pedido en PrestaShop: 8000 ARS\n\nPrecio del pedido en PrestaShop con comisión: 8000 ARS\n\nCosto de la comisión: 0 ARS\nPrecio de MercadoEnvios: 0 ARS\nPagado: 8000 ARS\n\n', 0, '2022-01-10 11:28:14'),
(131, 730, 170, 0, 97, 'Precio del pedido en PrestaShop: 5900 ARS\n\nPrecio del pedido en PrestaShop con comisión: 5900 ARS\n\nCosto de la comisión: 0 ARS\nPrecio de MercadoEnvios: 0 ARS\nPagado: 5900 ARS\n\n', 1, '2022-01-11 12:15:28'),
(132, 730, 170, 0, 97, 'Precio del pedido en PrestaShop: 5900 ARS\n\nPrecio del pedido en PrestaShop con comisión: 5900 ARS\n\nCosto de la comisión: 0 ARS\nPrecio de MercadoEnvios: 0 ARS\nPagado: 5900 ARS\n\n', 0, '2022-01-11 12:15:29'),
(133, 737, 171, 0, 98, 'Precio del pedido en PrestaShop: 10800 ARS\n\nPrecio del pedido en PrestaShop con comisión: 10800 ARS\n\nCosto de la comisión: 0 ARS\nPrecio de MercadoEnvios: 0 ARS\nPagado: 10800 ARS\n\n', 1, '2022-01-18 09:53:07'),
(134, 737, 171, 0, 98, 'Precio del pedido en PrestaShop: 10800 ARS\n\nPrecio del pedido en PrestaShop con comisión: 10800 ARS\n\nCosto de la comisión: 0 ARS\nPrecio de MercadoEnvios: 0 ARS\nPagado: 10800 ARS\n\n', 0, '2022-01-18 09:53:08'),
(135, 743, 172, 0, 99, 'por favor llamar antes, estoy martes mi&eacute;rcoles desde las 15:30 hasta las 19:00', 0, '2022-01-21 10:09:29'),
(136, 743, 172, 0, 99, 'Precio del pedido en PrestaShop: 3990 ARS\n\nPrecio del pedido en PrestaShop con comisión: 3990 ARS\n\nCosto de la comisión: 0 ARS\nPrecio de MercadoEnvios: 0 ARS\nPagado: 3990 ARS\n\n', 1, '2022-01-21 10:10:15'),
(137, 743, 172, 0, 99, 'Precio del pedido en PrestaShop: 3990 ARS\n\nPrecio del pedido en PrestaShop con comisión: 3990 ARS\n\nCosto de la comisión: 0 ARS\nPrecio de MercadoEnvios: 0 ARS\nPagado: 3990 ARS\n\n', 0, '2022-01-21 10:10:16'),
(138, 752, 173, 0, 101, 'Nicol&aacute;s avellaneda 4614 virreyes timbre 1 1124691031 ', 0, '2022-02-01 15:55:44'),
(139, 771, 176, 0, 102, 'Que tengan vencimiento en 2024. Si no hay nadie en el departamento que las dejen en la garita de seguridad o con el encargado', 0, '2022-02-15 11:36:19'),
(140, 771, 176, 0, 102, 'Precio del pedido en PrestaShop: 12600 ARS\n\nPrecio del pedido en PrestaShop con comisión: 12600 ARS\n\nCosto de la comisión: 0 ARS\nPrecio de MercadoEnvios: 0 ARS\nPagado: 12600 ARS\n\n', 1, '2022-02-15 11:37:54'),
(141, 771, 176, 0, 102, 'Precio del pedido en PrestaShop: 12600 ARS\n\nPrecio del pedido en PrestaShop con comisión: 12600 ARS\n\nCosto de la comisión: 0 ARS\nPrecio de MercadoEnvios: 0 ARS\nPagado: 12600 ARS\n\n', 0, '2022-02-15 11:37:55'),
(142, 772, 177, 0, 0, 'De preferencia por correo argentino o Andreani (NO por OCA porque tiene muy mal servicio en m&iacute; ciudad)', 0, '2022-02-16 20:10:42'),
(143, 780, 91, 0, 103, 'Precio del pedido en PrestaShop: 12600 ARS\n\nPrecio del pedido en PrestaShop con comisión: 12600 ARS\n\nCosto de la comisión: 0 ARS\nPrecio de MercadoEnvios: 0 ARS\nPagado: 12600 ARS\n\n', 1, '2022-02-21 12:01:27'),
(144, 780, 91, 0, 103, 'Precio del pedido en PrestaShop: 12600 ARS\n\nPrecio del pedido en PrestaShop con comisión: 12600 ARS\n\nCosto de la comisión: 0 ARS\nPrecio de MercadoEnvios: 0 ARS\nPagado: 12600 ARS\n\n', 0, '2022-02-21 12:01:28'),
(145, 781, 179, 0, 104, 'Direcci&amp;oacute;n: Barrio Cementista 2, M19 C20 por calle Jos&amp;eacute; Maria Videla 1732. Port&amp;oacute;n Bordo ', 0, '2022-02-24 21:22:37'),
(146, 781, 179, 0, 104, 'Precio del pedido en PrestaShop: 6600 ARS\n\nPrecio del pedido en PrestaShop con comisión: 6600 ARS\n\nCosto de la comisión: 0 ARS\nPrecio de MercadoEnvios: 0 ARS\nPagado: 6600 ARS\n\n', 1, '2022-02-24 21:32:44'),
(147, 781, 179, 0, 104, 'Precio del pedido en PrestaShop: 6600 ARS\n\nPrecio del pedido en PrestaShop con comisión: 6600 ARS\n\nCosto de la comisión: 0 ARS\nPrecio de MercadoEnvios: 0 ARS\nPagado: 6600 ARS\n\n', 0, '2022-02-24 21:32:45'),
(148, 787, 181, 0, 105, 'Precio del pedido en PrestaShop: 9250 ARS\n\nPrecio del pedido en PrestaShop con comisión: 9250 ARS\n\nCosto de la comisión: 0 ARS\nPrecio de MercadoEnvios: 0 ARS\nPagado: 9250 ARS\n\n', 1, '2022-03-03 19:05:18'),
(149, 787, 181, 0, 105, 'Precio del pedido en PrestaShop: 9250 ARS\n\nPrecio del pedido en PrestaShop con comisión: 9250 ARS\n\nCosto de la comisión: 0 ARS\nPrecio de MercadoEnvios: 0 ARS\nPagado: 9250 ARS\n\n', 0, '2022-03-03 19:05:20'),
(150, 776, 178, 0, 0, 'La factura que diga lentes armaz&amp;oacute;n y lentes de contacto blandas', 0, '2022-03-04 19:18:05'),
(151, 788, 182, 0, 0, 'Buenos dias que en la factura diga armazon y cristales.-', 0, '2022-03-07 09:43:08'),
(152, 833, 190, 0, 106, 'Precio del pedido en PrestaShop: 7750 ARS\n\nPrecio del pedido en PrestaShop con comisión: 7750 ARS\n\nCosto de la comisión: 0 ARS\nPrecio de MercadoEnvios: 0 ARS\nPagado: 7750 ARS\n\n', 1, '2022-04-14 14:24:55'),
(153, 833, 190, 0, 106, 'Precio del pedido en PrestaShop: 7750 ARS\n\nPrecio del pedido en PrestaShop con comisión: 7750 ARS\n\nCosto de la comisión: 0 ARS\nPrecio de MercadoEnvios: 0 ARS\nPagado: 7750 ARS\n\n', 0, '2022-04-14 14:24:58'),
(154, 836, 192, 0, 107, 'Es para regalar. Confirmar horario de entrega ', 0, '2022-04-18 18:16:28'),
(155, 836, 192, 0, 107, 'Precio del pedido en PrestaShop: 4050 ARS\n\nPrecio del pedido en PrestaShop con comisión: 4050 ARS\n\nCosto de la comisión: 0 ARS\nPrecio de MercadoEnvios: 0 ARS\nPagado: 4050 ARS\n\n', 1, '2022-04-18 18:42:47'),
(156, 836, 192, 0, 107, 'Precio del pedido en PrestaShop: 4050 ARS\n\nPrecio del pedido en PrestaShop con comisión: 4050 ARS\n\nCosto de la comisión: 0 ARS\nPrecio de MercadoEnvios: 0 ARS\nPagado: 4050 ARS\n\n', 0, '2022-04-18 18:42:48'),
(157, 839, 192, 0, 108, 'Es para regalo, programar horario de entrega ', 0, '2022-04-18 18:56:13'),
(158, 839, 192, 0, 108, 'Precio del pedido en PrestaShop: 4050 ARS\n\nPrecio del pedido en PrestaShop con comisión: 4050 ARS\n\nCosto de la comisión: 0 ARS\nPrecio de MercadoEnvios: 0 ARS\nPagado: 4050 ARS\n\n', 1, '2022-04-18 19:01:40'),
(159, 839, 192, 0, 108, 'Precio del pedido en PrestaShop: 4050 ARS\n\nPrecio del pedido en PrestaShop con comisión: 4050 ARS\n\nCosto de la comisión: 0 ARS\nPrecio de MercadoEnvios: 0 ARS\nPagado: 4050 ARS\n\n', 0, '2022-04-18 19:01:42'),
(160, 866, 194, 0, 109, 'Precio del pedido en PrestaShop: 5080 ARS\n\nPrecio del pedido en PrestaShop con comisión: 5080 ARS\n\nCosto de la comisión: 0 ARS\nPrecio de MercadoEnvios: 0 ARS\nPagado: 5080 ARS\n\n', 1, '2022-05-22 21:31:30'),
(161, 866, 194, 0, 109, 'Precio del pedido en PrestaShop: 5080 ARS\n\nPrecio del pedido en PrestaShop con comisión: 5080 ARS\n\nCosto de la comisión: 0 ARS\nPrecio de MercadoEnvios: 0 ARS\nPagado: 5080 ARS\n\n', 0, '2022-05-22 21:31:31'),
(162, 875, 197, 0, 110, 'Precio del pedido en PrestaShop: 9850 ARS\n\nPrecio del pedido en PrestaShop con comisión: 9850 ARS\n\nCosto de la comisión: 0 ARS\nPrecio de MercadoEnvios: 0 ARS\nPagado: 9850 ARS\n\n', 1, '2022-06-06 21:18:39'),
(163, 875, 197, 0, 110, 'Precio del pedido en PrestaShop: 9850 ARS\n\nPrecio del pedido en PrestaShop con comisión: 9850 ARS\n\nCosto de la comisión: 0 ARS\nPrecio de MercadoEnvios: 0 ARS\nPagado: 9850 ARS\n\n', 0, '2022-06-06 21:18:41'),
(164, 879, 120, 0, 111, 'Precio del pedido en PrestaShop: 15240 ARS\n\nPrecio del pedido en PrestaShop con comisión: 15240 ARS\n\nCosto de la comisión: 0 ARS\nPrecio de MercadoEnvios: 0 ARS\nPagado: 15240 ARS\n\n', 1, '2022-06-09 21:23:57'),
(165, 879, 120, 0, 111, 'Precio del pedido en PrestaShop: 15240 ARS\n\nPrecio del pedido en PrestaShop con comisión: 15240 ARS\n\nCosto de la comisión: 0 ARS\nPrecio de MercadoEnvios: 0 ARS\nPagado: 15240 ARS\n\n', 0, '2022-06-09 21:24:00'),
(166, 880, 199, 0, 112, 'retirar sucursal de chango mas por avenida pomar en CORRIENTES CAPITAL', 0, '2022-06-10 17:58:36'),
(167, 880, 199, 0, 112, 'Precio del pedido en PrestaShop: 8250 ARS\n\nPrecio del pedido en PrestaShop con comisión: 8250 ARS\n\nCosto de la comisión: 0 ARS\nPrecio de MercadoEnvios: 0 ARS\nPagado: 8250 ARS\n\n', 1, '2022-06-11 19:31:47'),
(168, 880, 199, 0, 112, 'Precio del pedido en PrestaShop: 8250 ARS\n\nPrecio del pedido en PrestaShop con comisión: 8250 ARS\n\nCosto de la comisión: 0 ARS\nPrecio de MercadoEnvios: 0 ARS\nPagado: 8250 ARS\n\n', 0, '2022-06-11 19:31:47'),
(169, 893, 200, 0, 113, 'Recibira Patricia de Buono o Alfredo de Buono. ', 0, '2022-06-23 12:26:59'),
(170, 893, 200, 0, 113, 'Precio del pedido en PrestaShop: 10050 ARS\n\nPrecio del pedido en PrestaShop con comisión: 10050 ARS\n\nCosto de la comisión: 0 ARS\nPrecio de MercadoEnvios: 0 ARS\nPagado: 10050 ARS\n\n', 1, '2022-06-23 12:35:43'),
(171, 893, 200, 0, 113, 'Precio del pedido en PrestaShop: 10050 ARS\n\nPrecio del pedido en PrestaShop con comisión: 10050 ARS\n\nCosto de la comisión: 0 ARS\nPrecio de MercadoEnvios: 0 ARS\nPagado: 10050 ARS\n\n', 0, '2022-06-23 12:35:44'),
(172, 916, 201, 0, 114, 'llamar al 3512160758', 0, '2022-07-14 13:04:56'),
(173, 917, 202, 0, 115, 'llamar al 3512160758 si no atiende nadie', 0, '2022-07-14 13:08:04'),
(174, 917, 202, 0, 115, 'Precio del pedido en PrestaShop: 12.1 ARS\n\nPrecio del pedido en PrestaShop con comisión: 12.1 ARS\n\nCosto de la comisión: 0 ARS\nPrecio de MercadoEnvios: 0 ARS\nPagado: 12.1 ARS\n\n', 1, '2022-07-14 13:08:43'),
(175, 917, 202, 0, 115, 'Precio del pedido en PrestaShop: 12.1 ARS\n\nPrecio del pedido en PrestaShop con comisión: 12.1 ARS\n\nCosto de la comisión: 0 ARS\nPrecio de MercadoEnvios: 0 ARS\nPagado: 12.1 ARS\n\n', 0, '2022-07-14 13:08:48');

-- --------------------------------------------------------

--
-- Estructura de tabla para la tabla `ps_message_readed`
--

CREATE TABLE `ps_message_readed` (
  `id_message` int(10) UNSIGNED NOT NULL,
  `id_employee` int(10) UNSIGNED NOT NULL,
  `date_add` datetime NOT NULL
) ENGINE=InnoDB DEFAULT CHARSET=utf8;

-- --------------------------------------------------------

--
-- Estructura de tabla para la tabla `ps_meta`
--

CREATE TABLE `ps_meta` (
  `id_meta` int(10) UNSIGNED NOT NULL,
  `page` varchar(64) NOT NULL,
  `configurable` tinyint(1) UNSIGNED NOT NULL DEFAULT 1
) ENGINE=InnoDB DEFAULT CHARSET=utf8;

--
-- Volcado de datos para la tabla `ps_meta`
--

INSERT INTO `ps_meta` (`id_meta`, `page`, `configurable`) VALUES
(1, 'pagenotfound', 1),
(2, 'best-sales', 1),
(3, 'contact', 1),
(4, 'index', 1),
(5, 'manufacturer', 1),
(6, 'new-products', 1),
(7, 'password', 1),
(8, 'prices-drop', 1),
(9, 'sitemap', 1),
(10, 'supplier', 1),
(11, 'address', 1),
(12, 'addresses', 1),
(13, 'authentication', 1),
(14, 'cart', 1),
(15, 'discount', 1),
(16, 'history', 1),
(17, 'identity', 1),
(18, 'my-account', 1),
(19, 'order-follow', 1),
(20, 'order-slip', 1),
(21, 'order', 1),
(22, 'search', 1),
(23, 'stores', 1),
(24, 'guest-tracking', 1),
(25, 'order-confirmation', 1),
(26, 'product', 0),
(27, 'category', 0),
(28, 'cms', 0),
(29, 'module-cheque-payment', 0),
(30, 'module-cheque-validation', 0),
(31, 'module-bankwire-validation', 0),
(32, 'module-bankwire-payment', 0),
(33, 'module-cashondelivery-validation', 0),
(36, 'module-ps_emailsubscription-verification', 1),
(37, 'module-ps_emailsubscription-subscription', 1),
(39, 'module-ps_shoppingcart-ajax', 1),
(40, 'module-ps_wirepayment-payment', 1),
(41, 'module-ps_wirepayment-validation', 1),
(44, 'module-fieldpopupnewsletter-verification', 1),
(45, 'module-fieldcompare-FieldCompareProduct', 1),
(46, 'module-fieldblockwishlist-mywishlist', 1),
(47, 'module-smartblog-category', 1),
(48, 'module-smartblog-details', 1),
(49, 'module-smartblog-search', 1),
(50, 'module-smartblog-tagpost', 1),
(51, 'module-ps_emailalerts-account', 1),
(53, 'module-ps_checkpayment-payment', 1),
(54, 'module-ps_checkpayment-validation', 1),
(57, 'module-mptoolspro-redirect', 1),
(58, 'module-cartabandonmentpro-FrontCartAbandonment', 1);

-- --------------------------------------------------------

--
-- Estructura de tabla para la tabla `ps_meta_lang`
--

CREATE TABLE `ps_meta_lang` (
  `id_meta` int(10) UNSIGNED NOT NULL,
  `id_shop` int(11) UNSIGNED NOT NULL DEFAULT 1,
  `id_lang` int(10) UNSIGNED NOT NULL,
  `title` varchar(128) DEFAULT NULL,
  `description` varchar(255) DEFAULT NULL,
  `keywords` varchar(255) DEFAULT NULL,
  `url_rewrite` varchar(254) NOT NULL
) ENGINE=InnoDB DEFAULT CHARSET=utf8;

--
-- Volcado de datos para la tabla `ps_meta_lang`
--

INSERT INTO `ps_meta_lang` (`id_meta`, `id_shop`, `id_lang`, `title`, `description`, `keywords`, `url_rewrite`) VALUES
(1, 1, 1, 'Error 404', 'Página no encontrada', '', 'pagina-no-encontrada'),
(2, 1, 1, 'Los más vendidos', 'Los más vendidos', '', 'mas-vendidos'),
(3, 1, 1, 'Contacte con nosotros', 'Contáctenos', '', 'contactenos'),
(4, 1, 1, 'Optica Brera', 'Con el cuidado sanitarias oficial disponemos de Lentes de Contacto, Lentes de Sol, Soluciones, Gotas, Lentes de Cosméticos para su bienestar', 'Lentes de contacto, lentes de sol, soluciones en gotas, Lentes de comsmetica, Armazones, Armazones para lentes', ''),
(5, 1, 1, 'Brands', 'Brands list', '', 'brands'),
(6, 1, 1, 'Novedades', 'Novedades', '', 'novedades'),
(7, 1, 1, 'Ha olvidado su contraseña', 'Introduzca la dirección de correo electrónico que utiliza a la hora de iniciar sesión, para recibir un correo electrónico con una nueva contraseña', '', 'recuperar-contraseña'),
(8, 1, 1, 'Ofertas', 'Our special products', '', 'productos-rebajados'),
(9, 1, 1, 'Mapa del sitio', '¿Perdido? Encuentre lo que está buscando', '', 'mapa del sitio'),
(10, 1, 1, 'Proveedores', 'Listado de proveedores', '', 'proveedor'),
(11, 1, 1, 'Dirección', '', '', 'direccion'),
(12, 1, 1, 'Direcciones', '', '', 'direcciones'),
(13, 1, 1, 'Iniciar sesión', '', '', 'iniciar-sesion'),
(14, 1, 1, 'Carrito', '', '', 'carrito'),
(15, 1, 1, 'Descuento', '', '', 'descuento'),
(16, 1, 1, 'Historial de pedidos', '', '', 'historial-compra'),
(17, 1, 1, 'Datos personales', '', '', 'datos-personales'),
(18, 1, 1, 'Mi cuenta', '', '', 'mi-cuenta'),
(19, 1, 1, 'Seguimiento del pedido', '', '', 'seguimiento-pedido'),
(20, 1, 1, 'Factura por abono', '', '', 'facturas-abono'),
(21, 1, 1, 'Pedido', '', '', 'pedido'),
(22, 1, 1, 'Buscar', '', '', 'busqueda'),
(23, 1, 1, 'Tiendas', '', '', 'tiendas'),
(24, 1, 1, 'Seguimiento de pedidos de clientes invitados', '', '', 'seguimiento-pedido-invitado'),
(25, 1, 1, 'Confirmación de pedido', '', '', 'confirmacion-pedido'),
(36, 1, 1, '', '', '', ''),
(37, 1, 1, '', '', '', ''),
(39, 1, 1, '', '', '', ''),
(40, 1, 1, '', '', '', ''),
(41, 1, 1, '', '', '', ''),
(44, 1, 1, '', '', '', ''),
(45, 1, 1, '', '', '', ''),
(46, 1, 1, '', '', '', ''),
(47, 1, 1, '', '', '', ''),
(48, 1, 1, '', '', '', ''),
(49, 1, 1, '', '', '', ''),
(50, 1, 1, '', '', '', ''),
(51, 1, 1, '', '', '', ''),
(53, 1, 1, '', '', '', ''),
(54, 1, 1, '', '', '', ''),
(57, 1, 1, '', '', '', ''),
(58, 1, 1, '', '', '', '');

-- --------------------------------------------------------

--
-- Estructura de tabla para la tabla `ps_module`
--

CREATE TABLE `ps_module` (
  `id_module` int(10) UNSIGNED NOT NULL,
  `name` varchar(64) NOT NULL,
  `active` tinyint(1) UNSIGNED NOT NULL DEFAULT 0,
  `version` varchar(8) NOT NULL
) ENGINE=InnoDB DEFAULT CHARSET=utf8;

--
-- Volcado de datos para la tabla `ps_module`
--

INSERT INTO `ps_module` (`id_module`, `name`, `active`, `version`) VALUES
(1, 'contactform', 1, '4.2.0'),
(2, 'dashactivity', 1, '2.0.2'),
(3, 'dashtrends', 1, '2.0.2'),
(4, 'dashgoals', 1, '2.0.2'),
(5, 'dashproducts', 1, '2.1.0'),
(6, 'graphnvd3', 1, '2.0.1'),
(7, 'gridhtml', 1, '2.0.0'),
(8, 'gsitemap', 1, '4.2.0'),
(9, 'ps_banner', 1, '2.1.0'),
(10, 'ps_categorytree', 1, '2.0.0'),
(12, 'ps_contactinfo', 1, '3.3.0'),
(13, 'ps_currencyselector', 1, '2.0.1'),
(14, 'ps_customeraccountlinks', 1, '3.1.0'),
(15, 'ps_customersignin', 1, '2.0.2'),
(16, 'ps_customtext', 1, '4.1.0'),
(17, 'ps_emailsubscription', 1, '2.6.0'),
(19, 'ps_faviconnotificationbo', 1, '2.1.0'),
(20, 'ps_featuredproducts', 1, '2.1.0'),
(21, 'ps_imageslider', 1, '3.1.0'),
(22, 'ps_languageselector', 1, '2.1.0'),
(23, 'ps_linklist', 1, '3.2.0'),
(24, 'ps_mainmenu', 1, '2.2.0'),
(25, 'ps_searchbar', 1, '2.0.1'),
(26, 'ps_sharebuttons', 1, '2.1.0'),
(27, 'ps_shoppingcart', 1, '2.0.3'),
(28, 'ps_socialfollow', 1, '2.1.0'),
(29, 'ps_themecusto', 1, '1.2.0'),
(30, 'ps_wirepayment', 1, '2.1.0'),
(31, 'pagesnotfound', 1, '2.0.0'),
(32, 'sekeywords', 1, '2.0.0'),
(33, 'statsbestcategories', 1, '2.0.0'),
(34, 'statsbestcustomers', 1, '2.0.2'),
(35, 'statsbestproducts', 1, '2.0.0'),
(36, 'statsbestsuppliers', 1, '2.0.0'),
(37, 'statsbestvouchers', 1, '2.0.0'),
(38, 'statscarrier', 1, '2.0.0'),
(39, 'statscatalog', 1, '2.0.1'),
(40, 'statscheckup', 1, '2.0.1'),
(41, 'statsdata', 1, '2.1.0'),
(42, 'statsequipment', 1, '2.0.0'),
(43, 'statsforecast', 1, '2.0.3'),
(44, 'statslive', 1, '2.1.0'),
(45, 'statsnewsletter', 1, '2.0.2'),
(46, 'statsorigin', 1, '2.0.2'),
(47, 'statspersonalinfos', 1, '2.0.3'),
(48, 'statsproduct', 1, '2.0.3'),
(49, 'statsregistrations', 1, '2.0.0'),
(50, 'statssales', 1, '2.0.0'),
(51, 'statssearch', 1, '2.0.1'),
(52, 'statsstock', 1, '2.0.0'),
(53, 'statsvisits', 1, '2.0.2'),
(54, 'welcome', 1, '6.0.0'),
(55, 'gamification', 1, '2.3.2'),
(56, 'emarketing', 1, '2.0.8'),
(57, 'psaddonsconnect', 1, '2.1.1'),
(58, 'psgdpr', 1, '1.2.0'),
(59, 'ps_mbo', 1, '2.0.1'),
(60, 'ps_buybuttonlite', 1, '1.0.1'),
(61, 'blockreassurance', 1, '5.0.0'),
(62, 'ps_facetedsearch', 1, '3.7.1'),
(63, 'fieldthemecustomizer', 1, '1.0'),
(64, 'fieldblocksearch', 1, '2.0'),
(65, 'fieldmegamenu', 1, '1.0'),
(66, 'fieldslideshow', 1, '2.0'),
(67, 'fieldpopupnewsletter', 1, '1.0'),
(69, 'fieldproductcates', 1, '1.0'),
(70, 'elevatezoom', 1, '1.0.4'),
(71, 'fieldtestimonials', 1, '1.0'),
(73, 'fieldproductcomments', 1, '1.0'),
(74, 'fieldcompare', 1, '1.0.0'),
(75, 'fieldcustomaddtabs', 1, '1.0.0'),
(76, 'fieldblockwishlist', 1, '1.0.1'),
(77, 'fieldfeaturedproductslider', 1, '1.0'),
(78, 'fieldbrandslider', 1, '1.0'),
(79, 'fieldspecialproduct', 1, '1.0'),
(80, 'fieldbestsellers', 1, '1.0'),
(81, 'fieldnewproductslider', 1, '1.0'),
(82, 'fieldblocktags', 1, '1.0.0'),
(83, 'fieldblogcategories', 1, '1.0'),
(84, 'fieldblogpopularposts', 1, '1.0.0'),
(85, 'fieldblogrecentposts', 1, '1.0.0'),
(86, 'fieldblogsearch', 1, '1.0'),
(87, 'fieldblogtags', 1, '1.0'),
(88, 'smartblog', 1, '3.0.0'),
(89, 'smartblogaddthisbutton', 1, '2.0.1'),
(90, 'smartbloghomelatestnews', 1, '2.0.1'),
(91, 'pscleaner', 1, '2.1.0'),
(93, 'eicaptcha', 1, '2.0.4'),
(94, 'ps_emailalerts', 1, '2.2.1'),
(96, 'fieldhtmlblock', 1, '1.0'),
(98, 'ps_checkpayment', 1, '2.0.4'),
(99, 'whatsappchat', 1, '1.9.3'),
(102, 'mptoolspro', 1, '5.1.8'),
(104, 'fieldsizechart', 1, '1.0.0'),
(105, 'cartabandonmentpro', 1, '1.8.8'),
(106, 'oneallsociallogin', 1, '4.5.1'),
(111, 'an_productfields', 1, '2.4.12'),
(113, 'gmerchantcenterpro', 1, '1.7.11'),
(114, 'g_productcatalog', 1, '1.0.9');

-- --------------------------------------------------------

--
-- Estructura de tabla para la tabla `ps_module_access`
--

CREATE TABLE `ps_module_access` (
  `id_profile` int(10) UNSIGNED NOT NULL,
  `id_authorization_role` int(10) UNSIGNED NOT NULL
) ENGINE=InnoDB DEFAULT CHARSET=utf8;

--
-- Volcado de datos para la tabla `ps_module_access`
--

INSERT INTO `ps_module_access` (`id_profile`, `id_authorization_role`) VALUES
(1, 477),
(1, 478),
(1, 479),
(1, 480),
(1, 481),
(1, 482),
(1, 483),
(1, 484),
(1, 485),
(1, 486),
(1, 487),
(1, 488),
(1, 493),
(1, 494),
(1, 495),
(1, 496),
(1, 497),
(1, 498),
(1, 499),
(1, 500),
(1, 501),
(1, 502),
(1, 503),
(1, 504),
(1, 505),
(1, 506),
(1, 507),
(1, 508),
(1, 509),
(1, 510),
(1, 511),
(1, 512),
(1, 513),
(1, 514),
(1, 515),
(1, 516),
(1, 517),
(1, 518),
(1, 519),
(1, 520),
(1, 525),
(1, 526),
(1, 527),
(1, 528),
(1, 529),
(1, 530),
(1, 531),
(1, 532),
(1, 533),
(1, 534),
(1, 535),
(1, 536),
(1, 537),
(1, 538),
(1, 539),
(1, 540),
(1, 541),
(1, 542),
(1, 543),
(1, 544),
(1, 545),
(1, 546),
(1, 547),
(1, 548),
(1, 553),
(1, 554),
(1, 555),
(1, 556),
(1, 561),
(1, 562),
(1, 563),
(1, 564),
(1, 565),
(1, 566),
(1, 567),
(1, 568),
(1, 569),
(1, 570),
(1, 571),
(1, 572),
(1, 577),
(1, 578),
(1, 579),
(1, 580),
(1, 581),
(1, 582),
(1, 583),
(1, 584),
(1, 585),
(1, 586),
(1, 587),
(1, 588),
(1, 589),
(1, 590),
(1, 591),
(1, 592),
(1, 593),
(1, 594),
(1, 595),
(1, 596),
(1, 597),
(1, 598),
(1, 599),
(1, 600),
(1, 601),
(1, 602),
(1, 603),
(1, 604),
(1, 617),
(1, 618),
(1, 619),
(1, 620),
(1, 621),
(1, 622),
(1, 623),
(1, 624),
(1, 625),
(1, 626),
(1, 627),
(1, 628),
(1, 629),
(1, 630),
(1, 631),
(1, 632),
(1, 633),
(1, 634),
(1, 635),
(1, 636),
(1, 637),
(1, 638),
(1, 639),
(1, 640),
(1, 641),
(1, 642),
(1, 643),
(1, 644),
(1, 645),
(1, 646),
(1, 647),
(1, 648),
(1, 649),
(1, 650),
(1, 651),
(1, 652),
(1, 653),
(1, 654),
(1, 655),
(1, 656),
(1, 657),
(1, 658),
(1, 659),
(1, 660),
(1, 661),
(1, 662),
(1, 663),
(1, 664),
(1, 665),
(1, 666),
(1, 667),
(1, 668),
(1, 669),
(1, 670),
(1, 671),
(1, 672),
(1, 673),
(1, 674),
(1, 675),
(1, 676),
(1, 677),
(1, 678),
(1, 679),
(1, 680),
(1, 681),
(1, 682),
(1, 683),
(1, 684),
(1, 685),
(1, 686),
(1, 687),
(1, 688),
(1, 689),
(1, 690),
(1, 691),
(1, 692),
(1, 693),
(1, 694),
(1, 695),
(1, 696),
(1, 697),
(1, 698),
(1, 699),
(1, 700),
(1, 701),
(1, 702),
(1, 703),
(1, 704),
(1, 705),
(1, 706),
(1, 707),
(1, 708),
(1, 709),
(1, 710),
(1, 711),
(1, 712),
(1, 713),
(1, 714),
(1, 715),
(1, 716),
(1, 725),
(1, 726),
(1, 727),
(1, 728),
(1, 729),
(1, 730),
(1, 731),
(1, 732),
(1, 737),
(1, 738),
(1, 739),
(1, 740),
(1, 741),
(1, 742),
(1, 743),
(1, 744),
(1, 753),
(1, 754),
(1, 755),
(1, 756),
(1, 765),
(1, 766),
(1, 767),
(1, 768),
(1, 773),
(1, 774),
(1, 775),
(1, 776),
(1, 777),
(1, 778),
(1, 779),
(1, 780),
(1, 781),
(1, 782),
(1, 783),
(1, 784),
(1, 797),
(1, 798),
(1, 799),
(1, 800),
(1, 805),
(1, 806),
(1, 807),
(1, 808),
(1, 813),
(1, 814),
(1, 815),
(1, 816),
(1, 825),
(1, 826),
(1, 827),
(1, 828),
(1, 837),
(1, 838),
(1, 839),
(1, 840),
(1, 849),
(1, 850),
(1, 851),
(1, 852),
(1, 853),
(1, 854),
(1, 855),
(1, 856),
(1, 873),
(1, 874),
(1, 875),
(1, 876),
(1, 877),
(1, 878),
(1, 879),
(1, 880),
(1, 881),
(1, 882),
(1, 883),
(1, 884),
(1, 885),
(1, 886),
(1, 887),
(1, 888),
(1, 893),
(1, 894),
(1, 895),
(1, 896),
(1, 897),
(1, 898),
(1, 899),
(1, 900),
(1, 909),
(1, 910),
(1, 911),
(1, 912),
(1, 913),
(1, 914),
(1, 915),
(1, 916),
(1, 921),
(1, 922),
(1, 923),
(1, 924),
(1, 929),
(1, 930),
(1, 931),
(1, 932),
(1, 933),
(1, 934),
(1, 935),
(1, 936),
(1, 937),
(1, 938),
(1, 939),
(1, 940),
(1, 941),
(1, 942),
(1, 943),
(1, 944),
(1, 945),
(1, 946),
(1, 947),
(1, 948),
(1, 949),
(1, 950),
(1, 951),
(1, 952),
(1, 953),
(1, 954),
(1, 955),
(1, 956),
(1, 985),
(1, 986),
(1, 987),
(1, 988),
(1, 989),
(1, 990),
(1, 991),
(1, 992),
(1, 993),
(1, 994),
(1, 995),
(1, 996),
(1, 1029),
(1, 1030),
(1, 1031),
(1, 1032),
(1, 1033),
(1, 1034),
(1, 1035),
(1, 1036),
(1, 1041),
(1, 1042),
(1, 1043),
(1, 1044),
(1, 1053),
(1, 1054),
(1, 1055),
(1, 1056),
(1, 1057),
(1, 1058),
(1, 1059),
(1, 1060),
(1, 1077),
(1, 1078),
(1, 1079),
(1, 1080),
(1, 1101),
(1, 1102),
(1, 1103),
(1, 1104),
(1, 1109),
(1, 1110),
(1, 1111),
(1, 1112),
(1, 1117),
(1, 1118),
(1, 1119),
(1, 1120),
(1, 1149),
(1, 1150),
(1, 1151),
(1, 1152),
(1, 1165),
(1, 1166),
(1, 1167),
(1, 1168),
(1, 1169),
(1, 1170),
(1, 1171),
(1, 1172),
(2, 482),
(2, 483),
(2, 486),
(2, 494),
(2, 495),
(2, 498),
(2, 499),
(2, 546),
(2, 547),
(2, 582),
(2, 583),
(2, 586),
(2, 587),
(2, 626),
(2, 627),
(2, 630),
(2, 631),
(2, 634),
(2, 635),
(2, 638),
(2, 639),
(2, 646),
(2, 647),
(2, 654),
(2, 655),
(2, 658),
(2, 659),
(2, 662),
(2, 663),
(2, 670),
(2, 671),
(2, 678),
(2, 679),
(2, 682),
(2, 683),
(2, 686),
(2, 687),
(2, 690),
(2, 691),
(2, 694),
(2, 695),
(2, 698),
(2, 699),
(2, 702),
(2, 703),
(2, 706),
(2, 707),
(2, 714),
(2, 715),
(4, 482),
(4, 483),
(4, 486),
(4, 487),
(4, 494),
(4, 495),
(4, 498),
(4, 499),
(4, 670),
(4, 671),
(4, 674),
(4, 675),
(4, 698),
(4, 699),
(4, 710),
(4, 711);

-- --------------------------------------------------------

--
-- Estructura de tabla para la tabla `ps_module_carrier`
--

CREATE TABLE `ps_module_carrier` (
  `id_module` int(10) UNSIGNED NOT NULL,
  `id_shop` int(11) UNSIGNED NOT NULL DEFAULT 1,
  `id_reference` int(11) NOT NULL
) ENGINE=InnoDB DEFAULT CHARSET=utf8;

--
-- Volcado de datos para la tabla `ps_module_carrier`
--

INSERT INTO `ps_module_carrier` (`id_module`, `id_shop`, `id_reference`) VALUES
(30, 1, 1),
(30, 1, 2),
(30, 1, 3),
(30, 1, 4),
(30, 1, 5),
(30, 1, 30),
(30, 1, 31),
(30, 1, 32),
(98, 1, 1),
(98, 1, 2),
(98, 1, 30),
(98, 1, 31),
(98, 1, 32),
(102, 1, 1),
(102, 1, 2),
(102, 1, 30),
(102, 1, 31),
(102, 1, 32);

-- --------------------------------------------------------

--
-- Estructura de tabla para la tabla `ps_module_country`
--

CREATE TABLE `ps_module_country` (
  `id_module` int(10) UNSIGNED NOT NULL,
  `id_shop` int(11) UNSIGNED NOT NULL DEFAULT 1,
  `id_country` int(10) UNSIGNED NOT NULL
) ENGINE=InnoDB DEFAULT CHARSET=utf8;

--
-- Volcado de datos para la tabla `ps_module_country`
--

INSERT INTO `ps_module_country` (`id_module`, `id_shop`, `id_country`) VALUES
(30, 1, 44),
(98, 1, 44),
(102, 1, 44);

-- --------------------------------------------------------

--
-- Estructura de tabla para la tabla `ps_module_currency`
--

CREATE TABLE `ps_module_currency` (
  `id_module` int(10) UNSIGNED NOT NULL,
  `id_shop` int(11) UNSIGNED NOT NULL DEFAULT 1,
  `id_currency` int(11) NOT NULL
) ENGINE=InnoDB DEFAULT CHARSET=utf8;

--
-- Volcado de datos para la tabla `ps_module_currency`
--

INSERT INTO `ps_module_currency` (`id_module`, `id_shop`, `id_currency`) VALUES
(30, 1, 1),
(102, 1, 1);

-- --------------------------------------------------------

--
-- Estructura de tabla para la tabla `ps_module_group`
--

CREATE TABLE `ps_module_group` (
  `id_module` int(10) UNSIGNED NOT NULL,
  `id_shop` int(11) UNSIGNED NOT NULL DEFAULT 1,
  `id_group` int(11) UNSIGNED NOT NULL
) ENGINE=InnoDB DEFAULT CHARSET=utf8;

--
-- Volcado de datos para la tabla `ps_module_group`
--

INSERT INTO `ps_module_group` (`id_module`, `id_shop`, `id_group`) VALUES
(1, 1, 1),
(1, 1, 2),
(1, 1, 3),
(2, 1, 1),
(2, 1, 2),
(2, 1, 3),
(3, 1, 1),
(3, 1, 2),
(3, 1, 3),
(4, 1, 1),
(4, 1, 2),
(4, 1, 3),
(5, 1, 1),
(5, 1, 2),
(5, 1, 3),
(6, 1, 1),
(6, 1, 2),
(6, 1, 3),
(7, 1, 1),
(7, 1, 2),
(7, 1, 3),
(8, 1, 1),
(8, 1, 2),
(8, 1, 3),
(9, 1, 1),
(9, 1, 2),
(9, 1, 3),
(10, 1, 1),
(10, 1, 2),
(10, 1, 3),
(12, 1, 1),
(12, 1, 2),
(12, 1, 3),
(13, 1, 1),
(13, 1, 2),
(13, 1, 3),
(14, 1, 1),
(14, 1, 2),
(14, 1, 3),
(15, 1, 1),
(15, 1, 2),
(15, 1, 3),
(16, 1, 1),
(16, 1, 2),
(16, 1, 3),
(17, 1, 1),
(17, 1, 2),
(17, 1, 3),
(19, 1, 1),
(19, 1, 2),
(19, 1, 3),
(20, 1, 1),
(20, 1, 2),
(20, 1, 3),
(21, 1, 1),
(21, 1, 2),
(21, 1, 3),
(22, 1, 1),
(22, 1, 2),
(22, 1, 3),
(23, 1, 1),
(23, 1, 2),
(23, 1, 3),
(24, 1, 1),
(24, 1, 2),
(24, 1, 3),
(25, 1, 1),
(25, 1, 2),
(25, 1, 3),
(26, 1, 1),
(26, 1, 2),
(26, 1, 3),
(27, 1, 1),
(27, 1, 2),
(27, 1, 3),
(28, 1, 1),
(28, 1, 2),
(28, 1, 3),
(29, 1, 1),
(29, 1, 2),
(29, 1, 3),
(30, 1, 1),
(30, 1, 2),
(30, 1, 3),
(31, 1, 1),
(31, 1, 2),
(31, 1, 3),
(32, 1, 1),
(32, 1, 2),
(32, 1, 3),
(33, 1, 1),
(33, 1, 2),
(33, 1, 3),
(34, 1, 1),
(34, 1, 2),
(34, 1, 3),
(35, 1, 1),
(35, 1, 2),
(35, 1, 3),
(36, 1, 1),
(36, 1, 2),
(36, 1, 3),
(37, 1, 1),
(37, 1, 2),
(37, 1, 3),
(38, 1, 1),
(38, 1, 2),
(38, 1, 3),
(39, 1, 1),
(39, 1, 2),
(39, 1, 3),
(40, 1, 1),
(40, 1, 2),
(40, 1, 3),
(41, 1, 1),
(41, 1, 2),
(41, 1, 3),
(42, 1, 1),
(42, 1, 2),
(42, 1, 3),
(43, 1, 1),
(43, 1, 2),
(43, 1, 3),
(44, 1, 1),
(44, 1, 2),
(44, 1, 3),
(45, 1, 1),
(45, 1, 2),
(45, 1, 3),
(46, 1, 1),
(46, 1, 2),
(46, 1, 3),
(47, 1, 1),
(47, 1, 2),
(47, 1, 3),
(48, 1, 1),
(48, 1, 2),
(48, 1, 3),
(49, 1, 1),
(49, 1, 2),
(49, 1, 3),
(50, 1, 1),
(50, 1, 2),
(50, 1, 3),
(51, 1, 1),
(51, 1, 2),
(51, 1, 3),
(52, 1, 1),
(52, 1, 2),
(52, 1, 3),
(53, 1, 1),
(53, 1, 2),
(53, 1, 3),
(54, 1, 1),
(54, 1, 2),
(54, 1, 3),
(55, 1, 1),
(55, 1, 2),
(55, 1, 3),
(56, 1, 1),
(56, 1, 2),
(56, 1, 3),
(57, 1, 1),
(57, 1, 2),
(57, 1, 3),
(58, 1, 1),
(58, 1, 2),
(58, 1, 3),
(59, 1, 1),
(59, 1, 2),
(59, 1, 3),
(60, 1, 1),
(60, 1, 2),
(60, 1, 3),
(61, 1, 1),
(61, 1, 2),
(61, 1, 3),
(62, 1, 1),
(62, 1, 2),
(62, 1, 3),
(63, 1, 1),
(63, 1, 2),
(63, 1, 3),
(64, 1, 1),
(64, 1, 2),
(64, 1, 3),
(65, 1, 1),
(65, 1, 2),
(65, 1, 3),
(66, 1, 1),
(66, 1, 2),
(66, 1, 3),
(67, 1, 1),
(67, 1, 2),
(67, 1, 3),
(69, 1, 1),
(69, 1, 2),
(69, 1, 3),
(70, 1, 1),
(70, 1, 2),
(70, 1, 3),
(71, 1, 1),
(71, 1, 2),
(71, 1, 3),
(73, 1, 1),
(73, 1, 2),
(73, 1, 3),
(74, 1, 1),
(74, 1, 2),
(74, 1, 3),
(75, 1, 1),
(75, 1, 2),
(75, 1, 3),
(76, 1, 1),
(76, 1, 2),
(76, 1, 3),
(77, 1, 1),
(77, 1, 2),
(77, 1, 3),
(78, 1, 1),
(78, 1, 2),
(78, 1, 3),
(79, 1, 1),
(79, 1, 2),
(79, 1, 3),
(80, 1, 1),
(80, 1, 2),
(80, 1, 3),
(81, 1, 1),
(81, 1, 2),
(81, 1, 3),
(82, 1, 1),
(82, 1, 2),
(82, 1, 3),
(83, 1, 1),
(83, 1, 2),
(83, 1, 3),
(84, 1, 1),
(84, 1, 2),
(84, 1, 3),
(85, 1, 1),
(85, 1, 2),
(85, 1, 3),
(86, 1, 1),
(86, 1, 2),
(86, 1, 3),
(87, 1, 1),
(87, 1, 2),
(87, 1, 3),
(88, 1, 1),
(88, 1, 2),
(88, 1, 3),
(89, 1, 1),
(89, 1, 2),
(89, 1, 3),
(90, 1, 1),
(90, 1, 2),
(90, 1, 3),
(91, 1, 1),
(91, 1, 2),
(91, 1, 3),
(93, 1, 1),
(93, 1, 2),
(93, 1, 3),
(94, 1, 1),
(94, 1, 2),
(94, 1, 3),
(96, 1, 1),
(96, 1, 2),
(96, 1, 3),
(99, 1, 1),
(99, 1, 2),
(99, 1, 3),
(102, 1, 1),
(102, 1, 2),
(102, 1, 3),
(104, 1, 1),
(104, 1, 2),
(104, 1, 3),
(105, 1, 1),
(105, 1, 2),
(105, 1, 3),
(106, 1, 1),
(106, 1, 2),
(106, 1, 3),
(111, 1, 1),
(111, 1, 2),
(111, 1, 3),
(113, 1, 1),
(113, 1, 2),
(113, 1, 3),
(114, 1, 1),
(114, 1, 2),
(114, 1, 3);

-- --------------------------------------------------------

--
-- Estructura de tabla para la tabla `ps_module_history`
--

CREATE TABLE `ps_module_history` (
  `id` int(11) NOT NULL,
  `id_employee` int(11) NOT NULL,
  `id_module` int(11) NOT NULL,
  `date_add` datetime NOT NULL,
  `date_upd` datetime NOT NULL
) ENGINE=InnoDB DEFAULT CHARSET=utf8 COLLATE=utf8_unicode_ci;

--
-- Volcado de datos para la tabla `ps_module_history`
--

INSERT INTO `ps_module_history` (`id`, `id_employee`, `id_module`, `date_add`, `date_upd`) VALUES
(1, 1, 91, '2019-11-02 12:34:37', '2020-07-04 07:44:54'),
(2, 1, 83, '2019-11-04 21:40:14', '2019-11-04 21:42:32'),
(3, 1, 87, '2019-11-04 21:42:18', '2019-11-04 21:42:27'),
(4, 1, 70, '2019-11-04 21:42:40', '2019-11-04 21:42:40'),
(5, 1, 84, '2019-11-04 21:42:56', '2019-11-04 21:42:56'),
(6, 1, 85, '2019-11-04 21:46:37', '2019-11-04 21:46:37'),
(7, 1, 88, '2019-11-04 21:48:11', '2019-11-04 21:48:11'),
(8, 1, 90, '2019-11-04 21:50:44', '2019-11-04 21:50:44'),
(9, 1, 30, '2020-05-01 19:10:14', '2021-11-12 15:10:18'),
(10, 1, 21, '2020-05-01 19:19:05', '2020-07-04 09:22:51'),
(11, 1, 92, '2020-05-06 17:57:49', '2020-05-06 17:57:49'),
(12, 1, 66, '2020-05-06 18:27:14', '2020-08-19 13:49:39'),
(13, 1, 63, '2020-05-06 18:30:38', '2020-10-26 11:12:00'),
(14, 1, 67, '2020-05-06 18:33:00', '2020-05-06 18:33:00'),
(15, 1, 93, '2020-05-07 10:11:27', '2020-05-07 10:11:27'),
(16, 1, 1, '2020-05-07 10:27:32', '2020-06-19 08:46:34'),
(17, 1, 94, '2020-05-07 10:35:53', '2021-08-08 15:06:43'),
(18, 1, 95, '2020-05-07 10:36:44', '2020-05-16 17:10:36'),
(19, 1, 68, '2020-05-07 10:39:13', '2020-05-07 10:39:13'),
(20, 1, 96, '2020-05-07 10:39:29', '2020-08-19 13:47:27'),
(21, 1, 97, '2020-05-08 10:19:15', '2020-05-21 10:05:12'),
(22, 1, 28, '2020-05-08 17:19:59', '2020-05-11 17:25:27'),
(23, 1, 26, '2020-05-08 17:22:47', '2020-05-08 17:22:47'),
(24, 1, 60, '2020-05-08 17:28:06', '2020-05-08 17:28:51'),
(25, 1, 56, '2020-05-10 00:43:23', '2020-05-10 00:43:23'),
(26, 1, 62, '2020-05-11 11:04:41', '2022-02-07 15:47:36'),
(27, 1, 69, '2020-05-16 17:14:12', '2020-08-19 13:50:29'),
(28, 1, 64, '2020-05-18 08:19:29', '2020-08-19 13:49:16'),
(29, 1, 77, '2020-05-19 09:10:51', '2020-08-19 13:46:41'),
(30, 1, 78, '2020-05-19 19:11:11', '2020-07-04 11:19:58'),
(31, 1, 99, '2020-05-21 09:22:20', '2020-07-04 07:44:38'),
(32, 1, 100, '2020-05-21 10:25:34', '2020-05-21 10:51:45'),
(33, 1, 101, '2020-05-21 11:23:32', '2020-05-21 16:43:21'),
(34, 1, 102, '2020-05-21 16:45:46', '2022-01-17 17:49:42'),
(35, 1, 41, '2020-05-22 01:25:29', '2020-06-15 18:03:02'),
(36, 1, 72, '2020-06-02 01:24:26', '2020-06-02 01:37:55'),
(37, 1, 103, '2020-06-02 01:40:07', '2020-06-02 02:05:47'),
(38, 1, 104, '2020-06-02 02:07:38', '2020-06-19 01:53:59'),
(39, 1, 98, '2020-06-11 17:54:15', '2021-03-15 11:47:53'),
(40, 1, 9, '2020-06-11 19:30:52', '2020-06-11 19:30:52'),
(41, 1, 105, '2020-06-15 18:13:56', '2020-06-19 01:55:05'),
(42, 1, 106, '2020-06-15 18:23:32', '2020-06-15 19:07:17'),
(43, 1, 61, '2020-06-19 02:16:01', '2021-02-25 23:44:41'),
(44, 1, 12, '2020-06-19 02:29:35', '2020-06-19 08:46:23'),
(45, 1, 8, '2020-07-04 07:33:22', '2020-07-04 10:08:10'),
(46, 1, 80, '2020-07-04 08:39:58', '2020-07-04 08:44:12'),
(47, 1, 107, '2020-07-31 07:00:56', '2020-08-19 13:52:36'),
(48, 1, 81, '2020-08-19 13:45:58', '2020-08-19 13:46:25'),
(49, 1, 74, '2020-08-19 13:50:57', '2020-08-19 13:50:57'),
(50, 1, 75, '2020-08-19 13:51:23', '2020-08-19 13:51:23'),
(51, 1, 79, '2020-08-19 13:51:52', '2020-08-19 13:51:52'),
(52, 1, 82, '2020-08-19 13:52:10', '2020-08-19 13:52:10'),
(53, 1, 108, '2020-08-24 11:13:13', '2020-09-07 19:25:59'),
(54, 1, 109, '2020-09-07 19:24:58', '2020-09-07 19:24:58'),
(55, 1, 111, '2020-09-07 19:37:26', '2021-12-09 16:10:38'),
(56, 1, 112, '2020-09-07 20:01:43', '2020-09-08 07:38:12'),
(57, 4, 113, '2020-11-24 11:12:49', '2020-12-22 09:52:07'),
(58, 1, 113, '2020-11-24 13:30:46', '2021-01-12 10:10:58'),
(59, 4, 102, '2020-12-03 15:15:47', '2020-12-03 15:19:48'),
(60, 4, 111, '2021-02-03 07:54:57', '2022-08-10 09:30:01'),
(61, 4, 114, '2022-05-11 06:19:42', '2022-05-11 06:19:42');

-- --------------------------------------------------------

--
-- Estructura de tabla para la tabla `ps_module_preference`
--

CREATE TABLE `ps_module_preference` (
  `id_module_preference` int(11) NOT NULL,
  `id_employee` int(11) NOT NULL,
  `module` varchar(255) NOT NULL,
  `interest` tinyint(1) DEFAULT NULL,
  `favorite` tinyint(1) DEFAULT NULL
) ENGINE=InnoDB DEFAULT CHARSET=utf8;

-- --------------------------------------------------------

--
-- Estructura de tabla para la tabla `ps_module_shop`
--

CREATE TABLE `ps_module_shop` (
  `id_module` int(11) UNSIGNED NOT NULL,
  `id_shop` int(11) UNSIGNED NOT NULL,
  `enable_device` tinyint(1) NOT NULL DEFAULT 7
) ENGINE=InnoDB DEFAULT CHARSET=utf8;

--
-- Volcado de datos para la tabla `ps_module_shop`
--

INSERT INTO `ps_module_shop` (`id_module`, `id_shop`, `enable_device`) VALUES
(1, 1, 7),
(2, 1, 7),
(3, 1, 7),
(4, 1, 7),
(5, 1, 7),
(6, 1, 7),
(7, 1, 7),
(8, 1, 7),
(10, 1, 7),
(12, 1, 7),
(13, 1, 7),
(14, 1, 7),
(15, 1, 7),
(19, 1, 7),
(22, 1, 7),
(23, 1, 7),
(25, 1, 7),
(27, 1, 7),
(29, 1, 7),
(30, 1, 7),
(31, 1, 7),
(32, 1, 7),
(33, 1, 7),
(34, 1, 7),
(35, 1, 7),
(36, 1, 7),
(37, 1, 7),
(38, 1, 7),
(39, 1, 7),
(40, 1, 7),
(42, 1, 7),
(43, 1, 7),
(44, 1, 7),
(45, 1, 7),
(46, 1, 7),
(47, 1, 7),
(48, 1, 7),
(49, 1, 7),
(50, 1, 7),
(51, 1, 7),
(52, 1, 7),
(53, 1, 7),
(56, 1, 7),
(57, 1, 7),
(61, 1, 7),
(62, 1, 7),
(63, 1, 7),
(64, 1, 7),
(65, 1, 7),
(66, 1, 7),
(69, 1, 7),
(70, 1, 7),
(74, 1, 7),
(75, 1, 7),
(77, 1, 7),
(79, 1, 7),
(80, 1, 7),
(81, 1, 7),
(82, 1, 7),
(91, 1, 7),
(93, 1, 7),
(94, 1, 7),
(96, 1, 7),
(98, 1, 7),
(99, 1, 7),
(102, 1, 7),
(105, 1, 7),
(111, 1, 7),
(113, 1, 7),
(114, 1, 7);

-- --------------------------------------------------------

--
-- Estructura de tabla para la tabla `ps_mptoolspro`
--

CREATE TABLE `ps_mptoolspro` (
  `id` int(11) NOT NULL,
  `id_order` int(11) DEFAULT NULL,
  `id_cart` int(11) DEFAULT NULL,
  `id_shop` int(11) NOT NULL,
  `topic` varchar(100) NOT NULL,
  `mp_op_id` varchar(100) NOT NULL,
  `is_sandbox` tinyint(1) NOT NULL DEFAULT 0,
  `status` int(11) NOT NULL,
  `next_retry` bigint(20) NOT NULL,
  `is_mercadoenvios` tinyint(1) NOT NULL DEFAULT 0,
  `mercadienvios_downloaded` tinyint(1) NOT NULL DEFAULT 0,
  `payment_obj` text DEFAULT NULL,
  `shipping_id` text DEFAULT NULL,
  `mp_order_id` varchar(100) DEFAULT NULL,
  `mp_payment_id` varchar(100) DEFAULT NULL,
  `mp_payer_name` varchar(100) DEFAULT NULL,
  `mp_payer_dni` varchar(100) DEFAULT NULL,
  `mp_card_number` varchar(100) DEFAULT NULL,
  `mp_card_brand` varchar(100) DEFAULT NULL,
  `mp_card_holder` varchar(100) DEFAULT NULL,
  `mp_total_amount` double DEFAULT NULL,
  `mp_total_commision` double DEFAULT NULL,
  `mp_init_point` varchar(255) DEFAULT NULL,
  `order_reference` varchar(100) NOT NULL,
  `next_retry_mercadoenvios` bigint(20) DEFAULT NULL
) ENGINE=MyISAM DEFAULT CHARSET=latin1;

--
-- Volcado de datos para la tabla `ps_mptoolspro`
--

INSERT INTO `ps_mptoolspro` (`id`, `id_order`, `id_cart`, `id_shop`, `topic`, `mp_op_id`, `is_sandbox`, `status`, `next_retry`, `is_mercadoenvios`, `mercadienvios_downloaded`, `payment_obj`, `shipping_id`, `mp_order_id`, `mp_payment_id`, `mp_payer_name`, `mp_payer_dni`, `mp_card_number`, `mp_card_brand`, `mp_card_holder`, `mp_total_amount`, `mp_total_commision`, `mp_init_point`, `order_reference`, `next_retry_mercadoenvios`) VALUES
(1, 1, 18, 1, 'payment', '6752485009', 0, 15, 1592636411, 0, 0, '{\"id\":6752485009,\"operation_type\":\"regular_payment\",\"order\":{\"id\":\"1334518484\",\"type\":\"mercadopago\"},\"external_reference\":\"C-18\",\"status\":\"cancelled\",\"status_detail\":\"expired\",\"date_created\":\"2020-05-20T20:56:21.000-04:00\",\"live_mode\":true,\"date_last_updated\":\"2020-06-19T21:00:11.000-04:00\",\"date_of_expiration\":\"2020-05-27T20:56:21.000-04:00\",\"currency_id\":\"ARS\",\"transaction_amount\":1700,\"payer\":{\"operator_id\":null},\"collector_id\":544552617,\"payment_method_id\":\"pagofacil\",\"payment_type_id\":\"ticket\",\"transaction_details\":{\"acquirer_reference\":null,\"external_resource_url\":\"https:\\/\\/www.mercadopago.com\\/mla\\/payments\\/ticket\\/helper?payment_id=6752485009&payment_method_reference_id=6875551490&caller_id=106451340&hash=cf874ea6-475e-4cea-9940-ebf07021667a\",\"financial_institution\":null,\"installment_amount\":0,\"net_received_amount\":0,\"overpaid_amount\":0,\"payable_deferral_period\":null,\"payment_method_reference_id\":\"6875551490\",\"total_paid_amount\":1700,\"verification_code\":\"6875551490\"},\"captured\":true,\"card\":[],\"additional_info\":{\"available_balance\":null,\"ip_address\":\"181.170.203.89\",\"nsu_processadora\":null},\"installments\":1,\"description\":\"Carrito No: 18 - Lentes de Contacto Air Optix Colors Color Azul.(1 U.)\",\"notification_url\":\"https:\\/\\/opticabrera.com.ar\\/module\\/mptoolspro\\/redirect\",\"processing_mode\":\"aggregator\",\"barcode\":{\"content\":\"333500880000000MP36875551490100170000201410798\",\"height\":30,\"type\":\"Code128C\",\"width\":1},\"acquirer_reference\":null,\"external_resource_url\":\"https:\\/\\/www.mercadopago.com\\/mla\\/payments\\/ticket\\/helper?payment_id=6752485009&payment_method_reference_id=6875551490&caller_id=106451340&hash=cf874ea6-475e-4cea-9940-ebf07021667a\",\"financial_institution\":null,\"installment_amount\":0,\"net_received_amount\":0,\"overpaid_amount\":0,\"payable_deferral_period\":null,\"payment_method_reference_id\":\"6875551490\",\"total_paid_amount\":1700,\"verification_code\":\"6875551490\",\"order_id\":\"1334518484\",\"merchant_order_id\":\"1334518484\"}', NULL, '1334518484', '6752485009', 'No Disponible', 'No Disponible', NULL, 'Pagofacil', NULL, 1700, NULL, NULL, 'DYEPXJGKY', 1592614931),
(2, 11, 69, 1, 'payment', '7194461706', 0, 2, 1592941621, 0, 0, '{\"id\":7194461706,\"operation_type\":\"regular_payment\",\"order\":{\"id\":\"1543652489\",\"type\":\"mercadopago\"},\"external_reference\":\"C-69\",\"status\":\"approved\",\"status_detail\":\"accredited\",\"date_created\":\"2020-06-23T09:46:51.000-04:00\",\"live_mode\":true,\"date_last_updated\":\"2020-06-23T09:46:52.000-04:00\",\"date_approved\":\"2020-06-23T09:46:52.000-04:00\",\"money_release_date\":\"2020-06-23T09:46:52.000-04:00\",\"currency_id\":\"ARS\",\"transaction_amount\":6815.1400000000003274180926382541656494140625,\"payer\":{\"operator_id\":null},\"collector_id\":544552617,\"payment_method_id\":\"visa\",\"payment_type_id\":\"credit_card\",\"transaction_details\":{\"acquirer_reference\":null,\"external_resource_url\":null,\"financial_institution\":null,\"installment_amount\":6815.1400000000003274180926382541656494140625,\"net_received_amount\":6300.59000000000014551915228366851806640625,\"overpaid_amount\":0,\"payable_deferral_period\":null,\"payment_method_reference_id\":null,\"total_paid_amount\":6815.1400000000003274180926382541656494140625},\"fee_details\":[{\"amount\":494.1000000000000227373675443232059478759765625,\"fee_payer\":\"collector\",\"type\":\"mercadopago_fee\"}],\"authorization_code\":\"004231\",\"captured\":true,\"card\":[],\"statement_descriptor\":\"MERCADOPAGO*OPTICABRERA\",\"additional_info\":{\"available_balance\":null,\"ip_address\":\"200.110.188.28\",\"nsu_processadora\":null},\"installments\":1,\"description\":\"Carrito No: 69 - Lentes de Contacto ACUVUE\\u00ae OASYS\\u00ae PARA ASTIGMATISMO CON HYDRACLEAR\\u00ae PLUS(4 U.)\",\"notification_url\":\"https:\\/\\/opticabrera.com.ar\\/module\\/mptoolspro\\/redirect\",\"issuer_id\":\"310\",\"processing_mode\":\"aggregator\",\"acquirer_reference\":null,\"external_resource_url\":null,\"financial_institution\":null,\"installment_amount\":6815.1400000000003274180926382541656494140625,\"net_received_amount\":6300.59000000000014551915228366851806640625,\"overpaid_amount\":0,\"payable_deferral_period\":null,\"payment_method_reference_id\":null,\"total_paid_amount\":6815.1400000000003274180926382541656494140625,\"order_id\":\"1543652489\",\"merchant_order_id\":\"1543652489\"}', NULL, '1543652489', '7194461706', 'No Disponible', 'No Disponible', NULL, 'Visa', NULL, 6815.14, 514.55, NULL, 'INOLHVVGD', 1592920139),
(3, 12, 73, 1, 'payment', '7221604600', 0, 2, 1593132414, 0, 0, '{\"id\":7221604600,\"operation_type\":\"regular_payment\",\"order\":{\"id\":\"1547526759\",\"type\":\"mercadopago\"},\"external_reference\":\"C-73\",\"status\":\"approved\",\"status_detail\":\"accredited\",\"date_created\":\"2020-06-25T14:46:43.000-04:00\",\"live_mode\":true,\"date_last_updated\":\"2020-06-25T14:46:45.000-04:00\",\"date_approved\":\"2020-06-25T14:46:45.000-04:00\",\"money_release_date\":\"2020-06-25T14:46:45.000-04:00\",\"currency_id\":\"ARS\",\"transaction_amount\":10030.139999999999417923390865325927734375,\"payer\":{\"operator_id\":null},\"collector_id\":544552617,\"payment_method_id\":\"debvisa\",\"payment_type_id\":\"debit_card\",\"transaction_details\":{\"acquirer_reference\":null,\"external_resource_url\":null,\"financial_institution\":null,\"installment_amount\":10030.139999999999417923390865325927734375,\"net_received_amount\":9272.860000000000582076609134674072265625,\"overpaid_amount\":0,\"payable_deferral_period\":null,\"payment_method_reference_id\":null,\"total_paid_amount\":10030.139999999999417923390865325927734375},\"fee_details\":[{\"amount\":727.19000000000005456968210637569427490234375,\"fee_payer\":\"collector\",\"type\":\"mercadopago_fee\"}],\"authorization_code\":\"042196\",\"captured\":true,\"card\":[],\"statement_descriptor\":\"MERCADOPAGO*OPTICABRERA\",\"additional_info\":{\"available_balance\":null,\"ip_address\":\"186.123.140.179\",\"nsu_processadora\":null},\"installments\":1,\"description\":\"Carrito No: 73 - Lentes de Contacto ACUVUE\\u00ae OASYS\\u00ae CON HYDRACLEAR\\u00ae PLUS(6 U.), Elija Graduaci\\u00f3n : ,12.00\",\"notification_url\":\"https:\\/\\/opticabrera.com.ar\\/module\\/mptoolspro\\/redirect\",\"issuer_id\":\"1\",\"processing_mode\":\"aggregator\",\"acquirer_reference\":null,\"external_resource_url\":null,\"financial_institution\":null,\"installment_amount\":10030.139999999999417923390865325927734375,\"net_received_amount\":9272.860000000000582076609134674072265625,\"overpaid_amount\":0,\"payable_deferral_period\":null,\"payment_method_reference_id\":null,\"total_paid_amount\":10030.139999999999417923390865325927734375,\"order_id\":\"1547526759\",\"merchant_order_id\":\"1547526759\"}', NULL, '1547526759', '7221604600', 'No Disponible', 'No Disponible', NULL, 'Debvisa', NULL, 10030.14, 757.28, NULL, 'PXOXBWYWR', 1593110929),
(4, 13, 89, 1, 'payment', '7357279006', 0, 2, 1593945060, 0, 0, '{\"id\":7357279006,\"operation_type\":\"regular_payment\",\"order\":{\"id\":\"1568864495\",\"type\":\"mercadopago\"},\"external_reference\":\"C-89\",\"status\":\"approved\",\"status_detail\":\"accredited\",\"date_created\":\"2020-07-05T00:30:50.000-04:00\",\"live_mode\":true,\"date_last_updated\":\"2020-07-05T00:30:51.000-04:00\",\"date_approved\":\"2020-07-05T00:30:51.000-04:00\",\"money_release_date\":\"2020-08-04T00:30:51.000-04:00\",\"currency_id\":\"ARS\",\"transaction_amount\":1775.140000000000100044417195022106170654296875,\"payer\":{\"operator_id\":null},\"collector_id\":544552617,\"payment_method_id\":\"visa\",\"payment_type_id\":\"credit_card\",\"transaction_details\":{\"acquirer_reference\":null,\"external_resource_url\":null,\"financial_institution\":null,\"installment_amount\":1775.140000000000100044417195022106170654296875,\"net_received_amount\":1727.029999999999972715158946812152862548828125,\"overpaid_amount\":0,\"payable_deferral_period\":null,\"payment_method_reference_id\":null,\"total_paid_amount\":1775.140000000000100044417195022106170654296875},\"fee_details\":[{\"amount\":42.780000000000001136868377216160297393798828125,\"fee_payer\":\"collector\",\"type\":\"mercadopago_fee\"}],\"authorization_code\":\"003843\",\"captured\":true,\"card\":[],\"statement_descriptor\":\"MERCADOPAGO*OPTICABRERA\",\"additional_info\":{\"available_balance\":null,\"ip_address\":\"191.85.10.198\",\"nsu_processadora\":null},\"installments\":1,\"description\":\"Carrito No: 89 - Soluci\\u00f3n para Lentes de Contacto AOSEPT PLUS 360ml Soluciones(2 U.)\",\"notification_url\":\"https:\\/\\/opticabrera.com.ar\\/module\\/mptoolspro\\/redirect\",\"issuer_id\":\"310\",\"processing_mode\":\"aggregator\",\"acquirer_reference\":null,\"external_resource_url\":null,\"financial_institution\":null,\"installment_amount\":1775.140000000000100044417195022106170654296875,\"net_received_amount\":1727.029999999999972715158946812152862548828125,\"overpaid_amount\":0,\"payable_deferral_period\":null,\"payment_method_reference_id\":null,\"total_paid_amount\":1775.140000000000100044417195022106170654296875,\"order_id\":\"1568864495\",\"merchant_order_id\":\"1568864495\"}', NULL, '1568864495', '7357279006', 'No Disponible', 'No Disponible', NULL, 'Visa', NULL, 1775.14, 48.11, NULL, 'VWYKNHNPY', 1593923579),
(5, 14, 109, 1, 'payment', '7651504738', 0, 2, 1595550080, 0, 0, '{\"id\":7651504738,\"operation_type\":\"regular_payment\",\"order\":{\"id\":\"1605266641\",\"type\":\"mercadopago\"},\"external_reference\":\"C-109\",\"status\":\"approved\",\"status_detail\":\"accredited\",\"date_created\":\"2020-07-18T15:00:04.000-04:00\",\"live_mode\":true,\"date_last_updated\":\"2020-07-18T15:00:05.000-04:00\",\"date_approved\":\"2020-07-18T15:00:05.000-04:00\",\"money_release_date\":\"2020-08-17T15:00:05.000-04:00\",\"currency_id\":\"ARS\",\"transaction_amount\":2255.84999999999990905052982270717620849609375,\"payer\":{\"operator_id\":null},\"collector_id\":544552617,\"payment_method_id\":\"account_money\",\"payment_type_id\":\"account_money\",\"transaction_details\":{\"acquirer_reference\":null,\"external_resource_url\":null,\"financial_institution\":null,\"installment_amount\":0,\"net_received_amount\":2194.7100000000000363797880709171295166015625,\"overpaid_amount\":0,\"payable_deferral_period\":null,\"payment_method_reference_id\":null,\"total_paid_amount\":2255.84999999999990905052982270717620849609375},\"fee_details\":[{\"amount\":54.36999999999999744204615126363933086395263671875,\"fee_payer\":\"collector\",\"type\":\"mercadopago_fee\"}],\"captured\":true,\"card\":[],\"additional_info\":{\"available_balance\":null,\"ip_address\":\"201.252.7.144\",\"nsu_processadora\":null},\"installments\":1,\"description\":\"Carrito No: 109 - Lentes de Contacto FRESHLOOK COLORBLENDS Color Gris(1 U.)\",\"notification_url\":\"https:\\/\\/opticabrera.com.ar\\/module\\/mptoolspro\\/redirect\",\"processing_mode\":\"aggregator\",\"acquirer_reference\":null,\"external_resource_url\":null,\"financial_institution\":null,\"installment_amount\":0,\"net_received_amount\":2194.7100000000000363797880709171295166015625,\"overpaid_amount\":0,\"payable_deferral_period\":null,\"payment_method_reference_id\":null,\"total_paid_amount\":2255.84999999999990905052982270717620849609375,\"order_id\":\"1605266641\",\"merchant_order_id\":\"1605266641\"}', NULL, '1605266641', '7651504738', 'No Disponible', 'No Disponible', NULL, 'Account_money', NULL, 2255.85, 61.14, NULL, 'KAQEDWGOV', 1595098931),
(6, 15, 112, 1, 'payment', '7822241678', 0, 2, 1598673968, 0, 0, '{\"id\":7822241678,\"operation_type\":\"regular_payment\",\"order\":{\"id\":\"1633433032\",\"type\":\"mercadopago\"},\"external_reference\":\"C-112\",\"status\":\"approved\",\"status_detail\":\"accredited\",\"date_created\":\"2020-07-29T19:05:06.000-04:00\",\"live_mode\":true,\"date_last_updated\":\"2020-07-29T19:05:09.000-04:00\",\"date_approved\":\"2020-07-29T19:05:09.000-04:00\",\"money_release_date\":\"2020-08-28T19:05:09.000-04:00\",\"currency_id\":\"ARS\",\"transaction_amount\":6898.84000000000014551915228366851806640625,\"payer\":{\"operator_id\":null},\"collector_id\":544552617,\"payment_method_id\":\"visa\",\"payment_type_id\":\"credit_card\",\"transaction_details\":{\"acquirer_reference\":null,\"external_resource_url\":null,\"financial_institution\":null,\"installment_amount\":6898.84000000000014551915228366851806640625,\"net_received_amount\":6573.899999999999636202119290828704833984375,\"overpaid_amount\":0,\"payable_deferral_period\":null,\"payment_method_reference_id\":null,\"total_paid_amount\":6898.84000000000014551915228366851806640625},\"fee_details\":[{\"amount\":166.259999999999990905052982270717620849609375,\"fee_payer\":\"collector\",\"type\":\"mercadopago_fee\"}],\"authorization_code\":\"012253\",\"captured\":true,\"card\":[],\"statement_descriptor\":\"MERCADOPAGO*OPTICABRERA\",\"additional_info\":{\"available_balance\":null,\"ip_address\":\"181.23.198.95\",\"nsu_processadora\":null},\"installments\":1,\"description\":\"Carrito No: 112 - PACK de Lentes de Contacto ACUVUE\\u00ae OASYS\\u00ae PARA ASTIGMATISMO CON HYDRACLEAR\\u00ae PLUS(1 U.)\",\"notification_url\":\"https:\\/\\/opticabrera.com.ar\\/module\\/mptoolspro\\/redirect\",\"issuer_id\":\"296\",\"processing_mode\":\"aggregator\",\"acquirer_reference\":null,\"external_resource_url\":null,\"financial_institution\":null,\"installment_amount\":6898.84000000000014551915228366851806640625,\"net_received_amount\":6573.899999999999636202119290828704833984375,\"overpaid_amount\":0,\"payable_deferral_period\":null,\"payment_method_reference_id\":null,\"total_paid_amount\":6898.84000000000014551915228366851806640625,\"order_id\":\"1633433032\",\"merchant_order_id\":\"1633433032\"}', NULL, '1633433032', '7822241678', 'No Disponible', 'No Disponible', NULL, 'Visa', NULL, 6898.84, 324.94, NULL, 'NXUACWLHQ', 1596064036),
(7, 17, 133, 1, 'payment', '9341489139', 0, 2, 1600741926, 0, 0, '{\"id\":9341489139,\"operation_type\":\"regular_payment\",\"order\":{\"id\":\"1705080664\",\"type\":\"mercadopago\"},\"external_reference\":\"C-133\",\"status\":\"rejected\",\"status_detail\":\"cc_rejected_bad_filled_security_code\",\"date_created\":\"2020-08-22T17:28:25.000-04:00\",\"live_mode\":true,\"date_last_updated\":\"2020-08-22T17:28:26.000-04:00\",\"currency_id\":\"ARS\",\"transaction_amount\":6924.85,\"payer\":{\"operator_id\":null},\"collector_id\":544552617,\"payment_method_id\":\"visa\",\"payment_type_id\":\"credit_card\",\"transaction_details\":{\"acquirer_reference\":null,\"external_resource_url\":null,\"financial_institution\":null,\"installment_amount\":6924.85,\"net_received_amount\":0,\"overpaid_amount\":0,\"payable_deferral_period\":null,\"payment_method_reference_id\":null,\"total_paid_amount\":6924.85},\"captured\":true,\"card\":[],\"statement_descriptor\":\"MERCADOPAGO*OPTICABRERA\",\"additional_info\":{\"available_balance\":null,\"ip_address\":\"190.30.170.166\",\"nsu_processadora\":null},\"installments\":1,\"description\":\"Carrito No: 133 - Lentes de Contacto ACUVUE\\u00ae OASYS\\u00ae PARA ASTIGMATISMO CON HYDRACLEAR\\u00ae PLUS(2 U.)\",\"notification_url\":\"https:\\/\\/opticabrera.com.ar\\/module\\/mptoolspro\\/redirect\",\"issuer_id\":\"313\",\"processing_mode\":\"aggregator\",\"acquirer_reference\":null,\"external_resource_url\":null,\"financial_institution\":null,\"installment_amount\":6924.85,\"net_received_amount\":0,\"overpaid_amount\":0,\"payable_deferral_period\":null,\"payment_method_reference_id\":null,\"total_paid_amount\":6924.85,\"order_id\":\"1705080664\",\"merchant_order_id\":\"1705080664\"}', NULL, '1705080664', '9341332368', 'No Disponible', 'No Disponible', NULL, 'Visa', NULL, 6924.85, 360.78, NULL, 'HXRIBROCI', 1598131831),
(8, 18, 137, 1, 'payment', '9930610675', 0, 2, 1600979736, 0, 0, '{\"id\":9930610675,\"operation_type\":\"regular_payment\",\"order\":{\"id\":\"1711980333\",\"type\":\"mercadopago\"},\"external_reference\":\"C-137\",\"status\":\"approved\",\"status_detail\":\"accredited\",\"date_created\":\"2020-08-25T11:36:06.000-04:00\",\"live_mode\":true,\"date_last_updated\":\"2020-08-25T11:36:08.000-04:00\",\"date_approved\":\"2020-08-25T11:36:08.000-04:00\",\"money_release_date\":\"2020-09-24T11:36:08.000-04:00\",\"currency_id\":\"ARS\",\"transaction_amount\":3284.85,\"payer\":{\"operator_id\":null},\"collector_id\":544552617,\"payment_method_id\":\"debvisa\",\"payment_type_id\":\"debit_card\",\"transaction_details\":{\"acquirer_reference\":null,\"external_resource_url\":null,\"financial_institution\":null,\"installment_amount\":3284.85,\"net_received_amount\":3179.42,\"overpaid_amount\":0,\"payable_deferral_period\":null,\"payment_method_reference_id\":null,\"total_paid_amount\":3284.85},\"fee_details\":[{\"amount\":79.16,\"fee_payer\":\"collector\",\"type\":\"mercadopago_fee\"}],\"authorization_code\":\"010430\",\"captured\":true,\"card\":[],\"statement_descriptor\":\"MERCADOPAGO*OPTICABRERA\",\"additional_info\":{\"available_balance\":null,\"ip_address\":\"181.9.190.29\",\"nsu_processadora\":null},\"installments\":1,\"description\":\"Carrito No: 137 - Lentes de Contacto FRESHLOOK COLORBLENDS Color Verde(2 U.)\",\"notification_url\":\"https:\\/\\/opticabrera.com.ar\\/module\\/mptoolspro\\/redirect\",\"issuer_id\":\"1\",\"processing_mode\":\"aggregator\",\"acquirer_reference\":null,\"external_resource_url\":null,\"financial_institution\":null,\"installment_amount\":3284.85,\"net_received_amount\":3179.42,\"overpaid_amount\":0,\"payable_deferral_period\":null,\"payment_method_reference_id\":null,\"total_paid_amount\":3284.85,\"order_id\":\"1711980333\",\"merchant_order_id\":\"1711980333\"}', NULL, '1711980333', '9930610675', 'No Disponible', 'No Disponible', NULL, 'Debvisa', NULL, 3284.85, 105.43, NULL, 'QSFXCLBKR', 1598369894),
(9, 36, 175, 1, 'payment', '10348480571', 0, 2, 1603596028, 0, 0, '{\"id\":10348480571,\"operation_type\":\"regular_payment\",\"order\":{\"id\":\"1809730840\",\"type\":\"mercadopago\"},\"external_reference\":\"C-175\",\"status\":\"approved\",\"status_detail\":\"accredited\",\"date_created\":\"2020-09-24T18:21:50.000-04:00\",\"live_mode\":true,\"date_last_updated\":\"2020-09-24T18:21:52.000-04:00\",\"date_approved\":\"2020-09-24T18:21:52.000-04:00\",\"money_release_date\":\"2020-10-24T18:21:52.000-04:00\",\"currency_id\":\"ARS\",\"transaction_amount\":1765.85,\"payer\":{\"operator_id\":null},\"collector_id\":544552617,\"payment_method_id\":\"debvisa\",\"payment_type_id\":\"debit_card\",\"transaction_details\":{\"acquirer_reference\":null,\"external_resource_url\":null,\"financial_institution\":null,\"installment_amount\":1765.85,\"net_received_amount\":1682.67,\"overpaid_amount\":0,\"payable_deferral_period\":null,\"payment_method_reference_id\":null,\"total_paid_amount\":1765.85},\"fee_details\":[{\"amount\":42.56,\"fee_payer\":\"collector\",\"type\":\"mercadopago_fee\"}],\"authorization_code\":\"400215\",\"captured\":true,\"card\":[],\"statement_descriptor\":\"MERCADOPAGO*OPTICABRERA\",\"additional_info\":{\"available_balance\":null,\"ip_address\":\"186.111.134.253\",\"nsu_processadora\":null},\"installments\":1,\"description\":\"Carrito No: 175 - Lentes de Contacto FRESHLOOK COLORBLENDS Color Verde(1 U.)\",\"notification_url\":\"https:\\/\\/opticabrera.com.ar\\/module\\/mptoolspro\\/redirect\",\"issuer_id\":\"1\",\"processing_mode\":\"aggregator\",\"acquirer_reference\":null,\"external_resource_url\":null,\"financial_institution\":null,\"installment_amount\":1765.85,\"net_received_amount\":1682.67,\"overpaid_amount\":0,\"payable_deferral_period\":null,\"payment_method_reference_id\":null,\"total_paid_amount\":1765.85,\"order_id\":\"1809730840\",\"merchant_order_id\":\"1809730840\"}', NULL, '1809730840', '10348480571', 'No Disponible', 'No Disponible', NULL, 'Debvisa', NULL, 1765.85, 83.18, NULL, 'NKZOFSMRF', 1600986242),
(10, 37, 176, 1, 'payment', '10387728264', 0, 8, 1601251312, 0, 0, '{\"id\":10387728264,\"operation_type\":\"regular_payment\",\"order\":{\"id\":\"1817678566\",\"type\":\"mercadopago\"},\"external_reference\":\"C-176\",\"status\":\"rejected\",\"status_detail\":\"cc_rejected_insufficient_amount\",\"date_created\":\"2020-09-27T14:01:44.000-04:00\",\"live_mode\":true,\"date_last_updated\":\"2020-09-27T14:01:48.000-04:00\",\"currency_id\":\"ARS\",\"transaction_amount\":1741.04,\"payer\":{\"operator_id\":null},\"collector_id\":544552617,\"payment_method_id\":\"master\",\"payment_type_id\":\"credit_card\",\"transaction_details\":{\"acquirer_reference\":null,\"external_resource_url\":null,\"financial_institution\":null,\"installment_amount\":1741.04,\"net_received_amount\":0,\"overpaid_amount\":0,\"payable_deferral_period\":null,\"payment_method_reference_id\":\"982235770372631\",\"total_paid_amount\":1741.04},\"captured\":true,\"card\":[],\"statement_descriptor\":\"MERPAGO - OPTICABRERA\",\"additional_info\":{\"available_balance\":null,\"ip_address\":\"190.189.57.231\",\"nsu_processadora\":null},\"installments\":1,\"description\":\"Carrito No: 176 - Lentes de Contacto FRESHLOOK COLORBLENDS Color Marr\\u00f3n(1 U.)\",\"notification_url\":\"https:\\/\\/opticabrera.com.ar\\/module\\/mptoolspro\\/redirect\",\"issuer_id\":\"12468\",\"processing_mode\":\"aggregator\",\"acquirer_reference\":null,\"external_resource_url\":null,\"financial_institution\":null,\"installment_amount\":1741.04,\"net_received_amount\":0,\"overpaid_amount\":0,\"payable_deferral_period\":null,\"payment_method_reference_id\":\"982235770372631\",\"total_paid_amount\":1741.04,\"order_id\":\"1817678566\",\"merchant_order_id\":\"1817678566\"}', NULL, '1817678566', '10387728264', 'No Disponible', 'No Disponible', NULL, 'Master', NULL, 1741.04, NULL, NULL, 'KYFCQZSET', 1601229832),
(11, 39, 213, 1, 'payment', '12067660525', 0, 8, 1604395089, 0, 0, '{\"id\":12067660525,\"operation_type\":\"regular_payment\",\"order\":{\"id\":\"1912307958\",\"type\":\"mercadopago\"},\"external_reference\":\"C-213\",\"status\":\"pending\",\"status_detail\":\"pending_waiting_payment\",\"date_created\":\"2020-10-25T23:26:22.000-04:00\",\"live_mode\":true,\"date_last_updated\":\"2020-10-25T23:26:22.000-04:00\",\"date_of_expiration\":\"2020-11-02T22:59:59.000-04:00\",\"currency_id\":\"ARS\",\"transaction_amount\":1470,\"payer\":{\"operator_id\":null},\"collector_id\":544552617,\"payment_method_id\":\"rapipago\",\"payment_type_id\":\"ticket\",\"transaction_details\":{\"acquirer_reference\":null,\"external_resource_url\":\"https:\\/\\/www.mercadopago.com\\/mla\\/payments\\/ticket\\/helper?payment_id=12067660525&payment_method_reference_id=9649646206&caller_id=642249060&hash=30b2e6d7-7c6f-4551-80cc-ce41f5b053e4\",\"financial_institution\":null,\"installment_amount\":0,\"net_received_amount\":0,\"overpaid_amount\":0,\"payable_deferral_period\":null,\"payment_method_reference_id\":\"9649646206\",\"total_paid_amount\":1470,\"verification_code\":\"9649646206\"},\"captured\":true,\"card\":[],\"additional_info\":{\"available_balance\":null,\"ip_address\":\"186.22.231.206\",\"nsu_processadora\":null},\"installments\":1,\"description\":\"Carrito No: 213 - Lentes de Contacto FRESHLOOK COLORBLENDS Color Miel(1 U.)\",\"notification_url\":\"https:\\/\\/opticabrera.com.ar\\/module\\/mptoolspro\\/redirect\",\"processing_mode\":\"aggregator\",\"barcode\":{\"content\":\"6002011026005006422490600096496462060001470008\",\"height\":30,\"type\":\"Code128C\",\"width\":1},\"acquirer_reference\":null,\"external_resource_url\":\"https:\\/\\/www.mercadopago.com\\/mla\\/payments\\/ticket\\/helper?payment_id=12067660525&payment_method_reference_id=9649646206&caller_id=642249060&hash=30b2e6d7-7c6f-4551-80cc-ce41f5b053e4\",\"financial_institution\":null,\"installment_amount\":0,\"net_received_amount\":0,\"overpaid_amount\":0,\"payable_deferral_period\":null,\"payment_method_reference_id\":\"9649646206\",\"total_paid_amount\":1470,\"verification_code\":\"9649646206\",\"order_id\":\"1912307958\",\"merchant_order_id\":\"1912307958\"}', NULL, '1912307958', '12067660525', 'No Disponible', 'No Disponible', NULL, 'Rapipago', NULL, 1470, NULL, NULL, 'NXSISUHIN', 1603682904),
(12, 40, 214, 1, 'payment', '12082059350', 0, 8, 1604481052, 0, 0, '{\"id\":12082059350,\"operation_type\":\"regular_payment\",\"order\":{\"id\":\"1917191194\",\"type\":\"mercadopago\"},\"external_reference\":\"C-214\",\"status\":\"pending\",\"status_detail\":\"pending_waiting_payment\",\"date_created\":\"2020-10-27T12:29:29.000-04:00\",\"live_mode\":true,\"date_last_updated\":\"2020-10-27T12:29:29.000-04:00\",\"date_of_expiration\":\"2020-11-03T22:59:59.000-04:00\",\"currency_id\":\"ARS\",\"transaction_amount\":5550,\"payer\":{\"operator_id\":null},\"collector_id\":544552617,\"payment_method_id\":\"pagofacil\",\"payment_type_id\":\"ticket\",\"transaction_details\":{\"acquirer_reference\":null,\"external_resource_url\":\"https:\\/\\/www.mercadopago.com\\/mla\\/payments\\/ticket\\/helper?payment_id=12082059350&payment_method_reference_id=9651030988&caller_id=664044137&hash=26c7b62a-43be-446f-b3a4-08d86dd35e8a\",\"financial_institution\":null,\"installment_amount\":0,\"net_received_amount\":0,\"overpaid_amount\":0,\"payable_deferral_period\":null,\"payment_method_reference_id\":\"9651030988\",\"total_paid_amount\":5550,\"verification_code\":\"9651030988\"},\"captured\":true,\"card\":[],\"additional_info\":{\"available_balance\":null,\"ip_address\":\"190.189.21.37\",\"nsu_processadora\":null},\"installments\":1,\"description\":\"Carrito No: 214 - Lentes de Sol RUSTY Jimmy (C3 LG-B10)(1 U.)\",\"notification_url\":\"https:\\/\\/opticabrera.com.ar\\/module\\/mptoolspro\\/redirect\",\"processing_mode\":\"aggregator\",\"barcode\":{\"content\":\"333500880000000MP39651030988100555000203010737\",\"height\":30,\"type\":\"Code128C\",\"width\":1},\"acquirer_reference\":null,\"external_resource_url\":\"https:\\/\\/www.mercadopago.com\\/mla\\/payments\\/ticket\\/helper?payment_id=12082059350&payment_method_reference_id=9651030988&caller_id=664044137&hash=26c7b62a-43be-446f-b3a4-08d86dd35e8a\",\"financial_institution\":null,\"installment_amount\":0,\"net_received_amount\":0,\"overpaid_amount\":0,\"payable_deferral_period\":null,\"payment_method_reference_id\":\"9651030988\",\"total_paid_amount\":5550,\"verification_code\":\"9651030988\",\"order_id\":\"1917191194\",\"merchant_order_id\":\"1917191194\"}', NULL, '1917191194', '12082059350', 'No Disponible', 'No Disponible', NULL, 'Pagofacil', NULL, 5550, NULL, NULL, 'FZVNQSJFW', 1603816292),
(13, 41, 215, 1, 'payment', '12085230011', 0, 2, 1606444407, 0, 0, '{\"id\":12085230011,\"operation_type\":\"regular_payment\",\"order\":{\"id\":\"1918243320\",\"type\":\"mercadopago\"},\"external_reference\":\"C-215\",\"status\":\"approved\",\"status_detail\":\"accredited\",\"date_created\":\"2020-10-27T17:34:35.000-04:00\",\"live_mode\":true,\"date_last_updated\":\"2020-10-27T17:34:38.000-04:00\",\"date_approved\":\"2020-10-27T17:34:38.000-04:00\",\"money_release_date\":\"2020-11-26T17:34:38.000-04:00\",\"currency_id\":\"ARS\",\"transaction_amount\":1470,\"payer\":{\"operator_id\":null},\"collector_id\":544552617,\"payment_method_id\":\"debvisa\",\"payment_type_id\":\"debit_card\",\"transaction_details\":{\"acquirer_reference\":null,\"external_resource_url\":null,\"financial_institution\":null,\"installment_amount\":1470,\"net_received_amount\":1393.41,\"overpaid_amount\":0,\"payable_deferral_period\":null,\"payment_method_reference_id\":null,\"total_paid_amount\":1470},\"fee_details\":[{\"amount\":35.43,\"fee_payer\":\"collector\",\"type\":\"mercadopago_fee\"}],\"authorization_code\":\"251854\",\"captured\":true,\"card\":[],\"statement_descriptor\":\"MERCADOPAGO*OPTICABRERA\",\"additional_info\":{\"available_balance\":null,\"ip_address\":\"190.192.173.112\",\"nsu_processadora\":null},\"installments\":1,\"description\":\"Carrito No: 215 - Lentes de Contacto FRESHLOOK COLORBLENDS Color Gris Intenso(1 U.)\",\"notification_url\":\"https:\\/\\/opticabrera.com.ar\\/module\\/mptoolspro\\/redirect\",\"issuer_id\":\"1\",\"processing_mode\":\"aggregator\",\"acquirer_reference\":null,\"external_resource_url\":null,\"financial_institution\":null,\"installment_amount\":1470,\"net_received_amount\":1393.41,\"overpaid_amount\":0,\"payable_deferral_period\":null,\"payment_method_reference_id\":null,\"total_paid_amount\":1470,\"order_id\":\"1918243320\",\"merchant_order_id\":\"1918243320\"}', NULL, '1918243320', '12085230011', 'No Disponible', 'No Disponible', NULL, 'Debvisa', NULL, 1470, 76.59, NULL, 'QJKDAQRZQ', 1603834605),
(14, 43, 219, 1, 'payment', '12093599287', 0, 2, 1606518409, 0, 0, '{\"id\":12093599287,\"operation_type\":\"regular_payment\",\"order\":{\"id\":\"1921061801\",\"type\":\"mercadopago\"},\"external_reference\":\"C-219\",\"status\":\"approved\",\"status_detail\":\"accredited\",\"date_created\":\"2020-10-28T14:05:30.000-04:00\",\"live_mode\":true,\"date_last_updated\":\"2020-10-28T14:05:33.000-04:00\",\"date_approved\":\"2020-10-28T14:05:33.000-04:00\",\"money_release_date\":\"2020-11-27T14:05:33.000-04:00\",\"currency_id\":\"ARS\",\"transaction_amount\":1470,\"payer\":{\"operator_id\":null},\"collector_id\":544552617,\"payment_method_id\":\"master\",\"payment_type_id\":\"credit_card\",\"transaction_details\":{\"acquirer_reference\":null,\"external_resource_url\":null,\"financial_institution\":null,\"installment_amount\":1470,\"net_received_amount\":1393.41,\"overpaid_amount\":0,\"payable_deferral_period\":null,\"payment_method_reference_id\":\"982239240612256\",\"total_paid_amount\":1470},\"fee_details\":[{\"amount\":35.43,\"fee_payer\":\"collector\",\"type\":\"mercadopago_fee\"}],\"authorization_code\":\"540563\",\"captured\":true,\"card\":[],\"statement_descriptor\":\"MERPAGO - OPTICABRERA\",\"additional_info\":{\"available_balance\":null,\"ip_address\":\"186.136.139.18\",\"nsu_processadora\":null},\"installments\":1,\"description\":\"Carrito No: 219 - Lentes de Contacto FRESHLOOK COLORBLENDS Color Gris(1 U.)\",\"notification_url\":\"https:\\/\\/opticabrera.com.ar\\/module\\/mptoolspro\\/redirect\",\"issuer_id\":\"12437\",\"processing_mode\":\"aggregator\",\"acquirer_reference\":null,\"external_resource_url\":null,\"financial_institution\":null,\"installment_amount\":1470,\"net_received_amount\":1393.41,\"overpaid_amount\":0,\"payable_deferral_period\":null,\"payment_method_reference_id\":\"982239240612256\",\"total_paid_amount\":1470,\"order_id\":\"1921061801\",\"merchant_order_id\":\"1921061801\"}', NULL, '1921061801', '12093599287', 'No Disponible', 'No Disponible', NULL, 'Master', NULL, 1470, 76.59, NULL, 'FUVTDMSHJ', 1603908457),
(15, 44, 230, 1, 'payment', '12142128363', 0, 2, 1606947977, 0, 0, '{\"id\":12142128363,\"operation_type\":\"regular_payment\",\"order\":{\"id\":\"1937085070\",\"type\":\"mercadopago\"},\"external_reference\":\"C-230\",\"status\":\"approved\",\"status_detail\":\"accredited\",\"date_created\":\"2020-11-02T13:24:58.000-04:00\",\"live_mode\":true,\"date_last_updated\":\"2020-11-02T13:25:01.000-04:00\",\"date_approved\":\"2020-11-02T13:25:01.000-04:00\",\"money_release_date\":\"2020-12-02T13:25:01.000-04:00\",\"currency_id\":\"ARS\",\"transaction_amount\":1040,\"payer\":{\"operator_id\":null},\"collector_id\":544552617,\"payment_method_id\":\"master\",\"payment_type_id\":\"credit_card\",\"transaction_details\":{\"acquirer_reference\":null,\"external_resource_url\":null,\"financial_institution\":null,\"installment_amount\":1040,\"net_received_amount\":985.82,\"overpaid_amount\":0,\"payable_deferral_period\":null,\"payment_method_reference_id\":\"982235790670995\",\"total_paid_amount\":1040},\"fee_details\":[{\"amount\":25.06,\"fee_payer\":\"collector\",\"type\":\"mercadopago_fee\"}],\"authorization_code\":\"675715\",\"captured\":true,\"card\":[],\"statement_descriptor\":\"MERPAGO - OPTICABRERA\",\"additional_info\":{\"available_balance\":null,\"ip_address\":\"186.22.162.176\",\"nsu_processadora\":null},\"installments\":1,\"description\":\"Carrito No: 230 - Soluci\\u00f3n para Lentes de Contacto OPTI-FREE PureMoist 300ml Soluciones(2 U.)\",\"notification_url\":\"https:\\/\\/opticabrera.com.ar\\/module\\/mptoolspro\\/redirect\",\"issuer_id\":\"279\",\"processing_mode\":\"aggregator\",\"acquirer_reference\":null,\"external_resource_url\":null,\"financial_institution\":null,\"installment_amount\":1040,\"net_received_amount\":985.82,\"overpaid_amount\":0,\"payable_deferral_period\":null,\"payment_method_reference_id\":\"982235790670995\",\"total_paid_amount\":1040,\"order_id\":\"1937085070\",\"merchant_order_id\":\"1937085070\"}', NULL, '1937085070', '12142128363', 'No Disponible', 'No Disponible', NULL, 'Master', NULL, 1040, 54.18, NULL, 'GBLUIWXHA', 1604338032),
(16, 46, 239, 1, 'payment', '12299520470', 0, 2, 1611956209, 0, 0, '{\"id\":12299520470,\"operation_type\":\"regular_payment\",\"order\":{\"id\":\"1989824003\",\"type\":\"mercadopago\"},\"external_reference\":\"C-239\",\"status\":\"approved\",\"status_detail\":\"accredited\",\"date_created\":\"2020-11-16T14:06:08.000-04:00\",\"live_mode\":true,\"date_last_updated\":\"2020-11-16T14:06:10.000-04:00\",\"date_approved\":\"2020-11-16T14:06:10.000-04:00\",\"money_release_date\":\"2020-12-16T14:06:10.000-04:00\",\"currency_id\":\"ARS\",\"transaction_amount\":5970,\"payer\":{\"operator_id\":null},\"collector_id\":544552617,\"payment_method_id\":\"visa\",\"payment_type_id\":\"credit_card\",\"transaction_details\":{\"acquirer_reference\":null,\"external_resource_url\":null,\"financial_institution\":null,\"installment_amount\":5970,\"net_received_amount\":5778.36,\"overpaid_amount\":0,\"payable_deferral_period\":null,\"payment_method_reference_id\":null,\"total_paid_amount\":5970},\"fee_details\":[{\"amount\":143.88,\"fee_payer\":\"collector\",\"type\":\"mercadopago_fee\"}],\"authorization_code\":\"011856\",\"captured\":true,\"card\":[],\"statement_descriptor\":\"MERCADOPAGO*OPTICABRERA\",\"additional_info\":{\"available_balance\":null,\"ip_address\":\"186.13.124.167\",\"nsu_processadora\":null},\"installments\":1,\"description\":\"Carrito No: 239 - Lentes de sol TIFFANY (TIS 3270 - 6)(1 U.)\",\"notification_url\":\"https:\\/\\/opticabrera.com.ar\\/module\\/mptoolspro\\/redirect\",\"issuer_id\":\"316\",\"processing_mode\":\"aggregator\",\"acquirer_reference\":null,\"external_resource_url\":null,\"financial_institution\":null,\"installment_amount\":5970,\"net_received_amount\":5778.36,\"overpaid_amount\":0,\"payable_deferral_period\":null,\"payment_method_reference_id\":null,\"total_paid_amount\":5970,\"order_id\":\"1989824003\",\"merchant_order_id\":\"1989824003\"}', NULL, '1989824003', '12299520470', 'No Disponible', 'No Disponible', NULL, 'Visa', NULL, 5970, 191.64, NULL, 'CSSEELJXU', 1605550096),
(17, 50, 291, 1, 'payment', '12517822651', 0, 2, 1609707621, 0, 0, '{\"id\":12517822651,\"operation_type\":\"regular_payment\",\"order\":{\"id\":\"2055978744\",\"type\":\"mercadopago\"},\"external_reference\":\"C-291\",\"status\":\"approved\",\"status_detail\":\"accredited\",\"date_created\":\"2020-12-04T12:01:03.000-04:00\",\"live_mode\":true,\"date_last_updated\":\"2020-12-04T12:01:04.000-04:00\",\"date_approved\":\"2020-12-04T12:01:04.000-04:00\",\"money_release_date\":\"2021-01-03T12:01:04.000-04:00\",\"currency_id\":\"ARS\",\"transaction_amount\":2500,\"payer\":{\"operator_id\":null},\"collector_id\":544552617,\"payment_method_id\":\"account_money\",\"payment_type_id\":\"account_money\",\"transaction_details\":{\"acquirer_reference\":null,\"external_resource_url\":null,\"financial_institution\":null,\"installment_amount\":0,\"net_received_amount\":2419.75,\"overpaid_amount\":0,\"payable_deferral_period\":null,\"payment_method_reference_id\":null,\"total_paid_amount\":2500},\"fee_details\":[{\"amount\":60.25,\"fee_payer\":\"collector\",\"type\":\"mercadopago_fee\"}],\"captured\":true,\"card\":[],\"additional_info\":{\"available_balance\":null,\"ip_address\":\"186.18.56.111\",\"nsu_processadora\":null},\"installments\":1,\"description\":\"Carrito No: 291 - Lentes de Contacto FRESHLOOK COLORBLENDS Color Verde(1 U.)\",\"notification_url\":\"https:\\/\\/opticabrera.com.ar\\/module\\/mptoolspro\\/redirect\",\"processing_mode\":\"aggregator\",\"acquirer_reference\":null,\"external_resource_url\":null,\"financial_institution\":null,\"installment_amount\":0,\"net_received_amount\":2419.75,\"overpaid_amount\":0,\"payable_deferral_period\":null,\"payment_method_reference_id\":null,\"total_paid_amount\":2500,\"order_id\":\"2055978744\",\"merchant_order_id\":\"2055978744\"}', NULL, '2055978744', '12517822651', 'No Disponible', 'No Disponible', NULL, 'Account_money', NULL, 2500, 80.25, NULL, 'UJZNPYTQH', 1607097791),
(18, 51, 269, 1, 'payment', '12591331380', 0, 2, 1610399759, 0, 0, '{\"id\":12591331380,\"operation_type\":\"regular_payment\",\"order\":{\"id\":\"2081023218\",\"type\":\"mercadopago\"},\"external_reference\":\"C-269\",\"status\":\"pending\",\"status_detail\":\"pending_waiting_payment\",\"date_created\":\"2020-12-10T12:51:39.000-04:00\",\"live_mode\":true,\"date_last_updated\":\"2020-12-10T12:51:39.000-04:00\",\"date_of_expiration\":\"2020-12-17T22:59:59.000-04:00\",\"currency_id\":\"ARS\",\"transaction_amount\":5357,\"payer\":{\"operator_id\":null},\"collector_id\":544552617,\"payment_method_id\":\"pagofacil\",\"payment_type_id\":\"ticket\",\"transaction_details\":{\"acquirer_reference\":null,\"external_resource_url\":\"https:\\/\\/www.mercadopago.com\\/mla\\/payments\\/ticket\\/helper?payment_id=12591331380&payment_method_reference_id=9690560223&caller_id=685691781&hash=03672b61-2741-4483-84d1-125340833a96\",\"financial_institution\":null,\"installment_amount\":0,\"net_received_amount\":0,\"overpaid_amount\":0,\"payable_deferral_period\":null,\"payment_method_reference_id\":\"9690560223\",\"total_paid_amount\":5357,\"verification_code\":\"9690560223\"},\"captured\":true,\"card\":[],\"additional_info\":{\"available_balance\":null,\"ip_address\":\"190.210.222.38\",\"nsu_processadora\":null},\"installments\":1,\"description\":\"Carrito No: 269 - Lentes de Contacto FRESHLOOK COLORBLENDS Color Verde(2 U.) - Soluci\\u00f3n Multiuso Arlyt EXPRESS 120m |HAY MAS|\",\"notification_url\":\"https:\\/\\/opticabrera.com.ar\\/module\\/mptoolspro\\/redirect\",\"processing_mode\":\"aggregator\",\"barcode\":{\"content\":\"333500880000000MP39690560223100535700203450703\",\"height\":30,\"type\":\"Code128C\",\"width\":1},\"acquirer_reference\":null,\"external_resource_url\":\"https:\\/\\/www.mercadopago.com\\/mla\\/payments\\/ticket\\/helper?payment_id=12591331380&payment_method_reference_id=9690560223&caller_id=685691781&hash=03672b61-2741-4483-84d1-125340833a96\",\"financial_institution\":null,\"installment_amount\":0,\"net_received_amount\":0,\"overpaid_amount\":0,\"payable_deferral_period\":null,\"payment_method_reference_id\":\"9690560223\",\"total_paid_amount\":5357,\"verification_code\":\"9690560223\",\"order_id\":\"2081023218\",\"merchant_order_id\":\"2081023218\"}', NULL, '2081023218', '12591331380', 'No Disponible', 'No Disponible', NULL, 'Pagofacil', NULL, 5357, 252.32, NULL, 'ZMVIYNYPY', 1607619224),
(19, 52, 308, 1, 'payment', '12738188216', 0, 2, 1611168380, 0, 0, '{\"id\":12738188216,\"operation_type\":\"regular_payment\",\"order\":{\"id\":\"2127125110\",\"type\":\"mercadopago\"},\"external_reference\":\"C-308\",\"status\":\"approved\",\"status_detail\":\"accredited\",\"date_created\":\"2020-12-21T09:48:52.000-04:00\",\"live_mode\":true,\"date_last_updated\":\"2020-12-21T09:48:54.000-04:00\",\"date_approved\":\"2020-12-21T09:48:54.000-04:00\",\"money_release_date\":\"2021-01-20T09:48:54.000-04:00\",\"currency_id\":\"ARS\",\"transaction_amount\":5000,\"payer\":{\"operator_id\":null},\"collector_id\":544552617,\"payment_method_id\":\"visa\",\"payment_type_id\":\"credit_card\",\"transaction_details\":{\"acquirer_reference\":null,\"external_resource_url\":null,\"financial_institution\":null,\"installment_amount\":5000,\"net_received_amount\":4839.5,\"overpaid_amount\":0,\"payable_deferral_period\":null,\"payment_method_reference_id\":null,\"total_paid_amount\":5000},\"fee_details\":[{\"amount\":120.5,\"fee_payer\":\"collector\",\"type\":\"mercadopago_fee\"}],\"authorization_code\":\"007840\",\"captured\":true,\"card\":[],\"statement_descriptor\":\"MERCADOPAGO*OPTICABRERA\",\"additional_info\":{\"available_balance\":null,\"ip_address\":\"181.9.132.22\",\"nsu_processadora\":null},\"installments\":1,\"description\":\"Carrito No: 308 - Lentes de Contacto FRESHLOOK COLORBLENDS Color Verde(2 U.)\",\"notification_url\":\"https:\\/\\/opticabrera.com.ar\\/module\\/mptoolspro\\/redirect\",\"issuer_id\":\"310\",\"processing_mode\":\"aggregator\",\"acquirer_reference\":null,\"external_resource_url\":null,\"financial_institution\":null,\"installment_amount\":5000,\"net_received_amount\":4839.5,\"overpaid_amount\":0,\"payable_deferral_period\":null,\"payment_method_reference_id\":null,\"total_paid_amount\":5000,\"order_id\":\"2127125110\",\"merchant_order_id\":\"2127125110\"}', NULL, '2127125110', '12738188216', 'No Disponible', 'No Disponible', NULL, 'Visa', NULL, 5000, 160.5, NULL, 'ICDOJNCVQ', 1608558658),
(20, 53, 337, 1, 'payment', '13033677620', 0, 2, 1613095068, 0, 0, '{\"id\":13033677620,\"operation_type\":\"regular_payment\",\"order\":{\"id\":\"2211036066\",\"type\":\"mercadopago\"},\"external_reference\":\"C-337\",\"status\":\"approved\",\"status_detail\":\"accredited\",\"date_created\":\"2021-01-12T16:59:46.000-04:00\",\"live_mode\":true,\"date_last_updated\":\"2021-01-12T16:59:47.000-04:00\",\"date_approved\":\"2021-01-12T16:59:47.000-04:00\",\"money_release_date\":\"2021-02-11T16:59:47.000-04:00\",\"currency_id\":\"ARS\",\"transaction_amount\":2690,\"payer\":{\"operator_id\":null},\"collector_id\":544552617,\"payment_method_id\":\"visa\",\"payment_type_id\":\"credit_card\",\"transaction_details\":{\"acquirer_reference\":null,\"external_resource_url\":null,\"financial_institution\":null,\"installment_amount\":2690,\"net_received_amount\":2611.72,\"overpaid_amount\":0,\"payable_deferral_period\":null,\"payment_method_reference_id\":null,\"total_paid_amount\":2690},\"fee_details\":[{\"amount\":64.83,\"fee_payer\":\"collector\",\"type\":\"mercadopago_fee\"}],\"authorization_code\":\"001629\",\"captured\":true,\"card\":[],\"statement_descriptor\":\"MERCADOPAGO*OPTICABRERA\",\"additional_info\":{\"available_balance\":null,\"ip_address\":\"181.94.151.48\",\"nsu_processadora\":null},\"installments\":1,\"description\":\"Carrito No: 337 - Lentes de Contacto ACUVUE\\u00ae 2(1 U.), F\\u00f3rmula : Iguales ambos ojos,DACPMF: +01.00 - Soluci\\u00f3n para L |HAY MAS|\",\"notification_url\":\"https:\\/\\/opticabrera.com.ar\\/module\\/mptoolspro\\/redirect\",\"issuer_id\":\"1\",\"processing_mode\":\"aggregator\",\"acquirer_reference\":null,\"external_resource_url\":null,\"financial_institution\":null,\"installment_amount\":2690,\"net_received_amount\":2611.72,\"overpaid_amount\":0,\"payable_deferral_period\":null,\"payment_method_reference_id\":null,\"total_paid_amount\":2690,\"order_id\":\"2211036066\",\"merchant_order_id\":\"2211036066\"}', NULL, '2211036066', '13033677620', 'No Disponible', 'No Disponible', NULL, 'Visa', NULL, 2690, 78.28, NULL, 'PBWZKRIOY', 1610485311),
(21, 54, 346, 1, 'payment', '13119143211', 0, 2, 1613625132, 0, 0, '{\"id\":13119143211,\"operation_type\":\"regular_payment\",\"order\":{\"id\":\"2232826750\",\"type\":\"mercadopago\"},\"external_reference\":\"C-346\",\"status\":\"approved\",\"status_detail\":\"accredited\",\"date_created\":\"2021-01-18T20:14:23.000-04:00\",\"live_mode\":true,\"date_last_updated\":\"2021-01-18T20:14:26.000-04:00\",\"date_approved\":\"2021-01-18T20:14:26.000-04:00\",\"money_release_date\":\"2021-02-17T20:14:26.000-04:00\",\"currency_id\":\"ARS\",\"transaction_amount\":4030,\"payer\":{\"operator_id\":null},\"collector_id\":544552617,\"payment_method_id\":\"debvisa\",\"payment_type_id\":\"debit_card\",\"transaction_details\":{\"acquirer_reference\":null,\"external_resource_url\":null,\"financial_institution\":null,\"installment_amount\":4030,\"net_received_amount\":3912.73,\"overpaid_amount\":0,\"payable_deferral_period\":null,\"payment_method_reference_id\":null,\"total_paid_amount\":4030},\"fee_details\":[{\"amount\":97.12,\"fee_payer\":\"collector\",\"type\":\"mercadopago_fee\"}],\"authorization_code\":\"507486\",\"captured\":true,\"card\":[],\"statement_descriptor\":\"MERCADOPAGO*OPTICABRERA\",\"additional_info\":{\"available_balance\":null,\"ip_address\":\"181.167.121.178\",\"nsu_processadora\":null},\"installments\":1,\"description\":\"Carrito No: 346 - Lentes de Sol VULK Press (GB10 POL)(1 U.)\",\"notification_url\":\"https:\\/\\/opticabrera.com.ar\\/module\\/mptoolspro\\/redirect\",\"issuer_id\":\"1\",\"processing_mode\":\"aggregator\",\"acquirer_reference\":null,\"external_resource_url\":null,\"financial_institution\":null,\"installment_amount\":4030,\"net_received_amount\":3912.73,\"overpaid_amount\":0,\"payable_deferral_period\":null,\"payment_method_reference_id\":null,\"total_paid_amount\":4030,\"order_id\":\"2232826750\",\"merchant_order_id\":\"2232826750\"}', NULL, '2232826750', '13119143211', 'No Disponible', 'No Disponible', NULL, 'Debvisa', NULL, 4030, 117.27, NULL, 'DMFLOCSPQ', 1611015391),
(22, 55, 355, 1, 'payment', '13213964701', 0, 2, 1614216677, 0, 0, '{\"id\":13213964701,\"operation_type\":\"regular_payment\",\"order\":{\"id\":\"2255431845\",\"type\":\"mercadopago\"},\"external_reference\":\"C-355\",\"status\":\"approved\",\"status_detail\":\"accredited\",\"date_created\":\"2021-01-25T16:32:51.000-04:00\",\"live_mode\":true,\"date_last_updated\":\"2021-01-25T16:32:54.000-04:00\",\"date_approved\":\"2021-01-25T16:32:54.000-04:00\",\"money_release_date\":\"2021-02-24T16:32:54.000-04:00\",\"currency_id\":\"ARS\",\"transaction_amount\":4030,\"payer\":{\"operator_id\":null},\"collector_id\":544552617,\"payment_method_id\":\"visa\",\"payment_type_id\":\"credit_card\",\"transaction_details\":{\"acquirer_reference\":null,\"external_resource_url\":null,\"financial_institution\":null,\"installment_amount\":4030,\"net_received_amount\":3912.73,\"overpaid_amount\":0,\"payable_deferral_period\":null,\"payment_method_reference_id\":null,\"total_paid_amount\":4030},\"fee_details\":[{\"amount\":97.12,\"fee_payer\":\"collector\",\"type\":\"mercadopago_fee\"}],\"authorization_code\":\"001693\",\"captured\":true,\"card\":[],\"statement_descriptor\":\"MERCADOPAGO*OPTICABRERA\",\"additional_info\":{\"available_balance\":null,\"ip_address\":\"181.44.103.80\",\"nsu_processadora\":null},\"installments\":1,\"description\":\"Carrito No: 355 - Lentes de Sol VULK Press (GB10 POL)(1 U.)\",\"notification_url\":\"https:\\/\\/opticabrera.com.ar\\/module\\/mptoolspro\\/redirect\",\"issuer_id\":\"279\",\"processing_mode\":\"aggregator\",\"acquirer_reference\":null,\"external_resource_url\":null,\"financial_institution\":null,\"installment_amount\":4030,\"net_received_amount\":3912.73,\"overpaid_amount\":0,\"payable_deferral_period\":null,\"payment_method_reference_id\":null,\"total_paid_amount\":4030,\"order_id\":\"2255431845\",\"merchant_order_id\":\"2255431845\"}', NULL, '2255431845', '13213964701', 'No Disponible', 'No Disponible', NULL, 'Visa', NULL, 4030, 117.27, NULL, 'ARHRSBRVM', 1611606898),
(23, 56, 362, 1, 'payment', '13379367968', 0, 2, 1614835866, 0, 0, '{\"id\":13379367968,\"operation_type\":\"regular_payment\",\"order\":{\"id\":\"2280492016\",\"type\":\"mercadopago\"},\"external_reference\":\"C-362\",\"status\":\"approved\",\"status_detail\":\"accredited\",\"date_created\":\"2021-02-01T20:31:21.000-04:00\",\"live_mode\":true,\"date_last_updated\":\"2021-02-01T20:31:22.000-04:00\",\"date_approved\":\"2021-02-01T20:31:22.000-04:00\",\"money_release_date\":\"2021-03-03T20:31:22.000-04:00\",\"currency_id\":\"ARS\",\"transaction_amount\":4440,\"payer\":{\"operator_id\":null},\"collector_id\":544552617,\"payment_method_id\":\"account_money\",\"payment_type_id\":\"account_money\",\"transaction_details\":{\"acquirer_reference\":null,\"external_resource_url\":null,\"financial_institution\":null,\"installment_amount\":0,\"net_received_amount\":4310.8,\"overpaid_amount\":0,\"payable_deferral_period\":null,\"payment_method_reference_id\":null,\"total_paid_amount\":4440},\"fee_details\":[{\"amount\":107,\"fee_payer\":\"collector\",\"type\":\"mercadopago_fee\"}],\"captured\":true,\"card\":[],\"additional_info\":{\"available_balance\":null,\"ip_address\":\"181.16.122.26\",\"nsu_processadora\":null},\"installments\":1,\"description\":\"Carrito No: 362 - PACK de 3 Cajas de Lentes de Contacto 1-DAY ACUVUE\\u00ae MOIST(1 U.), F\\u00f3rmula : Iguales ambos ojos,Pod |HAY MAS|\",\"notification_url\":\"https:\\/\\/opticabrera.com.ar\\/module\\/mptoolspro\\/redirect\",\"processing_mode\":\"aggregator\",\"acquirer_reference\":null,\"external_resource_url\":null,\"financial_institution\":null,\"installment_amount\":0,\"net_received_amount\":4310.8,\"overpaid_amount\":0,\"payable_deferral_period\":null,\"payment_method_reference_id\":null,\"total_paid_amount\":4440,\"order_id\":\"2280492016\",\"merchant_order_id\":\"2280492016\"}', NULL, '2280492016', '13379367968', 'No Disponible', 'No Disponible', NULL, 'Account_money', NULL, 4440, 129.2, NULL, 'KCDDOEWRC', 1612226005);
INSERT INTO `ps_mptoolspro` (`id`, `id_order`, `id_cart`, `id_shop`, `topic`, `mp_op_id`, `is_sandbox`, `status`, `next_retry`, `is_mercadoenvios`, `mercadienvios_downloaded`, `payment_obj`, `shipping_id`, `mp_order_id`, `mp_payment_id`, `mp_payer_name`, `mp_payer_dni`, `mp_card_number`, `mp_card_brand`, `mp_card_holder`, `mp_total_amount`, `mp_total_commision`, `mp_init_point`, `order_reference`, `next_retry_mercadoenvios`) VALUES
(24, 58, 378, 1, 'payment', '13821677914', 0, 5, 1616897894, 0, 0, '{\"id\":13821677914,\"operation_type\":\"regular_payment\",\"order\":{\"id\":\"2367241088\",\"type\":\"mercadopago\"},\"external_reference\":\"C-378\",\"status\":\"approved\",\"status_detail\":\"accredited\",\"date_created\":\"2021-02-25T17:19:14.000-04:00\",\"live_mode\":true,\"date_last_updated\":\"2021-02-25T17:19:17.000-04:00\",\"date_approved\":\"2021-02-25T17:19:16.000-04:00\",\"money_release_date\":\"2021-03-27T17:19:16.000-04:00\",\"currency_id\":\"ARS\",\"transaction_amount\":7350,\"payer\":{\"operator_id\":null},\"collector_id\":544552617,\"payment_method_id\":\"visa\",\"payment_type_id\":\"credit_card\",\"transaction_details\":{\"acquirer_reference\":null,\"external_resource_url\":null,\"financial_institution\":null,\"installment_amount\":7350,\"net_received_amount\":7136.11,\"overpaid_amount\":0,\"payable_deferral_period\":null,\"payment_method_reference_id\":null,\"total_paid_amount\":7350},\"fee_details\":[{\"amount\":177.14,\"fee_payer\":\"collector\",\"type\":\"mercadopago_fee\"}],\"authorization_code\":\"005054\",\"captured\":true,\"card\":[],\"statement_descriptor\":\"MERCADOPAGO*OPTICABRERA\",\"additional_info\":{\"available_balance\":null,\"ip_address\":\"177.12.216.4\",\"nsu_processadora\":null},\"installments\":1,\"description\":\"Carrito No: 378 - Armaz\\u00f3n TIFFANY (TIS 4461 - 4)(1 U.)\",\"notification_url\":\"https:\\/\\/opticabrera.com.ar\\/module\\/mptoolspro\\/redirect\",\"issuer_id\":\"310\",\"processing_mode\":\"aggregator\",\"acquirer_reference\":null,\"external_resource_url\":null,\"financial_institution\":null,\"installment_amount\":7350,\"net_received_amount\":7136.11,\"overpaid_amount\":0,\"payable_deferral_period\":null,\"payment_method_reference_id\":null,\"total_paid_amount\":7350,\"order_id\":\"2367241088\",\"merchant_order_id\":\"2367241088\"}', NULL, '2367241088', '13821677914', 'No Disponible', 'No Disponible', NULL, 'Visa', NULL, 7350, 213.89, NULL, 'UHIAUMAPQ', 1614288082),
(25, 59, 370, 1, 'payment', '13991342404', 0, 4, 1616057715, 0, 0, '{\"id\":13991342404,\"operation_type\":\"regular_payment\",\"order\":{\"id\":\"2419364320\",\"type\":\"mercadopago\"},\"external_reference\":\"C-370\",\"status\":\"pending\",\"status_detail\":\"pending_waiting_payment\",\"date_created\":\"2021-03-10T15:14:29.000-04:00\",\"live_mode\":true,\"date_last_updated\":\"2021-03-10T15:14:29.000-04:00\",\"date_of_expiration\":\"2021-03-17T22:59:59.000-04:00\",\"currency_id\":\"ARS\",\"transaction_amount\":4030,\"payer\":{\"operator_id\":null},\"collector_id\":544552617,\"payment_method_id\":\"rapipago\",\"payment_type_id\":\"ticket\",\"transaction_details\":{\"acquirer_reference\":null,\"external_resource_url\":\"https:\\/\\/www.mercadopago.com\\/mla\\/payments\\/ticket\\/helper?payment_id=13991342404&payment_method_reference_id=9751315613&caller_id=261945577&hash=85d16fcd-3186-4186-bbd0-eff54f32ee76\",\"financial_institution\":null,\"installment_amount\":0,\"net_received_amount\":0,\"overpaid_amount\":0,\"payable_deferral_period\":null,\"payment_method_reference_id\":\"9751315613\",\"total_paid_amount\":4030,\"verification_code\":\"9751315613\"},\"captured\":true,\"card\":[],\"additional_info\":{\"available_balance\":null,\"ip_address\":\"186.0.162.180\",\"items\":[{\"category_id\":null,\"description\":null,\"id\":\"C-370\",\"picture_url\":\"https:\\/\\/opticabrera.com.ar\\/img\\/optica-brera-logo-1592256886.jpg\",\"quantity\":\"1\",\"title\":\"Carrito No: 370 - Lentes de Sol VULK Press (GB10 POL)(1 U.)\",\"unit_price\":\"4030.0\"}],\"nsu_processadora\":null,\"payer\":{\"address\":{\"street_name\":\"San Martin, 359\",\"zip_code\":\"6740\"},\"first_name\":\"alfonsina\",\"last_name\":\"Lazarte\"},\"shipments\":{\"receiver_address\":{\"street_name\":\"San Martin, 359\",\"zip_code\":\"6740\"}}},\"installments\":1,\"description\":\"Carrito No: 370 - Lentes de Sol VULK Press (GB10 POL)(1 U.)\",\"notification_url\":\"https:\\/\\/opticabrera.com.ar\\/module\\/mptoolspro\\/redirect\",\"processing_mode\":\"aggregator\",\"barcode\":{\"content\":\"6002103176005002619455770097513156130004030007\",\"height\":30,\"type\":\"Code128C\",\"width\":1},\"acquirer_reference\":null,\"external_resource_url\":\"https:\\/\\/www.mercadopago.com\\/mla\\/payments\\/ticket\\/helper?payment_id=13991342404&payment_method_reference_id=9751315613&caller_id=261945577&hash=85d16fcd-3186-4186-bbd0-eff54f32ee76\",\"financial_institution\":null,\"installment_amount\":0,\"net_received_amount\":0,\"overpaid_amount\":0,\"payable_deferral_period\":null,\"payment_method_reference_id\":\"9751315613\",\"total_paid_amount\":4030,\"verification_code\":\"9751315613\",\"order_id\":\"2419364320\",\"merchant_order_id\":\"2419364320\"}', NULL, '2419364320', '13991342404', 'No Disponible', 'No Disponible', NULL, 'Rapipago', NULL, 4030, NULL, NULL, 'NKRVVKLZG', 1615403794),
(26, 60, 390, 1, 'payment', '14006602641', 0, 5, 1618098374, 0, 0, '{\"id\":14006602641,\"operation_type\":\"regular_payment\",\"order\":{\"id\":\"2423345053\",\"type\":\"mercadopago\"},\"external_reference\":\"C-390\",\"status\":\"pending\",\"status_detail\":\"pending_waiting_payment\",\"date_created\":\"2021-03-11T13:41:59.000-04:00\",\"live_mode\":true,\"date_last_updated\":\"2021-03-11T13:41:59.000-04:00\",\"date_of_expiration\":\"2021-03-18T22:59:59.000-04:00\",\"currency_id\":\"ARS\",\"transaction_amount\":8370,\"payer\":{\"operator_id\":null},\"collector_id\":544552617,\"payment_method_id\":\"pagofacil\",\"payment_type_id\":\"ticket\",\"transaction_details\":{\"acquirer_reference\":null,\"external_resource_url\":\"https:\\/\\/www.mercadopago.com\\/mla\\/payments\\/ticket\\/helper?payment_id=14006602641&payment_method_reference_id=9751959123&caller_id=97828987&hash=21b4b804-f8c9-40cd-9e7b-75a9d5abc438\",\"financial_institution\":null,\"installment_amount\":0,\"net_received_amount\":0,\"overpaid_amount\":0,\"payable_deferral_period\":null,\"payment_method_reference_id\":\"9751959123\",\"total_paid_amount\":8370,\"verification_code\":\"9751959123\"},\"captured\":true,\"card\":[],\"additional_info\":{\"available_balance\":null,\"ip_address\":\"190.173.144.248\",\"items\":[{\"category_id\":null,\"description\":null,\"id\":\"C-390\",\"picture_url\":\"https:\\/\\/opticabrera.com.ar\\/img\\/optica-brera-logo-1592256886.jpg\",\"quantity\":\"1\",\"title\":\"Carrito No: 390 - PACK de 4 cajas de Lentes de Contacto ACUVUE\\u00ae OASYS\\u00ae CON HYDRACLEAR\\u00ae PLUS(1 U.), F\\u00f3rmula : Iguale |HAY MAS|\",\"unit_price\":\"8370.0\"}],\"nsu_processadora\":null,\"payer\":{\"address\":{\"street_name\":\"Thames 3678     \",\"zip_code\":\"1754\"},\"first_name\":\"Adriana\",\"last_name\":\"Sosa\"},\"shipments\":{\"receiver_address\":{\"street_name\":\"Thames 3678     \",\"zip_code\":\"1754\"}}},\"installments\":1,\"description\":\"Carrito No: 390 - PACK de 4 cajas de Lentes de Contacto ACUVUE\\u00ae OASYS\\u00ae CON HYDRACLEAR\\u00ae PLUS(1 U.), F\\u00f3rmula : Iguale |HAY MAS|\",\"notification_url\":\"https:\\/\\/opticabrera.com.ar\\/module\\/mptoolspro\\/redirect\",\"processing_mode\":\"aggregator\",\"barcode\":{\"content\":\"333500880000000MP39751959123100837000210700728\",\"height\":30,\"type\":\"Code128C\",\"width\":1},\"acquirer_reference\":null,\"external_resource_url\":\"https:\\/\\/www.mercadopago.com\\/mla\\/payments\\/ticket\\/helper?payment_id=14006602641&payment_method_reference_id=9751959123&caller_id=97828987&hash=21b4b804-f8c9-40cd-9e7b-75a9d5abc438\",\"financial_institution\":null,\"installment_amount\":0,\"net_received_amount\":0,\"overpaid_amount\":0,\"payable_deferral_period\":null,\"payment_method_reference_id\":\"9751959123\",\"total_paid_amount\":8370,\"verification_code\":\"9751959123\",\"order_id\":\"2423345053\",\"merchant_order_id\":\"2423345053\"}', NULL, '2423345053', '14006602641', 'No Disponible', 'No Disponible', NULL, 'Pagofacil', NULL, 8370, 243.57, NULL, 'JSUPRUENE', 1615484642),
(27, 61, 391, 1, 'payment', '14008263335', 0, 5, 1618101411, 0, 0, '{\"id\":14008263335,\"operation_type\":\"regular_payment\",\"order\":{\"id\":\"2423785684\",\"type\":\"mercadopago\"},\"external_reference\":\"C-391\",\"status\":\"approved\",\"status_detail\":\"accredited\",\"date_created\":\"2021-03-11T15:36:10.000-04:00\",\"live_mode\":true,\"date_last_updated\":\"2021-03-11T15:36:14.000-04:00\",\"date_approved\":\"2021-03-11T15:36:14.000-04:00\",\"money_release_date\":\"2021-04-10T15:36:14.000-04:00\",\"currency_id\":\"ARS\",\"transaction_amount\":3130,\"payer\":{\"operator_id\":null},\"collector_id\":544552617,\"payment_method_id\":\"debvisa\",\"payment_type_id\":\"debit_card\",\"transaction_details\":{\"acquirer_reference\":null,\"external_resource_url\":null,\"financial_institution\":null,\"installment_amount\":3130,\"net_received_amount\":2976.32,\"overpaid_amount\":0,\"payable_deferral_period\":null,\"payment_method_reference_id\":null,\"total_paid_amount\":3130},\"fee_details\":[{\"amount\":75.43,\"fee_payer\":\"collector\",\"type\":\"mercadopago_fee\"}],\"authorization_code\":\"423721\",\"captured\":true,\"card\":[],\"statement_descriptor\":\"MERCADOPAGO*OPTICABRERA\",\"additional_info\":{\"available_balance\":null,\"ip_address\":\"181.29.55.202\",\"items\":[{\"category_id\":null,\"description\":null,\"id\":\"C-391\",\"picture_url\":\"https:\\/\\/opticabrera.com.ar\\/img\\/optica-brera-logo-1592256886.jpg\",\"quantity\":\"1\",\"title\":\"Carrito No: 391 - Lentes de Sol RUSTY Indian (SBLKS10)(1 U.)\",\"unit_price\":\"3130.0\"}],\"nsu_processadora\":null,\"payer\":{\"address\":{\"street_name\":\"Av Juan Domingo peron 7245\",\"zip_code\":\"1621\"},\"first_name\":\"Francisco\",\"last_name\":\"Ruiz\"},\"shipments\":{\"receiver_address\":{\"street_name\":\"Av Juan Domingo peron 7245\",\"zip_code\":\"1621\"}}},\"installments\":1,\"description\":\"Carrito No: 391 - Lentes de Sol RUSTY Indian (SBLKS10)(1 U.)\",\"notification_url\":\"https:\\/\\/opticabrera.com.ar\\/module\\/mptoolspro\\/redirect\",\"issuer_id\":\"1\",\"processing_mode\":\"aggregator\",\"acquirer_reference\":null,\"external_resource_url\":null,\"financial_institution\":null,\"installment_amount\":3130,\"net_received_amount\":2976.32,\"overpaid_amount\":0,\"payable_deferral_period\":null,\"payment_method_reference_id\":null,\"total_paid_amount\":3130,\"order_id\":\"2423785684\",\"merchant_order_id\":\"2423785684\"}', NULL, '2423785684', '14008263335', 'No Disponible', 'No Disponible', NULL, 'Debvisa', NULL, 3130, 153.68, NULL, 'TOFDNTEWC', 1615491499),
(28, 62, 396, 1, 'payment', '14013232155', 0, 5, 1618118739, 0, 0, '{\"id\":14013232155,\"operation_type\":\"regular_payment\",\"order\":{\"id\":\"2425081668\",\"type\":\"mercadopago\"},\"external_reference\":\"C-396\",\"status\":\"approved\",\"status_detail\":\"accredited\",\"date_created\":\"2021-03-11T20:28:18.139-04:00\",\"live_mode\":true,\"date_last_updated\":\"2021-03-11T20:28:20.636-04:00\",\"date_approved\":\"2021-03-11T20:28:20.636-04:00\",\"money_release_date\":\"2021-04-10T20:28:20.636-04:00\",\"currency_id\":\"ARS\",\"transaction_amount\":2790,\"payer\":{\"operator_id\":null},\"collector_id\":544552617,\"payment_method_id\":\"debmaster\",\"payment_type_id\":\"debit_card\",\"transaction_details\":{\"acquirer_reference\":null,\"external_resource_url\":null,\"financial_institution\":null,\"installment_amount\":2790,\"net_received_amount\":2722.76,\"overpaid_amount\":0,\"payable_deferral_period\":null,\"payment_method_reference_id\":null,\"total_paid_amount\":2790},\"fee_details\":[{\"amount\":67.24,\"fee_payer\":\"collector\",\"type\":\"mercadopago_fee\"}],\"authorization_code\":\"466764\",\"captured\":true,\"card\":[],\"statement_descriptor\":\"MERCADOPAGO*OPTICABRERA\",\"additional_info\":{\"available_balance\":null,\"ip_address\":\"45.70.9.52\",\"items\":[{\"category_id\":null,\"description\":null,\"id\":\"C-396\",\"picture_url\":\"https:\\/\\/opticabrera.com.ar\\/img\\/optica-brera-logo-1592256886.jpg\",\"quantity\":\"1\",\"title\":\"Carrito No: 396 - Lentes de Contacto ACUVUE\\u00bf OASYS\\u00bf CON HYDRACLEAR\\u00bf PLUS(1 U.), F\\u00bfrmula : Iguales ambos ojos,DACPMF |HAY MAS|\",\"unit_price\":\"2790.0\"}],\"nsu_processadora\":null,\"payer\":{\"address\":{\"street_name\":\"av san martin, 868\",\"zip_code\":\"3603\"}},\"shipments\":{\"receiver_address\":{\"street_name\":\"av san martin, 868\",\"zip_code\":\"3603\"}}},\"installments\":1,\"description\":\"Carrito No: 396 - Lentes de Contacto ACUVUE\\u00ae OASYS\\u00ae CON HYDRACLEAR\\u00ae PLUS(1 U.), F\\u00f3rmula : Iguales ambos ojos,DACPMF |HAY MAS|\",\"notification_url\":\"https:\\/\\/opticabrera.com.ar\\/module\\/mptoolspro\\/redirect\",\"issuer_id\":\"3\",\"processing_mode\":\"aggregator\",\"acquirer_reference\":null,\"external_resource_url\":null,\"financial_institution\":null,\"installment_amount\":2790,\"net_received_amount\":2722.76,\"overpaid_amount\":0,\"payable_deferral_period\":null,\"payment_method_reference_id\":null,\"total_paid_amount\":2790,\"order_id\":\"2425081668\",\"merchant_order_id\":\"2425081668\"}', NULL, '2425081668', '14013232155', 'No Disponible', 'No Disponible', NULL, 'Debmaster', NULL, 2790, 81.19, NULL, 'COSQFDFHL', 1615509023),
(29, 63, 403, 1, 'payment', '14114774774', 0, 5, 1618780317, 0, 0, '{\"id\":14114774774,\"operation_type\":\"regular_payment\",\"order\":{\"id\":\"2453543423\",\"type\":\"mercadopago\"},\"external_reference\":\"C-403\",\"status\":\"approved\",\"status_detail\":\"accredited\",\"date_created\":\"2021-03-19T12:13:14.000-04:00\",\"live_mode\":true,\"date_last_updated\":\"2021-03-19T12:13:18.000-04:00\",\"date_approved\":\"2021-03-19T12:13:17.000-04:00\",\"money_release_date\":\"2021-04-18T12:13:17.000-04:00\",\"currency_id\":\"ARS\",\"transaction_amount\":8370,\"payer\":{\"operator_id\":null},\"collector_id\":544552617,\"payment_method_id\":\"master\",\"payment_type_id\":\"credit_card\",\"transaction_details\":{\"acquirer_reference\":null,\"external_resource_url\":null,\"financial_institution\":null,\"installment_amount\":8370,\"net_received_amount\":8126.43,\"overpaid_amount\":0,\"payable_deferral_period\":null,\"payment_method_reference_id\":\"982329321311439\",\"total_paid_amount\":8370},\"fee_details\":[{\"amount\":201.72,\"fee_payer\":\"collector\",\"type\":\"mercadopago_fee\"}],\"authorization_code\":\"660320\",\"captured\":true,\"card\":[],\"statement_descriptor\":\"MERPAGO - OPTICABRERA\",\"additional_info\":{\"available_balance\":null,\"ip_address\":\"190.120.147.218\",\"items\":[{\"category_id\":null,\"description\":null,\"id\":\"C-403\",\"picture_url\":\"https:\\/\\/opticabrera.com.ar\\/img\\/optica-brera-logo-1592256886.jpg\",\"quantity\":\"1\",\"title\":\"Carrito No: 403 - PACK de 4 cajas de Lentes de Contacto ACUVUE\\u00ae OASYS\\u00ae CON HYDRACLEAR\\u00ae PLUS(1 U.), F\\u00f3rmula : Difere |HAY MAS|\",\"unit_price\":\"8370.0\"}],\"nsu_processadora\":null,\"payer\":{\"address\":{\"street_name\":\"Rio Negro 466\",\"zip_code\":\"6300\"},\"first_name\":\"Pablo Gaston\",\"last_name\":\"Samper\"},\"shipments\":{\"receiver_address\":{\"street_name\":\"Rio Negro 466\",\"zip_code\":\"6300\"}}},\"installments\":1,\"description\":\"Carrito No: 403 - PACK de 4 cajas de Lentes de Contacto ACUVUE\\u00bf OASYS\\u00bf CON HYDRACLEAR\\u00bf PLUS(1 U.), F\\u00bfrmula : Difere |HAY MAS|\",\"notification_url\":\"https:\\/\\/opticabrera.com.ar\\/module\\/mptoolspro\\/redirect\",\"issuer_id\":\"1049\",\"processing_mode\":\"aggregator\",\"acquirer_reference\":null,\"external_resource_url\":null,\"financial_institution\":null,\"installment_amount\":8370,\"net_received_amount\":8126.43,\"overpaid_amount\":0,\"payable_deferral_period\":null,\"payment_method_reference_id\":\"982329321311439\",\"total_paid_amount\":8370,\"order_id\":\"2453543423\",\"merchant_order_id\":\"2453543423\"}', NULL, '2453543423', '14114774774', 'No Disponible', 'No Disponible', NULL, 'Master', NULL, 8370, 243.57, NULL, 'VLTTALIAR', 1616170521),
(30, 64, 408, 1, 'payment', '14186762427', 0, 5, 1619305124, 0, 0, '{\"id\":14186762427,\"operation_type\":\"regular_payment\",\"order\":{\"id\":\"2473965077\",\"type\":\"mercadopago\"},\"external_reference\":\"C-408\",\"status\":\"approved\",\"status_detail\":\"accredited\",\"date_created\":\"2021-03-25T13:56:32.000-04:00\",\"live_mode\":true,\"date_last_updated\":\"2021-03-25T13:56:34.000-04:00\",\"date_approved\":\"2021-03-25T13:56:34.000-04:00\",\"money_release_date\":\"2021-04-24T13:56:34.000-04:00\",\"currency_id\":\"ARS\",\"transaction_amount\":6900,\"payer\":{\"operator_id\":null},\"collector_id\":544552617,\"payment_method_id\":\"visa\",\"payment_type_id\":\"credit_card\",\"transaction_details\":{\"acquirer_reference\":null,\"external_resource_url\":null,\"financial_institution\":null,\"installment_amount\":6900,\"net_received_amount\":6561.21,\"overpaid_amount\":0,\"payable_deferral_period\":null,\"payment_method_reference_id\":null,\"total_paid_amount\":6900},\"fee_details\":[{\"amount\":166.29,\"fee_payer\":\"collector\",\"type\":\"mercadopago_fee\"}],\"authorization_code\":\"003345\",\"captured\":true,\"card\":[],\"statement_descriptor\":\"MERCADOPAGO*OPTICABRERA\",\"additional_info\":{\"available_balance\":null,\"ip_address\":\"186.12.1.67\",\"items\":[{\"category_id\":null,\"description\":null,\"id\":\"C-408\",\"picture_url\":\"https:\\/\\/opticabrera.com.ar\\/img\\/optica-brera-logo-1592256886.jpg\",\"quantity\":\"1\",\"title\":\"Carrito No: 408 - Armaz\\u00f3n TIFFANY (TIS 4447 - 2)(1 U.)\",\"unit_price\":\"6900.0\"}],\"nsu_processadora\":null,\"payer\":{\"address\":{\"street_name\":\"Av del Libertador 7292, Depto 3A\",\"zip_code\":\"1429\"},\"first_name\":\"Karina\",\"last_name\":\"Rappazzo\"},\"shipments\":{\"receiver_address\":{\"street_name\":\"Av del Libertador 7292, Depto 3A\",\"zip_code\":\"1429\"}}},\"installments\":1,\"description\":\"Carrito No: 408 - Armaz\\u00bfn TIFFANY (TIS 4447 - 2)(1 U.)\",\"notification_url\":\"https:\\/\\/opticabrera.com.ar\\/module\\/mptoolspro\\/redirect\",\"issuer_id\":\"326\",\"processing_mode\":\"aggregator\",\"acquirer_reference\":null,\"external_resource_url\":null,\"financial_institution\":null,\"installment_amount\":6900,\"net_received_amount\":6561.21,\"overpaid_amount\":0,\"payable_deferral_period\":null,\"payment_method_reference_id\":null,\"total_paid_amount\":6900,\"order_id\":\"2473965077\",\"merchant_order_id\":\"2473965077\"}', NULL, '2473965077', '14186762427', 'No Disponible', 'No Disponible', NULL, 'Visa', NULL, 6900, 338.79, NULL, 'OHPBEULUX', 1616695118),
(31, 65, 412, 1, 'payment', '14194622385', 0, 5, 1619369136, 0, 0, '{\"id\":14194622385,\"operation_type\":\"regular_payment\",\"order\":{\"id\":\"2476182000\",\"type\":\"mercadopago\"},\"external_reference\":\"C-412\",\"status\":\"approved\",\"status_detail\":\"accredited\",\"date_created\":\"2021-03-26T07:48:25.151-04:00\",\"live_mode\":true,\"date_last_updated\":\"2021-03-26T07:48:27.182-04:00\",\"date_approved\":\"2021-03-26T07:48:27.182-04:00\",\"money_release_date\":\"2021-04-25T07:48:27.182-04:00\",\"currency_id\":\"ARS\",\"transaction_amount\":2750,\"payer\":{\"operator_id\":null},\"collector_id\":544552617,\"payment_method_id\":\"debvisa\",\"payment_type_id\":\"debit_card\",\"transaction_details\":{\"acquirer_reference\":null,\"external_resource_url\":null,\"financial_institution\":null,\"installment_amount\":2750,\"net_received_amount\":2669.97,\"overpaid_amount\":0,\"payable_deferral_period\":null,\"payment_method_reference_id\":null,\"total_paid_amount\":2750},\"fee_details\":[{\"amount\":66.28,\"fee_payer\":\"collector\",\"type\":\"mercadopago_fee\"}],\"authorization_code\":\"094533\",\"captured\":true,\"card\":[],\"statement_descriptor\":\"MERCADOPAGO*OPTICABRERA\",\"additional_info\":{\"available_balance\":null,\"ip_address\":\"181.13.69.15\",\"items\":[{\"category_id\":null,\"description\":null,\"id\":\"C-412\",\"picture_url\":\"https:\\/\\/opticabrera.com.ar\\/img\\/optica-brera-logo-1592256886.jpg\",\"quantity\":\"1\",\"title\":\"Carrito No: 412 - Lentes de Contacto FRESHLOOK COLORBLENDS Color Verde(1 U.)\",\"unit_price\":\"2750.0\"}],\"nsu_processadora\":null,\"payer\":{\"address\":{\"street_name\":\"Country Club Indio Cua Ruta 6 km173 lote 74\",\"zip_code\":\"2812\"},\"first_name\":\"Sandra\",\"last_name\":\"Mayotti\"},\"shipments\":{\"receiver_address\":{\"street_name\":\"Country Club Indio Cua Ruta 6 km173 lote 74\",\"zip_code\":\"2812\"}}},\"installments\":1,\"description\":\"Carrito No: 412 - Lentes de Contacto FRESHLOOK COLORBLENDS Color Verde(1 U.)\",\"notification_url\":\"https:\\/\\/opticabrera.com.ar\\/module\\/mptoolspro\\/redirect\",\"issuer_id\":\"1\",\"processing_mode\":\"aggregator\",\"acquirer_reference\":null,\"external_resource_url\":null,\"financial_institution\":null,\"installment_amount\":2750,\"net_received_amount\":2669.97,\"overpaid_amount\":0,\"payable_deferral_period\":null,\"payment_method_reference_id\":null,\"total_paid_amount\":2750,\"order_id\":\"2476182000\",\"merchant_order_id\":\"2476182000\"}', NULL, '2476182000', '14194622385', 'No Disponible', 'No Disponible', NULL, 'Debvisa', NULL, 2750, 80.03, NULL, 'CBNSTUVXP', 1616759430),
(32, 66, 442, 1, 'payment', '14722148871', 0, 5, 1622763149, 0, 0, '{\"id\":14722148871,\"operation_type\":\"regular_payment\",\"order\":{\"id\":\"2630387925\",\"type\":\"mercadopago\"},\"external_reference\":\"C-442\",\"status\":\"approved\",\"status_detail\":\"accredited\",\"date_created\":\"2021-05-04T14:30:50.308-04:00\",\"live_mode\":true,\"date_last_updated\":\"2021-05-04T14:30:52.756-04:00\",\"date_approved\":\"2021-05-04T14:30:52.756-04:00\",\"money_release_date\":\"2021-06-03T14:30:52.756-04:00\",\"currency_id\":\"ARS\",\"transaction_amount\":5500,\"payer\":{\"operator_id\":null},\"collector_id\":544552617,\"payment_method_id\":\"debvisa\",\"payment_type_id\":\"debit_card\",\"transaction_details\":{\"acquirer_reference\":null,\"external_resource_url\":null,\"financial_institution\":null,\"installment_amount\":5500,\"net_received_amount\":5339.95,\"overpaid_amount\":0,\"payable_deferral_period\":null,\"payment_method_reference_id\":null,\"total_paid_amount\":5500},\"fee_details\":[{\"amount\":132.55,\"fee_payer\":\"collector\",\"type\":\"mercadopago_fee\"}],\"authorization_code\":\"636669\",\"captured\":true,\"card\":[],\"statement_descriptor\":\"MERCADOPAGO*OPTICABRERA\",\"additional_info\":{\"available_balance\":null,\"ip_address\":\"186.111.133.63\",\"items\":[{\"category_id\":null,\"description\":null,\"id\":\"C-442\",\"picture_url\":\"https:\\/\\/opticabrera.com.ar\\/img\\/optica-brera-logo-1592256886.jpg\",\"quantity\":\"1\",\"title\":\"Carrito No: 442 - Lentes de Contacto FRESHLOOK COLORBLENDS Color Verde(2 U.)\",\"unit_price\":\"5500.0\"}],\"nsu_processadora\":null,\"payer\":{\"address\":{\"street_name\":\"Country Club Indio Cua Ruta 6 km 173\",\"zip_code\":\"2812\"}},\"shipments\":{\"receiver_address\":{\"street_name\":\"Country Club Indio Cua Ruta 6 km 173\",\"zip_code\":\"2812\"}}},\"installments\":1,\"description\":\"Carrito No: 442 - Lentes de Contacto FRESHLOOK COLORBLENDS Color Verde(2 U.)\",\"notification_url\":\"https:\\/\\/opticabrera.com.ar\\/module\\/mptoolspro\\/redirect\",\"issuer_id\":\"1\",\"processing_mode\":\"aggregator\",\"acquirer_reference\":null,\"external_resource_url\":null,\"financial_institution\":null,\"installment_amount\":5500,\"net_received_amount\":5339.95,\"overpaid_amount\":0,\"payable_deferral_period\":null,\"payment_method_reference_id\":null,\"total_paid_amount\":5500,\"order_id\":\"2630387925\",\"merchant_order_id\":\"2630387925\"}', NULL, '2630387925', '14722148871', 'No Disponible', 'No Disponible', NULL, 'Debvisa', NULL, 5500, 160.05, NULL, 'IAAQDWMFD', 1620153177),
(33, 67, 448, 1, 'payment', '14812649669', 0, 5, 1623271379, 0, 0, '{\"id\":14812649669,\"operation_type\":\"regular_payment\",\"order\":{\"id\":\"2657113102\",\"type\":\"mercadopago\"},\"external_reference\":\"C-448\",\"status\":\"approved\",\"status_detail\":\"accredited\",\"date_created\":\"2021-05-10T11:35:54.714-04:00\",\"live_mode\":true,\"date_last_updated\":\"2021-05-10T11:35:57.261-04:00\",\"date_approved\":\"2021-05-10T11:35:57.261-04:00\",\"money_release_date\":\"2021-06-09T11:35:57.261-04:00\",\"currency_id\":\"ARS\",\"transaction_amount\":2750,\"payer\":{\"operator_id\":null},\"collector_id\":544552617,\"payment_method_id\":\"debvisa\",\"payment_type_id\":\"debit_card\",\"transaction_details\":{\"acquirer_reference\":null,\"external_resource_url\":null,\"financial_institution\":null,\"installment_amount\":2750,\"net_received_amount\":2669.97,\"overpaid_amount\":0,\"payable_deferral_period\":null,\"payment_method_reference_id\":null,\"total_paid_amount\":2750},\"fee_details\":[{\"amount\":66.28,\"fee_payer\":\"collector\",\"type\":\"mercadopago_fee\"}],\"authorization_code\":\"328357\",\"captured\":true,\"card\":[],\"statement_descriptor\":\"MERCADOPAGO*OPTICABRERA\",\"additional_info\":{\"available_balance\":null,\"ip_address\":\"186.143.137.168\",\"items\":[{\"category_id\":null,\"description\":null,\"id\":\"C-448\",\"picture_url\":\"https:\\/\\/opticabrera.com.ar\\/img\\/optica-brera-logo-1592256886.jpg\",\"quantity\":\"1\",\"title\":\"Carrito No: 448 - Lentes de Contacto FRESHLOOK COLORBLENDS Color Verde(1 U.)\",\"unit_price\":\"2750.0\"}],\"nsu_processadora\":null,\"payer\":{\"address\":{\"street_name\":\"Avenida Santa Fe 3336. Dpto 4 piso 9\",\"zip_code\":\"1425\"}},\"shipments\":{\"receiver_address\":{\"street_name\":\"Avenida Santa Fe 3336. Dpto 4 piso 9\",\"zip_code\":\"1425\"}}},\"installments\":1,\"description\":\"Carrito No: 448 - Lentes de Contacto FRESHLOOK COLORBLENDS Color Verde(1 U.)\",\"notification_url\":\"https:\\/\\/opticabrera.com.ar\\/module\\/mptoolspro\\/redirect\",\"issuer_id\":\"1\",\"processing_mode\":\"aggregator\",\"acquirer_reference\":null,\"external_resource_url\":null,\"financial_institution\":null,\"installment_amount\":2750,\"net_received_amount\":2669.97,\"overpaid_amount\":0,\"payable_deferral_period\":null,\"payment_method_reference_id\":null,\"total_paid_amount\":2750,\"order_id\":\"2657113102\",\"merchant_order_id\":\"2657113102\"}', NULL, '2657113102', '14812649669', 'No Disponible', 'No Disponible', NULL, 'Debvisa', NULL, 2750, 80.03, NULL, 'YNGXNYXGY', 1620661084),
(34, 68, 471, 1, 'payment', '15107502476', 0, 5, 1624952440, 0, 0, '{\"id\":15107502476,\"operation_type\":\"regular_payment\",\"order\":{\"id\":\"2737281330\",\"type\":\"mercadopago\"},\"external_reference\":\"C-471\",\"status\":\"approved\",\"status_detail\":\"accredited\",\"date_created\":\"2021-05-29T22:43:36.240-04:00\",\"live_mode\":true,\"date_last_updated\":\"2021-05-29T22:43:38.468-04:00\",\"date_approved\":\"2021-05-29T22:43:38.468-04:00\",\"money_release_date\":\"2021-06-28T22:43:38.468-04:00\",\"currency_id\":\"ARS\",\"transaction_amount\":3460,\"payer\":{\"operator_id\":null},\"collector_id\":544552617,\"payment_method_id\":\"maestro\",\"payment_type_id\":\"debit_card\",\"transaction_details\":{\"acquirer_reference\":null,\"external_resource_url\":null,\"financial_institution\":null,\"installment_amount\":3460,\"net_received_amount\":3290.11,\"overpaid_amount\":0,\"payable_deferral_period\":null,\"payment_method_reference_id\":\"982324831980186\",\"total_paid_amount\":3460},\"fee_details\":[{\"amount\":83.39,\"fee_payer\":\"collector\",\"type\":\"mercadopago_fee\"}],\"authorization_code\":\"666427\",\"captured\":true,\"card\":[],\"statement_descriptor\":\"MERPAGO - OPTICABRERA\",\"additional_info\":{\"available_balance\":null,\"ip_address\":\"186.136.186.117\",\"items\":[{\"category_id\":null,\"description\":null,\"id\":\"C-471\",\"picture_url\":\"https:\\/\\/opticabrera.com.ar\\/img\\/optica-brera-logo-1592256886.jpg\",\"quantity\":\"1\",\"title\":\"Carrito No: 471 - Lentes de Sol VULK Ethereal (MBLKREVO BLUE)(1 U.)\",\"unit_price\":\"3460.0\"}],\"nsu_processadora\":null,\"payer\":{\"address\":{\"street_name\":\"Avellaneda 2743, piso 5to depto 42\",\"zip_code\":\"1406\"},\"first_name\":\"Ale\",\"last_name\":\"Ro\"},\"shipments\":{\"receiver_address\":{\"street_name\":\"Avellaneda 2743, piso 5to depto 42\",\"zip_code\":\"1406\"}}},\"installments\":1,\"description\":\"Carrito No: 471 - Lentes de Sol VULK Ethereal (MBLKREVO BLUE)(1 U.)\",\"notification_url\":\"https:\\/\\/opticabrera.com.ar\\/module\\/mptoolspro\\/redirect\",\"issuer_id\":\"3\",\"processing_mode\":\"aggregator\",\"acquirer_reference\":null,\"external_resource_url\":null,\"financial_institution\":null,\"installment_amount\":3460,\"net_received_amount\":3290.11,\"overpaid_amount\":0,\"payable_deferral_period\":null,\"payment_method_reference_id\":\"982324831980186\",\"total_paid_amount\":3460,\"order_id\":\"2737281330\",\"merchant_order_id\":\"2737281330\"}', NULL, '2737281330', '15107502476', 'No Disponible', 'No Disponible', NULL, 'Maestro', NULL, 3460, 169.89, NULL, 'NXAPCLDVS', 1622342742),
(35, 70, 521, 1, 'payment', '16085969107', 0, 5, 1630559128, 0, 0, '{\"id\":16085969107,\"operation_type\":\"regular_payment\",\"order\":{\"id\":\"3016891427\",\"type\":\"mercadopago\"},\"external_reference\":\"C-521\",\"status\":\"approved\",\"status_detail\":\"accredited\",\"date_created\":\"2021-07-28T20:06:02.103-04:00\",\"live_mode\":true,\"date_last_updated\":\"2021-07-28T20:06:04.836-04:00\",\"date_approved\":\"2021-07-28T20:06:04.836-04:00\",\"money_release_date\":\"2021-09-01T20:06:04.836-04:00\",\"currency_id\":\"ARS\",\"transaction_amount\":10650,\"payer\":{\"operator_id\":null},\"collector_id\":544552617,\"payment_method_id\":\"maestro\",\"payment_type_id\":\"debit_card\",\"transaction_details\":{\"acquirer_reference\":null,\"external_resource_url\":null,\"financial_institution\":null,\"installment_amount\":10650,\"net_received_amount\":10095.13,\"overpaid_amount\":0,\"payable_deferral_period\":null,\"payment_method_reference_id\":\"989664607059614\",\"total_paid_amount\":10650},\"fee_details\":[{\"amount\":256.67,\"fee_payer\":\"collector\",\"type\":\"mercadopago_fee\"}],\"authorization_code\":\"716383\",\"captured\":true,\"card\":[],\"statement_descriptor\":\"MERPAGO - OPTICABRERA\",\"additional_info\":{\"authentication_code\":null,\"available_balance\":null,\"ip_address\":\"186.136.15.119\",\"nsu_processadora\":null,\"payer\":{\"address\":{\"street_name\":\"Calle Antonio Saenz 1475 Barrio San Jos\\u00e9\",\"zip_code\":\"3400\"}},\"shipments\":{\"receiver_address\":{\"street_name\":\"Calle Antonio Saenz 1475 Barrio San Jos\\u00e9\",\"zip_code\":\"3400\"}}},\"installments\":1,\"description\":\"Carrito No: 521 - PACK de 4 Cajas de Lentes de Contacto ACUVUE\\u00ae OASYS\\u00ae CON HYDRACLEAR\\u00ae PLUS(1 U.), F\\u00f3rmula : Difere |HAY MAS|\",\"notification_url\":\"https:\\/\\/opticabrera.com.ar\\/module\\/mptoolspro\\/redirect\",\"issuer_id\":\"3\",\"processing_mode\":\"aggregator\",\"charges_details\":[{\"accounts\":{\"from\":\"collector\",\"to\":\"mp\"},\"amounts\":{\"original\":53.25,\"refunded\":0},\"client_id\":0,\"date_created\":\"2021-07-28T20:06:02.000-04:00\",\"id\":\"16085969107-001\",\"last_updated\":\"2021-07-28T20:06:02.000-04:00\",\"metadata\":{\"mov_detail\":\"tax_withholding\",\"mov_financial_entity\":\"buenos_aires\",\"mov_type\":\"expense\",\"tax_id\":61872130642,\"tax_status\":\"applied\",\"user_id\":544552617},\"name\":\"tax_withholding-buenos_aires\",\"reserve_id\":null,\"type\":\"tax\"},{\"accounts\":{\"from\":\"collector\",\"to\":\"mp\"},\"amounts\":{\"original\":213,\"refunded\":0},\"client_id\":0,\"date_created\":\"2021-07-28T20:06:02.000-04:00\",\"id\":\"16085969107-002\",\"last_updated\":\"2021-07-28T20:06:02.000-04:00\",\"metadata\":{\"mov_detail\":\"tax_withholding\",\"mov_financial_entity\":\"corrientes\",\"mov_type\":\"expense\",\"tax_id\":61872130643,\"tax_status\":\"applied\",\"user_id\":544552617},\"name\":\"tax_withholding-corrientes\",\"reserve_id\":null,\"type\":\"tax\"},{\"accounts\":{\"from\":\"collector\",\"to\":\"mp\"},\"amounts\":{\"original\":31.95,\"refunded\":0},\"client_id\":0,\"date_created\":\"2021-07-28T20:06:02.000-04:00\",\"id\":\"16085969107-003\",\"last_updated\":\"2021-07-28T20:06:02.000-04:00\",\"metadata\":{\"mov_detail\":\"tax_withholding_sirtac\",\"mov_financial_entity\":\"corrientes\",\"mov_type\":\"expense\",\"tax_id\":61872130644,\"tax_status\":\"applied\",\"user_id\":544552617},\"name\":\"tax_withholding_sirtac-corrientes\",\"reserve_id\":null,\"type\":\"tax\"}],\"acquirer_reference\":null,\"external_resource_url\":null,\"financial_institution\":null,\"installment_amount\":10650,\"net_received_amount\":10095.13,\"overpaid_amount\":0,\"payable_deferral_period\":null,\"payment_method_reference_id\":\"989664607059614\",\"total_paid_amount\":10650,\"order_id\":\"3016891427\",\"merchant_order_id\":\"3016891427\"}', NULL, '3016891427', '16085969107', 'No Disponible', 'No Disponible', NULL, 'Maestro', NULL, 10650, 554.87, NULL, 'BFQDBUPTT', 1627517292),
(36, 72, 529, 1, 'payment', '16266539576', 0, 5, 1631409925, 0, 0, '{\"id\":16266539576,\"operation_type\":\"regular_payment\",\"order\":{\"id\":\"3069137600\",\"type\":\"mercadopago\"},\"external_reference\":\"C-529\",\"status\":\"approved\",\"status_detail\":\"accredited\",\"date_created\":\"2021-08-07T16:28:34.780-04:00\",\"live_mode\":true,\"date_last_updated\":\"2021-08-07T16:28:37.369-04:00\",\"date_approved\":\"2021-08-07T16:28:37.369-04:00\",\"money_release_date\":\"2021-09-11T16:28:37.369-04:00\",\"currency_id\":\"ARS\",\"transaction_amount\":4000,\"payer\":{\"operator_id\":null},\"collector_id\":544552617,\"payment_method_id\":\"debvisa\",\"payment_type_id\":\"debit_card\",\"transaction_details\":{\"acquirer_reference\":null,\"external_resource_url\":null,\"financial_institution\":null,\"installment_amount\":4000,\"net_received_amount\":3783.6,\"overpaid_amount\":0,\"payable_deferral_period\":null,\"payment_method_reference_id\":null,\"total_paid_amount\":4000},\"fee_details\":[{\"amount\":96.4,\"fee_payer\":\"collector\",\"type\":\"mercadopago_fee\"}],\"authorization_code\":\"924886\",\"captured\":true,\"card\":[],\"statement_descriptor\":\"MERCADOPAGO*OPTICABRERA\",\"additional_info\":{\"authentication_code\":null,\"available_balance\":null,\"ip_address\":\"181.28.232.66\",\"items\":[{\"category_id\":null,\"description\":null,\"id\":\"C-529\",\"picture_url\":\"https:\\/\\/opticabrera.com.ar\\/img\\/optica-brera-logo-1592256886.jpg\",\"quantity\":\"1\",\"title\":\"Carrito No: 529 - Lentes de Sol VULK Press (GB10 POL)(1 U.)\",\"unit_price\":\"4000.0\"}],\"nsu_processadora\":null,\"payer\":{\"address\":{\"street_name\":\"Rodriguez Pe\\u00f1a 431 E\",\"zip_code\":\"1020\"}},\"shipments\":{\"receiver_address\":{\"street_name\":\"Rodriguez Pe\\u00f1a 431 E\",\"zip_code\":\"1020\"}}},\"installments\":1,\"description\":\"Carrito No: 529 - Lentes de Sol VULK Press (GB10 POL)(1 U.)\",\"notification_url\":\"https:\\/\\/opticabrera.com.ar\\/module\\/mptoolspro\\/redirect\",\"issuer_id\":\"1\",\"processing_mode\":\"aggregator\",\"charges_details\":[{\"accounts\":{\"from\":\"collector\",\"to\":\"mp\"},\"amounts\":{\"original\":8,\"refunded\":0},\"client_id\":0,\"date_created\":\"2021-08-07T16:28:35.000-04:00\",\"id\":\"16266539576-001\",\"last_updated\":\"2021-08-07T16:28:35.000-04:00\",\"metadata\":{\"mov_detail\":\"tax_withholding\",\"mov_financial_entity\":\"buenos_aires\",\"mov_type\":\"expense\",\"tax_id\":61978104237,\"tax_status\":\"applied\",\"user_id\":544552617},\"name\":\"tax_withholding-buenos_aires\",\"reserve_id\":null,\"type\":\"tax\"},{\"accounts\":{\"from\":\"collector\",\"to\":\"mp\"},\"amounts\":{\"original\":80,\"refunded\":0},\"client_id\":0,\"date_created\":\"2021-08-07T16:28:35.000-04:00\",\"id\":\"16266539576-002\",\"last_updated\":\"2021-08-07T16:28:35.000-04:00\",\"metadata\":{\"mov_detail\":\"tax_withholding\",\"mov_financial_entity\":\"caba\",\"mov_type\":\"expense\",\"tax_id\":61978104238,\"tax_status\":\"applied\",\"user_id\":544552617},\"name\":\"tax_withholding-caba\",\"reserve_id\":null,\"type\":\"tax\"},{\"accounts\":{\"from\":\"collector\",\"to\":\"mp\"},\"amounts\":{\"original\":24,\"refunded\":0},\"client_id\":0,\"date_created\":\"2021-08-07T16:28:35.000-04:00\",\"id\":\"16266539576-003\",\"last_updated\":\"2021-08-07T16:28:35.000-04:00\",\"metadata\":{\"mov_detail\":\"tax_withholding_collector\",\"mov_financial_entity\":\"debitos_creditos\",\"mov_type\":\"expense\",\"tax_id\":61978104239,\"tax_status\":\"applied\",\"user_id\":544552617},\"name\":\"tax_withholding_collector-debitos_creditos\",\"reserve_id\":null,\"type\":\"tax\"},{\"accounts\":{\"from\":\"collector\",\"to\":\"mp\"},\"amounts\":{\"original\":8,\"refunded\":0},\"client_id\":0,\"date_created\":\"2021-08-07T16:28:35.000-04:00\",\"id\":\"16266539576-004\",\"last_updated\":\"2021-08-07T16:28:35.000-04:00\",\"metadata\":{\"mov_detail\":\"tax_withholding_sirtac\",\"mov_financial_entity\":\"caba\",\"mov_type\":\"expense\",\"tax_id\":61978104240,\"tax_status\":\"applied\",\"user_id\":544552617},\"name\":\"tax_withholding_sirtac-caba\",\"reserve_id\":null,\"type\":\"tax\"}],\"acquirer_reference\":null,\"external_resource_url\":null,\"financial_institution\":null,\"installment_amount\":4000,\"net_received_amount\":3783.6,\"overpaid_amount\":0,\"payable_deferral_period\":null,\"payment_method_reference_id\":null,\"total_paid_amount\":4000,\"order_id\":\"3069137600\",\"merchant_order_id\":\"3069137600\"}', NULL, '3069137600', '16266539576', 'No Disponible', 'No Disponible', NULL, 'Debvisa', NULL, 4000, 216.4, NULL, 'JDIOGORJL', 1628368242),
(37, 73, 544, 1, 'payment', '16636071539', 0, 5, 1633213830, 0, 0, '{\"id\":16636071539,\"operation_type\":\"regular_payment\",\"order\":{\"id\":\"3168759868\",\"type\":\"mercadopago\"},\"external_reference\":\"C-544\",\"status\":\"approved\",\"status_detail\":\"accredited\",\"date_created\":\"2021-08-28T13:33:00.000-04:00\",\"live_mode\":true,\"date_last_updated\":\"2021-08-28T13:33:01.000-04:00\",\"date_approved\":\"2021-08-28T13:33:00.000-04:00\",\"money_release_date\":\"2021-10-02T13:33:00.000-04:00\",\"currency_id\":\"ARS\",\"transaction_amount\":4570,\"payer\":{\"operator_id\":null},\"collector_id\":544552617,\"payment_method_id\":\"account_money\",\"payment_type_id\":\"account_money\",\"transaction_details\":{\"acquirer_reference\":null,\"external_resource_url\":null,\"financial_institution\":null,\"installment_amount\":0,\"net_received_amount\":4425.13,\"overpaid_amount\":0,\"payable_deferral_period\":null,\"payment_method_reference_id\":null,\"total_paid_amount\":4570},\"fee_details\":[{\"amount\":99.17,\"fee_payer\":\"collector\",\"type\":\"mercadopago_fee\"}],\"captured\":true,\"card\":[],\"additional_info\":{\"authentication_code\":null,\"available_balance\":null,\"ip_address\":\"186.122.180.182\",\"items\":[{\"category_id\":null,\"description\":null,\"id\":\"C-544\",\"picture_url\":\"https:\\/\\/opticabrera.com.ar\\/img\\/optica-brera-logo-1592256886.jpg\",\"quantity\":\"1\",\"title\":\"Carrito No: 544 - Lentes de Sol RUSTY Verlaine (SBLK-118)(1 U.)\",\"unit_price\":\"4570.0\"}],\"nsu_processadora\":null,\"payer\":{\"address\":{\"street_name\":\"Francisco N de Laprida 1195\",\"zip_code\":\"5000\"}},\"shipments\":{\"receiver_address\":{\"street_name\":\"Francisco N de Laprida 1195\",\"zip_code\":\"5000\"}}},\"installments\":1,\"description\":\"Carrito No: 544 - Lentes de Sol RUSTY Verlaine (SBLK-118)(1 U.)\",\"notification_url\":\"https:\\/\\/opticabrera.com.ar\\/module\\/mptoolspro\\/redirect\",\"processing_mode\":\"aggregator\",\"charges_details\":[{\"accounts\":{\"from\":\"collector\",\"to\":\"mp\"},\"amounts\":{\"original\":9.14,\"refunded\":0},\"client_id\":0,\"date_created\":\"2021-08-28T13:33:01.000-04:00\",\"id\":\"16636071539-001\",\"last_updated\":\"2021-08-28T13:33:01.000-04:00\",\"metadata\":{\"mov_detail\":\"tax_withholding\",\"mov_financial_entity\":\"buenos_aires\",\"mov_type\":\"expense\",\"tax_id\":62199717471,\"tax_status\":\"applied\",\"user_id\":544552617},\"name\":\"tax_withholding-buenos_aires\",\"reserve_id\":null,\"type\":\"tax\"},{\"accounts\":{\"from\":\"collector\",\"to\":\"mp\"},\"amounts\":{\"original\":27.42,\"refunded\":0},\"client_id\":0,\"date_created\":\"2021-08-28T13:33:01.000-04:00\",\"id\":\"16636071539-002\",\"last_updated\":\"2021-08-28T13:33:01.000-04:00\",\"metadata\":{\"mov_detail\":\"tax_withholding_collector\",\"mov_financial_entity\":\"debitos_creditos\",\"mov_type\":\"expense\",\"tax_id\":62199717472,\"tax_status\":\"applied\",\"user_id\":544552617},\"name\":\"tax_withholding_collector-debitos_creditos\",\"reserve_id\":null,\"type\":\"tax\"},{\"accounts\":{\"from\":\"collector\",\"to\":\"mp\"},\"amounts\":{\"original\":9.14,\"refunded\":0},\"client_id\":0,\"date_created\":\"2021-08-28T13:33:01.000-04:00\",\"id\":\"16636071539-003\",\"last_updated\":\"2021-08-28T13:33:01.000-04:00\",\"metadata\":{\"mov_detail\":\"tax_withholding_sirtac\",\"mov_financial_entity\":\"caba\",\"mov_type\":\"expense\",\"tax_id\":62199717473,\"tax_status\":\"applied\",\"user_id\":544552617},\"name\":\"tax_withholding_sirtac-caba\",\"reserve_id\":null,\"type\":\"tax\"}],\"acquirer_reference\":null,\"external_resource_url\":null,\"financial_institution\":null,\"installment_amount\":0,\"net_received_amount\":4425.13,\"overpaid_amount\":0,\"payable_deferral_period\":null,\"payment_method_reference_id\":null,\"total_paid_amount\":4570,\"order_id\":\"3168759868\",\"merchant_order_id\":\"3168759868\"}', NULL, '3168759868', '16636071539', 'No Disponible', 'No Disponible', NULL, 'Account_money', NULL, 4570, 144.87, NULL, 'ZDTHURQFL', 1630172104),
(38, 74, 569, 1, 'payment', '17204852412', 0, 6, 1633777013, 0, 0, '{\"id\":17204852412,\"operation_type\":\"regular_payment\",\"order\":{\"id\":\"3323443986\",\"type\":\"mercadopago\"},\"external_reference\":\"C-569\",\"status\":\"approved\",\"status_detail\":\"accredited\",\"date_created\":\"2021-09-27T19:23:41.000-04:00\",\"live_mode\":true,\"date_last_updated\":\"2021-09-27T19:23:43.000-04:00\",\"date_approved\":\"2021-09-27T19:23:43.000-04:00\",\"money_release_date\":\"2021-11-01T19:23:43.000-04:00\",\"currency_id\":\"ARS\",\"transaction_amount\":17498,\"payer\":{\"operator_id\":null},\"collector_id\":544552617,\"payment_method_id\":\"visa\",\"payment_type_id\":\"credit_card\",\"transaction_details\":{\"acquirer_reference\":null,\"external_resource_url\":null,\"financial_institution\":null,\"installment_amount\":17498,\"net_received_amount\":16925.81,\"overpaid_amount\":0,\"payable_deferral_period\":null,\"payment_method_reference_id\":null,\"total_paid_amount\":17498},\"fee_details\":[{\"amount\":379.71,\"fee_payer\":\"collector\",\"type\":\"mercadopago_fee\"}],\"authorization_code\":\"007376\",\"captured\":true,\"card\":[],\"statement_descriptor\":\"MERCADOPAGO*OPTICABRERA\",\"additional_info\":{\"authentication_code\":null,\"available_balance\":null,\"ip_address\":\"190.245.185.127\",\"items\":[{\"category_id\":null,\"description\":null,\"id\":\"C-569\",\"picture_url\":\"https:\\/\\/opticabrera.com.ar\\/img\\/optica-brera-logo-1592256886.jpg\",\"quantity\":\"1\",\"title\":\"Carrito No: 569 - Lentes de Contacto ACUVUE\\u00ae OASYS\\u00ae PARA ASTIGMATISMO CON HYDRACLEAR\\u00ae PLUS(2 U.), F\\u00f3rmula : Diferen |HAY MAS|\",\"unit_price\":\"17498.0\"}],\"nsu_processadora\":null,\"payer\":{\"address\":{\"street_name\":\"Urquiza 1115\",\"zip_code\":\"2804\"}},\"shipments\":{\"receiver_address\":{\"street_name\":\"Urquiza 1115\",\"zip_code\":\"2804\"}}},\"installments\":1,\"description\":\"Carrito No: 569 - Lentes de Contacto ACUVUE\\u00ae OASYS\\u00ae PARA ASTIGMATISMO CON HYDRACLEAR\\u00ae PLUS(2 U.), F\\u00f3rmula : Diferen |HAY MAS|\",\"notification_url\":\"https:\\/\\/opticabrera.com.ar\\/module\\/mptoolspro\\/redirect\",\"issuer_id\":\"279\",\"processing_mode\":\"aggregator\",\"charges_details\":[{\"accounts\":{\"from\":\"collector\",\"to\":\"mp\"},\"amounts\":{\"original\":35,\"refunded\":0},\"client_id\":0,\"date_created\":\"2021-09-27T19:23:43.000-04:00\",\"id\":\"17204852412-001\",\"last_updated\":\"2021-09-27T19:23:43.000-04:00\",\"metadata\":{\"mov_detail\":\"tax_withholding\",\"mov_financial_entity\":\"buenos_aires\",\"mov_type\":\"expense\",\"tax_id\":62546485927,\"tax_status\":\"applied\",\"user_id\":544552617},\"name\":\"tax_withholding-buenos_aires\",\"reserve_id\":null,\"type\":\"tax\"},{\"accounts\":{\"from\":\"collector\",\"to\":\"mp\"},\"amounts\":{\"original\":104.99,\"refunded\":0},\"client_id\":0,\"date_created\":\"2021-09-27T19:23:43.000-04:00\",\"id\":\"17204852412-002\",\"last_updated\":\"2021-09-27T19:23:43.000-04:00\",\"metadata\":{\"mov_detail\":\"tax_withholding_collector\",\"mov_financial_entity\":\"debitos_creditos\",\"mov_type\":\"expense\",\"tax_id\":62546485928,\"tax_status\":\"applied\",\"user_id\":544552617},\"name\":\"tax_withholding_collector-debitos_creditos\",\"reserve_id\":null,\"type\":\"tax\"},{\"accounts\":{\"from\":\"collector\",\"to\":\"mp\"},\"amounts\":{\"original\":52.49,\"refunded\":0},\"client_id\":0,\"date_created\":\"2021-09-27T19:23:43.000-04:00\",\"id\":\"17204852412-003\",\"last_updated\":\"2021-09-27T19:23:43.000-04:00\",\"metadata\":{\"mov_detail\":\"tax_withholding_sirtac\",\"mov_financial_entity\":\"buenos_aires\",\"mov_type\":\"expense\",\"tax_id\":62546485929,\"tax_status\":\"applied\",\"user_id\":544552617},\"name\":\"tax_withholding_sirtac-buenos_aires\",\"reserve_id\":null,\"type\":\"tax\"}],\"acquirer_reference\":null,\"external_resource_url\":null,\"financial_institution\":null,\"installment_amount\":17498,\"net_received_amount\":16925.81,\"overpaid_amount\":0,\"payable_deferral_period\":null,\"payment_method_reference_id\":null,\"total_paid_amount\":17498,\"order_id\":\"3323443986\",\"merchant_order_id\":\"3323443986\"}', NULL, '3323443986', '17204852412', 'No Disponible', 'No Disponible', NULL, 'Visa', NULL, 17498, 572.19, NULL, 'FMQRQHNGU', 1632785151);
INSERT INTO `ps_mptoolspro` (`id`, `id_order`, `id_cart`, `id_shop`, `topic`, `mp_op_id`, `is_sandbox`, `status`, `next_retry`, `is_mercadoenvios`, `mercadienvios_downloaded`, `payment_obj`, `shipping_id`, `mp_order_id`, `mp_payment_id`, `mp_payer_name`, `mp_payer_dni`, `mp_card_number`, `mp_card_brand`, `mp_card_holder`, `mp_total_amount`, `mp_total_commision`, `mp_init_point`, `order_reference`, `next_retry_mercadoenvios`) VALUES
(39, 77, 584, 1, 'payment', '17379462951', 0, 3, 1633776961, 0, 0, '{\"id\":17379462951,\"operation_type\":\"regular_payment\",\"order\":{\"id\":\"3372072560\",\"type\":\"mercadopago\"},\"external_reference\":\"C-584\",\"status\":\"approved\",\"status_detail\":\"accredited\",\"date_created\":\"2021-10-06T14:10:56.325-04:00\",\"live_mode\":true,\"date_last_updated\":\"2021-10-06T14:10:57.931-04:00\",\"date_approved\":\"2021-10-06T14:10:57.931-04:00\",\"money_release_date\":\"2021-11-10T14:10:57.931-04:00\",\"currency_id\":\"ARS\",\"transaction_amount\":3550,\"payer\":{\"operator_id\":null},\"collector_id\":544552617,\"payment_method_id\":\"visa\",\"payment_type_id\":\"credit_card\",\"transaction_details\":{\"acquirer_reference\":null,\"external_resource_url\":null,\"financial_institution\":null,\"installment_amount\":3550,\"net_received_amount\":3362.91,\"overpaid_amount\":0,\"payable_deferral_period\":null,\"payment_method_reference_id\":null,\"total_paid_amount\":3550},\"fee_details\":[{\"amount\":77.04,\"fee_payer\":\"collector\",\"type\":\"mercadopago_fee\"}],\"authorization_code\":\"006800\",\"captured\":true,\"card\":[],\"statement_descriptor\":\"MERCADOPAGO*OPTICABRERA\",\"additional_info\":{\"authentication_code\":null,\"available_balance\":null,\"ip_address\":\"200.115.222.166\",\"items\":[{\"category_id\":null,\"description\":null,\"id\":\"C-584\",\"picture_url\":\"https:\\/\\/opticabrera.com.ar\\/img\\/optica-brera-logo-1592256886.jpg\",\"quantity\":\"1\",\"title\":\"Carrito No: 584 - Lentes de Contacto FRESHLOOK COLORBLENDS Color Gris(1 U.)\",\"unit_price\":\"3550.0\"}],\"nsu_processadora\":null,\"payer\":{\"address\":{\"street_name\":\"Bolivia 6028\",\"zip_code\":\"1419\"}},\"shipments\":{\"receiver_address\":{\"street_name\":\"Bolivia 6028\",\"zip_code\":\"1419\"}}},\"installments\":1,\"description\":\"Carrito No: 584 - Lentes de Contacto FRESHLOOK COLORBLENDS Color Gris(1 U.)\",\"notification_url\":\"https:\\/\\/opticabrera.com.ar\\/module\\/mptoolspro\\/redirect\",\"issuer_id\":\"316\",\"processing_mode\":\"aggregator\",\"charges_details\":[{\"accounts\":{\"from\":\"collector\",\"to\":\"mp\"},\"amounts\":{\"original\":7.1,\"refunded\":0},\"client_id\":0,\"date_created\":\"2021-10-06T14:10:56.000-04:00\",\"id\":\"17379462951-001\",\"last_updated\":\"2021-10-06T14:10:56.000-04:00\",\"metadata\":{\"mov_detail\":\"tax_withholding\",\"mov_financial_entity\":\"buenos_aires\",\"mov_type\":\"expense\",\"tax_id\":62650097003,\"tax_status\":\"applied\",\"user_id\":544552617},\"name\":\"tax_withholding-buenos_aires\",\"reserve_id\":null,\"type\":\"tax\"},{\"accounts\":{\"from\":\"collector\",\"to\":\"mp\"},\"amounts\":{\"original\":71,\"refunded\":0},\"client_id\":0,\"date_created\":\"2021-10-06T14:10:56.000-04:00\",\"id\":\"17379462951-002\",\"last_updated\":\"2021-10-06T14:10:56.000-04:00\",\"metadata\":{\"mov_detail\":\"tax_withholding\",\"mov_financial_entity\":\"caba\",\"mov_type\":\"expense\",\"tax_id\":62650097004,\"tax_status\":\"applied\",\"user_id\":544552617},\"name\":\"tax_withholding-caba\",\"reserve_id\":null,\"type\":\"tax\"},{\"accounts\":{\"from\":\"collector\",\"to\":\"mp\"},\"amounts\":{\"original\":21.3,\"refunded\":0},\"client_id\":0,\"date_created\":\"2021-10-06T14:10:56.000-04:00\",\"id\":\"17379462951-003\",\"last_updated\":\"2021-10-06T14:10:56.000-04:00\",\"metadata\":{\"mov_detail\":\"tax_withholding_collector\",\"mov_financial_entity\":\"debitos_creditos\",\"mov_type\":\"expense\",\"tax_id\":62650097005,\"tax_status\":\"applied\",\"user_id\":544552617},\"name\":\"tax_withholding_collector-debitos_creditos\",\"reserve_id\":null,\"type\":\"tax\"},{\"accounts\":{\"from\":\"collector\",\"to\":\"mp\"},\"amounts\":{\"original\":10.65,\"refunded\":0},\"client_id\":0,\"date_created\":\"2021-10-06T14:10:56.000-04:00\",\"id\":\"17379462951-004\",\"last_updated\":\"2021-10-06T14:10:56.000-04:00\",\"metadata\":{\"mov_detail\":\"tax_withholding_sirtac\",\"mov_financial_entity\":\"caba\",\"mov_type\":\"expense\",\"tax_id\":62650097006,\"tax_status\":\"applied\",\"user_id\":544552617},\"name\":\"tax_withholding_sirtac-caba\",\"reserve_id\":null,\"type\":\"tax\"}],\"acquirer_reference\":null,\"external_resource_url\":null,\"financial_institution\":null,\"installment_amount\":3550,\"net_received_amount\":3362.91,\"overpaid_amount\":0,\"payable_deferral_period\":null,\"payment_method_reference_id\":null,\"total_paid_amount\":3550,\"order_id\":\"3372072560\",\"merchant_order_id\":\"3372072560\"}', NULL, '3372072560', '17379462951', 'No Disponible', 'No Disponible', NULL, 'Visa', NULL, 3550, 187.09, NULL, 'EPJEFHSJJ', 1633543983),
(40, 79, 602, 1, 'payment', '17702544840', 0, 2, 1634947172, 0, 0, '{\"id\":17702544840,\"operation_type\":\"regular_payment\",\"order\":{\"id\":\"3462474442\",\"type\":\"mercadopago\"},\"external_reference\":\"C-602\",\"status\":\"approved\",\"status_detail\":\"accredited\",\"date_created\":\"2021-10-22T13:59:23.610-04:00\",\"live_mode\":true,\"date_last_updated\":\"2021-10-22T13:59:24.210-04:00\",\"date_approved\":\"2021-10-22T13:59:24.210-04:00\",\"money_release_date\":\"2021-11-26T13:59:24.210-04:00\",\"currency_id\":\"ARS\",\"transaction_amount\":8890,\"payer\":{\"operator_id\":null},\"collector_id\":544552617,\"payment_method_id\":\"account_money\",\"payment_type_id\":\"account_money\",\"transaction_details\":{\"acquirer_reference\":null,\"external_resource_url\":null,\"financial_institution\":null,\"installment_amount\":0,\"net_received_amount\":8599.3,\"overpaid_amount\":0,\"payable_deferral_period\":null,\"payment_method_reference_id\":null,\"total_paid_amount\":8890},\"fee_details\":[{\"amount\":192.91,\"fee_payer\":\"collector\",\"type\":\"mercadopago_fee\"}],\"captured\":true,\"card\":[],\"additional_info\":{\"authentication_code\":null,\"available_balance\":null,\"ip_address\":\"181.27.217.149\",\"items\":[{\"category_id\":null,\"description\":null,\"id\":\"C-602\",\"picture_url\":\"https:\\/\\/opticabrera.com.ar\\/img\\/optica-brera-logo-1592256886.jpg\",\"quantity\":\"1\",\"title\":\"Carrito No: 602 - Lentes de sol PAUL RIVIERE (PRS 6172 - 1)(1 U.)\",\"unit_price\":\"8890.0\"}],\"nsu_processadora\":null,\"payer\":{\"address\":{\"street_name\":\"Ramos Mej\\u00eda 1039, barrio Mariano Moreno\",\"zip_code\":\"8300\"}},\"shipments\":{\"receiver_address\":{\"street_name\":\"Ramos Mej\\u00eda 1039, barrio Mariano Moreno\",\"zip_code\":\"8300\"}}},\"installments\":1,\"description\":\"Carrito No: 602 - Lentes de sol PAUL RIVIERE (PRS 6172 - 1)(1 U.)\",\"notification_url\":\"https:\\/\\/opticabrera.com.ar\\/module\\/mptoolspro\\/redirect\",\"processing_mode\":\"aggregator\",\"charges_details\":[{\"accounts\":{\"from\":\"collector\",\"to\":\"mp\"},\"amounts\":{\"original\":17.78,\"refunded\":0},\"client_id\":0,\"date_created\":\"2021-10-22T13:59:23.000-04:00\",\"id\":\"17702544840-001\",\"last_updated\":\"2021-10-22T13:59:23.000-04:00\",\"metadata\":{\"mov_detail\":\"tax_withholding\",\"mov_financial_entity\":\"buenos_aires\",\"mov_type\":\"expense\",\"tax_id\":62840864599,\"tax_status\":\"applied\",\"user_id\":544552617},\"name\":\"tax_withholding-buenos_aires\",\"reserve_id\":null,\"type\":\"tax\"},{\"accounts\":{\"from\":\"collector\",\"to\":\"mp\"},\"amounts\":{\"original\":53.34,\"refunded\":0},\"client_id\":0,\"date_created\":\"2021-10-22T13:59:23.000-04:00\",\"id\":\"17702544840-002\",\"last_updated\":\"2021-10-22T13:59:23.000-04:00\",\"metadata\":{\"mov_detail\":\"tax_withholding_collector\",\"mov_financial_entity\":\"debitos_creditos\",\"mov_type\":\"expense\",\"tax_id\":62840864600,\"tax_status\":\"applied\",\"user_id\":544552617},\"name\":\"tax_withholding_collector-debitos_creditos\",\"reserve_id\":null,\"type\":\"tax\"},{\"accounts\":{\"from\":\"collector\",\"to\":\"mp\"},\"amounts\":{\"original\":26.67,\"refunded\":0},\"client_id\":0,\"date_created\":\"2021-10-22T13:59:23.000-04:00\",\"id\":\"17702544840-003\",\"last_updated\":\"2021-10-22T13:59:23.000-04:00\",\"metadata\":{\"mov_detail\":\"tax_withholding_sirtac\",\"mov_financial_entity\":\"neuquen\",\"mov_type\":\"expense\",\"tax_id\":62840864601,\"tax_status\":\"applied\",\"user_id\":544552617},\"name\":\"tax_withholding_sirtac-neuquen\",\"reserve_id\":null,\"type\":\"tax\"}],\"point_of_interaction\":{\"business_info\":{\"sub_unit\":\"checkout_pro\",\"unit\":\"online_payments\"},\"type\":\"UNSPECIFIED\"},\"acquirer_reference\":null,\"external_resource_url\":null,\"financial_institution\":null,\"installment_amount\":0,\"net_received_amount\":8599.3,\"overpaid_amount\":0,\"payable_deferral_period\":null,\"payment_method_reference_id\":null,\"total_paid_amount\":8890,\"order_id\":\"3462474442\",\"merchant_order_id\":\"3462474442\"}', NULL, '3462474442', '17702544840', 'No Disponible', 'No Disponible', NULL, 'Account_money', NULL, 8890, 290.7, NULL, 'AAFQQSUGZ', 1634925687),
(41, 80, 606, 1, 'payment', '17752099419', 0, 2, 1635193168, 0, 0, '{\"id\":17752099419,\"operation_type\":\"regular_payment\",\"order\":{\"id\":\"3475591239\",\"type\":\"mercadopago\"},\"external_reference\":\"C-606\",\"status\":\"approved\",\"status_detail\":\"accredited\",\"date_created\":\"2021-10-25T10:15:39.290-04:00\",\"live_mode\":true,\"date_last_updated\":\"2021-10-25T10:15:41.446-04:00\",\"date_approved\":\"2021-10-25T10:15:41.446-04:00\",\"money_release_date\":\"2021-11-12T10:15:41.446-04:00\",\"currency_id\":\"ARS\",\"transaction_amount\":3990,\"payer\":{\"operator_id\":null},\"collector_id\":1003174339,\"payment_method_id\":\"debvisa\",\"payment_type_id\":\"debit_card\",\"transaction_details\":{\"acquirer_reference\":null,\"external_resource_url\":null,\"financial_institution\":null,\"installment_amount\":3990,\"net_received_amount\":3722.67,\"overpaid_amount\":0,\"payable_deferral_period\":null,\"payment_method_reference_id\":null,\"total_paid_amount\":3990},\"fee_details\":[{\"amount\":163.59,\"fee_payer\":\"collector\",\"type\":\"mercadopago_fee\"}],\"authorization_code\":\"347253\",\"captured\":true,\"card\":[],\"statement_descriptor\":\"MERCADOPAGO*ARCAVISIONSA\",\"additional_info\":{\"authentication_code\":null,\"available_balance\":null,\"ip_address\":\"190.195.130.101\",\"items\":[{\"category_id\":null,\"description\":null,\"id\":\"C-606\",\"picture_url\":\"https:\\/\\/opticabrera.com.ar\\/img\\/optica-brera-logo-1592256886.jpg\",\"quantity\":\"1\",\"title\":\"Carrito No: 606 - Promo Armaz\\u00f3n + Cristales Control Blue (Modelo 07 - ORO)(1 U.)\",\"unit_price\":\"3990.0\"}],\"nsu_processadora\":null,\"payer\":{\"address\":{\"street_name\":\"direcci\\u00f3n 123\",\"zip_code\":\"3000\"}},\"shipments\":{\"receiver_address\":{\"street_name\":\"direcci\\u00f3n 123\",\"zip_code\":\"3000\"}}},\"installments\":1,\"description\":\"Carrito No: 606 - Promo Armaz\\u00f3n + Cristales Control Blue (Modelo 07 - ORO)(1 U.)\",\"notification_url\":\"https:\\/\\/opticabrera.com.ar\\/module\\/mptoolspro\\/redirect\",\"issuer_id\":\"1\",\"processing_mode\":\"aggregator\",\"charges_details\":[{\"accounts\":{\"from\":\"collector\",\"to\":\"mp\"},\"amounts\":{\"original\":59.85,\"refunded\":0},\"client_id\":0,\"date_created\":\"2021-10-25T10:15:39.000-04:00\",\"id\":\"17752099419-001\",\"last_updated\":\"2021-10-25T10:15:39.000-04:00\",\"metadata\":{\"mov_detail\":\"tax_withholding\",\"mov_financial_entity\":\"santa_fe\",\"mov_type\":\"expense\",\"tax_id\":62869311390,\"tax_status\":\"applied\",\"user_id\":1003174339},\"name\":\"tax_withholding-santa_fe\",\"reserve_id\":null,\"type\":\"tax\"},{\"accounts\":{\"from\":\"collector\",\"to\":\"mp\"},\"amounts\":{\"original\":7.98,\"refunded\":0},\"client_id\":0,\"date_created\":\"2021-10-25T10:15:39.000-04:00\",\"id\":\"17752099419-002\",\"last_updated\":\"2021-10-25T10:15:39.000-04:00\",\"metadata\":{\"mov_detail\":\"tax_withholding\",\"mov_financial_entity\":\"buenos_aires\",\"mov_type\":\"expense\",\"tax_id\":62869311391,\"tax_status\":\"applied\",\"user_id\":1003174339},\"name\":\"tax_withholding-buenos_aires\",\"reserve_id\":null,\"type\":\"tax\"},{\"accounts\":{\"from\":\"collector\",\"to\":\"mp\"},\"amounts\":{\"original\":23.94,\"refunded\":0},\"client_id\":0,\"date_created\":\"2021-10-25T10:15:39.000-04:00\",\"id\":\"17752099419-003\",\"last_updated\":\"2021-10-25T10:15:39.000-04:00\",\"metadata\":{\"mov_detail\":\"tax_withholding_collector\",\"mov_financial_entity\":\"debitos_creditos\",\"mov_type\":\"expense\",\"tax_id\":62869311392,\"tax_status\":\"applied\",\"user_id\":1003174339},\"name\":\"tax_withholding_collector-debitos_creditos\",\"reserve_id\":null,\"type\":\"tax\"},{\"accounts\":{\"from\":\"collector\",\"to\":\"mp\"},\"amounts\":{\"original\":11.97,\"refunded\":0},\"client_id\":0,\"date_created\":\"2021-10-25T10:15:39.000-04:00\",\"id\":\"17752099419-004\",\"last_updated\":\"2021-10-25T10:15:39.000-04:00\",\"metadata\":{\"mov_detail\":\"tax_withholding_sirtac\",\"mov_financial_entity\":\"santa_fe\",\"mov_type\":\"expense\",\"tax_id\":62869311393,\"tax_status\":\"applied\",\"user_id\":1003174339},\"name\":\"tax_withholding_sirtac-santa_fe\",\"reserve_id\":null,\"type\":\"tax\"}],\"point_of_interaction\":{\"business_info\":{\"sub_unit\":\"checkout_pro\",\"unit\":\"online_payments\"},\"type\":\"UNSPECIFIED\"},\"acquirer_reference\":null,\"external_resource_url\":null,\"financial_institution\":null,\"installment_amount\":3990,\"net_received_amount\":3722.67,\"overpaid_amount\":0,\"payable_deferral_period\":null,\"payment_method_reference_id\":null,\"total_paid_amount\":3990,\"order_id\":\"3475591239\",\"merchant_order_id\":\"3475591239\"}', NULL, '3475591239', '17752099419', 'No Disponible', 'No Disponible', NULL, 'Debvisa', NULL, 3990, 267.33, NULL, 'ETYBFFHMS', 1635171464),
(42, 82, 626, 1, 'payment', '18009288293', 0, 4, 1637803815, 0, 0, '{\"id\":18009288293,\"operation_type\":\"regular_payment\",\"order\":{\"id\":\"3549175874\",\"type\":\"mercadopago\"},\"external_reference\":\"C-626\",\"status\":\"approved\",\"status_detail\":\"accredited\",\"date_created\":\"2021-11-06T16:32:29.577-04:00\",\"live_mode\":true,\"date_last_updated\":\"2021-11-06T16:32:32.893-04:00\",\"date_approved\":\"2021-11-06T16:32:32.893-04:00\",\"money_release_date\":\"2021-11-24T16:32:32.893-04:00\",\"currency_id\":\"ARS\",\"transaction_amount\":4370,\"payer\":{\"operator_id\":null},\"collector_id\":1003174339,\"payment_method_id\":\"debvisa\",\"payment_type_id\":\"debit_card\",\"transaction_details\":{\"acquirer_reference\":null,\"external_resource_url\":null,\"financial_institution\":null,\"installment_amount\":4370,\"net_received_amount\":4155.87,\"overpaid_amount\":0,\"payable_deferral_period\":null,\"payment_method_reference_id\":null,\"total_paid_amount\":4370},\"fee_details\":[{\"amount\":179.17,\"fee_payer\":\"collector\",\"type\":\"mercadopago_fee\"}],\"authorization_code\":\"568878\",\"captured\":true,\"card\":[],\"statement_descriptor\":\"MERCADOPAGO*ARCAVISIONSA\",\"additional_info\":{\"authentication_code\":null,\"available_balance\":null,\"ip_address\":\"190.112.108.138\",\"items\":[{\"category_id\":null,\"description\":null,\"id\":\"C-626\",\"picture_url\":\"https:\\/\\/opticabrera.com.ar\\/img\\/optica-brera-logo-1592256886.jpg\",\"quantity\":\"1\",\"title\":\"Carrito No: 626 - Lentes de Sol OSSIRA 6101 (Mod. 003)(1 U.)\",\"unit_price\":\"4370.0\"}],\"nsu_processadora\":null,\"payer\":{\"address\":{\"street_name\":\"Urquiza 1054 1b pb\",\"zip_code\":\"5300\"}},\"shipments\":{\"receiver_address\":{\"street_name\":\"Urquiza 1054 1b pb\",\"zip_code\":\"5300\"}}},\"installments\":1,\"description\":\"Carrito No: 626 - Lentes de Sol OSSIRA 6101 (Mod. 003)(1 U.)\",\"notification_url\":\"https:\\/\\/opticabrera.com.ar\\/module\\/mptoolspro\\/redirect\",\"issuer_id\":\"1\",\"processing_mode\":\"aggregator\",\"charges_details\":[{\"accounts\":{\"from\":\"collector\",\"to\":\"mp\"},\"amounts\":{\"original\":8.74,\"refunded\":0},\"client_id\":0,\"date_created\":\"2021-11-06T16:32:29.000-04:00\",\"id\":\"18009288293-001\",\"last_updated\":\"2021-11-06T16:32:29.000-04:00\",\"metadata\":{\"mov_detail\":\"tax_withholding\",\"mov_financial_entity\":\"buenos_aires\",\"mov_type\":\"expense\",\"tax_id\":63025860481,\"tax_status\":\"applied\",\"user_id\":1003174339},\"name\":\"tax_withholding-buenos_aires\",\"refund_charges\":[],\"reserve_id\":null,\"type\":\"tax\"},{\"accounts\":{\"from\":\"collector\",\"to\":\"mp\"},\"amounts\":{\"original\":26.22,\"refunded\":0},\"client_id\":0,\"date_created\":\"2021-11-06T16:32:29.000-04:00\",\"id\":\"18009288293-002\",\"last_updated\":\"2021-11-06T16:32:29.000-04:00\",\"metadata\":{\"mov_detail\":\"tax_withholding_collector\",\"mov_financial_entity\":\"debitos_creditos\",\"mov_type\":\"expense\",\"tax_id\":63025860482,\"tax_status\":\"applied\",\"user_id\":1003174339},\"name\":\"tax_withholding_collector-debitos_creditos\",\"refund_charges\":[],\"reserve_id\":null,\"type\":\"tax\"}],\"point_of_interaction\":{\"business_info\":{\"sub_unit\":\"checkout_pro\",\"unit\":\"online_payments\"},\"type\":\"UNSPECIFIED\"},\"acquirer_reference\":null,\"external_resource_url\":null,\"financial_institution\":null,\"installment_amount\":4370,\"net_received_amount\":4155.87,\"overpaid_amount\":0,\"payable_deferral_period\":null,\"payment_method_reference_id\":null,\"total_paid_amount\":4370,\"order_id\":\"3549175874\",\"merchant_order_id\":\"3549175874\"}', NULL, '3549175874', '18009288293', 'No Disponible', 'No Disponible', NULL, 'Debvisa', NULL, 4370, 214.13, NULL, 'VSTJWNIAL', 1636230878),
(43, 87, 646, 1, 'payment', '18373836933', 0, 3, 1639341100, 0, 0, '{\"id\":18373836933,\"operation_type\":\"regular_payment\",\"order\":{\"id\":\"3650591515\",\"type\":\"mercadopago\"},\"external_reference\":\"C-646\",\"status\":\"approved\",\"status_detail\":\"accredited\",\"date_created\":\"2021-11-24T11:30:37.257-04:00\",\"live_mode\":true,\"date_last_updated\":\"2021-11-24T11:30:38.831-04:00\",\"deduction_schema\":\"PROACTIVE_3\",\"date_approved\":\"2021-11-24T11:30:38.831-04:00\",\"money_release_date\":\"2021-12-12T11:30:38.831-04:00\",\"currency_id\":\"ARS\",\"transaction_amount\":6060,\"payer\":{\"operator_id\":null},\"collector_id\":1003174339,\"payment_method_id\":\"visa\",\"payment_type_id\":\"credit_card\",\"transaction_details\":{\"acquirer_reference\":null,\"external_resource_url\":null,\"financial_institution\":null,\"installment_amount\":6060,\"net_received_amount\":5647.92,\"overpaid_amount\":0,\"payable_deferral_period\":null,\"payment_method_reference_id\":null,\"total_paid_amount\":6060},\"fee_details\":[{\"amount\":248.46,\"fee_payer\":\"collector\",\"type\":\"mercadopago_fee\"}],\"authorization_code\":\"008041\",\"captured\":true,\"card\":[],\"statement_descriptor\":\"MERCADOPAGO*ARCAVISIONSA\",\"additional_info\":{\"authentication_code\":null,\"available_balance\":null,\"nsu_processadora\":null},\"installments\":1,\"description\":\"Carrito No: 646 - Armaz\\u00f3n Xold 373KB10 Gold Mirror(1 U.)\",\"notification_url\":\"https:\\/\\/opticabrera.com.ar\\/module\\/mptoolspro\\/redirect\",\"issuer_id\":\"331\",\"processing_mode\":\"aggregator\",\"charges_details\":[{\"accounts\":{\"from\":\"collector\",\"to\":\"mp\"},\"amounts\":{\"original\":90.9,\"refunded\":0},\"client_id\":0,\"date_created\":\"2021-11-24T11:30:37.000-04:00\",\"id\":\"18373836933-001\",\"last_updated\":\"2021-11-24T11:30:37.000-04:00\",\"metadata\":{\"mov_detail\":\"tax_withholding\",\"mov_financial_entity\":\"entre_rios\",\"mov_type\":\"expense\",\"tax_id\":63232735263,\"tax_status\":\"applied\",\"user_id\":1003174339},\"name\":\"tax_withholding-entre_rios\",\"refund_charges\":[],\"reserve_id\":null,\"type\":\"tax\"},{\"accounts\":{\"from\":\"collector\",\"to\":\"mp\"},\"amounts\":{\"original\":12.12,\"refunded\":0},\"client_id\":0,\"date_created\":\"2021-11-24T11:30:37.000-04:00\",\"id\":\"18373836933-002\",\"last_updated\":\"2021-11-24T11:30:37.000-04:00\",\"metadata\":{\"mov_detail\":\"tax_withholding\",\"mov_financial_entity\":\"buenos_aires\",\"mov_type\":\"expense\",\"tax_id\":63232735264,\"tax_status\":\"applied\",\"user_id\":1003174339},\"name\":\"tax_withholding-buenos_aires\",\"refund_charges\":[],\"reserve_id\":null,\"type\":\"tax\"},{\"accounts\":{\"from\":\"collector\",\"to\":\"mp\"},\"amounts\":{\"original\":36.36,\"refunded\":0},\"client_id\":0,\"date_created\":\"2021-11-24T11:30:37.000-04:00\",\"id\":\"18373836933-003\",\"last_updated\":\"2021-11-24T11:30:37.000-04:00\",\"metadata\":{\"mov_detail\":\"tax_withholding_collector\",\"mov_financial_entity\":\"debitos_creditos\",\"mov_type\":\"expense\",\"tax_id\":63232735265,\"tax_status\":\"applied\",\"user_id\":1003174339},\"name\":\"tax_withholding_collector-debitos_creditos\",\"refund_charges\":[],\"reserve_id\":null,\"type\":\"tax\"},{\"accounts\":{\"from\":\"collector\",\"to\":\"mp\"},\"amounts\":{\"original\":24.24,\"refunded\":0},\"client_id\":0,\"date_created\":\"2021-11-24T11:30:37.000-04:00\",\"id\":\"18373836933-004\",\"last_updated\":\"2021-11-24T11:30:37.000-04:00\",\"metadata\":{\"mov_detail\":\"tax_withholding_sirtac\",\"mov_financial_entity\":\"entre_rios\",\"mov_type\":\"expense\",\"tax_id\":63232735266,\"tax_status\":\"applied\",\"user_id\":1003174339},\"name\":\"tax_withholding_sirtac-entre_rios\",\"refund_charges\":[],\"reserve_id\":null,\"type\":\"tax\"}],\"point_of_interaction\":{\"business_info\":{\"sub_unit\":\"checkout_pro\",\"unit\":\"online_payments\"},\"type\":\"UNSPECIFIED\"},\"acquirer_reference\":null,\"external_resource_url\":null,\"financial_institution\":null,\"installment_amount\":6060,\"net_received_amount\":5647.92,\"overpaid_amount\":0,\"payable_deferral_period\":null,\"payment_method_reference_id\":null,\"total_paid_amount\":6060,\"order_id\":\"3650591515\",\"merchant_order_id\":\"3650591515\"}', NULL, '3650591515', '18373836933', 'No Disponible', 'No Disponible', NULL, 'Visa', NULL, 6060, 412.08, NULL, 'JYINAEMOE', 1637767962),
(44, 88, 647, 1, 'payment', '18432073038', 0, 4, 1639550360, 0, 0, '{\"id\":18432073038,\"operation_type\":\"regular_payment\",\"order\":{\"id\":\"3666308640\",\"type\":\"mercadopago\"},\"external_reference\":\"C-647\",\"status\":\"approved\",\"status_detail\":\"accredited\",\"date_created\":\"2021-11-26T21:36:54.672-04:00\",\"live_mode\":true,\"date_last_updated\":\"2021-11-26T21:36:56.896-04:00\",\"deduction_schema\":\"PROACTIVE_3\",\"date_approved\":\"2021-11-26T21:36:56.896-04:00\",\"money_release_date\":\"2021-12-14T21:36:56.896-04:00\",\"currency_id\":\"ARS\",\"transaction_amount\":7220,\"payer\":{\"operator_id\":null},\"collector_id\":1003174339,\"payment_method_id\":\"debvisa\",\"payment_type_id\":\"debit_card\",\"transaction_details\":{\"acquirer_reference\":null,\"external_resource_url\":null,\"financial_institution\":null,\"installment_amount\":7220,\"net_received_amount\":6692.94,\"overpaid_amount\":0,\"payable_deferral_period\":null,\"payment_method_reference_id\":null,\"total_paid_amount\":7220},\"fee_details\":[{\"amount\":296.02,\"fee_payer\":\"collector\",\"type\":\"mercadopago_fee\"}],\"authorization_code\":\"849206\",\"captured\":true,\"card\":[],\"statement_descriptor\":\"MERCADOPAGO*ARCAVISIONSA\",\"additional_info\":{\"authentication_code\":null,\"available_balance\":null,\"ip_address\":\"190.193.5.191\",\"items\":[{\"category_id\":null,\"description\":null,\"id\":\"C-647\",\"picture_url\":\"https:\\/\\/opticabrera.com.ar\\/img\\/optica-brera-logo-1592256886.jpg\",\"quantity\":\"1\",\"title\":\"Carrito No: 647 - Lentes de Sol VALERIA MAZZA 6051 Leonore (Mod. 003)(1 U.)\",\"unit_price\":\"7220.0\"}],\"nsu_processadora\":null,\"payer\":{\"address\":{\"street_name\":\"Teodoro Garcia 1721 piso 2 202\",\"zip_code\":\"1426\"}},\"shipments\":{\"receiver_address\":{\"street_name\":\"Teodoro Garcia 1721 piso 2 202\",\"zip_code\":\"1426\"}}},\"installments\":1,\"description\":\"Carrito No: 647 - Lentes de Sol VALERIA MAZZA 6051 Leonore (Mod. 003)(1 U.)\",\"notification_url\":\"https:\\/\\/opticabrera.com.ar\\/module\\/mptoolspro\\/redirect\",\"issuer_id\":\"1\",\"processing_mode\":\"aggregator\",\"charges_details\":[{\"accounts\":{\"from\":\"collector\",\"to\":\"mp\"},\"amounts\":{\"original\":14.44,\"refunded\":0},\"client_id\":0,\"date_created\":\"2021-11-26T21:36:54.000-04:00\",\"id\":\"18432073038-001\",\"last_updated\":\"2021-11-26T21:36:54.000-04:00\",\"metadata\":{\"mov_detail\":\"tax_withholding\",\"mov_financial_entity\":\"buenos_aires\",\"mov_type\":\"expense\",\"tax_id\":63264713830,\"tax_status\":\"applied\",\"user_id\":1003174339},\"name\":\"tax_withholding-buenos_aires\",\"refund_charges\":[],\"reserve_id\":null,\"type\":\"tax\"},{\"accounts\":{\"from\":\"collector\",\"to\":\"mp\"},\"amounts\":{\"original\":144.4,\"refunded\":0},\"client_id\":0,\"date_created\":\"2021-11-26T21:36:54.000-04:00\",\"id\":\"18432073038-002\",\"last_updated\":\"2021-11-26T21:36:54.000-04:00\",\"metadata\":{\"mov_detail\":\"tax_withholding\",\"mov_financial_entity\":\"caba\",\"mov_type\":\"expense\",\"tax_id\":63264713831,\"tax_status\":\"applied\",\"user_id\":1003174339},\"name\":\"tax_withholding-caba\",\"refund_charges\":[],\"reserve_id\":null,\"type\":\"tax\"},{\"accounts\":{\"from\":\"collector\",\"to\":\"mp\"},\"amounts\":{\"original\":43.32,\"refunded\":0},\"client_id\":0,\"date_created\":\"2021-11-26T21:36:54.000-04:00\",\"id\":\"18432073038-003\",\"last_updated\":\"2021-11-26T21:36:54.000-04:00\",\"metadata\":{\"mov_detail\":\"tax_withholding_collector\",\"mov_financial_entity\":\"debitos_creditos\",\"mov_type\":\"expense\",\"tax_id\":63264713832,\"tax_status\":\"applied\",\"user_id\":1003174339},\"name\":\"tax_withholding_collector-debitos_creditos\",\"refund_charges\":[],\"reserve_id\":null,\"type\":\"tax\"},{\"accounts\":{\"from\":\"collector\",\"to\":\"mp\"},\"amounts\":{\"original\":28.88,\"refunded\":0},\"client_id\":0,\"date_created\":\"2021-11-26T21:36:54.000-04:00\",\"id\":\"18432073038-004\",\"last_updated\":\"2021-11-26T21:36:54.000-04:00\",\"metadata\":{\"mov_detail\":\"tax_withholding_sirtac\",\"mov_financial_entity\":\"caba\",\"mov_type\":\"expense\",\"tax_id\":63264713833,\"tax_status\":\"applied\",\"user_id\":1003174339},\"name\":\"tax_withholding_sirtac-caba\",\"refund_charges\":[],\"reserve_id\":null,\"type\":\"tax\"}],\"point_of_interaction\":{\"business_info\":{\"sub_unit\":\"checkout_pro\",\"unit\":\"online_payments\"},\"type\":\"UNSPECIFIED\"},\"acquirer_reference\":null,\"external_resource_url\":null,\"financial_institution\":null,\"installment_amount\":7220,\"net_received_amount\":6692.94,\"overpaid_amount\":0,\"payable_deferral_period\":null,\"payment_method_reference_id\":null,\"total_paid_amount\":7220,\"order_id\":\"3666308640\",\"merchant_order_id\":\"3666308640\"}', NULL, '3666308640', '18432073038', 'No Disponible', 'No Disponible', NULL, 'Debvisa', NULL, 7220, 527.06, NULL, 'RKAUUZDTO', 1637977144),
(45, 89, 652, 1, 'payment', '18468487118', 0, 5, 1639721954, 0, 0, '{\"id\":18468487118,\"operation_type\":\"regular_payment\",\"order\":{\"id\":\"3675249871\",\"type\":\"mercadopago\"},\"external_reference\":\"C-652\",\"status\":\"approved\",\"status_detail\":\"accredited\",\"date_created\":\"2021-11-28T21:16:25.623-04:00\",\"live_mode\":true,\"date_last_updated\":\"2021-11-28T21:16:27.751-04:00\",\"deduction_schema\":\"PROACTIVE_3\",\"date_approved\":\"2021-11-28T21:16:27.751-04:00\",\"money_release_date\":\"2021-12-16T21:16:27.751-04:00\",\"currency_id\":\"ARS\",\"transaction_amount\":6460,\"payer\":{\"operator_id\":null},\"collector_id\":1003174339,\"payment_method_id\":\"debvisa\",\"payment_type_id\":\"debit_card\",\"transaction_details\":{\"acquirer_reference\":null,\"external_resource_url\":null,\"financial_institution\":null,\"installment_amount\":6460,\"net_received_amount\":5988.42,\"overpaid_amount\":0,\"payable_deferral_period\":null,\"payment_method_reference_id\":null,\"total_paid_amount\":6460},\"fee_details\":[{\"amount\":264.86,\"fee_payer\":\"collector\",\"type\":\"mercadopago_fee\"}],\"authorization_code\":\"574429\",\"captured\":true,\"card\":[],\"statement_descriptor\":\"MERCADOPAGO*ARCAVISIONSA\",\"additional_info\":{\"authentication_code\":null,\"available_balance\":null,\"ip_address\":\"190.173.147.111\",\"items\":[{\"category_id\":null,\"description\":null,\"id\":\"C-652\",\"picture_url\":\"https:\\/\\/opticabrera.com.ar\\/img\\/optica-brera-logo-1592256886.jpg\",\"quantity\":\"1\",\"title\":\"Carrito No: 652 - Reef Woman 250 Lift C1 Oro(1 U.)\",\"unit_price\":\"6460.0\"}],\"nsu_processadora\":null,\"payer\":{\"address\":{\"street_name\":\"RINCON 2285 CASA B\",\"zip_code\":\"1704\"}},\"shipments\":{\"receiver_address\":{\"street_name\":\"RINCON 2285 CASA B\",\"zip_code\":\"1704\"}}},\"installments\":1,\"description\":\"Carrito No: 652 - Reef Woman 250 Lift C1 Oro(1 U.)\",\"notification_url\":\"https:\\/\\/opticabrera.com.ar\\/module\\/mptoolspro\\/redirect\",\"issuer_id\":\"1\",\"processing_mode\":\"aggregator\",\"charges_details\":[{\"accounts\":{\"from\":\"collector\",\"to\":\"mp\"},\"amounts\":{\"original\":12.92,\"refunded\":0},\"client_id\":0,\"date_created\":\"2021-11-28T21:16:25.000-04:00\",\"id\":\"18468487118-001\",\"last_updated\":\"2021-11-28T21:16:25.000-04:00\",\"metadata\":{\"mov_detail\":\"tax_withholding\",\"mov_financial_entity\":\"buenos_aires\",\"mov_type\":\"expense\",\"tax_id\":63284223521,\"tax_status\":\"applied\",\"user_id\":1003174339},\"name\":\"tax_withholding-buenos_aires\",\"refund_charges\":[],\"reserve_id\":null,\"type\":\"tax\"},{\"accounts\":{\"from\":\"collector\",\"to\":\"mp\"},\"amounts\":{\"original\":129.2,\"refunded\":0},\"client_id\":0,\"date_created\":\"2021-11-28T21:16:25.000-04:00\",\"id\":\"18468487118-002\",\"last_updated\":\"2021-11-28T21:16:25.000-04:00\",\"metadata\":{\"mov_detail\":\"tax_withholding\",\"mov_financial_entity\":\"caba\",\"mov_type\":\"expense\",\"tax_id\":63284223522,\"tax_status\":\"applied\",\"user_id\":1003174339},\"name\":\"tax_withholding-caba\",\"refund_charges\":[],\"reserve_id\":null,\"type\":\"tax\"},{\"accounts\":{\"from\":\"collector\",\"to\":\"mp\"},\"amounts\":{\"original\":38.76,\"refunded\":0},\"client_id\":0,\"date_created\":\"2021-11-28T21:16:25.000-04:00\",\"id\":\"18468487118-003\",\"last_updated\":\"2021-11-28T21:16:25.000-04:00\",\"metadata\":{\"mov_detail\":\"tax_withholding_collector\",\"mov_financial_entity\":\"debitos_creditos\",\"mov_type\":\"expense\",\"tax_id\":63284223523,\"tax_status\":\"applied\",\"user_id\":1003174339},\"name\":\"tax_withholding_collector-debitos_creditos\",\"refund_charges\":[],\"reserve_id\":null,\"type\":\"tax\"},{\"accounts\":{\"from\":\"collector\",\"to\":\"mp\"},\"amounts\":{\"original\":25.84,\"refunded\":0},\"client_id\":0,\"date_created\":\"2021-11-28T21:16:25.000-04:00\",\"id\":\"18468487118-004\",\"last_updated\":\"2021-11-28T21:16:25.000-04:00\",\"metadata\":{\"mov_detail\":\"tax_withholding_sirtac\",\"mov_financial_entity\":\"caba\",\"mov_type\":\"expense\",\"tax_id\":63284223524,\"tax_status\":\"applied\",\"user_id\":1003174339},\"name\":\"tax_withholding_sirtac-caba\",\"refund_charges\":[],\"reserve_id\":null,\"type\":\"tax\"}],\"point_of_interaction\":{\"business_info\":{\"sub_unit\":\"checkout_pro\",\"unit\":\"online_payments\"},\"type\":\"UNSPECIFIED\"},\"acquirer_reference\":null,\"external_resource_url\":null,\"financial_institution\":null,\"installment_amount\":6460,\"net_received_amount\":5988.42,\"overpaid_amount\":0,\"payable_deferral_period\":null,\"payment_method_reference_id\":null,\"total_paid_amount\":6460,\"order_id\":\"3675249871\",\"merchant_order_id\":\"3675249871\"}', NULL, '3675249871', '18468487118', 'No Disponible', 'No Disponible', NULL, 'Debvisa', NULL, 6460, 471.58, NULL, 'RHTLVMCCL', 1638148709),
(46, 90, 662, 1, 'payment', '18811307616', 0, 5, 1641001110, 0, 0, '{\"id\":18811307616,\"operation_type\":\"regular_payment\",\"order\":{\"id\":\"3771460979\",\"type\":\"mercadopago\"},\"external_reference\":\"C-662\",\"status\":\"approved\",\"status_detail\":\"accredited\",\"date_created\":\"2021-12-13T16:39:13.064-04:00\",\"live_mode\":true,\"date_last_updated\":\"2021-12-13T16:39:16.357-04:00\",\"deduction_schema\":\"PROACTIVE_3\",\"date_approved\":\"2021-12-13T16:39:16.357-04:00\",\"money_release_date\":\"2021-12-31T16:39:16.357-04:00\",\"currency_id\":\"ARS\",\"transaction_amount\":6120,\"payer\":{\"operator_id\":null},\"collector_id\":1003174339,\"payment_method_id\":\"debvisa\",\"payment_type_id\":\"debit_card\",\"transaction_details\":{\"acquirer_reference\":null,\"external_resource_url\":null,\"financial_institution\":null,\"installment_amount\":6120,\"net_received_amount\":5795.64,\"overpaid_amount\":0,\"payable_deferral_period\":null,\"payment_method_reference_id\":null,\"total_paid_amount\":6120},\"fee_details\":[{\"amount\":250.92,\"fee_payer\":\"collector\",\"type\":\"mercadopago_fee\"}],\"authorization_code\":\"400902\",\"captured\":true,\"card\":[],\"statement_descriptor\":\"MERCADOPAGO*ARCAVISIONSA\",\"additional_info\":{\"authentication_code\":null,\"available_balance\":null,\"ip_address\":\"181.44.146.103\",\"items\":[{\"category_id\":null,\"description\":null,\"id\":\"C-662\",\"picture_url\":\"https:\\/\\/opticabrera.com.ar\\/img\\/optica-brera-logo-1592256886.jpg\",\"quantity\":\"1\",\"title\":\"Carrito No: 662 - Lentes de Sol RUSTY Indian (SBLKS10)(1 U.)\",\"unit_price\":\"6120.0\"}],\"nsu_processadora\":null,\"payer\":{\"address\":{\"street_name\":\"Consejal Gomez 2385, Casa\",\"zip_code\":\"1757\"}},\"shipments\":{\"receiver_address\":{\"street_name\":\"Consejal Gomez 2385, Casa\",\"zip_code\":\"1757\"}}},\"installments\":1,\"description\":\"Carrito No: 662 - Lentes de Sol RUSTY Indian (SBLKS10)(1 U.)\",\"notification_url\":\"https:\\/\\/opticabrera.com.ar\\/module\\/mptoolspro\\/redirect\",\"issuer_id\":\"1\",\"processing_mode\":\"aggregator\",\"charges_details\":[{\"accounts\":{\"from\":\"collector\",\"to\":\"mp\"},\"amounts\":{\"original\":12.24,\"refunded\":0},\"client_id\":0,\"date_created\":\"2021-12-13T16:39:13.000-04:00\",\"id\":\"18811307616-001\",\"last_updated\":\"2021-12-13T16:39:13.000-04:00\",\"metadata\":{\"mov_detail\":\"tax_withholding\",\"mov_financial_entity\":\"buenos_aires\",\"mov_type\":\"expense\",\"tax_id\":63479126228,\"tax_status\":\"applied\",\"user_id\":1003174339},\"name\":\"tax_withholding-buenos_aires\",\"refund_charges\":[],\"reserve_id\":null,\"type\":\"tax\"},{\"accounts\":{\"from\":\"collector\",\"to\":\"mp\"},\"amounts\":{\"original\":36.72,\"refunded\":0},\"client_id\":0,\"date_created\":\"2021-12-13T16:39:13.000-04:00\",\"id\":\"18811307616-002\",\"last_updated\":\"2021-12-13T16:39:13.000-04:00\",\"metadata\":{\"mov_detail\":\"tax_withholding_collector\",\"mov_financial_entity\":\"debitos_creditos\",\"mov_type\":\"expense\",\"tax_id\":63479126229,\"tax_status\":\"applied\",\"user_id\":1003174339},\"name\":\"tax_withholding_collector-debitos_creditos\",\"refund_charges\":[],\"reserve_id\":null,\"type\":\"tax\"},{\"accounts\":{\"from\":\"collector\",\"to\":\"mp\"},\"amounts\":{\"original\":24.48,\"refunded\":0},\"client_id\":0,\"date_created\":\"2021-12-13T16:39:13.000-04:00\",\"id\":\"18811307616-003\",\"last_updated\":\"2021-12-13T16:39:13.000-04:00\",\"metadata\":{\"mov_detail\":\"tax_withholding_sirtac\",\"mov_financial_entity\":\"buenos_aires\",\"mov_type\":\"expense\",\"tax_id\":63479126230,\"tax_status\":\"applied\",\"user_id\":1003174339},\"name\":\"tax_withholding_sirtac-buenos_aires\",\"refund_charges\":[],\"reserve_id\":null,\"type\":\"tax\"}],\"point_of_interaction\":{\"business_info\":{\"sub_unit\":\"checkout_pro\",\"unit\":\"online_payments\"},\"type\":\"UNSPECIFIED\"},\"acquirer_reference\":null,\"external_resource_url\":null,\"financial_institution\":null,\"installment_amount\":6120,\"net_received_amount\":5795.64,\"overpaid_amount\":0,\"payable_deferral_period\":null,\"payment_method_reference_id\":null,\"total_paid_amount\":6120,\"order_id\":\"3771460979\",\"merchant_order_id\":\"3771460979\"}', NULL, '3771460979', '18811307616', 'No Disponible', 'No Disponible', NULL, 'Debvisa', NULL, 6120, 324.36, NULL, 'QOWTWMZUH', 1639428081),
(47, 91, 667, 1, 'payment', '18827125424', 0, 5, 1641067069, 0, 0, '{\"id\":18827125424,\"operation_type\":\"regular_payment\",\"order\":{\"id\":\"3775839271\",\"type\":\"mercadopago\"},\"external_reference\":\"C-667\",\"status\":\"approved\",\"status_detail\":\"accredited\",\"date_created\":\"2021-12-14T10:58:29.291-04:00\",\"live_mode\":true,\"date_last_updated\":\"2021-12-14T10:58:31.569-04:00\",\"deduction_schema\":\"PROACTIVE_3\",\"date_approved\":\"2021-12-14T10:58:31.569-04:00\",\"money_release_date\":\"2022-01-01T10:58:31.569-04:00\",\"currency_id\":\"ARS\",\"transaction_amount\":8890,\"payer\":{\"operator_id\":null},\"collector_id\":1003174339,\"payment_method_id\":\"master\",\"payment_type_id\":\"credit_card\",\"transaction_details\":{\"acquirer_reference\":null,\"external_resource_url\":null,\"financial_institution\":null,\"installment_amount\":8890,\"net_received_amount\":8418.83,\"overpaid_amount\":0,\"payable_deferral_period\":null,\"payment_method_reference_id\":null,\"total_paid_amount\":8890},\"fee_details\":[{\"amount\":364.49,\"fee_payer\":\"collector\",\"type\":\"mercadopago_fee\"}],\"authorization_code\":\"694807\",\"captured\":true,\"card\":[],\"statement_descriptor\":\"MERCADOPAGO*ARCAVISIONSA\",\"additional_info\":{\"authentication_code\":null,\"available_balance\":null,\"ip_address\":\"186.111.131.44\",\"items\":[{\"category_id\":null,\"description\":null,\"id\":\"C-667\",\"picture_url\":\"https:\\/\\/opticabrera.com.ar\\/img\\/optica-brera-logo-1592256886.jpg\",\"quantity\":\"1\",\"title\":\"Carrito No: 667 - Lentes de sol PAUL RIVIERE (PRS 6171 - 1)(1 U.)\",\"unit_price\":\"8890.0\"}],\"nsu_processadora\":null,\"payer\":{\"address\":{\"street_name\":\"General lavalle 647 2H\",\"zip_code\":\"1714\"}},\"shipments\":{\"receiver_address\":{\"street_name\":\"General lavalle 647 2H\",\"zip_code\":\"1714\"}}},\"installments\":1,\"description\":\"Carrito No: 667 - Lentes de sol PAUL RIVIERE (PRS 6171 - 1)(1 U.)\",\"notification_url\":\"https:\\/\\/opticabrera.com.ar\\/module\\/mptoolspro\\/redirect\",\"issuer_id\":\"326\",\"processing_mode\":\"aggregator\",\"charges_details\":[{\"accounts\":{\"from\":\"collector\",\"to\":\"mp\"},\"amounts\":{\"original\":17.78,\"refunded\":0},\"client_id\":0,\"date_created\":\"2021-12-14T10:58:29.000-04:00\",\"id\":\"18827125424-001\",\"last_updated\":\"2021-12-14T10:58:29.000-04:00\",\"metadata\":{\"mov_detail\":\"tax_withholding\",\"mov_financial_entity\":\"buenos_aires\",\"mov_type\":\"expense\",\"tax_id\":63488622133,\"tax_status\":\"applied\",\"user_id\":1003174339},\"name\":\"tax_withholding-buenos_aires\",\"refund_charges\":[],\"reserve_id\":null,\"type\":\"tax\"},{\"accounts\":{\"from\":\"collector\",\"to\":\"mp\"},\"amounts\":{\"original\":53.34,\"refunded\":0},\"client_id\":0,\"date_created\":\"2021-12-14T10:58:29.000-04:00\",\"id\":\"18827125424-002\",\"last_updated\":\"2021-12-14T10:58:29.000-04:00\",\"metadata\":{\"mov_detail\":\"tax_withholding_collector\",\"mov_financial_entity\":\"debitos_creditos\",\"mov_type\":\"expense\",\"tax_id\":63488622134,\"tax_status\":\"applied\",\"user_id\":1003174339},\"name\":\"tax_withholding_collector-debitos_creditos\",\"refund_charges\":[],\"reserve_id\":null,\"type\":\"tax\"},{\"accounts\":{\"from\":\"collector\",\"to\":\"mp\"},\"amounts\":{\"original\":35.56,\"refunded\":0},\"client_id\":0,\"date_created\":\"2021-12-14T10:58:29.000-04:00\",\"id\":\"18827125424-003\",\"last_updated\":\"2021-12-14T10:58:29.000-04:00\",\"metadata\":{\"mov_detail\":\"tax_withholding_sirtac\",\"mov_financial_entity\":\"buenos_aires\",\"mov_type\":\"expense\",\"tax_id\":63488622135,\"tax_status\":\"applied\",\"user_id\":1003174339},\"name\":\"tax_withholding_sirtac-buenos_aires\",\"refund_charges\":[],\"reserve_id\":null,\"type\":\"tax\"}],\"point_of_interaction\":{\"business_info\":{\"sub_unit\":\"checkout_pro\",\"unit\":\"online_payments\"},\"type\":\"UNSPECIFIED\"},\"acquirer_reference\":null,\"external_resource_url\":null,\"financial_institution\":null,\"installment_amount\":8890,\"net_received_amount\":8418.83,\"overpaid_amount\":0,\"payable_deferral_period\":null,\"payment_method_reference_id\":null,\"total_paid_amount\":8890,\"order_id\":\"3775839271\",\"merchant_order_id\":\"3775839271\"}', NULL, '3775839271', '18827125424', 'No Disponible', 'No Disponible', NULL, 'Master', NULL, 8890, 471.17, NULL, 'ZUFKPCAXO', 1639494039),
(48, 92, 695, 1, 'payment', '19206414893', 0, 4, 1642531895, 0, 0, '{\"id\":19206414893,\"operation_type\":\"regular_payment\",\"order\":{\"id\":\"3880709440\",\"type\":\"mercadopago\"},\"external_reference\":\"C-695\",\"status\":\"approved\",\"status_detail\":\"accredited\",\"date_created\":\"2021-12-31T09:48:11.668-04:00\",\"live_mode\":true,\"date_last_updated\":\"2021-12-31T09:48:13.119-04:00\",\"deduction_schema\":\"PROACTIVE_3\",\"date_approved\":\"2021-12-31T09:48:13.119-04:00\",\"money_release_date\":\"2022-01-18T09:48:13.119-04:00\",\"currency_id\":\"ARS\",\"transaction_amount\":6400,\"payer\":{\"operator_id\":null},\"collector_id\":1003174339,\"payment_method_id\":\"visa\",\"payment_type_id\":\"credit_card\",\"transaction_details\":{\"acquirer_reference\":null,\"external_resource_url\":null,\"financial_institution\":null,\"installment_amount\":6400,\"net_received_amount\":6060.8,\"overpaid_amount\":0,\"payable_deferral_period\":null,\"payment_method_reference_id\":null,\"total_paid_amount\":6400},\"fee_details\":[{\"amount\":262.4,\"fee_payer\":\"collector\",\"type\":\"mercadopago_fee\"}],\"authorization_code\":\"010655\",\"captured\":true,\"card\":[],\"statement_descriptor\":\"MERCADOPAGO*ARCAVISIONSA\",\"additional_info\":{\"authentication_code\":null,\"available_balance\":null,\"ip_address\":\"181.26.161.59\",\"items\":[{\"category_id\":null,\"description\":null,\"id\":\"C-695\",\"picture_url\":\"https:\\/\\/opticabrera.com.ar\\/img\\/optica-brera-logo-1592256886.jpg\",\"quantity\":\"1\",\"title\":\"Carrito No: 695 - Lentes de Sol VULK D.Forest (MBLKS10)(1 U.)\",\"unit_price\":\"6400.0\"}],\"nsu_processadora\":null,\"payer\":{\"address\":{\"street_name\":\"La Paz 4181\",\"zip_code\":\"1754\"}},\"shipments\":{\"receiver_address\":{\"street_name\":\"La Paz 4181\",\"zip_code\":\"1754\"}}},\"installments\":1,\"description\":\"Carrito No: 695 - Lentes de Sol VULK D.Forest (MBLKS10)(1 U.)\",\"notification_url\":\"https:\\/\\/opticabrera.com.ar\\/module\\/mptoolspro\\/redirect\",\"issuer_id\":\"279\",\"processing_mode\":\"aggregator\",\"charges_details\":[{\"accounts\":{\"from\":\"collector\",\"to\":\"mp\"},\"amounts\":{\"original\":12.8,\"refunded\":0},\"client_id\":0,\"date_created\":\"2021-12-31T09:48:11.000-04:00\",\"id\":\"19206414893-001\",\"last_updated\":\"2021-12-31T09:48:11.000-04:00\",\"metadata\":{\"mov_detail\":\"tax_withholding\",\"mov_financial_entity\":\"buenos_aires\",\"mov_type\":\"expense\",\"tax_id\":63716163499,\"tax_status\":\"applied\",\"user_id\":1003174339},\"name\":\"tax_withholding-buenos_aires\",\"refund_charges\":[],\"reserve_id\":null,\"type\":\"tax\"},{\"accounts\":{\"from\":\"collector\",\"to\":\"mp\"},\"amounts\":{\"original\":38.4,\"refunded\":0},\"client_id\":0,\"date_created\":\"2021-12-31T09:48:11.000-04:00\",\"id\":\"19206414893-002\",\"last_updated\":\"2021-12-31T09:48:11.000-04:00\",\"metadata\":{\"mov_detail\":\"tax_withholding_collector\",\"mov_financial_entity\":\"debitos_creditos\",\"mov_type\":\"expense\",\"tax_id\":63716163500,\"tax_status\":\"applied\",\"user_id\":1003174339},\"name\":\"tax_withholding_collector-debitos_creditos\",\"refund_charges\":[],\"reserve_id\":null,\"type\":\"tax\"},{\"accounts\":{\"from\":\"collector\",\"to\":\"mp\"},\"amounts\":{\"original\":25.6,\"refunded\":0},\"client_id\":0,\"date_created\":\"2021-12-31T09:48:11.000-04:00\",\"id\":\"19206414893-003\",\"last_updated\":\"2021-12-31T09:48:11.000-04:00\",\"metadata\":{\"mov_detail\":\"tax_withholding_sirtac\",\"mov_financial_entity\":\"buenos_aires\",\"mov_type\":\"expense\",\"tax_id\":63716163501,\"tax_status\":\"applied\",\"user_id\":1003174339},\"name\":\"tax_withholding_sirtac-buenos_aires\",\"refund_charges\":[],\"reserve_id\":null,\"type\":\"tax\"}],\"point_of_interaction\":{\"business_info\":{\"sub_unit\":\"checkout_pro\",\"unit\":\"online_payments\"},\"type\":\"UNSPECIFIED\"},\"acquirer_reference\":null,\"external_resource_url\":null,\"financial_institution\":null,\"installment_amount\":6400,\"net_received_amount\":6060.8,\"overpaid_amount\":0,\"payable_deferral_period\":null,\"payment_method_reference_id\":null,\"total_paid_amount\":6400,\"order_id\":\"3880709440\",\"merchant_order_id\":\"3880709440\"}', NULL, '3880709440', '19206414893', 'No Disponible', 'No Disponible', NULL, 'Visa', NULL, 6400, 339.2, NULL, 'SJDIAVFMP', 1640958616);
INSERT INTO `ps_mptoolspro` (`id`, `id_order`, `id_cart`, `id_shop`, `topic`, `mp_op_id`, `is_sandbox`, `status`, `next_retry`, `is_mercadoenvios`, `mercadienvios_downloaded`, `payment_obj`, `shipping_id`, `mp_order_id`, `mp_payment_id`, `mp_payer_name`, `mp_payer_dni`, `mp_card_number`, `mp_card_brand`, `mp_card_holder`, `mp_total_amount`, `mp_total_commision`, `mp_init_point`, `order_reference`, `next_retry_mercadoenvios`) VALUES
(49, 93, 698, 1, 'payment', '19255567516', 0, 8, 1641248523, 0, 0, '{\"id\":19255567516,\"operation_type\":\"regular_payment\",\"order\":{\"id\":\"3894541677\",\"type\":\"mercadopago\"},\"external_reference\":\"C-698\",\"status\":\"rejected\",\"status_detail\":\"cc_rejected_call_for_authorize\",\"date_created\":\"2022-01-03T12:21:56.103-04:00\",\"live_mode\":true,\"date_last_updated\":\"2022-01-03T12:21:59.902-04:00\",\"deduction_schema\":\"PROACTIVE_3\",\"currency_id\":\"ARS\",\"transaction_amount\":7300,\"payer\":{\"operator_id\":null},\"collector_id\":1003174339,\"payment_method_id\":\"visa\",\"payment_type_id\":\"credit_card\",\"transaction_details\":{\"acquirer_reference\":null,\"external_resource_url\":null,\"financial_institution\":null,\"installment_amount\":7300,\"net_received_amount\":0,\"overpaid_amount\":0,\"payable_deferral_period\":null,\"payment_method_reference_id\":\"982418632121416\",\"total_paid_amount\":7300},\"captured\":true,\"card\":[],\"statement_descriptor\":\"MERPAGO*ARCAVISIONSA\",\"additional_info\":{\"authentication_code\":null,\"available_balance\":null,\"ip_address\":\"190.231.227.213\",\"items\":[{\"category_id\":null,\"description\":null,\"id\":\"C-698\",\"picture_url\":\"https:\\/\\/opticabrera.com.ar\\/img\\/optica-brera-logo-1592256886.jpg\",\"quantity\":\"1\",\"title\":\"Carrito No: 698 - Armaz\\u00f3n Cursed C3(1 U.)\",\"unit_price\":\"7300.0\"}],\"nsu_processadora\":null,\"payer\":{\"address\":{\"street_name\":\"castelli 161, 1er piso, ciudad santiago del estero, Consumidor final\",\"zip_code\":\"4200\"}},\"shipments\":{\"receiver_address\":{\"street_name\":\"castelli 161, 1er piso, ciudad santiago del estero, Consumidor final\",\"zip_code\":\"4200\"}}},\"installments\":1,\"description\":\"Carrito No: 698 - Armaz\\u00f3n Cursed C3(1 U.)\",\"notification_url\":\"https:\\/\\/opticabrera.com.ar\\/module\\/mptoolspro\\/redirect\",\"issuer_id\":\"5\",\"processing_mode\":\"aggregator\",\"charges_details\":[{\"accounts\":{\"from\":\"collector\",\"to\":\"mp\"},\"amounts\":{\"original\":14.6,\"refunded\":0},\"client_id\":0,\"date_created\":\"2022-01-03T12:21:56.000-04:00\",\"id\":\"19255567516-001\",\"last_updated\":\"2022-01-03T12:21:56.000-04:00\",\"metadata\":{\"mov_detail\":\"tax_withholding\",\"mov_financial_entity\":\"buenos_aires\",\"mov_type\":\"expense\",\"tax_id\":63745910455,\"tax_status\":\"applied\",\"user_id\":1003174339},\"name\":\"tax_withholding-buenos_aires\",\"refund_charges\":[],\"reserve_id\":null,\"type\":\"tax\"},{\"accounts\":{\"from\":\"collector\",\"to\":\"mp\"},\"amounts\":{\"original\":43.8,\"refunded\":0},\"client_id\":0,\"date_created\":\"2022-01-03T12:21:56.000-04:00\",\"id\":\"19255567516-002\",\"last_updated\":\"2022-01-03T12:21:56.000-04:00\",\"metadata\":{\"mov_detail\":\"tax_withholding_collector\",\"mov_financial_entity\":\"debitos_creditos\",\"mov_type\":\"expense\",\"tax_id\":63745910456,\"tax_status\":\"applied\",\"user_id\":1003174339},\"name\":\"tax_withholding_collector-debitos_creditos\",\"refund_charges\":[],\"reserve_id\":null,\"type\":\"tax\"},{\"accounts\":{\"from\":\"collector\",\"to\":\"mp\"},\"amounts\":{\"original\":21.9,\"refunded\":0},\"client_id\":0,\"date_created\":\"2022-01-03T12:21:56.000-04:00\",\"id\":\"19255567516-003\",\"last_updated\":\"2022-01-03T12:21:56.000-04:00\",\"metadata\":{\"mov_detail\":\"tax_withholding_sirtac\",\"mov_financial_entity\":\"santiago_del_estero\",\"mov_type\":\"expense\",\"tax_id\":63745910457,\"tax_status\":\"applied\",\"user_id\":1003174339},\"name\":\"tax_withholding_sirtac-santiago_del_estero\",\"refund_charges\":[],\"reserve_id\":null,\"type\":\"tax\"},{\"accounts\":{\"from\":\"collector\",\"to\":\"mp\"},\"amounts\":{\"original\":109.5,\"refunded\":0},\"client_id\":0,\"date_created\":\"2022-01-03T12:21:56.000-04:00\",\"id\":\"19255567516-004\",\"last_updated\":\"2022-01-03T12:21:56.000-04:00\",\"metadata\":{\"mov_detail\":\"tax_withholding_sirtac_sobretasa\",\"mov_financial_entity\":\"santiago_del_estero\",\"mov_type\":\"expense\",\"tax_id\":63745910458,\"tax_status\":\"applied\",\"user_id\":1003174339},\"name\":\"tax_withholding_sirtac_sobretasa-santiago_del_estero\",\"refund_charges\":[],\"reserve_id\":null,\"type\":\"tax\"}],\"point_of_interaction\":{\"business_info\":{\"sub_unit\":\"checkout_pro\",\"unit\":\"online_payments\"},\"type\":\"UNSPECIFIED\"},\"acquirer_reference\":null,\"external_resource_url\":null,\"financial_institution\":null,\"installment_amount\":7300,\"net_received_amount\":0,\"overpaid_amount\":0,\"payable_deferral_period\":null,\"payment_method_reference_id\":\"982418632121416\",\"total_paid_amount\":7300,\"order_id\":\"3894541677\",\"merchant_order_id\":\"3894541677\"}', NULL, '3894541677', '19255567516', 'No Disponible', 'No Disponible', NULL, 'Visa', NULL, 7300, NULL, NULL, 'XZENOJZNI', 1641227043),
(50, 94, 699, 1, 'payment', '19255676171', 0, 4, 1642800646, 0, 0, '{\"id\":19255676171,\"operation_type\":\"regular_payment\",\"order\":{\"id\":\"3894578110\",\"type\":\"mercadopago\"},\"external_reference\":\"C-699\",\"status\":\"approved\",\"status_detail\":\"accredited\",\"date_created\":\"2022-01-03T12:26:23.103-04:00\",\"live_mode\":true,\"date_last_updated\":\"2022-01-03T12:26:24.580-04:00\",\"deduction_schema\":\"PROACTIVE_3\",\"date_approved\":\"2022-01-03T12:26:24.580-04:00\",\"money_release_date\":\"2022-01-21T12:26:24.580-04:00\",\"currency_id\":\"ARS\",\"transaction_amount\":7300,\"payer\":{\"operator_id\":null},\"collector_id\":1003174339,\"payment_method_id\":\"visa\",\"payment_type_id\":\"credit_card\",\"transaction_details\":{\"acquirer_reference\":null,\"external_resource_url\":null,\"financial_institution\":null,\"installment_amount\":7300,\"net_received_amount\":6810.9,\"overpaid_amount\":0,\"payable_deferral_period\":null,\"payment_method_reference_id\":null,\"total_paid_amount\":7300},\"fee_details\":[{\"amount\":299.3,\"fee_payer\":\"collector\",\"type\":\"mercadopago_fee\"}],\"authorization_code\":\"652401\",\"captured\":true,\"card\":[],\"statement_descriptor\":\"MERCADOPAGO*ARCAVISIONSA\",\"additional_info\":{\"authentication_code\":null,\"available_balance\":null,\"ip_address\":\"190.231.227.213\",\"items\":[{\"category_id\":null,\"description\":null,\"id\":\"C-699\",\"picture_url\":\"https:\\/\\/opticabrera.com.ar\\/img\\/optica-brera-logo-1592256886.jpg\",\"quantity\":\"1\",\"title\":\"Carrito No: 699 - Armaz\\u00f3n Cursed C3(1 U.)\",\"unit_price\":\"7300.0\"}],\"nsu_processadora\":null,\"payer\":{\"address\":{\"street_name\":\"castelli 161, 1er piso, ciudad santiago del estero, Consumidor final\",\"zip_code\":\"4200\"}},\"shipments\":{\"receiver_address\":{\"street_name\":\"castelli 161, 1er piso, ciudad santiago del estero, Consumidor final\",\"zip_code\":\"4200\"}}},\"installments\":1,\"description\":\"Carrito No: 699 - Armaz\\u00f3n Cursed C3(1 U.)\",\"notification_url\":\"https:\\/\\/opticabrera.com.ar\\/module\\/mptoolspro\\/redirect\",\"issuer_id\":\"5\",\"processing_mode\":\"aggregator\",\"charges_details\":[{\"accounts\":{\"from\":\"collector\",\"to\":\"mp\"},\"amounts\":{\"original\":14.6,\"refunded\":0},\"client_id\":0,\"date_created\":\"2022-01-03T12:26:23.000-04:00\",\"id\":\"19255676171-001\",\"last_updated\":\"2022-01-03T12:26:23.000-04:00\",\"metadata\":{\"mov_detail\":\"tax_withholding\",\"mov_financial_entity\":\"buenos_aires\",\"mov_type\":\"expense\",\"tax_id\":63745986213,\"tax_status\":\"applied\",\"user_id\":1003174339},\"name\":\"tax_withholding-buenos_aires\",\"refund_charges\":[],\"reserve_id\":null,\"type\":\"tax\"},{\"accounts\":{\"from\":\"collector\",\"to\":\"mp\"},\"amounts\":{\"original\":43.8,\"refunded\":0},\"client_id\":0,\"date_created\":\"2022-01-03T12:26:23.000-04:00\",\"id\":\"19255676171-002\",\"last_updated\":\"2022-01-03T12:26:23.000-04:00\",\"metadata\":{\"mov_detail\":\"tax_withholding_collector\",\"mov_financial_entity\":\"debitos_creditos\",\"mov_type\":\"expense\",\"tax_id\":63745986214,\"tax_status\":\"applied\",\"user_id\":1003174339},\"name\":\"tax_withholding_collector-debitos_creditos\",\"refund_charges\":[],\"reserve_id\":null,\"type\":\"tax\"},{\"accounts\":{\"from\":\"collector\",\"to\":\"mp\"},\"amounts\":{\"original\":21.9,\"refunded\":0},\"client_id\":0,\"date_created\":\"2022-01-03T12:26:23.000-04:00\",\"id\":\"19255676171-003\",\"last_updated\":\"2022-01-03T12:26:23.000-04:00\",\"metadata\":{\"mov_detail\":\"tax_withholding_sirtac\",\"mov_financial_entity\":\"santiago_del_estero\",\"mov_type\":\"expense\",\"tax_id\":63745986215,\"tax_status\":\"applied\",\"user_id\":1003174339},\"name\":\"tax_withholding_sirtac-santiago_del_estero\",\"refund_charges\":[],\"reserve_id\":null,\"type\":\"tax\"},{\"accounts\":{\"from\":\"collector\",\"to\":\"mp\"},\"amounts\":{\"original\":109.5,\"refunded\":0},\"client_id\":0,\"date_created\":\"2022-01-03T12:26:23.000-04:00\",\"id\":\"19255676171-004\",\"last_updated\":\"2022-01-03T12:26:23.000-04:00\",\"metadata\":{\"mov_detail\":\"tax_withholding_sirtac_sobretasa\",\"mov_financial_entity\":\"santiago_del_estero\",\"mov_type\":\"expense\",\"tax_id\":63745986216,\"tax_status\":\"applied\",\"user_id\":1003174339},\"name\":\"tax_withholding_sirtac_sobretasa-santiago_del_estero\",\"refund_charges\":[],\"reserve_id\":null,\"type\":\"tax\"}],\"point_of_interaction\":{\"business_info\":{\"sub_unit\":\"checkout_pro\",\"unit\":\"online_payments\"},\"type\":\"UNSPECIFIED\"},\"acquirer_reference\":null,\"external_resource_url\":null,\"financial_institution\":null,\"installment_amount\":7300,\"net_received_amount\":6810.9,\"overpaid_amount\":0,\"payable_deferral_period\":null,\"payment_method_reference_id\":null,\"total_paid_amount\":7300,\"order_id\":\"3894578110\",\"merchant_order_id\":\"3894578110\"}', NULL, '3894578110', '19255676171', 'No Disponible', 'No Disponible', NULL, 'Visa', NULL, 7300, 489.1, NULL, 'MBUFEKZQV', 1641227308),
(51, 96, 727, 1, 'payment', '19417480603', 0, 5, 1643398140, 0, 0, '{\"id\":19417480603,\"operation_type\":\"regular_payment\",\"order\":{\"id\":\"3937801255\",\"type\":\"mercadopago\"},\"external_reference\":\"C-727\",\"status\":\"approved\",\"status_detail\":\"accredited\",\"date_created\":\"2022-01-10T10:28:08.249-04:00\",\"live_mode\":true,\"date_last_updated\":\"2022-01-10T10:28:10.884-04:00\",\"deduction_schema\":\"PROACTIVE_3\",\"date_approved\":\"2022-01-10T10:28:10.884-04:00\",\"money_release_date\":\"2022-01-28T10:28:10.884-04:00\",\"currency_id\":\"ARS\",\"transaction_amount\":8000,\"payer\":{\"operator_id\":null},\"collector_id\":1003174339,\"payment_method_id\":\"debvisa\",\"payment_type_id\":\"debit_card\",\"transaction_details\":{\"acquirer_reference\":null,\"external_resource_url\":null,\"financial_institution\":null,\"installment_amount\":8000,\"net_received_amount\":7584,\"overpaid_amount\":0,\"payable_deferral_period\":null,\"payment_method_reference_id\":null,\"total_paid_amount\":8000},\"fee_details\":[{\"amount\":328,\"fee_payer\":\"collector\",\"type\":\"mercadopago_fee\"}],\"authorization_code\":\"356954\",\"captured\":true,\"card\":[],\"statement_descriptor\":\"MERCADOPAGO*ARCAVISIONSA\",\"additional_info\":{\"authentication_code\":null,\"available_balance\":null,\"ip_address\":\"170.51.85.37\",\"items\":[{\"category_id\":null,\"description\":null,\"id\":\"C-727\",\"picture_url\":\"https:\\/\\/opticabrera.com.ar\\/img\\/optica-brera-logo-1592256886.jpg\",\"quantity\":\"1\",\"title\":\"Carrito No: 727 - Gift Card $8000(1 U.)\",\"unit_price\":\"8000.0\"}],\"nsu_processadora\":null,\"payer\":{\"address\":{\"street_name\":\"Julio cortazar, 255\",\"zip_code\":\"5151\"}},\"shipments\":{\"receiver_address\":{\"street_name\":\"Julio cortazar, 255\",\"zip_code\":\"5151\"}}},\"installments\":1,\"description\":\"Carrito No: 727 - Gift Card $8000(1 U.)\",\"notification_url\":\"https:\\/\\/opticabrera.com.ar\\/module\\/mptoolspro\\/redirect\",\"issuer_id\":\"1\",\"processing_mode\":\"aggregator\",\"charges_details\":[{\"accounts\":{\"from\":\"collector\",\"to\":\"mp\"},\"amounts\":{\"original\":16,\"refunded\":0},\"client_id\":0,\"date_created\":\"2022-01-10T10:28:08.000-04:00\",\"id\":\"19417480603-001\",\"last_updated\":\"2022-01-10T10:28:08.000-04:00\",\"metadata\":{\"mov_detail\":\"tax_withholding\",\"mov_financial_entity\":\"buenos_aires\",\"mov_type\":\"expense\",\"tax_id\":63834911183,\"tax_status\":\"applied\",\"user_id\":1003174339},\"name\":\"tax_withholding-buenos_aires\",\"refund_charges\":[],\"reserve_id\":null,\"type\":\"tax\"},{\"accounts\":{\"from\":\"collector\",\"to\":\"mp\"},\"amounts\":{\"original\":48,\"refunded\":0},\"client_id\":0,\"date_created\":\"2022-01-10T10:28:08.000-04:00\",\"id\":\"19417480603-002\",\"last_updated\":\"2022-01-10T10:28:08.000-04:00\",\"metadata\":{\"mov_detail\":\"tax_withholding_collector\",\"mov_financial_entity\":\"debitos_creditos\",\"mov_type\":\"expense\",\"tax_id\":63834911184,\"tax_status\":\"applied\",\"user_id\":1003174339},\"name\":\"tax_withholding_collector-debitos_creditos\",\"refund_charges\":[],\"reserve_id\":null,\"type\":\"tax\"},{\"accounts\":{\"from\":\"collector\",\"to\":\"mp\"},\"amounts\":{\"original\":24,\"refunded\":0},\"client_id\":0,\"date_created\":\"2022-01-10T10:28:08.000-04:00\",\"id\":\"19417480603-003\",\"last_updated\":\"2022-01-10T10:28:08.000-04:00\",\"metadata\":{\"mov_detail\":\"tax_withholding_sirtac\",\"mov_financial_entity\":\"cordoba\",\"mov_type\":\"expense\",\"tax_id\":63834911185,\"tax_status\":\"applied\",\"user_id\":1003174339},\"name\":\"tax_withholding_sirtac-cordoba\",\"refund_charges\":[],\"reserve_id\":null,\"type\":\"tax\"}],\"point_of_interaction\":{\"business_info\":{\"sub_unit\":\"checkout_pro\",\"unit\":\"online_payments\"},\"type\":\"UNSPECIFIED\"},\"acquirer_reference\":null,\"external_resource_url\":null,\"financial_institution\":null,\"installment_amount\":8000,\"net_received_amount\":7584,\"overpaid_amount\":0,\"payable_deferral_period\":null,\"payment_method_reference_id\":null,\"total_paid_amount\":8000,\"order_id\":\"3937801255\",\"merchant_order_id\":\"3937801255\"}', NULL, '3937801255', '19417480603', 'No Disponible', 'No Disponible', NULL, 'Debvisa', NULL, 8000, 416, NULL, 'FOWWKBIBL', 1641825014),
(52, 97, 730, 1, 'payment', '19443167426', 0, 5, 1643487616, 0, 0, '{\"id\":19443167426,\"operation_type\":\"regular_payment\",\"order\":{\"id\":\"3945303024\",\"type\":\"mercadopago\"},\"external_reference\":\"C-730\",\"status\":\"approved\",\"status_detail\":\"accredited\",\"date_created\":\"2022-01-11T11:15:24.203-04:00\",\"live_mode\":true,\"date_last_updated\":\"2022-01-11T11:15:26.859-04:00\",\"deduction_schema\":\"PROACTIVE_3\",\"date_approved\":\"2022-01-11T11:15:26.859-04:00\",\"money_release_date\":\"2022-01-29T11:15:26.859-04:00\",\"currency_id\":\"ARS\",\"transaction_amount\":5900,\"payer\":{\"operator_id\":null},\"collector_id\":1003174339,\"payment_method_id\":\"debvisa\",\"payment_type_id\":\"debit_card\",\"transaction_details\":{\"acquirer_reference\":null,\"external_resource_url\":null,\"financial_institution\":null,\"installment_amount\":5900,\"net_received_amount\":5593.2,\"overpaid_amount\":0,\"payable_deferral_period\":null,\"payment_method_reference_id\":null,\"total_paid_amount\":5900},\"fee_details\":[{\"amount\":241.9,\"fee_payer\":\"collector\",\"type\":\"mercadopago_fee\"}],\"authorization_code\":\"122943\",\"captured\":true,\"card\":[],\"statement_descriptor\":\"MERCADOPAGO*ARCAVISIONSA\",\"additional_info\":{\"authentication_code\":null,\"available_balance\":null,\"ip_address\":\"186.141.200.54\",\"items\":[{\"category_id\":null,\"description\":null,\"id\":\"C-730\",\"picture_url\":\"https:\\/\\/opticabrera.com.ar\\/img\\/optica-brera-logo-1592256886.jpg\",\"quantity\":\"1\",\"title\":\"Carrito No: 730 - Armaz\\u00f3n Kabu Goldenrod Aq31 Lt(1 U.)\",\"unit_price\":\"5900.0\"}],\"nsu_processadora\":null,\"payer\":{\"address\":{\"street_name\":\"Mar del plata  cordoba 1508 6to A\",\"zip_code\":\"1894\"}},\"shipments\":{\"receiver_address\":{\"street_name\":\"Mar del plata  cordoba 1508 6to A\",\"zip_code\":\"1894\"}}},\"installments\":1,\"description\":\"Carrito No: 730 - Armaz\\u00f3n Kabu Goldenrod Aq31 Lt(1 U.)\",\"notification_url\":\"https:\\/\\/opticabrera.com.ar\\/module\\/mptoolspro\\/redirect\",\"issuer_id\":\"1\",\"processing_mode\":\"aggregator\",\"charges_details\":[{\"accounts\":{\"from\":\"collector\",\"to\":\"mp\"},\"amounts\":{\"original\":11.8,\"refunded\":0},\"client_id\":0,\"date_created\":\"2022-01-11T11:15:24.000-04:00\",\"id\":\"19443167426-001\",\"last_updated\":\"2022-01-11T11:15:24.000-04:00\",\"metadata\":{\"mov_detail\":\"tax_withholding\",\"mov_financial_entity\":\"buenos_aires\",\"mov_type\":\"expense\",\"tax_id\":63849500304,\"tax_status\":\"applied\",\"user_id\":1003174339},\"name\":\"tax_withholding-buenos_aires\",\"refund_charges\":[],\"reserve_id\":null,\"type\":\"tax\"},{\"accounts\":{\"from\":\"collector\",\"to\":\"mp\"},\"amounts\":{\"original\":35.4,\"refunded\":0},\"client_id\":0,\"date_created\":\"2022-01-11T11:15:24.000-04:00\",\"id\":\"19443167426-002\",\"last_updated\":\"2022-01-11T11:15:24.000-04:00\",\"metadata\":{\"mov_detail\":\"tax_withholding_collector\",\"mov_financial_entity\":\"debitos_creditos\",\"mov_type\":\"expense\",\"tax_id\":63849500305,\"tax_status\":\"applied\",\"user_id\":1003174339},\"name\":\"tax_withholding_collector-debitos_creditos\",\"refund_charges\":[],\"reserve_id\":null,\"type\":\"tax\"},{\"accounts\":{\"from\":\"collector\",\"to\":\"mp\"},\"amounts\":{\"original\":17.7,\"refunded\":0},\"client_id\":0,\"date_created\":\"2022-01-11T11:15:24.000-04:00\",\"id\":\"19443167426-003\",\"last_updated\":\"2022-01-11T11:15:24.000-04:00\",\"metadata\":{\"mov_detail\":\"tax_withholding_sirtac\",\"mov_financial_entity\":\"buenos_aires\",\"mov_type\":\"expense\",\"tax_id\":63849500306,\"tax_status\":\"applied\",\"user_id\":1003174339},\"name\":\"tax_withholding_sirtac-buenos_aires\",\"refund_charges\":[],\"reserve_id\":null,\"type\":\"tax\"}],\"point_of_interaction\":{\"business_info\":{\"sub_unit\":\"checkout_pro\",\"unit\":\"online_payments\"},\"type\":\"UNSPECIFIED\"},\"acquirer_reference\":null,\"external_resource_url\":null,\"financial_institution\":null,\"installment_amount\":5900,\"net_received_amount\":5593.2,\"overpaid_amount\":0,\"payable_deferral_period\":null,\"payment_method_reference_id\":null,\"total_paid_amount\":5900,\"order_id\":\"3945303024\",\"merchant_order_id\":\"3945303024\"}', NULL, '3945303024', '19443167426', 'No Disponible', 'No Disponible', NULL, 'Debvisa', NULL, 5900, 306.8, NULL, 'DCLBQWGHD', 1641914249),
(53, 98, 737, 1, 'payment', '19589718051', 0, 5, 1644083744, 0, 0, '{\"id\":19589718051,\"operation_type\":\"regular_payment\",\"order\":{\"id\":\"3985733423\",\"type\":\"mercadopago\"},\"external_reference\":\"C-737\",\"status\":\"approved\",\"status_detail\":\"accredited\",\"date_created\":\"2022-01-18T08:53:03.461-04:00\",\"live_mode\":true,\"date_last_updated\":\"2022-01-18T08:53:06.112-04:00\",\"deduction_schema\":\"PROACTIVE_3\",\"date_approved\":\"2022-01-18T08:53:06.112-04:00\",\"money_release_date\":\"2022-02-05T08:53:06.112-04:00\",\"currency_id\":\"ARS\",\"transaction_amount\":10800,\"payer\":{\"operator_id\":null},\"collector_id\":1003174339,\"payment_method_id\":\"debvisa\",\"payment_type_id\":\"debit_card\",\"transaction_details\":{\"acquirer_reference\":null,\"external_resource_url\":null,\"financial_institution\":null,\"installment_amount\":10800,\"net_received_amount\":10238.4,\"overpaid_amount\":0,\"payable_deferral_period\":null,\"payment_method_reference_id\":null,\"total_paid_amount\":10800},\"fee_details\":[{\"amount\":442.8,\"fee_payer\":\"collector\",\"type\":\"mercadopago_fee\"}],\"authorization_code\":\"070401\",\"captured\":true,\"card\":[],\"statement_descriptor\":\"MERCADOPAGO*ARCAVISIONSA\",\"additional_info\":{\"authentication_code\":null,\"available_balance\":null,\"ip_address\":\"186.183.3.185\",\"items\":[{\"category_id\":null,\"description\":null,\"id\":\"C-737\",\"picture_url\":\"https:\\/\\/opticabrera.com.ar\\/img\\/optica-brera-logo-1592256886.jpg\",\"quantity\":\"1\",\"title\":\"Carrito No: 737 - Lentes de sol TIFFANY (TIS 3291 - 2)(1 U.)\",\"unit_price\":\"10800.0\"}],\"nsu_processadora\":null,\"payer\":{\"address\":{\"street_name\":\"Enrique D\\u00edaz S\\u00e1enz Valiente, 1026\",\"zip_code\":\"1804\"}},\"shipments\":{\"receiver_address\":{\"street_name\":\"Enrique D\\u00edaz S\\u00e1enz Valiente, 1026\",\"zip_code\":\"1804\"}}},\"installments\":1,\"description\":\"Carrito No: 737 - Lentes de sol TIFFANY (TIS 3291 - 2)(1 U.)\",\"notification_url\":\"https:\\/\\/opticabrera.com.ar\\/module\\/mptoolspro\\/redirect\",\"issuer_id\":\"1\",\"processing_mode\":\"aggregator\",\"charges_details\":[{\"accounts\":{\"from\":\"collector\",\"to\":\"mp\"},\"amounts\":{\"original\":21.6,\"refunded\":0},\"client_id\":0,\"date_created\":\"2022-01-18T08:53:03.000-04:00\",\"id\":\"19589718051-001\",\"last_updated\":\"2022-01-18T08:53:03.000-04:00\",\"metadata\":{\"mov_detail\":\"tax_withholding\",\"mov_financial_entity\":\"buenos_aires\",\"mov_type\":\"expense\",\"tax_id\":63932055882,\"tax_status\":\"applied\",\"user_id\":1003174339},\"name\":\"tax_withholding-buenos_aires\",\"refund_charges\":[],\"reserve_id\":null,\"type\":\"tax\"},{\"accounts\":{\"from\":\"collector\",\"to\":\"mp\"},\"amounts\":{\"original\":64.8,\"refunded\":0},\"client_id\":0,\"date_created\":\"2022-01-18T08:53:03.000-04:00\",\"id\":\"19589718051-002\",\"last_updated\":\"2022-01-18T08:53:03.000-04:00\",\"metadata\":{\"mov_detail\":\"tax_withholding_collector\",\"mov_financial_entity\":\"debitos_creditos\",\"mov_type\":\"expense\",\"tax_id\":63932055883,\"tax_status\":\"applied\",\"user_id\":1003174339},\"name\":\"tax_withholding_collector-debitos_creditos\",\"refund_charges\":[],\"reserve_id\":null,\"type\":\"tax\"},{\"accounts\":{\"from\":\"collector\",\"to\":\"mp\"},\"amounts\":{\"original\":32.4,\"refunded\":0},\"client_id\":0,\"date_created\":\"2022-01-18T08:53:03.000-04:00\",\"id\":\"19589718051-003\",\"last_updated\":\"2022-01-18T08:53:03.000-04:00\",\"metadata\":{\"mov_detail\":\"tax_withholding_sirtac\",\"mov_financial_entity\":\"buenos_aires\",\"mov_type\":\"expense\",\"tax_id\":63932055884,\"tax_status\":\"applied\",\"user_id\":1003174339},\"name\":\"tax_withholding_sirtac-buenos_aires\",\"refund_charges\":[],\"reserve_id\":null,\"type\":\"tax\"}],\"point_of_interaction\":{\"business_info\":{\"sub_unit\":\"checkout_pro\",\"unit\":\"online_payments\"},\"type\":\"UNSPECIFIED\"},\"acquirer_reference\":null,\"external_resource_url\":null,\"financial_institution\":null,\"installment_amount\":10800,\"net_received_amount\":10238.4,\"overpaid_amount\":0,\"payable_deferral_period\":null,\"payment_method_reference_id\":null,\"total_paid_amount\":10800,\"order_id\":\"3985733423\",\"merchant_order_id\":\"3985733423\"}', NULL, '3985733423', '19589718051', 'No Disponible', 'No Disponible', NULL, 'Debvisa', NULL, 10800, 561.6, NULL, 'ACRBJTGFS', 1642510508),
(54, 99, 743, 1, 'payment', '19655723762', 0, 6, 1643446555, 0, 0, '{\"id\":19655723762,\"operation_type\":\"regular_payment\",\"order\":{\"id\":\"4003796050\",\"type\":\"mercadopago\"},\"external_reference\":\"C-743\",\"status\":\"pending\",\"status_detail\":\"pending_waiting_payment\",\"date_created\":\"2022-01-21T09:10:12.981-04:00\",\"live_mode\":true,\"date_last_updated\":\"2022-01-21T09:10:12.981-04:00\",\"date_of_expiration\":\"2022-01-28T22:59:59.000-04:00\",\"deduction_schema\":\"PROACTIVE_3\",\"currency_id\":\"ARS\",\"transaction_amount\":3990,\"payer\":{\"operator_id\":null},\"collector_id\":1003174339,\"payment_method_id\":\"pagofacil\",\"payment_type_id\":\"ticket\",\"transaction_details\":{\"acquirer_reference\":null,\"external_resource_url\":\"https:\\/\\/www.mercadopago.com.ar\\/payments\\/19655723762\\/ticket?caller_id=1009436433&payment_method_id=pagofacil&payment_id=19655723762&payment_method_reference_id=9911062993&hash=80a9f5ca-760c-4b34-946a-9d74ccc81ddc\",\"financial_institution\":\"\",\"installment_amount\":0,\"net_received_amount\":0,\"overpaid_amount\":0,\"payable_deferral_period\":null,\"payment_method_reference_id\":\"9911062993\",\"total_paid_amount\":3990,\"verification_code\":\"9911062993\"},\"captured\":true,\"card\":[],\"additional_info\":{\"authentication_code\":null,\"available_balance\":null,\"ip_address\":\"181.23.251.52\",\"items\":[{\"category_id\":null,\"description\":null,\"id\":\"C-743\",\"picture_url\":\"https:\\/\\/opticabrera.com.ar\\/img\\/optica-brera-logo-1592256886.jpg\",\"quantity\":\"1\",\"title\":\"Carrito No: 743 - Lentes de Contacto FRESHLOOK COLORBLENDS Color Marr\\u00f3n(1 U.)\",\"unit_price\":\"3990.0\"}],\"nsu_processadora\":null,\"payer\":{\"address\":{\"street_name\":\"french 2868\",\"zip_code\":\"1425\"}},\"shipments\":{\"receiver_address\":{\"street_name\":\"french 2868\",\"zip_code\":\"1425\"}}},\"installments\":1,\"description\":\"Carrito No: 743 - Lentes de Contacto FRESHLOOK COLORBLENDS Color Marr\\u00f3n(1 U.)\",\"notification_url\":\"https:\\/\\/opticabrera.com.ar\\/module\\/mptoolspro\\/redirect\",\"processing_mode\":\"aggregator\",\"barcode\":{\"content\":\"3335008800000000009911062993100399000220210764\",\"height\":30,\"type\":\"Code128C\",\"width\":1},\"charges_details\":[{\"accounts\":{\"from\":\"collector\",\"to\":\"mp\"},\"amounts\":{\"original\":7.98,\"refunded\":0},\"client_id\":0,\"date_created\":\"2022-01-21T09:10:13.000-04:00\",\"id\":\"19655723762-001\",\"last_updated\":\"2022-01-21T09:10:13.000-04:00\",\"metadata\":{\"mov_detail\":\"tax_withholding\",\"mov_financial_entity\":\"buenos_aires\",\"mov_type\":\"expense\",\"tax_id\":63969430747,\"tax_status\":\"applied\",\"user_id\":1003174339},\"name\":\"tax_withholding-buenos_aires\",\"refund_charges\":[],\"reserve_id\":null,\"type\":\"tax\"},{\"accounts\":{\"from\":\"collector\",\"to\":\"mp\"},\"amounts\":{\"original\":79.8,\"refunded\":0},\"client_id\":0,\"date_created\":\"2022-01-21T09:10:13.000-04:00\",\"id\":\"19655723762-002\",\"last_updated\":\"2022-01-21T09:10:13.000-04:00\",\"metadata\":{\"mov_detail\":\"tax_withholding\",\"mov_financial_entity\":\"caba\",\"mov_type\":\"expense\",\"tax_id\":63969430748,\"tax_status\":\"applied\",\"user_id\":1003174339},\"name\":\"tax_withholding-caba\",\"refund_charges\":[],\"reserve_id\":null,\"type\":\"tax\"},{\"accounts\":{\"from\":\"collector\",\"to\":\"mp\"},\"amounts\":{\"original\":23.94,\"refunded\":0},\"client_id\":0,\"date_created\":\"2022-01-21T09:10:13.000-04:00\",\"id\":\"19655723762-003\",\"last_updated\":\"2022-01-21T09:10:13.000-04:00\",\"metadata\":{\"mov_detail\":\"tax_withholding_collector\",\"mov_financial_entity\":\"debitos_creditos\",\"mov_type\":\"expense\",\"tax_id\":63969430749,\"tax_status\":\"applied\",\"user_id\":1003174339},\"name\":\"tax_withholding_collector-debitos_creditos\",\"refund_charges\":[],\"reserve_id\":null,\"type\":\"tax\"},{\"accounts\":{\"from\":\"collector\",\"to\":\"mp\"},\"amounts\":{\"original\":11.97,\"refunded\":0},\"client_id\":0,\"date_created\":\"2022-01-21T09:10:13.000-04:00\",\"id\":\"19655723762-004\",\"last_updated\":\"2022-01-21T09:10:13.000-04:00\",\"metadata\":{\"mov_detail\":\"tax_withholding_sirtac\",\"mov_financial_entity\":\"caba\",\"mov_type\":\"expense\",\"tax_id\":63969430750,\"tax_status\":\"applied\",\"user_id\":1003174339},\"name\":\"tax_withholding_sirtac-caba\",\"refund_charges\":[],\"reserve_id\":null,\"type\":\"tax\"}],\"point_of_interaction\":{\"business_info\":{\"sub_unit\":\"checkout_pro\",\"unit\":\"online_payments\"},\"type\":\"UNSPECIFIED\"},\"acquirer_reference\":null,\"external_resource_url\":\"https:\\/\\/www.mercadopago.com.ar\\/payments\\/19655723762\\/ticket?caller_id=1009436433&payment_method_id=pagofacil&payment_id=19655723762&payment_method_reference_id=9911062993&hash=80a9f5ca-760c-4b34-946a-9d74ccc81ddc\",\"financial_institution\":\"\",\"installment_amount\":0,\"net_received_amount\":0,\"overpaid_amount\":0,\"payable_deferral_period\":null,\"payment_method_reference_id\":\"9911062993\",\"total_paid_amount\":3990,\"verification_code\":\"9911062993\",\"order_id\":\"4003796050\",\"merchant_order_id\":\"4003796050\"}', NULL, '4003796050', '19655723762', 'No Disponible', 'No Disponible', NULL, 'Pagofacil', NULL, 3990, NULL, NULL, 'RQITTWZWD', 1642770736),
(55, 102, 771, 1, 'payment', '20215506307', 0, 5, 1646509356, 0, 0, '{\"id\":20215506307,\"operation_type\":\"regular_payment\",\"order\":{\"id\":\"4158634781\",\"type\":\"mercadopago\"},\"external_reference\":\"C-771\",\"status\":\"approved\",\"status_detail\":\"accredited\",\"date_created\":\"2022-02-15T10:37:50.711-04:00\",\"live_mode\":true,\"date_last_updated\":\"2022-02-15T10:37:52.327-04:00\",\"deduction_schema\":\"PROACTIVE_3\",\"date_approved\":\"2022-02-15T10:37:52.327-04:00\",\"money_release_date\":\"2022-03-05T10:37:52.327-04:00\",\"currency_id\":\"ARS\",\"transaction_amount\":12600,\"payer\":{\"operator_id\":null},\"collector_id\":1003174339,\"payment_method_id\":\"visa\",\"payment_type_id\":\"credit_card\",\"transaction_details\":{\"acquirer_reference\":null,\"external_resource_url\":null,\"financial_institution\":null,\"installment_amount\":12600,\"net_received_amount\":11944.8,\"overpaid_amount\":0,\"payable_deferral_period\":null,\"payment_method_reference_id\":null,\"total_paid_amount\":12600},\"fee_details\":[{\"amount\":516.6,\"fee_payer\":\"collector\",\"type\":\"mercadopago_fee\"}],\"authorization_code\":\"001816\",\"captured\":true,\"card\":[],\"statement_descriptor\":\"MERCPAGO*ARCAVISIONSA\",\"additional_info\":{\"authentication_code\":null,\"available_balance\":null,\"ip_address\":\"186.158.42.79\",\"items\":[{\"category_id\":null,\"description\":null,\"id\":\"C-771\",\"picture_url\":\"https:\\/\\/opticabrera.com.ar\\/img\\/optica-brera-logo-1592256886.jpg\",\"quantity\":\"1\",\"title\":\"Carrito No: 771 - PACK de 4 Cajas de Lentes de Contacto ACUVUE\\u00ae OASYS\\u00ae CON HYDRACLEAR\\u00ae PLUS(1 U.), F\\u00f3rmula : Difere |HAY MAS|\",\"unit_price\":\"12600.0\"}],\"nsu_processadora\":null,\"payer\":{\"address\":{\"street_name\":\"Valentin Vergara 873, 9C\",\"zip_code\":\"1638\"}},\"shipments\":{\"receiver_address\":{\"street_name\":\"Valentin Vergara 873, 9C\",\"zip_code\":\"1638\"}}},\"installments\":1,\"description\":\"Carrito No: 771 - PACK de 4 Cajas de Lentes de Contacto ACUVUE\\u00ae OASYS\\u00ae CON HYDRACLEAR\\u00ae PLUS(1 U.), F\\u00f3rmula : Difere |HAY MAS|\",\"notification_url\":\"https:\\/\\/opticabrera.com.ar\\/module\\/mptoolspro\\/redirect\",\"issuer_id\":\"338\",\"processing_mode\":\"aggregator\",\"charges_details\":[{\"accounts\":{\"from\":\"collector\",\"to\":\"mp\"},\"amounts\":{\"original\":25.2,\"refunded\":0},\"client_id\":0,\"date_created\":\"2022-02-15T10:37:51.000-04:00\",\"id\":\"20215506307-001\",\"last_updated\":\"2022-02-15T10:37:51.000-04:00\",\"metadata\":{\"mov_detail\":\"tax_withholding\",\"mov_financial_entity\":\"buenos_aires\",\"mov_type\":\"expense\",\"tax_id\":64291965937,\"tax_status\":\"applied\",\"user_id\":1003174339},\"name\":\"tax_withholding-buenos_aires\",\"refund_charges\":[],\"reserve_id\":null,\"type\":\"tax\"},{\"accounts\":{\"from\":\"collector\",\"to\":\"mp\"},\"amounts\":{\"original\":75.6,\"refunded\":0},\"client_id\":0,\"date_created\":\"2022-02-15T10:37:51.000-04:00\",\"id\":\"20215506307-002\",\"last_updated\":\"2022-02-15T10:37:51.000-04:00\",\"metadata\":{\"mov_detail\":\"tax_withholding_collector\",\"mov_financial_entity\":\"debitos_creditos\",\"mov_type\":\"expense\",\"tax_id\":64291965938,\"tax_status\":\"applied\",\"user_id\":1003174339},\"name\":\"tax_withholding_collector-debitos_creditos\",\"refund_charges\":[],\"reserve_id\":null,\"type\":\"tax\"},{\"accounts\":{\"from\":\"collector\",\"to\":\"mp\"},\"amounts\":{\"original\":37.8,\"refunded\":0},\"client_id\":0,\"date_created\":\"2022-02-15T10:37:51.000-04:00\",\"id\":\"20215506307-003\",\"last_updated\":\"2022-02-15T10:37:51.000-04:00\",\"metadata\":{\"mov_detail\":\"tax_withholding_sirtac\",\"mov_financial_entity\":\"buenos_aires\",\"mov_type\":\"expense\",\"tax_id\":64291965939,\"tax_status\":\"applied\",\"user_id\":1003174339},\"name\":\"tax_withholding_sirtac-buenos_aires\",\"refund_charges\":[],\"reserve_id\":null,\"type\":\"tax\"}],\"point_of_interaction\":{\"business_info\":{\"sub_unit\":\"checkout_pro\",\"unit\":\"online_payments\"},\"type\":\"UNSPECIFIED\"},\"acquirer_reference\":null,\"external_resource_url\":null,\"financial_institution\":null,\"installment_amount\":12600,\"net_received_amount\":11944.8,\"overpaid_amount\":0,\"payable_deferral_period\":null,\"payment_method_reference_id\":null,\"total_paid_amount\":12600,\"order_id\":\"4158634781\",\"merchant_order_id\":\"4158634781\"}', NULL, '4158634781', '20215506307', 'No Disponible', 'No Disponible', NULL, 'Visa', NULL, 12600, 655.2, NULL, 'KOJVKSFZJ', 1644935995),
(56, 103, 780, 1, 'payment', '20353475815', 0, 5, 1647029351, 0, 0, '{\"id\":20353475815,\"operation_type\":\"regular_payment\",\"order\":{\"id\":\"4195857506\",\"type\":\"mercadopago\"},\"external_reference\":\"C-780\",\"status\":\"approved\",\"status_detail\":\"accredited\",\"date_created\":\"2022-02-21T11:01:24.000-04:00\",\"live_mode\":true,\"date_last_updated\":\"2022-02-21T11:01:25.000-04:00\",\"deduction_schema\":\"PROACTIVE_3\",\"date_approved\":\"2022-02-21T11:01:25.000-04:00\",\"money_release_date\":\"2022-03-11T11:01:25.000-04:00\",\"currency_id\":\"ARS\",\"transaction_amount\":12600,\"payer\":{\"operator_id\":null},\"collector_id\":1003174339,\"payment_method_id\":\"account_money\",\"payment_type_id\":\"account_money\",\"transaction_details\":{\"acquirer_reference\":null,\"external_resource_url\":null,\"financial_institution\":null,\"installment_amount\":0,\"net_received_amount\":11944.8,\"overpaid_amount\":0,\"payable_deferral_period\":null,\"payment_method_reference_id\":null,\"total_paid_amount\":12600},\"fee_details\":[{\"amount\":516.6,\"fee_payer\":\"collector\",\"type\":\"mercadopago_fee\"}],\"captured\":true,\"card\":[],\"additional_info\":{\"authentication_code\":null,\"available_balance\":null,\"ip_address\":\"1************0\",\"items\":[{\"category_id\":null,\"description\":null,\"id\":\"C-780\",\"picture_url\":\"https:\\/\\/opticabrera.com.ar\\/img\\/optica-brera-logo-1592256886.jpg\",\"quantity\":\"1\",\"title\":\"Carrito No: 780 - PACK de 4 Cajas de Lentes de Contacto ACUVUE\\u00ae OASYS\\u00ae CON HYDRACLEAR\\u00ae PLUS(1 U.), F\\u00f3rmula : Difere |HAY MAS|\",\"unit_price\":\"12600.0\"}],\"nsu_processadora\":null,\"payer\":{\"address\":{\"street_name\":\"R*o N***o 4*6\",\"zip_code\":\"6**0\"}},\"shipments\":{\"receiver_address\":{\"street_name\":\"R*o N***o 4*6\",\"zip_code\":\"6**0\"}}},\"installments\":1,\"description\":\"Carrito No: 780 - PACK de 4 Cajas de Lentes de Contacto ACUVUE\\u00ae OASYS\\u00ae CON HYDRACLEAR\\u00ae PLUS(1 U.), F\\u00f3rmula : Difere |HAY MAS|\",\"notification_url\":\"https:\\/\\/opticabrera.com.ar\\/module\\/mptoolspro\\/redirect\",\"processing_mode\":\"aggregator\",\"charges_details\":[{\"accounts\":{\"from\":\"collector\",\"to\":\"mp\"},\"amounts\":{\"original\":25.2,\"refunded\":0},\"client_id\":0,\"date_created\":\"2022-02-21T11:01:25.000-04:00\",\"id\":\"20353475815-001\",\"last_updated\":\"2022-02-21T11:01:25.000-04:00\",\"metadata\":{\"mov_detail\":\"tax_withholding\",\"mov_financial_entity\":\"buenos_aires\",\"mov_type\":\"expense\",\"tax_id\":64368192490,\"tax_status\":\"applied\",\"user_id\":1003174339},\"name\":\"tax_withholding-buenos_aires\",\"refund_charges\":[],\"reserve_id\":null,\"type\":\"tax\"},{\"accounts\":{\"from\":\"collector\",\"to\":\"mp\"},\"amounts\":{\"original\":75.6,\"refunded\":0},\"client_id\":0,\"date_created\":\"2022-02-21T11:01:25.000-04:00\",\"id\":\"20353475815-002\",\"last_updated\":\"2022-02-21T11:01:25.000-04:00\",\"metadata\":{\"mov_detail\":\"tax_withholding_collector\",\"mov_financial_entity\":\"debitos_creditos\",\"mov_type\":\"expense\",\"tax_id\":64368192491,\"tax_status\":\"applied\",\"user_id\":1003174339},\"name\":\"tax_withholding_collector-debitos_creditos\",\"refund_charges\":[],\"reserve_id\":null,\"type\":\"tax\"},{\"accounts\":{\"from\":\"collector\",\"to\":\"mp\"},\"amounts\":{\"original\":37.8,\"refunded\":0},\"client_id\":0,\"date_created\":\"2022-02-21T11:01:25.000-04:00\",\"id\":\"20353475815-003\",\"last_updated\":\"2022-02-21T11:01:25.000-04:00\",\"metadata\":{\"mov_detail\":\"tax_withholding_sirtac\",\"mov_financial_entity\":\"la_pampa\",\"mov_type\":\"expense\",\"tax_id\":64368192492,\"tax_status\":\"applied\",\"user_id\":1003174339},\"name\":\"tax_withholding_sirtac-la_pampa\",\"refund_charges\":[],\"reserve_id\":null,\"type\":\"tax\"}],\"point_of_interaction\":{\"business_info\":{\"sub_unit\":\"checkout_pro\",\"unit\":\"online_payments\"},\"type\":\"UNSPECIFIED\"},\"acquirer_reference\":null,\"external_resource_url\":null,\"financial_institution\":null,\"installment_amount\":0,\"net_received_amount\":11944.8,\"overpaid_amount\":0,\"payable_deferral_period\":null,\"payment_method_reference_id\":null,\"total_paid_amount\":12600,\"order_id\":\"4195857506\",\"merchant_order_id\":\"4195857506\"}', NULL, '4195857506', '20353475815', 'No Disponible', 'No Disponible', NULL, 'Account_money', NULL, 12600, 655.2, NULL, 'UKEXQRHWQ', 1645455808),
(57, 104, 781, 1, 'payment', '20437378061', 0, 5, 1647322690, 0, 0, '{\"id\":20437378061,\"operation_type\":\"regular_payment\",\"order\":{\"id\":\"4218433421\",\"type\":\"mercadopago\"},\"external_reference\":\"C-781\",\"status\":\"approved\",\"status_detail\":\"accredited\",\"date_created\":\"2022-02-24T20:32:39.000-04:00\",\"live_mode\":true,\"date_last_updated\":\"2022-02-24T20:32:43.000-04:00\",\"deduction_schema\":\"PROACTIVE_3\",\"date_approved\":\"2022-02-24T20:32:43.000-04:00\",\"money_release_date\":\"2022-03-14T20:32:43.000-04:00\",\"currency_id\":\"ARS\",\"transaction_amount\":6600,\"payer\":{\"operator_id\":null},\"collector_id\":1003174339,\"payment_method_id\":\"master\",\"payment_type_id\":\"credit_card\",\"transaction_details\":{\"acquirer_reference\":null,\"external_resource_url\":null,\"financial_institution\":null,\"installment_amount\":6600,\"net_received_amount\":6256.8,\"overpaid_amount\":0,\"payable_deferral_period\":null,\"payment_method_reference_id\":null,\"total_paid_amount\":6600},\"fee_details\":[{\"amount\":270.6,\"fee_payer\":\"collector\",\"type\":\"mercadopago_fee\"}],\"authorization_code\":\"239353\",\"captured\":true,\"card\":[],\"statement_descriptor\":\"MERCPAGO*ARCAVISIONSA\",\"additional_info\":{\"authentication_code\":null,\"available_balance\":null,\"ip_address\":\"191.83.136.126\",\"items\":[{\"category_id\":null,\"description\":null,\"id\":\"C-781\",\"picture_url\":\"https:\\/\\/opticabrera.com.ar\\/img\\/optica-brera-logo-1592256886.jpg\",\"quantity\":\"1\",\"title\":\"Carrito No: 781 - Armaz\\u00f3n EMBO (EMR 1081 - 3)(1 U.)\",\"unit_price\":\"6600.0\"}],\"nsu_processadora\":null,\"payer\":{\"address\":{\"street_name\":\"Jose Maria Videla 1732\",\"zip_code\":\"5539\"}},\"shipments\":{\"receiver_address\":{\"street_name\":\"Jose Maria Videla 1732\",\"zip_code\":\"5539\"}}},\"installments\":1,\"description\":\"Carrito No: 781 - Armaz\\u00f3n EMBO (EMR 1081 - 3)(1 U.)\",\"notification_url\":\"https:\\/\\/opticabrera.com.ar\\/module\\/mptoolspro\\/redirect\",\"issuer_id\":\"12468\",\"processing_mode\":\"aggregator\",\"charges_details\":[{\"accounts\":{\"from\":\"collector\",\"to\":\"mp\"},\"amounts\":{\"original\":13.2,\"refunded\":0},\"client_id\":0,\"date_created\":\"2022-02-24T20:32:39.000-04:00\",\"id\":\"20437378061-001\",\"last_updated\":\"2022-02-24T20:32:39.000-04:00\",\"metadata\":{\"mov_detail\":\"tax_withholding\",\"mov_financial_entity\":\"buenos_aires\",\"mov_type\":\"expense\",\"tax_id\":64414185927,\"tax_status\":\"applied\",\"user_id\":1003174339},\"name\":\"tax_withholding-buenos_aires\",\"refund_charges\":[],\"reserve_id\":null,\"type\":\"tax\"},{\"accounts\":{\"from\":\"collector\",\"to\":\"mp\"},\"amounts\":{\"original\":39.6,\"refunded\":0},\"client_id\":0,\"date_created\":\"2022-02-24T20:32:39.000-04:00\",\"id\":\"20437378061-002\",\"last_updated\":\"2022-02-24T20:32:39.000-04:00\",\"metadata\":{\"mov_detail\":\"tax_withholding_collector\",\"mov_financial_entity\":\"debitos_creditos\",\"mov_type\":\"expense\",\"tax_id\":64414185928,\"tax_status\":\"applied\",\"user_id\":1003174339},\"name\":\"tax_withholding_collector-debitos_creditos\",\"refund_charges\":[],\"reserve_id\":null,\"type\":\"tax\"},{\"accounts\":{\"from\":\"collector\",\"to\":\"mp\"},\"amounts\":{\"original\":19.8,\"refunded\":0},\"client_id\":0,\"date_created\":\"2022-02-24T20:32:39.000-04:00\",\"id\":\"20437378061-003\",\"last_updated\":\"2022-02-24T20:32:39.000-04:00\",\"metadata\":{\"mov_detail\":\"tax_withholding_sirtac\",\"mov_financial_entity\":\"mendoza\",\"mov_type\":\"expense\",\"tax_id\":64414185929,\"tax_status\":\"applied\",\"user_id\":1003174339},\"name\":\"tax_withholding_sirtac-mendoza\",\"refund_charges\":[],\"reserve_id\":null,\"type\":\"tax\"}],\"point_of_interaction\":{\"business_info\":{\"sub_unit\":\"checkout_pro\",\"unit\":\"online_payments\"},\"type\":\"UNSPECIFIED\"},\"acquirer_reference\":null,\"external_resource_url\":null,\"financial_institution\":null,\"installment_amount\":6600,\"net_received_amount\":6256.8,\"overpaid_amount\":0,\"payable_deferral_period\":null,\"payment_method_reference_id\":null,\"total_paid_amount\":6600,\"order_id\":\"4218433421\",\"merchant_order_id\":\"4218433421\"}', NULL, '4218433421', '20437378061', 'No Disponible', 'No Disponible', NULL, 'Master', NULL, 6600, 343.2, NULL, 'HKWUGWETT', 1645749285),
(58, 105, 787, 1, 'payment', '20590426819', 0, 5, 1647918904, 0, 0, '{\"id\":20590426819,\"operation_type\":\"regular_payment\",\"order\":{\"id\":\"4260261386\",\"type\":\"mercadopago\"},\"external_reference\":\"C-787\",\"status\":\"approved\",\"status_detail\":\"accredited\",\"date_created\":\"2022-03-03T18:05:14.000-04:00\",\"live_mode\":true,\"date_last_updated\":\"2022-03-03T18:05:15.000-04:00\",\"deduction_schema\":\"PROACTIVE_3\",\"date_approved\":\"2022-03-03T18:05:15.000-04:00\",\"money_release_date\":\"2022-03-21T18:05:15.000-04:00\",\"currency_id\":\"ARS\",\"transaction_amount\":9250,\"payer\":{\"operator_id\":null},\"collector_id\":1003174339,\"payment_method_id\":\"amex\",\"payment_type_id\":\"credit_card\",\"transaction_details\":{\"acquirer_reference\":null,\"external_resource_url\":null,\"financial_institution\":null,\"installment_amount\":9250,\"net_received_amount\":8621,\"overpaid_amount\":0,\"payable_deferral_period\":null,\"payment_method_reference_id\":null,\"total_paid_amount\":9250},\"fee_details\":[{\"amount\":379.25,\"fee_payer\":\"collector\",\"type\":\"mercadopago_fee\"}],\"authorization_code\":\"219394\",\"captured\":true,\"card\":[],\"statement_descriptor\":\"MERCADOPAGO * ARCAVISIONSA\",\"additional_info\":{\"authentication_code\":null,\"available_balance\":null,\"ip_address\":\"83.79.156.217\",\"items\":[{\"category_id\":null,\"description\":null,\"id\":\"C-787\",\"picture_url\":\"https:\\/\\/opticabrera.com.ar\\/img\\/optica-brera-logo-1592256886.jpg\",\"quantity\":\"1\",\"title\":\"Carrito No: 787 - Armaz\\u00f3n RUSTY D-Lian (C1 OPTICAL)(1 U.)\",\"unit_price\":\"9250.0\"}],\"nsu_processadora\":null,\"payer\":{\"address\":{\"street_name\":\"Cuba 4476 11a\",\"zip_code\":\"1129\"}},\"shipments\":{\"receiver_address\":{\"street_name\":\"Cuba 4476 11a\",\"zip_code\":\"1129\"}}},\"installments\":1,\"description\":\"Carrito No: 787 - Armaz\\u00f3n RUSTY D-Lian (C1 OPTICAL)(1 U.)\",\"notification_url\":\"https:\\/\\/opticabrera.com.ar\\/module\\/mptoolspro\\/redirect\",\"issuer_id\":\"1041\",\"processing_mode\":\"aggregator\",\"charges_details\":[{\"accounts\":{\"from\":\"collector\",\"to\":\"mp\"},\"amounts\":{\"original\":138.75,\"refunded\":0},\"client_id\":0,\"date_created\":\"2022-03-03T18:05:14.000-04:00\",\"id\":\"20590426819-001\",\"last_updated\":\"2022-03-03T18:05:14.000-04:00\",\"metadata\":{\"mov_detail\":\"tax_withholding\",\"mov_financial_entity\":\"santa_fe\",\"mov_type\":\"expense\",\"tax_id\":64500372379,\"tax_status\":\"applied\",\"user_id\":1003174339},\"name\":\"tax_withholding-santa_fe\",\"refund_charges\":[],\"reserve_id\":null,\"type\":\"tax\"},{\"accounts\":{\"from\":\"collector\",\"to\":\"mp\"},\"amounts\":{\"original\":18.5,\"refunded\":0},\"client_id\":0,\"date_created\":\"2022-03-03T18:05:14.000-04:00\",\"id\":\"20590426819-002\",\"last_updated\":\"2022-03-03T18:05:14.000-04:00\",\"metadata\":{\"mov_detail\":\"tax_withholding\",\"mov_financial_entity\":\"buenos_aires\",\"mov_type\":\"expense\",\"tax_id\":64500372380,\"tax_status\":\"applied\",\"user_id\":1003174339},\"name\":\"tax_withholding-buenos_aires\",\"refund_charges\":[],\"reserve_id\":null,\"type\":\"tax\"},{\"accounts\":{\"from\":\"collector\",\"to\":\"mp\"},\"amounts\":{\"original\":55.5,\"refunded\":0},\"client_id\":0,\"date_created\":\"2022-03-03T18:05:14.000-04:00\",\"id\":\"20590426819-003\",\"last_updated\":\"2022-03-03T18:05:14.000-04:00\",\"metadata\":{\"mov_detail\":\"tax_withholding_collector\",\"mov_financial_entity\":\"debitos_creditos\",\"mov_type\":\"expense\",\"tax_id\":64500372381,\"tax_status\":\"applied\",\"user_id\":1003174339},\"name\":\"tax_withholding_collector-debitos_creditos\",\"refund_charges\":[],\"reserve_id\":null,\"type\":\"tax\"},{\"accounts\":{\"from\":\"collector\",\"to\":\"mp\"},\"amounts\":{\"original\":37,\"refunded\":0},\"client_id\":0,\"date_created\":\"2022-03-03T18:05:14.000-04:00\",\"id\":\"20590426819-004\",\"last_updated\":\"2022-03-03T18:05:14.000-04:00\",\"metadata\":{\"mov_detail\":\"tax_withholding_sirtac\",\"mov_financial_entity\":\"santa_fe\",\"mov_type\":\"expense\",\"tax_id\":64500372382,\"tax_status\":\"applied\",\"user_id\":1003174339},\"name\":\"tax_withholding_sirtac-santa_fe\",\"refund_charges\":[],\"reserve_id\":null,\"type\":\"tax\"}],\"point_of_interaction\":{\"business_info\":{\"sub_unit\":\"checkout_pro\",\"unit\":\"online_payments\"},\"type\":\"UNSPECIFIED\"},\"acquirer_reference\":null,\"external_resource_url\":null,\"financial_institution\":null,\"installment_amount\":9250,\"net_received_amount\":8621,\"overpaid_amount\":0,\"payable_deferral_period\":null,\"payment_method_reference_id\":null,\"total_paid_amount\":9250,\"order_id\":\"4260261386\",\"merchant_order_id\":\"4260261386\"}', NULL, '4260261386', '20590426819', 'No Disponible', 'No Disponible', NULL, 'Amex', NULL, 9250, 629, NULL, 'FNMXBHWWO', 1646345240),
(59, 106, 833, 1, 'payment', '21611382545', 0, 5, 1651530617, 0, 0, '{\"id\":21611382545,\"operation_type\":\"regular_payment\",\"order\":{\"id\":\"4545442466\",\"type\":\"mercadopago\"},\"external_reference\":\"C-833\",\"status\":\"approved\",\"status_detail\":\"accredited\",\"date_created\":\"2022-04-14T13:24:51.000-04:00\",\"live_mode\":true,\"date_last_updated\":\"2022-04-14T13:24:53.000-04:00\",\"date_approved\":\"2022-04-14T13:24:53.000-04:00\",\"money_release_date\":\"2022-05-02T13:24:53.000-04:00\",\"currency_id\":\"ARS\",\"transaction_amount\":7750,\"payer\":{\"operator_id\":null},\"collector_id\":1003174339,\"payment_method_id\":\"visa\",\"payment_type_id\":\"credit_card\",\"transaction_details\":{\"acquirer_reference\":null,\"external_resource_url\":null,\"financial_institution\":null,\"installment_amount\":7750,\"net_received_amount\":7432.25,\"overpaid_amount\":0,\"payable_deferral_period\":null,\"payment_method_reference_id\":null,\"total_paid_amount\":7750},\"fee_details\":[{\"amount\":317.75,\"fee_payer\":\"collector\",\"type\":\"mercadopago_fee\"}],\"authorization_code\":\"003248\",\"captured\":true,\"card\":[],\"statement_descriptor\":\"MERCPAGO*ARCAVISIONSA\",\"additional_info\":{\"authentication_code\":null,\"available_balance\":null,\"ip_address\":\"186.143.133.177\",\"items\":[{\"category_id\":null,\"description\":null,\"id\":\"C-833\",\"picture_url\":\"https:\\/\\/opticabrera.com.ar\\/img\\/optica-brera-logo-1592256886.jpg\",\"quantity\":\"1\",\"title\":\"Carrito No: 833 - Armaz\\u00f3n Xold MBLKBg26 Pol(1 U.)\",\"unit_price\":\"7750.0\"}],\"nsu_processadora\":null,\"payer\":{\"address\":{\"street_name\":\"Velez Sarfield 206 \",\"zip_code\":\"2000\"}},\"shipments\":{\"receiver_address\":{\"street_name\":\"Velez Sarfield 206 \",\"zip_code\":\"2000\"}}},\"installments\":1,\"description\":\"Carrito No: 833 - Armaz\\u00f3n Xold MBLKBg26 Pol(1 U.)\",\"notification_url\":\"https:\\/\\/opticabrera.com.ar\\/module\\/mptoolspro\\/redirect\",\"issuer_id\":\"297\",\"processing_mode\":\"aggregator\",\"point_of_interaction\":{\"business_info\":{\"sub_unit\":\"checkout_pro\",\"unit\":\"online_payments\"},\"type\":\"UNSPECIFIED\"},\"acquirer_reference\":null,\"external_resource_url\":null,\"financial_institution\":null,\"installment_amount\":7750,\"net_received_amount\":7432.25,\"overpaid_amount\":0,\"payable_deferral_period\":null,\"payment_method_reference_id\":null,\"total_paid_amount\":7750,\"order_id\":\"4545442466\",\"merchant_order_id\":\"4545442466\"}', NULL, '4545442466', '21611382545', 'No Disponible', 'No Disponible', NULL, 'Visa', NULL, 7750, 527, NULL, 'IDPMFPPHY', 1649957218);
INSERT INTO `ps_mptoolspro` (`id`, `id_order`, `id_cart`, `id_shop`, `topic`, `mp_op_id`, `is_sandbox`, `status`, `next_retry`, `is_mercadoenvios`, `mercadienvios_downloaded`, `payment_obj`, `shipping_id`, `mp_order_id`, `mp_payment_id`, `mp_payer_name`, `mp_payer_dni`, `mp_card_number`, `mp_card_brand`, `mp_card_holder`, `mp_total_amount`, `mp_total_commision`, `mp_init_point`, `order_reference`, `next_retry_mercadoenvios`) VALUES
(60, 107, 836, 1, 'payment', '21702625060', 0, 8, 1650339768, 0, 0, '{\"id\":21702625060,\"operation_type\":\"regular_payment\",\"order\":{\"id\":\"4570262190\",\"type\":\"mercadopago\"},\"external_reference\":\"C-836\",\"status\":\"rejected\",\"status_detail\":\"cc_rejected_insufficient_amount\",\"date_created\":\"2022-04-18T17:42:42.000-04:00\",\"live_mode\":true,\"date_last_updated\":\"2022-04-18T17:42:45.000-04:00\",\"currency_id\":\"ARS\",\"transaction_amount\":4050,\"payer\":{\"operator_id\":null},\"collector_id\":1003174339,\"payment_method_id\":\"visa\",\"payment_type_id\":\"credit_card\",\"transaction_details\":{\"acquirer_reference\":null,\"external_resource_url\":null,\"financial_institution\":null,\"installment_amount\":4050,\"net_received_amount\":0,\"overpaid_amount\":0,\"payable_deferral_period\":null,\"payment_method_reference_id\":null,\"total_paid_amount\":4050},\"captured\":true,\"card\":[],\"statement_descriptor\":\"MERCADOPAGO*ARCAVISIONSA\",\"additional_info\":{\"authentication_code\":null,\"available_balance\":null,\"ip_address\":\"200.115.222.10\",\"items\":[{\"category_id\":null,\"description\":null,\"id\":\"C-836\",\"picture_url\":\"https:\\/\\/opticabrera.com.ar\\/img\\/optica-brera-logo-1592256886.jpg\",\"quantity\":\"1\",\"title\":\"Carrito No: 836 - Reef Woman 238 Abby C1 Niq Blanco(1 U.)\",\"unit_price\":\"4050.0\"}],\"nsu_processadora\":null,\"payer\":{\"address\":{\"street_name\":\"URDININEA, 1638\",\"zip_code\":\"1431\"}},\"shipments\":{\"receiver_address\":{\"street_name\":\"URDININEA, 1638\",\"zip_code\":\"1431\"}}},\"installments\":1,\"description\":\"Carrito No: 836 - Reef Woman 238 Abby C1 Niq Blanco(1 U.)\",\"notification_url\":\"https:\\/\\/opticabrera.com.ar\\/module\\/mptoolspro\\/redirect\",\"issuer_id\":\"1044\",\"processing_mode\":\"aggregator\",\"charges_details\":[{\"accounts\":{\"from\":\"collector\",\"to\":\"mp\"},\"amounts\":{\"original\":8.1,\"refunded\":0},\"client_id\":0,\"date_created\":\"2022-04-18T17:42:42.000-04:00\",\"id\":\"21702625060-001\",\"last_updated\":\"2022-04-18T17:42:42.000-04:00\",\"metadata\":{\"mov_detail\":\"tax_withholding\",\"mov_financial_entity\":\"buenos_aires\",\"mov_type\":\"expense\",\"tax_id\":65134441794,\"tax_status\":\"applied\",\"user_id\":1003174339},\"name\":\"tax_withholding-buenos_aires\",\"refund_charges\":[],\"reserve_id\":null,\"type\":\"tax\"},{\"accounts\":{\"from\":\"collector\",\"to\":\"mp\"},\"amounts\":{\"original\":81,\"refunded\":0},\"client_id\":0,\"date_created\":\"2022-04-18T17:42:42.000-04:00\",\"id\":\"21702625060-002\",\"last_updated\":\"2022-04-18T17:42:42.000-04:00\",\"metadata\":{\"mov_detail\":\"tax_withholding\",\"mov_financial_entity\":\"caba\",\"mov_type\":\"expense\",\"tax_id\":65134441795,\"tax_status\":\"applied\",\"user_id\":1003174339},\"name\":\"tax_withholding-caba\",\"refund_charges\":[],\"reserve_id\":null,\"type\":\"tax\"},{\"accounts\":{\"from\":\"collector\",\"to\":\"mp\"},\"amounts\":{\"original\":24.3,\"refunded\":0},\"client_id\":0,\"date_created\":\"2022-04-18T17:42:42.000-04:00\",\"id\":\"21702625060-003\",\"last_updated\":\"2022-04-18T17:42:42.000-04:00\",\"metadata\":{\"mov_detail\":\"tax_withholding_collector\",\"mov_financial_entity\":\"debitos_creditos\",\"mov_type\":\"expense\",\"tax_id\":65134441796,\"tax_status\":\"applied\",\"user_id\":1003174339},\"name\":\"tax_withholding_collector-debitos_creditos\",\"refund_charges\":[],\"reserve_id\":null,\"type\":\"tax\"},{\"accounts\":{\"from\":\"collector\",\"to\":\"mp\"},\"amounts\":{\"original\":16.2,\"refunded\":0},\"client_id\":0,\"date_created\":\"2022-04-18T17:42:42.000-04:00\",\"id\":\"21702625060-004\",\"last_updated\":\"2022-04-18T17:42:42.000-04:00\",\"metadata\":{\"mov_detail\":\"tax_withholding_sirtac\",\"mov_financial_entity\":\"caba\",\"mov_type\":\"expense\",\"tax_id\":65134441797,\"tax_status\":\"applied\",\"user_id\":1003174339},\"name\":\"tax_withholding_sirtac-caba\",\"refund_charges\":[],\"reserve_id\":null,\"type\":\"tax\"}],\"point_of_interaction\":{\"business_info\":{\"sub_unit\":\"checkout_pro\",\"unit\":\"online_payments\"},\"type\":\"UNSPECIFIED\"},\"acquirer_reference\":null,\"external_resource_url\":null,\"financial_institution\":null,\"installment_amount\":4050,\"net_received_amount\":0,\"overpaid_amount\":0,\"payable_deferral_period\":null,\"payment_method_reference_id\":null,\"total_paid_amount\":4050,\"order_id\":\"4570262190\",\"merchant_order_id\":\"4570262190\"}', NULL, '4570262190', '21702625060', 'No Disponible', 'No Disponible', NULL, 'Visa', NULL, 4050, NULL, NULL, 'BQWVIOMWQ', 1650318288),
(61, 108, 839, 1, 'payment', '21703173071', 0, 5, 1651893308, 0, 0, '{\"id\":21703173071,\"operation_type\":\"regular_payment\",\"order\":{\"id\":\"4570434060\",\"type\":\"mercadopago\"},\"external_reference\":\"C-839\",\"status\":\"approved\",\"status_detail\":\"accredited\",\"date_created\":\"2022-04-18T18:01:36.000-04:00\",\"live_mode\":true,\"date_last_updated\":\"2022-04-18T18:01:38.000-04:00\",\"date_approved\":\"2022-04-18T18:01:38.000-04:00\",\"money_release_date\":\"2022-05-06T18:01:38.000-04:00\",\"currency_id\":\"ARS\",\"transaction_amount\":4050,\"payer\":{\"operator_id\":null},\"collector_id\":1003174339,\"payment_method_id\":\"visa\",\"payment_type_id\":\"credit_card\",\"transaction_details\":{\"acquirer_reference\":null,\"external_resource_url\":null,\"financial_institution\":null,\"installment_amount\":4050,\"net_received_amount\":3754.35,\"overpaid_amount\":0,\"payable_deferral_period\":null,\"payment_method_reference_id\":null,\"total_paid_amount\":4050},\"fee_details\":[{\"amount\":166.05,\"fee_payer\":\"collector\",\"type\":\"mercadopago_fee\"}],\"authorization_code\":\"004177\",\"captured\":true,\"card\":[],\"statement_descriptor\":\"MERCPAGO*ARCAVISIONSA\",\"additional_info\":{\"authentication_code\":null,\"available_balance\":null,\"ip_address\":\"200.115.222.10\",\"items\":[{\"category_id\":null,\"description\":null,\"id\":\"C-839\",\"picture_url\":\"https:\\/\\/opticabrera.com.ar\\/img\\/optica-brera-logo-1592256886.jpg\",\"quantity\":\"1\",\"title\":\"Carrito No: 839 - Reef Woman 238 Abby C1 Niq Blanco(1 U.)\",\"unit_price\":\"4050.0\"}],\"nsu_processadora\":null,\"payer\":{\"address\":{\"street_name\":\"URDININEA, 1638\",\"zip_code\":\"1431\"}},\"shipments\":{\"receiver_address\":{\"street_name\":\"URDININEA, 1638\",\"zip_code\":\"1431\"}}},\"installments\":1,\"description\":\"Carrito No: 839 - Reef Woman 238 Abby C1 Niq Blanco(1 U.)\",\"notification_url\":\"https:\\/\\/opticabrera.com.ar\\/module\\/mptoolspro\\/redirect\",\"issuer_id\":\"316\",\"processing_mode\":\"aggregator\",\"charges_details\":[{\"accounts\":{\"from\":\"collector\",\"to\":\"mp\"},\"amounts\":{\"original\":8.1,\"refunded\":0},\"client_id\":0,\"date_created\":\"2022-04-18T18:01:36.000-04:00\",\"id\":\"21703173071-001\",\"last_updated\":\"2022-04-18T18:01:36.000-04:00\",\"metadata\":{\"mov_detail\":\"tax_withholding\",\"mov_financial_entity\":\"buenos_aires\",\"mov_type\":\"expense\",\"tax_id\":65134807150,\"tax_status\":\"applied\",\"user_id\":1003174339},\"name\":\"tax_withholding-buenos_aires\",\"refund_charges\":[],\"reserve_id\":null,\"type\":\"tax\"},{\"accounts\":{\"from\":\"collector\",\"to\":\"mp\"},\"amounts\":{\"original\":81,\"refunded\":0},\"client_id\":0,\"date_created\":\"2022-04-18T18:01:36.000-04:00\",\"id\":\"21703173071-002\",\"last_updated\":\"2022-04-18T18:01:36.000-04:00\",\"metadata\":{\"mov_detail\":\"tax_withholding\",\"mov_financial_entity\":\"caba\",\"mov_type\":\"expense\",\"tax_id\":65134807151,\"tax_status\":\"applied\",\"user_id\":1003174339},\"name\":\"tax_withholding-caba\",\"refund_charges\":[],\"reserve_id\":null,\"type\":\"tax\"},{\"accounts\":{\"from\":\"collector\",\"to\":\"mp\"},\"amounts\":{\"original\":24.3,\"refunded\":0},\"client_id\":0,\"date_created\":\"2022-04-18T18:01:36.000-04:00\",\"id\":\"21703173071-003\",\"last_updated\":\"2022-04-18T18:01:36.000-04:00\",\"metadata\":{\"mov_detail\":\"tax_withholding_collector\",\"mov_financial_entity\":\"debitos_creditos\",\"mov_type\":\"expense\",\"tax_id\":65134807152,\"tax_status\":\"applied\",\"user_id\":1003174339},\"name\":\"tax_withholding_collector-debitos_creditos\",\"refund_charges\":[],\"reserve_id\":null,\"type\":\"tax\"},{\"accounts\":{\"from\":\"collector\",\"to\":\"mp\"},\"amounts\":{\"original\":16.2,\"refunded\":0},\"client_id\":0,\"date_created\":\"2022-04-18T18:01:36.000-04:00\",\"id\":\"21703173071-004\",\"last_updated\":\"2022-04-18T18:01:36.000-04:00\",\"metadata\":{\"mov_detail\":\"tax_withholding_sirtac\",\"mov_financial_entity\":\"caba\",\"mov_type\":\"expense\",\"tax_id\":65134807153,\"tax_status\":\"applied\",\"user_id\":1003174339},\"name\":\"tax_withholding_sirtac-caba\",\"refund_charges\":[],\"reserve_id\":null,\"type\":\"tax\"}],\"point_of_interaction\":{\"business_info\":{\"sub_unit\":\"checkout_pro\",\"unit\":\"online_payments\"},\"type\":\"UNSPECIFIED\"},\"acquirer_reference\":null,\"external_resource_url\":null,\"financial_institution\":null,\"installment_amount\":4050,\"net_received_amount\":3754.35,\"overpaid_amount\":0,\"payable_deferral_period\":null,\"payment_method_reference_id\":null,\"total_paid_amount\":4050,\"order_id\":\"4570434060\",\"merchant_order_id\":\"4570434060\"}', NULL, '4570434060', '21703173071', 'No Disponible', 'No Disponible', NULL, 'Visa', NULL, 4050, 295.65, NULL, 'MWACKEJSD', 1650319422),
(62, 109, 866, 1, 'payment', '22565049743', 0, 5, 1654839042, 0, 0, '{\"id\":22565049743,\"operation_type\":\"regular_payment\",\"order\":{\"id\":\"4808549583\",\"type\":\"mercadopago\"},\"external_reference\":\"C-866\",\"status\":\"approved\",\"status_detail\":\"accredited\",\"date_created\":\"2022-05-22T20:31:27.000-04:00\",\"live_mode\":true,\"date_last_updated\":\"2022-05-22T20:31:28.000-04:00\",\"deduction_schema\":\"PROACTIVE_3\",\"date_approved\":\"2022-05-22T20:31:28.000-04:00\",\"money_release_date\":\"2022-06-09T20:31:28.000-04:00\",\"currency_id\":\"ARS\",\"transaction_amount\":5080,\"payer\":{\"operator_id\":null},\"collector_id\":1003174339,\"payment_method_id\":\"visa\",\"payment_type_id\":\"credit_card\",\"transaction_details\":{\"acquirer_reference\":null,\"external_resource_url\":null,\"financial_institution\":null,\"installment_amount\":5080,\"net_received_amount\":4815.84,\"overpaid_amount\":0,\"payable_deferral_period\":null,\"payment_method_reference_id\":null,\"total_paid_amount\":5080},\"fee_details\":[{\"amount\":208.28,\"fee_payer\":\"collector\",\"type\":\"mercadopago_fee\"}],\"authorization_code\":\"005795\",\"captured\":true,\"card\":{\"bin\":\"454642\"},\"statement_descriptor\":\"MERCPAGO*ARCAVISIONSA\",\"additional_info\":{\"authentication_code\":null,\"available_balance\":null,\"ip_address\":\"181.164.2.76\",\"items\":[{\"category_id\":null,\"description\":null,\"id\":\"C-866\",\"picture_url\":\"https:\\/\\/opticabrera.com.ar\\/img\\/optica-brera-logo-1592256886.jpg\",\"quantity\":\"1\",\"title\":\"Carrito No: 866 - Lentes de Contacto ACUVUE\\u00ae OASYS\\u00ae CON HYDRACLEAR\\u00ae PLUS(1 U.), F\\u00f3rmula : Iguales ambos ojos,DACPMF |HAY MAS|\",\"unit_price\":\"5080.0\"}],\"nsu_processadora\":null,\"payer\":{\"address\":{\"street_name\":\"MIGUEL DE CERVANTES 596 PISO 3 DPTO. C\",\"zip_code\":\"5001\"},\"first_name\":\"SABRINA NADIN\",\"last_name\":\"GONZALEZ\"},\"shipments\":{\"receiver_address\":{\"street_name\":\"MIGUEL DE CERVANTES 596 PISO 3 DPTO. C\",\"zip_code\":\"5001\"}}},\"installments\":1,\"description\":\"Carrito No: 866 - Lentes de Contacto ACUVUE\\u00ae OASYS\\u00ae CON HYDRACLEAR\\u00ae PLUS(1 U.), F\\u00f3rmula : Iguales ambos ojos,DACPMF |HAY MAS|\",\"notification_url\":\"https:\\/\\/opticabrera.com.ar\\/module\\/mptoolspro\\/redirect\",\"issuer_id\":\"279\",\"processing_mode\":\"aggregator\",\"charges_details\":[{\"accounts\":{\"from\":\"collector\",\"to\":\"mp\"},\"amounts\":{\"original\":10.16,\"refunded\":0},\"client_id\":0,\"date_created\":\"2022-05-22T20:31:27.000-04:00\",\"id\":\"22565049743-001\",\"last_updated\":\"2022-05-22T20:31:27.000-04:00\",\"metadata\":{\"mov_detail\":\"tax_withholding\",\"mov_financial_entity\":\"buenos_aires\",\"mov_type\":\"expense\",\"tax_id\":65636044208,\"tax_status\":\"applied\",\"user_id\":1003174339},\"name\":\"tax_withholding-buenos_aires\",\"refund_charges\":[],\"reserve_id\":null,\"type\":\"tax\"},{\"accounts\":{\"from\":\"collector\",\"to\":\"mp\"},\"amounts\":{\"original\":30.48,\"refunded\":0},\"client_id\":0,\"date_created\":\"2022-05-22T20:31:27.000-04:00\",\"id\":\"22565049743-002\",\"last_updated\":\"2022-05-22T20:31:27.000-04:00\",\"metadata\":{\"mov_detail\":\"tax_withholding_collector\",\"mov_financial_entity\":\"debitos_creditos\",\"mov_type\":\"expense\",\"tax_id\":65636044209,\"tax_status\":\"applied\",\"user_id\":1003174339},\"name\":\"tax_withholding_collector-debitos_creditos\",\"refund_charges\":[],\"reserve_id\":null,\"type\":\"tax\"},{\"accounts\":{\"from\":\"collector\",\"to\":\"mp\"},\"amounts\":{\"original\":15.24,\"refunded\":0},\"client_id\":0,\"date_created\":\"2022-05-22T20:31:27.000-04:00\",\"id\":\"22565049743-003\",\"last_updated\":\"2022-05-22T20:31:27.000-04:00\",\"metadata\":{\"mov_detail\":\"tax_withholding_sirtac\",\"mov_financial_entity\":\"cordoba\",\"mov_type\":\"expense\",\"tax_id\":65636044210,\"tax_status\":\"applied\",\"user_id\":1003174339},\"name\":\"tax_withholding_sirtac-cordoba\",\"refund_charges\":[],\"reserve_id\":null,\"type\":\"tax\"}],\"point_of_interaction\":{\"business_info\":{\"sub_unit\":\"checkout_pro\",\"unit\":\"online_payments\"},\"type\":\"UNSPECIFIED\"},\"acquirer_reference\":null,\"external_resource_url\":null,\"financial_institution\":null,\"installment_amount\":5080,\"net_received_amount\":4815.84,\"overpaid_amount\":0,\"payable_deferral_period\":null,\"payment_method_reference_id\":null,\"total_paid_amount\":5080,\"order_id\":\"4808549583\",\"merchant_order_id\":\"4808549583\"}', NULL, '4808549583', '22565049743', 'No Disponible', 'No Disponible', NULL, 'Visa', NULL, 5080, 264.16, NULL, 'WLZQYHRQK', 1653266011),
(63, 110, 875, 1, 'payment', '22962317526', 0, 5, 1656134141, 0, 0, '{\"id\":22962317526,\"operation_type\":\"regular_payment\",\"order\":{\"id\":\"4916725192\",\"type\":\"mercadopago\"},\"external_reference\":\"C-875\",\"status\":\"approved\",\"status_detail\":\"accredited\",\"date_created\":\"2022-06-06T20:18:34.000-04:00\",\"live_mode\":true,\"date_last_updated\":\"2022-06-06T20:18:36.000-04:00\",\"deduction_schema\":\"PROACTIVE_3\",\"date_approved\":\"2022-06-06T20:18:36.000-04:00\",\"money_release_date\":\"2022-06-24T20:18:36.000-04:00\",\"currency_id\":\"ARS\",\"transaction_amount\":9850,\"payer\":{\"operator_id\":null},\"collector_id\":1003174339,\"payment_method_id\":\"visa\",\"payment_type_id\":\"credit_card\",\"transaction_details\":{\"acquirer_reference\":null,\"external_resource_url\":null,\"financial_institution\":null,\"installment_amount\":9850,\"net_received_amount\":9337.8,\"overpaid_amount\":0,\"payable_deferral_period\":null,\"payment_method_reference_id\":null,\"total_paid_amount\":9850},\"fee_details\":[{\"amount\":403.85,\"fee_payer\":\"collector\",\"type\":\"mercadopago_fee\"}],\"authorization_code\":\"005584\",\"captured\":true,\"card\":{\"bin\":\"459473\"},\"statement_descriptor\":\"MERCPAGO*ARCAVISIONSA\",\"additional_info\":{\"authentication_code\":null,\"available_balance\":null,\"ip_address\":\"200.125.76.85\",\"items\":[{\"category_id\":null,\"description\":null,\"id\":\"C-875\",\"picture_url\":\"https:\\/\\/opticabrera.com.ar\\/img\\/optica-brera-logo-1592256886.jpg\",\"quantity\":\"1\",\"title\":\"Carrito No: 875 - Armaz\\u00f3n Meq SBLK-MBLK Green Kids(1 U.)\",\"unit_price\":\"9850.0\"}],\"nsu_processadora\":null,\"payer\":{\"address\":{\"street_name\":\"Boqueron 552\",\"zip_code\":\"1708\"},\"first_name\":\"Ernesto\",\"last_name\":\"Isequilla\"},\"shipments\":{\"receiver_address\":{\"street_name\":\"Boqueron 552\",\"zip_code\":\"1708\"}}},\"installments\":1,\"description\":\"Carrito No: 875 - Armaz\\u00f3n Meq SBLK-MBLK Green Kids(1 U.)\",\"notification_url\":\"https:\\/\\/opticabrera.com.ar\\/module\\/mptoolspro\\/redirect\",\"issuer_id\":\"12509\",\"processing_mode\":\"aggregator\",\"charges_details\":[{\"accounts\":{\"from\":\"collector\",\"to\":\"mp\"},\"amounts\":{\"original\":19.7,\"refunded\":0},\"client_id\":0,\"date_created\":\"2022-06-06T20:18:34.000-04:00\",\"id\":\"22962317526-001\",\"last_updated\":\"2022-06-06T20:18:34.000-04:00\",\"metadata\":{\"mov_detail\":\"tax_withholding\",\"mov_financial_entity\":\"buenos_aires\",\"mov_type\":\"expense\",\"tax_id\":65877764954,\"tax_status\":\"applied\",\"user_id\":1003174339},\"name\":\"tax_withholding-buenos_aires\",\"refund_charges\":[],\"reserve_id\":null,\"type\":\"tax\"},{\"accounts\":{\"from\":\"collector\",\"to\":\"mp\"},\"amounts\":{\"original\":59.1,\"refunded\":0},\"client_id\":0,\"date_created\":\"2022-06-06T20:18:34.000-04:00\",\"id\":\"22962317526-002\",\"last_updated\":\"2022-06-06T20:18:34.000-04:00\",\"metadata\":{\"mov_detail\":\"tax_withholding_collector\",\"mov_financial_entity\":\"debitos_creditos\",\"mov_type\":\"expense\",\"tax_id\":65877764955,\"tax_status\":\"applied\",\"user_id\":1003174339},\"name\":\"tax_withholding_collector-debitos_creditos\",\"refund_charges\":[],\"reserve_id\":null,\"type\":\"tax\"},{\"accounts\":{\"from\":\"collector\",\"to\":\"mp\"},\"amounts\":{\"original\":29.55,\"refunded\":0},\"client_id\":0,\"date_created\":\"2022-06-06T20:18:34.000-04:00\",\"id\":\"22962317526-003\",\"last_updated\":\"2022-06-06T20:18:34.000-04:00\",\"metadata\":{\"mov_detail\":\"tax_withholding_sirtac\",\"mov_financial_entity\":\"buenos_aires\",\"mov_type\":\"expense\",\"tax_id\":65877764956,\"tax_status\":\"applied\",\"user_id\":1003174339},\"name\":\"tax_withholding_sirtac-buenos_aires\",\"refund_charges\":[],\"reserve_id\":null,\"type\":\"tax\"}],\"point_of_interaction\":{\"business_info\":{\"sub_unit\":\"checkout_pro\",\"unit\":\"online_payments\"},\"type\":\"UNSPECIFIED\"},\"acquirer_reference\":null,\"external_resource_url\":null,\"financial_institution\":null,\"installment_amount\":9850,\"net_received_amount\":9337.8,\"overpaid_amount\":0,\"payable_deferral_period\":null,\"payment_method_reference_id\":null,\"total_paid_amount\":9850,\"order_id\":\"4916725192\",\"merchant_order_id\":\"4916725192\"}', NULL, '4916725192', '22962317526', 'No Disponible', 'No Disponible', NULL, 'Visa', NULL, 9850, 512.2, NULL, 'XVZNWIXCE', 1654561241),
(64, 111, 879, 1, 'payment', '23052309407', 0, 5, 1656393805, 0, 0, '{\"id\":23052309407,\"operation_type\":\"regular_payment\",\"order\":{\"id\":\"4942148791\",\"type\":\"mercadopago\"},\"external_reference\":\"C-879\",\"status\":\"approved\",\"status_detail\":\"accredited\",\"date_created\":\"2022-06-09T20:23:51.000-04:00\",\"live_mode\":true,\"date_last_updated\":\"2022-06-09T20:23:54.000-04:00\",\"deduction_schema\":\"PROACTIVE_3\",\"date_approved\":\"2022-06-09T20:23:54.000-04:00\",\"money_release_date\":\"2022-06-27T20:23:54.000-04:00\",\"currency_id\":\"ARS\",\"transaction_amount\":15240,\"payer\":{\"operator_id\":null},\"collector_id\":1003174339,\"payment_method_id\":\"maestro\",\"payment_type_id\":\"debit_card\",\"transaction_details\":{\"acquirer_reference\":null,\"external_resource_url\":null,\"financial_institution\":null,\"installment_amount\":15240,\"net_received_amount\":14142.72,\"overpaid_amount\":0,\"payable_deferral_period\":null,\"payment_method_reference_id\":null,\"total_paid_amount\":15240},\"fee_details\":[{\"amount\":624.84,\"fee_payer\":\"collector\",\"type\":\"mercadopago_fee\"}],\"authorization_code\":\"169034\",\"captured\":true,\"card\":{\"bin\":\"50102009\"},\"statement_descriptor\":\"MERCADOPAGO*ARCAVISIONSA\",\"additional_info\":{\"authentication_code\":null,\"available_balance\":null,\"ip_address\":\"181.171.70.252\",\"items\":[{\"category_id\":null,\"description\":null,\"id\":\"C-879\",\"picture_url\":\"https:\\/\\/opticabrera.com.ar\\/img\\/optica-brera-logo-1592256886.jpg\",\"quantity\":\"1\",\"title\":\"Carrito No: 879 - PACK de 4 Cajas de Lentes de Contacto ACUVUE\\u00ae OASYS\\u00ae CON HYDRACLEAR\\u00ae PLUS(1 U.), F\\u00f3rmula : Difere |HAY MAS|\",\"unit_price\":\"15240.0\"}],\"nsu_processadora\":null,\"payer\":{\"address\":{\"street_name\":\"Calle Antonio Saenz 1475 Barrio San Jos\\u00e9\",\"zip_code\":\"3400\"},\"first_name\":\"Andrea\",\"last_name\":\"Pared\"},\"shipments\":{\"receiver_address\":{\"street_name\":\"Calle Antonio Saenz 1475 Barrio San Jos\\u00e9\",\"zip_code\":\"3400\"}}},\"installments\":1,\"description\":\"Carrito No: 879 - PACK de 4 Cajas de Lentes de Contacto ACUVUE\\u00ae OASYS\\u00ae CON HYDRACLEAR\\u00ae PLUS(1 U.), F\\u00f3rmula : Difere |HAY MAS|\",\"notification_url\":\"https:\\/\\/opticabrera.com.ar\\/module\\/mptoolspro\\/redirect\",\"issuer_id\":\"3\",\"processing_mode\":\"aggregator\",\"charges_details\":[{\"accounts\":{\"from\":\"collector\",\"to\":\"mp\"},\"amounts\":{\"original\":30.48,\"refunded\":0},\"client_id\":0,\"date_created\":\"2022-06-09T20:23:55.000-04:00\",\"id\":\"23052309407-001\",\"last_updated\":\"2022-06-09T20:23:55.000-04:00\",\"metadata\":{\"mov_detail\":\"tax_withholding\",\"mov_financial_entity\":\"buenos_aires\",\"mov_type\":\"expense\",\"tax_id\":65930619182,\"tax_status\":\"applied\",\"user_id\":1003174339},\"name\":\"tax_withholding-buenos_aires\",\"refund_charges\":[],\"reserve_id\":null,\"type\":\"tax\"},{\"accounts\":{\"from\":\"collector\",\"to\":\"mp\"},\"amounts\":{\"original\":304.8,\"refunded\":0},\"client_id\":0,\"date_created\":\"2022-06-09T20:23:55.000-04:00\",\"id\":\"23052309407-002\",\"last_updated\":\"2022-06-09T20:23:55.000-04:00\",\"metadata\":{\"mov_detail\":\"tax_withholding\",\"mov_financial_entity\":\"corrientes\",\"mov_type\":\"expense\",\"tax_id\":65930619183,\"tax_status\":\"applied\",\"user_id\":1003174339},\"name\":\"tax_withholding-corrientes\",\"refund_charges\":[],\"reserve_id\":null,\"type\":\"tax\"},{\"accounts\":{\"from\":\"collector\",\"to\":\"mp\"},\"amounts\":{\"original\":91.44,\"refunded\":0},\"client_id\":0,\"date_created\":\"2022-06-09T20:23:55.000-04:00\",\"id\":\"23052309407-003\",\"last_updated\":\"2022-06-09T20:23:55.000-04:00\",\"metadata\":{\"mov_detail\":\"tax_withholding_collector\",\"mov_financial_entity\":\"debitos_creditos\",\"mov_type\":\"expense\",\"tax_id\":65930619184,\"tax_status\":\"applied\",\"user_id\":1003174339},\"name\":\"tax_withholding_collector-debitos_creditos\",\"refund_charges\":[],\"reserve_id\":null,\"type\":\"tax\"},{\"accounts\":{\"from\":\"collector\",\"to\":\"mp\"},\"amounts\":{\"original\":45.72,\"refunded\":0},\"client_id\":0,\"date_created\":\"2022-06-09T20:23:55.000-04:00\",\"id\":\"23052309407-004\",\"last_updated\":\"2022-06-09T20:23:55.000-04:00\",\"metadata\":{\"mov_detail\":\"tax_withholding_sirtac\",\"mov_financial_entity\":\"corrientes\",\"mov_type\":\"expense\",\"tax_id\":65930619185,\"tax_status\":\"applied\",\"user_id\":1003174339},\"name\":\"tax_withholding_sirtac-corrientes\",\"refund_charges\":[],\"reserve_id\":null,\"type\":\"tax\"}],\"point_of_interaction\":{\"business_info\":{\"sub_unit\":\"checkout_pro\",\"unit\":\"online_payments\"},\"type\":\"UNSPECIFIED\"},\"acquirer_reference\":null,\"external_resource_url\":null,\"financial_institution\":null,\"installment_amount\":15240,\"net_received_amount\":14142.72,\"overpaid_amount\":0,\"payable_deferral_period\":null,\"payment_method_reference_id\":null,\"total_paid_amount\":15240,\"order_id\":\"4942148791\",\"merchant_order_id\":\"4942148791\"}', NULL, '4942148791', '23052309407', 'No Disponible', 'No Disponible', NULL, 'Maestro', NULL, 15240, 1097.28, NULL, 'VCAGYCUYS', 1654820760),
(65, 112, 880, 1, 'payment', '23108776195', 0, 8, 1655008307, 0, 0, '{\"id\":23108776195,\"operation_type\":\"regular_payment\",\"order\":{\"id\":\"4957130878\",\"type\":\"mercadopago\"},\"external_reference\":\"C-880\",\"status\":\"rejected\",\"status_detail\":\"cc_rejected_insufficient_amount\",\"date_created\":\"2022-06-11T18:31:42.000-04:00\",\"live_mode\":true,\"date_last_updated\":\"2022-06-11T18:31:45.000-04:00\",\"deduction_schema\":\"PROACTIVE_3\",\"currency_id\":\"ARS\",\"transaction_amount\":8250,\"payer\":{\"operator_id\":null},\"collector_id\":1003174339,\"payment_method_id\":\"visa\",\"payment_type_id\":\"credit_card\",\"transaction_details\":{\"acquirer_reference\":null,\"external_resource_url\":null,\"financial_institution\":null,\"installment_amount\":8250,\"net_received_amount\":0,\"overpaid_amount\":0,\"payable_deferral_period\":null,\"payment_method_reference_id\":null,\"total_paid_amount\":8250},\"captured\":true,\"card\":{\"bin\":\"47324600\"},\"statement_descriptor\":\"MERCADOPAGO*ARCAVISIONSA\",\"additional_info\":{\"authentication_code\":null,\"available_balance\":null,\"ip_address\":\"190.7.36.218\",\"items\":[{\"category_id\":null,\"description\":null,\"id\":\"C-880\",\"picture_url\":\"https:\\/\\/opticabrera.com.ar\\/img\\/optica-brera-logo-1592256886.jpg\",\"quantity\":\"1\",\"title\":\"Carrito No: 880 - Armaz\\u00f3n Prossima SiennaG. Gray(1 U.)\",\"unit_price\":\"8250.0\"}],\"nsu_processadora\":null,\"payer\":{\"address\":{\"street_name\":\"Gregorio Pomar 840, Corrientes\",\"zip_code\":\"3400\"},\"first_name\":\"nicolas\",\"last_name\":\"gudi\\u00f1o\"},\"shipments\":{\"receiver_address\":{\"street_name\":\"Gregorio Pomar 840, Corrientes\",\"zip_code\":\"3400\"}}},\"installments\":1,\"description\":\"Carrito No: 880 - Armaz\\u00f3n Prossima SiennaG. Gray(1 U.)\",\"notification_url\":\"https:\\/\\/opticabrera.com.ar\\/module\\/mptoolspro\\/redirect\",\"issuer_id\":\"1\",\"processing_mode\":\"aggregator\",\"charges_details\":[{\"accounts\":{\"from\":\"collector\",\"to\":\"mp\"},\"amounts\":{\"original\":16.5,\"refunded\":0},\"client_id\":0,\"date_created\":\"2022-06-11T18:31:43.000-04:00\",\"id\":\"23108776195-001\",\"last_updated\":\"2022-06-11T18:31:43.000-04:00\",\"metadata\":{\"mov_detail\":\"tax_withholding\",\"mov_financial_entity\":\"buenos_aires\",\"mov_type\":\"expense\",\"tax_id\":65962773283,\"tax_status\":\"applied\",\"user_id\":1003174339},\"name\":\"tax_withholding-buenos_aires\",\"refund_charges\":[],\"reserve_id\":null,\"type\":\"tax\"},{\"accounts\":{\"from\":\"collector\",\"to\":\"mp\"},\"amounts\":{\"original\":165,\"refunded\":0},\"client_id\":0,\"date_created\":\"2022-06-11T18:31:43.000-04:00\",\"id\":\"23108776195-002\",\"last_updated\":\"2022-06-11T18:31:43.000-04:00\",\"metadata\":{\"mov_detail\":\"tax_withholding\",\"mov_financial_entity\":\"corrientes\",\"mov_type\":\"expense\",\"tax_id\":65962773284,\"tax_status\":\"applied\",\"user_id\":1003174339},\"name\":\"tax_withholding-corrientes\",\"refund_charges\":[],\"reserve_id\":null,\"type\":\"tax\"},{\"accounts\":{\"from\":\"collector\",\"to\":\"mp\"},\"amounts\":{\"original\":49.5,\"refunded\":0},\"client_id\":0,\"date_created\":\"2022-06-11T18:31:43.000-04:00\",\"id\":\"23108776195-003\",\"last_updated\":\"2022-06-11T18:31:43.000-04:00\",\"metadata\":{\"mov_detail\":\"tax_withholding_collector\",\"mov_financial_entity\":\"debitos_creditos\",\"mov_type\":\"expense\",\"tax_id\":65962773285,\"tax_status\":\"applied\",\"user_id\":1003174339},\"name\":\"tax_withholding_collector-debitos_creditos\",\"refund_charges\":[],\"reserve_id\":null,\"type\":\"tax\"},{\"accounts\":{\"from\":\"collector\",\"to\":\"mp\"},\"amounts\":{\"original\":24.75,\"refunded\":0},\"client_id\":0,\"date_created\":\"2022-06-11T18:31:43.000-04:00\",\"id\":\"23108776195-004\",\"last_updated\":\"2022-06-11T18:31:43.000-04:00\",\"metadata\":{\"mov_detail\":\"tax_withholding_sirtac\",\"mov_financial_entity\":\"corrientes\",\"mov_type\":\"expense\",\"tax_id\":65962773286,\"tax_status\":\"applied\",\"user_id\":1003174339},\"name\":\"tax_withholding_sirtac-corrientes\",\"refund_charges\":[],\"reserve_id\":null,\"type\":\"tax\"}],\"point_of_interaction\":{\"business_info\":{\"sub_unit\":\"checkout_pro\",\"unit\":\"online_payments\"},\"type\":\"UNSPECIFIED\"},\"acquirer_reference\":null,\"external_resource_url\":null,\"financial_institution\":null,\"installment_amount\":8250,\"net_received_amount\":0,\"overpaid_amount\":0,\"payable_deferral_period\":null,\"payment_method_reference_id\":null,\"total_paid_amount\":8250,\"order_id\":\"4957130878\",\"merchant_order_id\":\"4957130878\"}', NULL, '4957130878', '23108776195', 'No Disponible', 'No Disponible', NULL, 'Visa', NULL, 8250, NULL, NULL, 'PTHYBLENQ', 1654986827),
(66, 113, 893, 1, 'payment', '23408554072', 0, 5, 1657571844, 0, 0, '{\"id\":23408554072,\"operation_type\":\"regular_payment\",\"order\":{\"id\":\"5037637040\",\"type\":\"mercadopago\"},\"external_reference\":\"C-893\",\"status\":\"approved\",\"status_detail\":\"accredited\",\"date_created\":\"2022-06-23T11:35:40.000-04:00\",\"live_mode\":true,\"date_last_updated\":\"2022-06-23T11:35:42.000-04:00\",\"deduction_schema\":\"PROACTIVE_3\",\"date_approved\":\"2022-06-23T11:35:42.000-04:00\",\"money_release_date\":\"2022-07-11T11:35:42.000-04:00\",\"currency_id\":\"ARS\",\"transaction_amount\":10050,\"payer\":{\"operator_id\":null},\"collector_id\":1003174339,\"payment_method_id\":\"master\",\"payment_type_id\":\"credit_card\",\"transaction_details\":{\"acquirer_reference\":null,\"external_resource_url\":null,\"financial_institution\":null,\"installment_amount\":10050,\"net_received_amount\":9326.4,\"overpaid_amount\":0,\"payable_deferral_period\":null,\"payment_method_reference_id\":null,\"total_paid_amount\":10050},\"fee_details\":[{\"amount\":412.05,\"fee_payer\":\"collector\",\"type\":\"mercadopago_fee\"}],\"authorization_code\":\"600001\",\"captured\":true,\"card\":{\"bin\":\"549427\"},\"statement_descriptor\":\"MERCADOPAGO*ARCAVISIONSA\",\"additional_info\":{\"authentication_code\":null,\"available_balance\":null,\"ip_address\":\"181.90.11.113\",\"items\":[{\"category_id\":null,\"description\":null,\"id\":\"C-893\",\"picture_url\":\"https:\\/\\/opticabrera.com.ar\\/img\\/optica-brera-logo-1592256886.jpg\",\"quantity\":\"1\",\"title\":\"Carrito No: 893 - PACK de 4 Cajas de Lentes de Contacto ACUVUE\\u00ae VITA(1 U.), F\\u00f3rmula : Iguales ambos ojos,DACPMF: \\u20130 |HAY MAS|\",\"unit_price\":\"10050.0\"}],\"nsu_processadora\":null,\"payer\":{\"address\":{\"street_name\":\"Albarellos 2779\",\"zip_code\":\"1419\"},\"first_name\":\"Pablo\",\"last_name\":\"Mundarain\"},\"shipments\":{\"receiver_address\":{\"street_name\":\"Albarellos 2779\",\"zip_code\":\"1419\"}}},\"installments\":1,\"description\":\"Carrito No: 893 - PACK de 4 Cajas de Lentes de Contacto ACUVUE\\u00ae VITA(1 U.), F\\u00f3rmula : Iguales ambos ojos,DACPMF: \\u20130 |HAY MAS|\",\"notification_url\":\"https:\\/\\/opticabrera.com.ar\\/module\\/mptoolspro\\/redirect\",\"issuer_id\":\"279\",\"processing_mode\":\"aggregator\",\"charges_details\":[{\"accounts\":{\"from\":\"collector\",\"to\":\"mp\"},\"amounts\":{\"original\":20.1,\"refunded\":0},\"client_id\":0,\"date_created\":\"2022-06-23T11:35:40.000-04:00\",\"id\":\"23408554072-001\",\"last_updated\":\"2022-06-23T11:35:40.000-04:00\",\"metadata\":{\"mov_detail\":\"tax_withholding\",\"mov_financial_entity\":\"buenos_aires\",\"mov_type\":\"expense\",\"tax_id\":66139426399,\"tax_status\":\"applied\",\"user_id\":1003174339},\"name\":\"tax_withholding-buenos_aires\",\"refund_charges\":[],\"reserve_id\":null,\"type\":\"tax\"},{\"accounts\":{\"from\":\"collector\",\"to\":\"mp\"},\"amounts\":{\"original\":201,\"refunded\":0},\"client_id\":0,\"date_created\":\"2022-06-23T11:35:40.000-04:00\",\"id\":\"23408554072-002\",\"last_updated\":\"2022-06-23T11:35:40.000-04:00\",\"metadata\":{\"mov_detail\":\"tax_withholding\",\"mov_financial_entity\":\"caba\",\"mov_type\":\"expense\",\"tax_id\":66139426400,\"tax_status\":\"applied\",\"user_id\":1003174339},\"name\":\"tax_withholding-caba\",\"refund_charges\":[],\"reserve_id\":null,\"type\":\"tax\"},{\"accounts\":{\"from\":\"collector\",\"to\":\"mp\"},\"amounts\":{\"original\":60.3,\"refunded\":0},\"client_id\":0,\"date_created\":\"2022-06-23T11:35:40.000-04:00\",\"id\":\"23408554072-003\",\"last_updated\":\"2022-06-23T11:35:40.000-04:00\",\"metadata\":{\"mov_detail\":\"tax_withholding_collector\",\"mov_financial_entity\":\"debitos_creditos\",\"mov_type\":\"expense\",\"tax_id\":66139426401,\"tax_status\":\"applied\",\"user_id\":1003174339},\"name\":\"tax_withholding_collector-debitos_creditos\",\"refund_charges\":[],\"reserve_id\":null,\"type\":\"tax\"},{\"accounts\":{\"from\":\"collector\",\"to\":\"mp\"},\"amounts\":{\"original\":30.15,\"refunded\":0},\"client_id\":0,\"date_created\":\"2022-06-23T11:35:40.000-04:00\",\"id\":\"23408554072-004\",\"last_updated\":\"2022-06-23T11:35:40.000-04:00\",\"metadata\":{\"mov_detail\":\"tax_withholding_sirtac\",\"mov_financial_entity\":\"caba\",\"mov_type\":\"expense\",\"tax_id\":66139426402,\"tax_status\":\"applied\",\"user_id\":1003174339},\"name\":\"tax_withholding_sirtac-caba\",\"refund_charges\":[],\"reserve_id\":null,\"type\":\"tax\"}],\"point_of_interaction\":{\"business_info\":{\"sub_unit\":\"checkout_pro\",\"unit\":\"online_payments\"},\"type\":\"UNSPECIFIED\"},\"acquirer_reference\":null,\"external_resource_url\":null,\"financial_institution\":null,\"installment_amount\":10050,\"net_received_amount\":9326.4,\"overpaid_amount\":0,\"payable_deferral_period\":null,\"payment_method_reference_id\":null,\"total_paid_amount\":10050,\"order_id\":\"5037637040\",\"merchant_order_id\":\"5037637040\"}', NULL, '5037637040', '23408554072', 'No Disponible', 'No Disponible', NULL, 'Master', NULL, 10050, 723.6, NULL, 'XDMQDXCPD', 1655998664),
(67, 115, 917, 1, 'payment', '24003371481', 0, 6, 1657842189, 0, 0, '{\"id\":24003371481,\"operation_type\":\"regular_payment\",\"order\":{\"id\":\"5206539240\",\"type\":\"mercadopago\"},\"external_reference\":\"C-917\",\"status\":\"approved\",\"status_detail\":\"accredited\",\"date_created\":\"2022-07-14T12:08:40.000-04:00\",\"live_mode\":true,\"date_last_updated\":\"2022-07-14T12:08:41.000-04:00\",\"deduction_schema\":\"PROACTIVE_3\",\"date_approved\":\"2022-07-14T12:08:41.000-04:00\",\"money_release_date\":\"2022-08-01T12:08:41.000-04:00\",\"currency_id\":\"ARS\",\"transaction_amount\":12.1,\"payer\":{\"operator_id\":null},\"collector_id\":1003174339,\"payment_method_id\":\"visa\",\"payment_type_id\":\"credit_card\",\"transaction_details\":{\"acquirer_reference\":null,\"external_resource_url\":null,\"financial_institution\":null,\"installment_amount\":12.1,\"net_received_amount\":11.48,\"overpaid_amount\":0,\"payable_deferral_period\":null,\"payment_method_reference_id\":null,\"total_paid_amount\":12.1},\"fee_details\":[{\"amount\":0.5,\"fee_payer\":\"collector\",\"type\":\"mercadopago_fee\"}],\"authorization_code\":\"964689\",\"captured\":true,\"card\":{\"bin\":\"402918\"},\"statement_descriptor\":\"MERCPAGO*ARCAVISIONSA\",\"additional_info\":{\"authentication_code\":null,\"available_balance\":null,\"ip_address\":\"181.1.209.27\",\"items\":[{\"category_id\":null,\"description\":null,\"id\":\"C-917\",\"picture_url\":\"https:\\/\\/opticabrera.com.ar\\/img\\/optica-brera-logo-1592256886.jpg\",\"quantity\":\"1\",\"title\":\"Carrito No: 917 - Lentes de Contacto AIR OPTIX COLORS Color Azul(10 U.)\",\"unit_price\":\"12.100000381469727\"}],\"nsu_processadora\":null,\"payer\":{\"address\":{\"street_name\":\"victor manuel tercero 1220\",\"zip_code\":\"5012\"},\"first_name\":\"olmos\",\"last_name\":\"luciano\"},\"shipments\":{\"receiver_address\":{\"street_name\":\"victor manuel tercero 1220\",\"zip_code\":\"5012\"}}},\"installments\":1,\"description\":\"Carrito No: 917 - Lentes de Contacto AIR OPTIX COLORS Color Azul(10 U.)\",\"notification_url\":\"https:\\/\\/opticabrera.com.ar\\/module\\/mptoolspro\\/redirect\",\"issuer_id\":\"5\",\"processing_mode\":\"aggregator\",\"build_version\":\"2.103.5-hotfix-1\",\"charges_details\":[{\"accounts\":{\"from\":\"collector\",\"to\":\"mp\"},\"amounts\":{\"original\":0.07,\"refunded\":0},\"client_id\":0,\"date_created\":\"2022-07-14T12:08:40.000-04:00\",\"id\":\"24003371481-001\",\"last_updated\":\"2022-07-14T12:08:40.000-04:00\",\"metadata\":{\"mov_detail\":\"tax_withholding_collector\",\"mov_financial_entity\":\"debitos_creditos\",\"mov_type\":\"expense\",\"tax_id\":66497368922,\"tax_status\":\"applied\",\"user_id\":1003174339},\"name\":\"tax_withholding_collector-debitos_creditos\",\"refund_charges\":[],\"reserve_id\":null,\"type\":\"tax\"},{\"accounts\":{\"from\":\"collector\",\"to\":\"mp\"},\"amounts\":{\"original\":0.05,\"refunded\":0},\"client_id\":0,\"date_created\":\"2022-07-14T12:08:40.000-04:00\",\"id\":\"24003371481-002\",\"last_updated\":\"2022-07-14T12:08:40.000-04:00\",\"metadata\":{\"mov_detail\":\"tax_withholding_sirtac\",\"mov_financial_entity\":\"cordoba\",\"mov_type\":\"expense\",\"tax_id\":66497368923,\"tax_status\":\"applied\",\"user_id\":1003174339},\"name\":\"tax_withholding_sirtac-cordoba\",\"refund_charges\":[],\"reserve_id\":null,\"type\":\"tax\"}],\"point_of_interaction\":{\"business_info\":{\"sub_unit\":\"checkout_pro\",\"unit\":\"online_payments\"},\"type\":\"UNSPECIFIED\"},\"acquirer_reference\":null,\"external_resource_url\":null,\"financial_institution\":null,\"installment_amount\":12.1,\"net_received_amount\":11.48,\"overpaid_amount\":0,\"payable_deferral_period\":null,\"payment_method_reference_id\":null,\"total_paid_amount\":12.1,\"order_id\":\"5206539240\",\"merchant_order_id\":\"5206539240\"}', NULL, '5206539240', '24003371481', 'No Disponible', 'No Disponible', NULL, 'Visa', NULL, 12.1, 0.62, NULL, 'MDADGOLAM', 1657815048);

-- --------------------------------------------------------

--
-- Estructura de tabla para la tabla `ps_mptoolspro_cache`
--

